This is the mail archive of the gcc-testresults@gcc.gnu.org mailing list for the GCC project.


Index Nav: [Date Index] [Subject Index] [Author Index] [Thread Index]
Message Nav: [Date Prev] [Date Next] [Thread Prev] [Thread Next]
Other format: [Raw text]

Results for 5.0.0 20141101 (experimental) [trunk revision 217006] (GCC) testsuite on powerpc64-unknown-linux-gnu


Linux 2.6.16.60-0.83.2-ppc64 ppc64
GNU C Library stable release version 2.4 (20110922)
GNU ld (GNU Binutils) 2.21.1
GNU assembler (GNU Binutils) 2.21.1
GNU Make 3.80

DejaGnu:
	Expect version is	5.43.0
	Tcl version is		8.4
	Framework version is	1.4.4

32-bit biarch default32

LAST_UPDATED: Sat Nov  1 20:21:03 UTC 2014 (revision 217006)

Native configuration is powerpc64-unknown-linux-gnu

		=== gcc tests ===


Running target unix/-m32
FAIL: gcc.dg/combine_ashiftrt_1.c scan-rtl-dump combine "\\\\(neg:DI \\\\(ge:DI"
FAIL: gcc.dg/pr63594-1.c (test for excess errors)
FAIL: gcc.dg/pr63594-2.c (test for excess errors)
FAIL: gcc.dg/sms-8.c scan-rtl-dump-times sms "SMS succeeded" 0
UNRESOLVED: gcc.dg/tree-prof/peel-1.c scan-rtl-dump loop2_unroll "Considering simply peeling loop"
FAIL: gcc.dg/tree-ssa/ldist-19.c scan-tree-dump-times ldist "generated memset" 5
FAIL: gcc.dg/tree-ssa/sra-12.c scan-tree-dump-times release_ssa "l;" 0
FAIL: gcc.dg/vect/costmodel/ppc/costmodel-bb-slp-9a.c scan-tree-dump-times slp2 "basic block vectorized using SLP" 1
FAIL: gcc.dg/vect/costmodel/ppc/costmodel-vect-31a.c scan-tree-dump-times vect "vectorization not profitable" 1
FAIL: gcc.dg/vect/costmodel/ppc/costmodel-vect-33.c scan-tree-dump-times vect "vectorization not profitable" 1
FAIL: gcc.dg/vect/no-vfa-vect-depend-2.c scan-tree-dump-times vect "vectorized 1 loops" 1
FAIL: gcc.dg/vect/no-vfa-vect-depend-3.c scan-tree-dump-times vect "vectorized 1 loops" 4
FAIL: gcc.dg/vect/vect-31.c scan-tree-dump-times vect "vectorized 4 loops" 1
FAIL: gcc.dg/vect/vect-31.c -flto -ffat-lto-objects  scan-tree-dump-times vect "vectorized 4 loops" 1
FAIL: gcc.target/powerpc/405-dlmzb-strlen-1.c scan-assembler dlmzb\\\\. 
FAIL: gcc.target/powerpc/440-dlmzb-strlen-1.c scan-assembler dlmzb\\\\. 
FAIL: gcc.target/powerpc/ppc-fmadd-1.c scan-assembler-not f(add|sub|mul|neg)
FAIL: gcc.target/powerpc/pr51623.c (test for excess errors)
FAIL: gcc.target/powerpc/pr53199.c scan-assembler-times lwbrx 6
FAIL: gcc.target/powerpc/pr53199.c scan-assembler-times stwbrx 6

		=== gcc Summary for unix/-m32 ===

# of expected passes		90789
# of unexpected failures	19
# of expected failures		215
# of unresolved testcases	1
# of unsupported tests		1691

Running target unix/-m64
FAIL: gcc.dg/and-1.c scan-assembler-not nand
FAIL: gcc.dg/ftrapv-1.c execution test
FAIL: gcc.dg/ftrapv-2.c execution test
FAIL: gcc.dg/pr63594-1.c (test for excess errors)
FAIL: gcc.dg/pr63594-2.c (test for excess errors)
FAIL: gcc.dg/sms-4.c scan-rtl-dump-times sms "SMS succeeded" 1
UNRESOLVED: gcc.dg/tree-prof/peel-1.c scan-rtl-dump loop2_unroll "Considering simply peeling loop"
FAIL: gcc.dg/tree-ssa/ldist-19.c scan-tree-dump-times ldist "generated memset" 5
FAIL: gcc.dg/vect/costmodel/ppc/costmodel-bb-slp-9a.c scan-tree-dump-times slp2 "basic block vectorized using SLP" 1
FAIL: gcc.dg/vect/costmodel/ppc/costmodel-vect-31a.c scan-tree-dump-times vect "vectorization not profitable" 1
FAIL: gcc.dg/vect/costmodel/ppc/costmodel-vect-33.c scan-tree-dump-times vect "vectorization not profitable" 1
FAIL: gcc.dg/vect/no-vfa-vect-depend-2.c scan-tree-dump-times vect "vectorized 1 loops" 1
FAIL: gcc.dg/vect/no-vfa-vect-depend-3.c scan-tree-dump-times vect "vectorized 1 loops" 4
FAIL: gcc.dg/vect/vect-31.c scan-tree-dump-times vect "vectorized 4 loops" 1
FAIL: gcc.dg/vect/vect-31.c -flto -ffat-lto-objects  scan-tree-dump-times vect "vectorized 4 loops" 1
FAIL: gcc.target/powerpc/ppc-fmadd-1.c scan-assembler-not f(add|sub|mul|neg)

		=== gcc Summary for unix/-m64 ===

# of expected passes		91578
# of unexpected failures	15
# of expected failures		228
# of unresolved testcases	1
# of unsupported tests		1703

		=== gcc Summary ===

# of expected passes		182367
# of unexpected failures	34
# of expected failures		443
# of unresolved testcases	2
# of unsupported tests		3394
/home/gccbuild/build/nightly/build-gcc-trunk/gcc/xgcc  version 5.0.0 20141101 (experimental) [trunk revision 217006] (GCC) 

		=== gfortran tests ===


Running target unix/-m32
FAIL: gfortran.dg/coarray_collectives_14.f90   -O   (test for errors, line 55)
FAIL: gfortran.dg/coarray_collectives_14.f90   -O   (test for errors, line 57)
FAIL: gfortran.dg/coarray_collectives_14.f90   -O   (test for errors, line 59)
FAIL: gfortran.dg/coarray_collectives_14.f90   -O   (test for errors, line 61)
FAIL: gfortran.dg/coarray_collectives_14.f90   -O   (test for errors, line 63)
FAIL: gfortran.dg/coarray_collectives_14.f90   -O   (test for errors, line 65)
FAIL: gfortran.dg/coarray_collectives_14.f90   -O   (test for errors, line 67)
FAIL: gfortran.dg/coarray_collectives_14.f90   -O   (test for errors, line 69)
FAIL: gfortran.dg/coarray_collectives_14.f90   -O   (test for errors, line 71)
FAIL: gfortran.dg/coarray_collectives_14.f90   -O   (test for errors, line 73)
FAIL: gfortran.dg/coarray_collectives_14.f90   -O   (test for errors, line 75)
FAIL: gfortran.dg/coarray_collectives_14.f90   -O   (test for errors, line 77)
FAIL: gfortran.dg/coarray_collectives_14.f90   -O   (test for errors, line 79)
FAIL: gfortran.dg/coarray_collectives_14.f90   -O   (test for errors, line 81)
FAIL: gfortran.dg/coarray_collectives_14.f90   -O   (test for errors, line 83)
FAIL: gfortran.dg/coarray_collectives_14.f90   -O   (test for errors, line 87)
FAIL: gfortran.dg/coarray_collectives_14.f90   -O   (test for errors, line 89)
FAIL: gfortran.dg/coarray_collectives_14.f90   -O  (test for excess errors)
FAIL: gfortran.dg/vect/pr48329.f90   -O   scan-tree-dump-times vect "vectorized 1 loops" 1

		=== gfortran Summary for unix/-m32 ===

# of expected passes		45833
# of unexpected failures	19
# of expected failures		55
# of unsupported tests		257

Running target unix/-m64
FAIL: gfortran.dg/coarray_collectives_14.f90   -O   (test for errors, line 55)
FAIL: gfortran.dg/coarray_collectives_14.f90   -O   (test for errors, line 57)
FAIL: gfortran.dg/coarray_collectives_14.f90   -O   (test for errors, line 59)
FAIL: gfortran.dg/coarray_collectives_14.f90   -O   (test for errors, line 61)
FAIL: gfortran.dg/coarray_collectives_14.f90   -O   (test for errors, line 63)
FAIL: gfortran.dg/coarray_collectives_14.f90   -O   (test for errors, line 65)
FAIL: gfortran.dg/coarray_collectives_14.f90   -O   (test for errors, line 67)
FAIL: gfortran.dg/coarray_collectives_14.f90   -O   (test for errors, line 69)
FAIL: gfortran.dg/coarray_collectives_14.f90   -O   (test for errors, line 71)
FAIL: gfortran.dg/coarray_collectives_14.f90   -O   (test for errors, line 73)
FAIL: gfortran.dg/coarray_collectives_14.f90   -O   (test for errors, line 75)
FAIL: gfortran.dg/coarray_collectives_14.f90   -O   (test for errors, line 77)
FAIL: gfortran.dg/coarray_collectives_14.f90   -O   (test for errors, line 79)
FAIL: gfortran.dg/coarray_collectives_14.f90   -O   (test for errors, line 81)
FAIL: gfortran.dg/coarray_collectives_14.f90   -O   (test for errors, line 83)
FAIL: gfortran.dg/coarray_collectives_14.f90   -O   (test for errors, line 87)
FAIL: gfortran.dg/coarray_collectives_14.f90   -O   (test for errors, line 89)
FAIL: gfortran.dg/coarray_collectives_14.f90   -O  (test for excess errors)
FAIL: gfortran.dg/vect/pr48329.f90   -O   scan-tree-dump-times vect "vectorized 1 loops" 1

		=== gfortran Summary for unix/-m64 ===

# of expected passes		46160
# of unexpected failures	19
# of expected failures		55
# of unsupported tests		96

		=== gfortran Summary ===

# of expected passes		91993
# of unexpected failures	38
# of expected failures		110
# of unsupported tests		353
/home/gccbuild/build/nightly/build-gcc-trunk/gcc/testsuite/gfortran/../../gfortran  version 5.0.0 20141101 (experimental) [trunk revision 217006] (GCC) 

		=== g++ tests ===


Running target unix/-m32
FAIL: g++.dg/abi/scoped1.C  -std=gnu++11 execution test
FAIL: g++.dg/abi/scoped1.C  -std=gnu++1y execution test
FAIL: g++.dg/ipa/devirt-28a.C  -std=gnu++98 (test for excess errors)
FAIL: g++.dg/ipa/devirt-28a.C  -std=gnu++11 (test for excess errors)
FAIL: g++.dg/ipa/devirt-28a.C  -std=gnu++1y (test for excess errors)
FAIL: g++.dg/ipa/devirt-40.C  -std=gnu++98  scan-tree-dump fre2 "converting indirect call to function virtual UnicodeString"
FAIL: g++.dg/ipa/devirt-40.C  -std=gnu++11  scan-tree-dump fre2 "converting indirect call to function virtual UnicodeString"
FAIL: g++.dg/ipa/devirt-40.C  -std=gnu++1y  scan-tree-dump fre2 "converting indirect call to function virtual UnicodeString"
FAIL: g++.dg/ipa/devirt-42.C  -std=gnu++98  scan-tree-dump-times optimized "return 2" 2
FAIL: g++.dg/ipa/devirt-42.C  -std=gnu++11  scan-tree-dump-times optimized "return 2" 2
FAIL: g++.dg/ipa/devirt-42.C  -std=gnu++1y  scan-tree-dump-times optimized "return 2" 2
FAIL: g++.dg/ipa/pr63587-2.C  -std=gnu++11 (internal compiler error)
FAIL: g++.dg/ipa/pr63587-2.C  -std=gnu++11 (test for excess errors)
FAIL: g++.dg/ipa/pr63587-2.C  -std=gnu++1y (internal compiler error)
FAIL: g++.dg/ipa/pr63587-2.C  -std=gnu++1y (test for excess errors)
FAIL: g++.dg/torture/pr63419.C   -O0  (test for excess errors)
FAIL: g++.dg/torture/pr63419.C   -O1  (test for excess errors)
FAIL: g++.dg/torture/pr63419.C   -O2  (test for excess errors)
FAIL: g++.dg/torture/pr63419.C   -O3 -fomit-frame-pointer  (test for excess errors)
FAIL: g++.dg/torture/pr63419.C   -O3 -fomit-frame-pointer -funroll-loops  (test for excess errors)
FAIL: g++.dg/torture/pr63419.C   -O3 -fomit-frame-pointer -funroll-all-loops -finline-functions  (test for excess errors)
FAIL: g++.dg/torture/pr63419.C   -O3 -g  (test for excess errors)
FAIL: g++.dg/torture/pr63419.C   -Os  (test for excess errors)
FAIL: g++.dg/torture/pr63419.C   -O2 -flto -fno-use-linker-plugin -flto-partition=none  (test for excess errors)
FAIL: g++.dg/torture/pr63419.C   -O2 -flto -fuse-linker-plugin -fno-fat-lto-objects  (test for excess errors)

		=== g++ Summary for unix/-m32 ===

# of expected passes		80375
# of unexpected failures	25
# of expected failures		245
# of unsupported tests		3211

Running target unix/-m64
FAIL: g++.dg/ipa/devirt-28a.C  -std=gnu++98 (test for excess errors)
FAIL: g++.dg/ipa/devirt-28a.C  -std=gnu++11 (test for excess errors)
FAIL: g++.dg/ipa/devirt-28a.C  -std=gnu++1y (test for excess errors)
FAIL: g++.dg/ipa/devirt-40.C  -std=gnu++98  scan-tree-dump fre2 "converting indirect call to function virtual UnicodeString"
FAIL: g++.dg/ipa/devirt-40.C  -std=gnu++11  scan-tree-dump fre2 "converting indirect call to function virtual UnicodeString"
FAIL: g++.dg/ipa/devirt-40.C  -std=gnu++1y  scan-tree-dump fre2 "converting indirect call to function virtual UnicodeString"
FAIL: g++.dg/ipa/devirt-42.C  -std=gnu++98  scan-tree-dump-times optimized "return 2" 2
FAIL: g++.dg/ipa/devirt-42.C  -std=gnu++11  scan-tree-dump-times optimized "return 2" 2
FAIL: g++.dg/ipa/devirt-42.C  -std=gnu++1y  scan-tree-dump-times optimized "return 2" 2

		=== g++ Summary for unix/-m64 ===

# of expected passes		82216
# of unexpected failures	9
# of expected failures		245
# of unsupported tests		3228

		=== g++ Summary ===

# of expected passes		162591
# of unexpected failures	34
# of expected failures		490
# of unsupported tests		6439
/home/gccbuild/build/nightly/build-gcc-trunk/gcc/testsuite/g++/../../xg++  version 5.0.0 20141101 (experimental) [trunk revision 217006] (GCC) 

		=== libatomic tests ===


Running target unix/-m32

		=== libatomic Summary for unix/-m32 ===

# of expected passes		44
# of unsupported tests		5

Running target unix/-m64

		=== libatomic Summary for unix/-m64 ===

# of expected passes		54

		=== libatomic Summary ===

# of expected passes		98
# of unsupported tests		5
		=== libgomp tests ===


Running target unix/-m32
FAIL: libgomp.fortran/target7.f90   -O0  execution test
FAIL: libgomp.fortran/target7.f90   -O1  execution test
FAIL: libgomp.fortran/target7.f90   -O2  execution test
FAIL: libgomp.fortran/target7.f90   -O3 -fomit-frame-pointer  execution test
FAIL: libgomp.fortran/target7.f90   -O3 -fomit-frame-pointer -funroll-loops  execution test
FAIL: libgomp.fortran/target7.f90   -O3 -fomit-frame-pointer -funroll-all-loops -finline-functions  execution test
FAIL: libgomp.fortran/target7.f90   -O3 -g  execution test
FAIL: libgomp.fortran/target7.f90   -Os  execution test
FAIL: libgomp.fortran/target8.f90   -O0  execution test
FAIL: libgomp.fortran/target8.f90   -O2  execution test
FAIL: libgomp.fortran/target8.f90   -O3 -fomit-frame-pointer  execution test
FAIL: libgomp.fortran/target8.f90   -O3 -fomit-frame-pointer -funroll-all-loops -finline-functions  execution test
FAIL: libgomp.fortran/target8.f90   -O3 -g  execution test
FAIL: libgomp.fortran/target8.f90   -Os  execution test

		=== libgomp Summary for unix/-m32 ===

# of expected passes		3184
# of unexpected failures	14
# of unsupported tests		36

Running target unix/-m64

		=== libgomp Summary for unix/-m64 ===

# of expected passes		3198
# of unsupported tests		36

		=== libgomp Summary ===

# of expected passes		6382
# of unexpected failures	14
# of unsupported tests		72
		=== libitm tests ===


Running target unix/-m32

		=== libitm Summary for unix/-m32 ===

# of expected passes		26
# of expected failures		3
# of unsupported tests		1

Running target unix/-m64

		=== libitm Summary for unix/-m64 ===

# of expected passes		26
# of expected failures		3
# of unsupported tests		1

		=== libitm Summary ===

# of expected passes		52
# of expected failures		6
# of unsupported tests		2
		=== libstdc++ tests ===


Running target unix/-m32
FAIL: libstdc++-abi/abi_check
FAIL: 21_strings/basic_string/modifiers/replace/wchar_t/4.cc (test for excess errors)
WARNING: 21_strings/basic_string/modifiers/replace/wchar_t/4.cc compilation failed to produce executable

		=== libstdc++ Summary for unix/-m32 ===

# of expected passes		10168
# of unexpected failures	2
# of expected failures		68
# of unsupported tests		249

Running target unix/-m64
XPASS: 26_numerics/headers/cmath/c_math.cc execution test

		=== libstdc++ Summary for unix/-m64 ===

# of expected passes		4349
# of unexpected successes	1
# of expected failures		61
# of unsupported tests		249

		=== libstdc++ Summary ===

# of expected passes		14517
# of unexpected failures	2
# of unexpected successes	1
# of expected failures		129
# of unsupported tests		498

Compiler version: 5.0.0 20141101 (experimental) [trunk revision 217006] (GCC) 
Platform: powerpc64-unknown-linux-gnu
configure flags: --prefix=/opt/gcc-nightly/trunk --build=powerpc64-linux --host=powerpc64-linux --target=powerpc64-linux --with-cpu=default32 --with-as=/opt/gcc-nightly/binutils-2.21.1/bin/as --with-ld=/opt/gcc-nightly/binutils-2.21.1/bin/ld --enable-threads=posix --enable-shared --enable-__cxa_atexit --enable-languages=c,c++,fortran --with-long-double-128 --enable-secureplt --enable-checking --disable-alsa --enable-decimal-float --with-gmp=/opt/gcc-nightly/gcc-host-libs --with-mpfr=/opt/gcc-nightly/gcc-host-libs --with-mpc=/opt/gcc-nightly/gcc-host-libs --with-libelf=/opt/gcc-nightly/gcc-host-libs --without-ppl --without-cloog --disable-libsanitizer
fail   XPASS: gcc.test-framework/dg-bogus-exp-XF.c (test for excess errors)
fail   FAIL: gcc.test-framework/dg-do-assemble-exp-P.c (test for excess errors) (PRMS 42)
fail   FAIL: gcc.test-framework/dg-do-compile-exp-P.c (test for excess errors) (PRMS 42)
fail   FAIL: gcc.test-framework/dg-do-link-exp-P.c (test for excess errors) (PRMS 42)
fail   FAIL: gcc.test-framework/dg-do-run-exp-P.c (test for excess errors) (PRMS 42)
fail   FAIL: gcc.test-framework/dg-dot-run-exp-P.c (test for excess errors) (PRMS 42)
fail   FAIL: gcc.test-framework/dg-dox-run-exp-XF.c (test for excess errors) (PRMS 42)
fail   FAIL: gcc.test-framework/dg-output-exp-P.c (test for excess errors) (PRMS 42)
fail   FAIL: gcc.test-framework/dg-output-exp-XF.c (test for excess errors) (PRMS 42)
fail   FAIL: gcc.test-framework/dg-warning-exp-P.c warning test (test for warnings, line 9) (PRMS 42)

		=== Test Framework Summary ===

# of expected passes		2524
# of unexpected failures	10


Index Nav: [Date Index] [Subject Index] [Author Index] [Thread Index]
Message Nav: [Date Prev] [Date Next] [Thread Prev] [Thread Next]