This is the mail archive of the gcc-testresults@gcc.gnu.org mailing list for the GCC project.


Index Nav: [Date Index] [Subject Index] [Author Index] [Thread Index]
Message Nav: [Date Prev] [Date Next] [Thread Prev] [Thread Next]
Other format: [Raw text]

Results for 4.9.3 20141031 (prerelease) [gcc-4_9-branch revision 216979] (GCC) testsuite on i386-pc-solaris2.10


LAST_UPDATED: Fri Oct 31 15:08:27 UTC 2014 (revision 216979)

		=== acats tests ===

		=== acats Summary ===
# of expected passes		2320
# of unexpected failures	0
Native configuration is i386-pc-solaris2.10

		=== g++ tests ===


Running target unix
FAIL: g++.dg/cilk-plus/CK/catch_exc.cc  -O1 -fcilkplus execution test
FAIL: g++.dg/cilk-plus/CK/catch_exc.cc  -O3 -fcilkplus execution test
FAIL: g++.dg/cilk-plus/CK/catch_exc.cc  -g -fcilkplus execution test
FAIL: g++.dg/cilk-plus/CK/catch_exc.cc  -g -O2 -fcilkplus execution test
FAIL: g++.dg/ipa/pr61160-3.C -std=gnu++98 execution test
FAIL: g++.dg/ipa/pr61160-3.C -std=gnu++11 execution test
FAIL: g++.dg/ipa/pr61160-3.C -std=gnu++1y execution test

		=== g++ Summary for unix ===

# of expected passes		82296
# of unexpected failures	7
# of expected failures		448
# of unsupported tests		2842

Running target unix/-m64

		=== g++ Summary for unix/-m64 ===

# of expected passes		83596
# of expected failures		448
# of unsupported tests		3127

		=== g++ Summary ===

# of expected passes		165892
# of unexpected failures	7
# of expected failures		896
# of unsupported tests		5969
/var/gcc/regression/gcc-4.9-branch/10-gcc/build/gcc/testsuite/g++/../../xg++  version 4.9.3 20141031 (prerelease) [gcc-4_9-branch revision 216979] (GCC) 

		=== gcc tests ===


Running target unix

		=== gcc Summary for unix ===

# of expected passes		101452
# of expected failures		253
# of unsupported tests		1656

Running target unix/-m64
FAIL: gcc.target/i386/pr58218.c (test for excess errors)

		=== gcc Summary for unix/-m64 ===

# of expected passes		101952
# of unexpected failures	1
# of expected failures		256
# of unsupported tests		1938

		=== gcc Summary ===

# of expected passes		203404
# of unexpected failures	1
# of expected failures		509
# of unsupported tests		3594
/var/gcc/regression/gcc-4.9-branch/10-gcc/build/gcc/xgcc  version 4.9.3 20141031 (prerelease) [gcc-4_9-branch revision 216979] (GCC) 

		=== gfortran tests ===


Running target unix

		=== gfortran Summary for unix ===

# of expected passes		45750
# of expected failures		52
# of unsupported tests		223

Running target unix/-m64

		=== gfortran Summary for unix/-m64 ===

# of expected passes		46053
# of expected failures		52
# of unsupported tests		77

		=== gfortran Summary ===

# of expected passes		91803
# of expected failures		104
# of unsupported tests		300
/var/gcc/regression/gcc-4.9-branch/10-gcc/build/gcc/testsuite/gfortran/../../gfortran  version 4.9.3 20141031 (prerelease) [gcc-4_9-branch revision 216979] (GCC) 

		=== gnat tests ===


Running target unix

		=== gnat Summary for unix ===

# of expected passes		1234
# of expected failures		18
# of unsupported tests		6

Running target unix/-m64

		=== gnat Summary for unix/-m64 ===

# of expected passes		1234
# of expected failures		18
# of unsupported tests		6

		=== gnat Summary ===

# of expected passes		2468
# of expected failures		36
# of unsupported tests		12
/var/gcc/regression/gcc-4.9-branch/10-gcc/build/gcc/gnatmake version 4.9.3 20141031 (prerelease) [gcc-4_9-branch revision 216979]

		=== go tests ===


Running target unix

		=== go Summary for unix ===

# of expected passes		7371
# of expected failures		1
# of untested testcases		9
# of unsupported tests		2

Running target unix/-m64
FAIL: go.test/test/fixedbugs/issue4348.go  -O  (test for excess errors)
FAIL: go.test/test/fixedbugs/issue6036.go  -O  (internal compiler error)
FAIL: go.test/test/fixedbugs/issue6036.go  -O  (test for excess errors)

		=== go Summary for unix/-m64 ===

# of expected passes		7250
# of unexpected failures	3
# of expected failures		1
# of untested testcases		9
# of unsupported tests		1

		=== go Summary ===

# of expected passes		14621
# of unexpected failures	3
# of expected failures		2
# of untested testcases		18
# of unsupported tests		3
/var/gcc/regression/gcc-4.9-branch/10-gcc/build/gcc/testsuite/go/../../gccgo  version 4.9.3 20141031 (prerelease) [gcc-4_9-branch revision 216979] (GCC) 

		=== obj-c++ tests ===


Running target unix

		=== obj-c++ Summary for unix ===

# of expected passes		1449
# of expected failures		2
# of unsupported tests		86

Running target unix/-m64

		=== obj-c++ Summary for unix/-m64 ===

# of expected passes		1441
# of expected failures		10
# of unsupported tests		86

		=== obj-c++ Summary ===

# of expected passes		2890
# of expected failures		12
# of unsupported tests		172
/var/gcc/regression/gcc-4.9-branch/10-gcc/build/gcc/testsuite/obj-c++/../../xg++  version 4.9.3 20141031 (prerelease) [gcc-4_9-branch revision 216979] (GCC) 

		=== objc tests ===


Running target unix

		=== objc Summary for unix ===

# of expected passes		2988
# of expected failures		6
# of unsupported tests		74

Running target unix/-m64

		=== objc Summary for unix/-m64 ===

# of expected passes		2988
# of expected failures		6
# of unsupported tests		74

		=== objc Summary ===

# of expected passes		5976
# of expected failures		12
# of unsupported tests		148
/var/gcc/regression/gcc-4.9-branch/10-gcc/build/gcc/xgcc  version 4.9.3 20141031 (prerelease) [gcc-4_9-branch revision 216979] (GCC) 

		=== boehm-gc tests ===


Running target unix

		=== boehm-gc Summary for unix ===

# of expected passes		12
# of unsupported tests		1

Running target unix/-m64

		=== boehm-gc Summary for unix/-m64 ===

# of expected passes		12
# of unsupported tests		1

		=== boehm-gc Summary ===

# of expected passes		24
# of unsupported tests		2
		=== libatomic tests ===


Running target unix

		=== libatomic Summary for unix ===

# of expected passes		44
# of unsupported tests		5

Running target unix/-m64

		=== libatomic Summary for unix/-m64 ===

# of expected passes		54

		=== libatomic Summary ===

# of expected passes		98
# of unsupported tests		5
		=== libffi tests ===


Running target unix

		=== libffi Summary for unix ===

# of expected passes		1819
# of unsupported tests		55

Running target unix/-m64

		=== libffi Summary for unix/-m64 ===

# of expected passes		1819
# of unsupported tests		55

		=== libffi Summary ===

# of expected passes		3638
# of unsupported tests		110
		=== libgo tests ===


Running target unix
FAIL: runtime
FAIL: net/http
FAIL: sync/atomic

		=== libgo Summary for unix ===

# of expected passes		119
# of unexpected failures	3

Running target unix/-m64

		=== libgo Summary for unix/-m64 ===

# of expected passes		122

		=== libgo Summary ===

# of expected passes		241
# of unexpected failures	3
/var/gcc/regression/gcc-4.9-branch/10-gcc/build/./gcc/gccgo version 4.9.3 20141031 (prerelease) [gcc-4_9-branch revision 216979] (GCC)

		=== libgomp tests ===


Running target unix

		=== libgomp Summary for unix ===

# of expected passes		3241
# of unsupported tests		38

Running target unix/-m64

		=== libgomp Summary for unix/-m64 ===

# of expected passes		3241
# of unsupported tests		38

		=== libgomp Summary ===

# of expected passes		6482
# of unsupported tests		76
		=== libitm tests ===


Running target unix

		=== libitm Summary for unix ===

# of expected passes		26
# of expected failures		3
# of unsupported tests		1

Running target unix/-m64

		=== libitm Summary for unix/-m64 ===

# of expected passes		26
# of expected failures		3
# of unsupported tests		1

		=== libitm Summary ===

# of expected passes		52
# of expected failures		6
# of unsupported tests		2
		=== libjava tests ===


Running target unix

		=== libjava Summary for unix ===

# of expected passes		2582
# of expected failures		4

Running target unix/-m64

		=== libjava Summary for unix/-m64 ===

# of expected passes		2582
# of expected failures		4

		=== libjava Summary ===

# of expected passes		5164
# of expected failures		8
		=== libstdc++ tests ===


Running target unix

		=== libstdc++ Summary for unix ===

# of expected passes		9019
# of expected failures		42
# of unsupported tests		596

Running target unix/-m64

		=== libstdc++ Summary for unix/-m64 ===

# of expected passes		9019
# of expected failures		42
# of unsupported tests		596

		=== libstdc++ Summary ===

# of expected passes		18038
# of expected failures		84
# of unsupported tests		1192

Compiler version: 4.9.3 20141031 (prerelease) [gcc-4_9-branch revision 216979] (GCC) 
Platform: i386-pc-solaris2.10
configure flags: --prefix=/vol/gcc --target=i386-pc-solaris2.10 --enable-objc-gc --with-gmp-include=/vol/gcc/include --with-gmp-lib=/vol/gcc/lib --with-mpfr-include=/vol/gcc/include --with-mpfr-lib=/vol/gcc/lib --with-mpc-include=/vol/gcc/include --with-mpc-lib=/vol/gcc/lib --enable-languages=all,ada,obj-c++,go --with-isl-include=/vol/gcc/include --with-isl-lib=/vol/gcc/lib --with-cloog-include=/vol/gcc/include --with-cloog-lib=/vol/gcc/lib --enable-cloog-backend=isl
BOOT_CFLAGS=-g -O2


Index Nav: [Date Index] [Subject Index] [Author Index] [Thread Index]
Message Nav: [Date Prev] [Date Next] [Thread Prev] [Thread Next]