This is the mail archive of the gcc-testresults@gcc.gnu.org mailing list for the GCC project.


Index Nav: [Date Index] [Subject Index] [Author Index] [Thread Index]
Message Nav: [Date Prev] [Date Next] [Thread Prev] [Thread Next]
Other format: [Raw text]

Results for 5.0.0 20141031 (experimental) [trunk revision 216981] (GCC) testsuite on i386-pc-solaris2.10


LAST_UPDATED: Fri Oct 31 15:06:54 UTC 2014 (revision 216981)

		=== acats tests ===
FAIL:	cxf3002

		=== acats Summary ===
# of expected passes		2319
# of unexpected failures	1
Native configuration is i386-pc-solaris2.10

		=== g++ tests ===


Running target unix
FAIL: g++.dg/cilk-plus/CK/catch_exc.cc  -O1 -fcilkplus execution test
FAIL: g++.dg/cilk-plus/CK/catch_exc.cc  -O3 -fcilkplus execution test
FAIL: g++.dg/cilk-plus/CK/catch_exc.cc  -g -O2 -fcilkplus execution test
FAIL: g++.dg/cilk-plus/CK/catch_exc.cc  -g -fcilkplus execution test
FAIL: g++.dg/init/cleanup3.C  -std=c++11  scan-assembler-not _tcf
FAIL: g++.dg/init/cleanup3.C  -std=c++1y  scan-assembler-not _tcf
FAIL: g++.dg/init/cleanup3.C  -std=c++98  scan-assembler-not _tcf
FAIL: g++.dg/ipa/devirt-40.C  -std=gnu++11  scan-tree-dump fre2 "converting indirect call to function virtual UnicodeString"
FAIL: g++.dg/ipa/devirt-40.C  -std=gnu++1y  scan-tree-dump fre2 "converting indirect call to function virtual UnicodeString"
FAIL: g++.dg/ipa/devirt-40.C  -std=gnu++98  scan-tree-dump fre2 "converting indirect call to function virtual UnicodeString"
FAIL: g++.dg/ipa/devirt-42.C  -std=gnu++11  scan-tree-dump-times optimized "return 2" 2
FAIL: g++.dg/ipa/devirt-42.C  -std=gnu++1y  scan-tree-dump-times optimized "return 2" 2
FAIL: g++.dg/ipa/devirt-42.C  -std=gnu++98  scan-tree-dump-times optimized "return 2" 2
FAIL: g++.dg/tls/thread_local-order1.C  -std=c++11 execution test
FAIL: g++.dg/tls/thread_local-order1.C  -std=c++1y execution test
FAIL: g++.dg/tls/thread_local3g.C  -std=gnu++11 execution test
FAIL: g++.dg/tls/thread_local3g.C  -std=gnu++1y execution test
FAIL: g++.dg/tls/thread_local4g.C  -std=gnu++11 execution test
FAIL: g++.dg/tls/thread_local4g.C  -std=gnu++1y execution test
FAIL: g++.dg/tls/thread_local5g.C  -std=gnu++11 execution test
FAIL: g++.dg/tls/thread_local5g.C  -std=gnu++1y execution test
FAIL: g++.dg/tls/thread_local6g.C  -std=c++11 execution test
FAIL: g++.dg/tls/thread_local6g.C  -std=c++1y execution test
FAIL: g++.dg/torture/pr46367.C   -O1  (internal compiler error)
FAIL: g++.dg/torture/pr46367.C   -O1  (test for excess errors)
FAIL: g++.dg/torture/pr46367.C   -Os  (internal compiler error)
FAIL: g++.dg/torture/pr46367.C   -Os  (test for excess errors)
FAIL: g++.old-deja/g++.other/init5.C  -std=c++11 execution test
FAIL: g++.old-deja/g++.other/init5.C  -std=c++1y execution test
FAIL: g++.old-deja/g++.other/init5.C  -std=c++98 execution test

		=== g++ Summary for unix ===

# of expected passes		82375
# of unexpected failures	30
# of expected failures		245
# of unsupported tests		2976

Running target unix/-m64
FAIL: g++.dg/init/cleanup3.C  -std=c++11  scan-assembler-not _tcf
FAIL: g++.dg/init/cleanup3.C  -std=c++1y  scan-assembler-not _tcf
FAIL: g++.dg/init/cleanup3.C  -std=c++98  scan-assembler-not _tcf
FAIL: g++.dg/ipa/devirt-40.C  -std=gnu++11  scan-tree-dump fre2 "converting indirect call to function virtual UnicodeString"
FAIL: g++.dg/ipa/devirt-40.C  -std=gnu++1y  scan-tree-dump fre2 "converting indirect call to function virtual UnicodeString"
FAIL: g++.dg/ipa/devirt-40.C  -std=gnu++98  scan-tree-dump fre2 "converting indirect call to function virtual UnicodeString"
FAIL: g++.dg/ipa/devirt-42.C  -std=gnu++11  scan-tree-dump-times optimized "return 2" 2
FAIL: g++.dg/ipa/devirt-42.C  -std=gnu++1y  scan-tree-dump-times optimized "return 2" 2
FAIL: g++.dg/ipa/devirt-42.C  -std=gnu++98  scan-tree-dump-times optimized "return 2" 2
FAIL: g++.dg/tls/thread_local-order1.C  -std=c++11 execution test
FAIL: g++.dg/tls/thread_local-order1.C  -std=c++1y execution test
FAIL: g++.dg/tls/thread_local3g.C  -std=gnu++11 execution test
FAIL: g++.dg/tls/thread_local3g.C  -std=gnu++1y execution test
FAIL: g++.dg/tls/thread_local4g.C  -std=gnu++11 execution test
FAIL: g++.dg/tls/thread_local4g.C  -std=gnu++1y execution test
FAIL: g++.dg/tls/thread_local5g.C  -std=gnu++11 execution test
FAIL: g++.dg/tls/thread_local5g.C  -std=gnu++1y execution test
FAIL: g++.dg/tls/thread_local6g.C  -std=c++11 execution test
FAIL: g++.dg/tls/thread_local6g.C  -std=c++1y execution test
FAIL: g++.dg/torture/pr46367.C   -O1  (internal compiler error)
FAIL: g++.dg/torture/pr46367.C   -O1  (test for excess errors)
FAIL: g++.dg/torture/pr46367.C   -Os  (internal compiler error)
FAIL: g++.dg/torture/pr46367.C   -Os  (test for excess errors)
FAIL: g++.old-deja/g++.other/init5.C  -std=c++11 execution test
FAIL: g++.old-deja/g++.other/init5.C  -std=c++1y execution test
FAIL: g++.old-deja/g++.other/init5.C  -std=c++98 execution test

		=== g++ Summary for unix/-m64 ===

# of expected passes		83684
# of unexpected failures	26
# of expected failures		245
# of unsupported tests		3255

		=== g++ Summary ===

# of expected passes		166059
# of unexpected failures	56
# of expected failures		490
# of unsupported tests		6231
/var/gcc/regression/trunk/10-gcc-gas-gld/build/gcc/testsuite/g++/../../xg++  version 5.0.0 20141031 (experimental) [trunk revision 216981] (GCC) 

		=== gcc tests ===


Running target unix
FAIL: gcc.dg/graphite/vect-pr43423.c scan-tree-dump-times vect "vectorized 2 loops" 1
UNRESOLVED: gcc.dg/tree-prof/peel-1.c scan-rtl-dump loop2_unroll "Considering simply peeling loop"
FAIL: gcc.target/i386/mcount_pic.c (test for excess errors)
WARNING: gcc.target/i386/mcount_pic.c compilation failed to produce executable
FAIL: gcc.target/i386/pr49095.c scan-assembler-not test[lq]

		=== gcc Summary for unix ===

# of expected passes		104157
# of unexpected failures	3
# of expected failures		254
# of unresolved testcases	1
# of unsupported tests		1875

Running target unix/-m64
FAIL: gcc.dg/graphite/vect-pr43423.c scan-tree-dump-times vect "vectorized 2 loops" 1
UNRESOLVED: gcc.dg/tree-prof/peel-1.c scan-rtl-dump loop2_unroll "Considering simply peeling loop"
FAIL: gcc.misc-tests/linkage.c link

		=== gcc Summary for unix/-m64 ===

# of expected passes		104815
# of unexpected failures	2
# of expected failures		256
# of unresolved testcases	1
# of unsupported tests		2116

		=== gcc Summary ===

# of expected passes		208972
# of unexpected failures	5
# of expected failures		510
# of unresolved testcases	2
# of unsupported tests		3991
/var/gcc/regression/trunk/10-gcc-gas-gld/build/gcc/xgcc  version 5.0.0 20141031 (experimental) [trunk revision 216981] (GCC) 

		=== gfortran tests ===


Running target unix
FAIL: gfortran.dg/coarray_collectives_14.f90   -O   (test for errors, line 55)
FAIL: gfortran.dg/coarray_collectives_14.f90   -O   (test for errors, line 57)
FAIL: gfortran.dg/coarray_collectives_14.f90   -O   (test for errors, line 59)
FAIL: gfortran.dg/coarray_collectives_14.f90   -O   (test for errors, line 61)
FAIL: gfortran.dg/coarray_collectives_14.f90   -O   (test for errors, line 63)
FAIL: gfortran.dg/coarray_collectives_14.f90   -O   (test for errors, line 65)
FAIL: gfortran.dg/coarray_collectives_14.f90   -O   (test for errors, line 67)
FAIL: gfortran.dg/coarray_collectives_14.f90   -O   (test for errors, line 69)
FAIL: gfortran.dg/coarray_collectives_14.f90   -O   (test for errors, line 71)
FAIL: gfortran.dg/coarray_collectives_14.f90   -O   (test for errors, line 73)
FAIL: gfortran.dg/coarray_collectives_14.f90   -O   (test for errors, line 75)
FAIL: gfortran.dg/coarray_collectives_14.f90   -O   (test for errors, line 77)
FAIL: gfortran.dg/coarray_collectives_14.f90   -O   (test for errors, line 79)
FAIL: gfortran.dg/coarray_collectives_14.f90   -O   (test for errors, line 81)
FAIL: gfortran.dg/coarray_collectives_14.f90   -O   (test for errors, line 83)
FAIL: gfortran.dg/coarray_collectives_14.f90   -O   (test for errors, line 87)
FAIL: gfortran.dg/coarray_collectives_14.f90   -O   (test for errors, line 89)
FAIL: gfortran.dg/coarray_collectives_14.f90   -O  (test for excess errors)
FAIL: gfortran.dg/graphite/pr42393.f90   -O  (test for excess errors)
WARNING: program timed out.

		=== gfortran Summary for unix ===

# of expected passes		46537
# of unexpected failures	19
# of expected failures		52
# of unsupported tests		226

Running target unix/-m64
FAIL: gfortran.dg/coarray_collectives_14.f90   -O   (test for errors, line 55)
FAIL: gfortran.dg/coarray_collectives_14.f90   -O   (test for errors, line 57)
FAIL: gfortran.dg/coarray_collectives_14.f90   -O   (test for errors, line 59)
FAIL: gfortran.dg/coarray_collectives_14.f90   -O   (test for errors, line 61)
FAIL: gfortran.dg/coarray_collectives_14.f90   -O   (test for errors, line 63)
FAIL: gfortran.dg/coarray_collectives_14.f90   -O   (test for errors, line 65)
FAIL: gfortran.dg/coarray_collectives_14.f90   -O   (test for errors, line 67)
FAIL: gfortran.dg/coarray_collectives_14.f90   -O   (test for errors, line 69)
FAIL: gfortran.dg/coarray_collectives_14.f90   -O   (test for errors, line 71)
FAIL: gfortran.dg/coarray_collectives_14.f90   -O   (test for errors, line 73)
FAIL: gfortran.dg/coarray_collectives_14.f90   -O   (test for errors, line 75)
FAIL: gfortran.dg/coarray_collectives_14.f90   -O   (test for errors, line 77)
FAIL: gfortran.dg/coarray_collectives_14.f90   -O   (test for errors, line 79)
FAIL: gfortran.dg/coarray_collectives_14.f90   -O   (test for errors, line 81)
FAIL: gfortran.dg/coarray_collectives_14.f90   -O   (test for errors, line 83)
FAIL: gfortran.dg/coarray_collectives_14.f90   -O   (test for errors, line 87)
FAIL: gfortran.dg/coarray_collectives_14.f90   -O   (test for errors, line 89)
FAIL: gfortran.dg/coarray_collectives_14.f90   -O  (test for excess errors)
FAIL: gfortran.dg/graphite/pr42393.f90   -O  (internal compiler error)
FAIL: gfortran.dg/graphite/pr42393.f90   -O  (test for excess errors)

		=== gfortran Summary for unix/-m64 ===

# of expected passes		46840
# of unexpected failures	20
# of expected failures		52
# of unsupported tests		80

		=== gfortran Summary ===

# of expected passes		93377
# of unexpected failures	39
# of expected failures		104
# of unsupported tests		306
/var/gcc/regression/trunk/10-gcc-gas-gld/build/gcc/testsuite/gfortran/../../gfortran  version 5.0.0 20141031 (experimental) [trunk revision 216981] (GCC) 

		=== gnat tests ===


Running target unix

		=== gnat Summary for unix ===

# of expected passes		1262
# of expected failures		20
# of unsupported tests		7

Running target unix/-m64

		=== gnat Summary for unix/-m64 ===

# of expected passes		1262
# of expected failures		20
# of unsupported tests		7

		=== gnat Summary ===

# of expected passes		2524
# of expected failures		40
# of unsupported tests		14
/var/gcc/regression/trunk/10-gcc-gas-gld/build/gcc/gnatmake version 5.0.0 20141031 (experimental) [trunk revision 216981]

		=== go tests ===


Running target unix
FAIL: go.test/test/recover.go execution,  -O2 -g 

		=== go Summary for unix ===

# of expected passes		7366
# of unexpected failures	1
# of expected failures		1
# of untested testcases		9
# of unsupported tests		2

Running target unix/-m64
FAIL: go.test/test/fixedbugs/issue4348.go   -O  (test for excess errors)
FAIL: go.test/test/fixedbugs/issue6036.go   -O  (internal compiler error)
FAIL: go.test/test/fixedbugs/issue6036.go   -O  (test for excess errors)
FAIL: go.test/test/recover.go execution,  -O2 -g 

		=== go Summary for unix/-m64 ===

# of expected passes		7245
# of unexpected failures	4
# of expected failures		1
# of untested testcases		9
# of unsupported tests		1

		=== go Summary ===

# of expected passes		14611
# of unexpected failures	5
# of expected failures		2
# of untested testcases		18
# of unsupported tests		3
/var/gcc/regression/trunk/10-gcc-gas-gld/build/gcc/testsuite/go/../../gccgo  version 5.0.0 20141031 (experimental) [trunk revision 216981] (GCC) 

		=== obj-c++ tests ===


Running target unix

		=== obj-c++ Summary for unix ===

# of expected passes		1447
# of expected failures		2
# of unsupported tests		86

Running target unix/-m64

		=== obj-c++ Summary for unix/-m64 ===

# of expected passes		1439
# of expected failures		10
# of unsupported tests		86

		=== obj-c++ Summary ===

# of expected passes		2886
# of expected failures		12
# of unsupported tests		172
/var/gcc/regression/trunk/10-gcc-gas-gld/build/gcc/testsuite/obj-c++/../../xg++  version 5.0.0 20141031 (experimental) [trunk revision 216981] (GCC) 

		=== objc tests ===


Running target unix

		=== objc Summary for unix ===

# of expected passes		3004
# of expected failures		6
# of unsupported tests		74

Running target unix/-m64

		=== objc Summary for unix/-m64 ===

# of expected passes		3004
# of expected failures		6
# of unsupported tests		74

		=== objc Summary ===

# of expected passes		6008
# of expected failures		12
# of unsupported tests		148
/var/gcc/regression/trunk/10-gcc-gas-gld/build/gcc/xgcc  version 5.0.0 20141031 (experimental) [trunk revision 216981] (GCC) 

		=== boehm-gc tests ===


Running target unix

		=== boehm-gc Summary for unix ===

# of expected passes		12
# of unsupported tests		1

Running target unix/-m64

		=== boehm-gc Summary for unix/-m64 ===

# of expected passes		12
# of unsupported tests		1

		=== boehm-gc Summary ===

# of expected passes		24
# of unsupported tests		2
		=== libatomic tests ===


Running target unix

		=== libatomic Summary for unix ===

# of expected passes		44
# of unsupported tests		5

Running target unix/-m64

		=== libatomic Summary for unix/-m64 ===

# of expected passes		54

		=== libatomic Summary ===

# of expected passes		98
# of unsupported tests		5
		=== libffi tests ===


Running target unix
FAIL: libffi.special/unwindtest.cc  -shared-libgcc -lstdc++ execution test
FAIL: libffi.special/unwindtest_ffi_call.cc  -shared-libgcc -lstdc++ execution test
FAIL: libffi.special/unwindtest.cc  -shared-libgcc -lstdc++ execution test
FAIL: libffi.special/unwindtest_ffi_call.cc  -shared-libgcc -lstdc++ execution test
FAIL: libffi.special/unwindtest.cc  -shared-libgcc -lstdc++ execution test
FAIL: libffi.special/unwindtest_ffi_call.cc  -shared-libgcc -lstdc++ execution test
FAIL: libffi.special/unwindtest.cc  -shared-libgcc -lstdc++ execution test
FAIL: libffi.special/unwindtest_ffi_call.cc  -shared-libgcc -lstdc++ execution test

		=== libffi Summary for unix ===

# of expected passes		1803
# of unexpected failures	8
# of unsupported tests		55

Running target unix/-m64

		=== libffi Summary for unix/-m64 ===

# of expected passes		1819
# of unsupported tests		55

		=== libffi Summary ===

# of expected passes		3622
# of unexpected failures	8
# of unsupported tests		110
		=== libgo tests ===


Running target unix
FAIL: net
FAIL: runtime
FAIL: text/template

		=== libgo Summary for unix ===

# of expected passes		120
# of unexpected failures	3

Running target unix/-m64

		=== libgo Summary for unix/-m64 ===

# of expected passes		123

		=== libgo Summary ===

# of expected passes		243
# of unexpected failures	3
/var/gcc/regression/trunk/10-gcc-gas-gld/build/./gcc/gccgo version 5.0.0 20141031 (experimental) [trunk revision 216981] (GCC)

		=== libgomp tests ===


Running target unix

		=== libgomp Summary for unix ===

# of expected passes		3275
# of unsupported tests		22

Running target unix/-m64

		=== libgomp Summary for unix/-m64 ===

# of expected passes		3275
# of unsupported tests		22

		=== libgomp Summary ===

# of expected passes		6550
# of unsupported tests		44
		=== libitm tests ===


Running target unix

		=== libitm Summary for unix ===

# of expected passes		26
# of expected failures		3
# of unsupported tests		1

Running target unix/-m64

		=== libitm Summary for unix/-m64 ===

# of expected passes		26
# of expected failures		3
# of unsupported tests		1

		=== libitm Summary ===

# of expected passes		52
# of expected failures		6
# of unsupported tests		2
		=== libjava tests ===


Running target unix
FAIL: noclass execution - gij test
FAIL: pr11951 run
FAIL: throwit execution - gij test
FAIL: pr29812 execution - gij test
FAIL: ExtraClassLoader execution - source compiled test
FAIL: ExtraClassLoader -findirect-dispatch execution - source compiled test
FAIL: ExtraClassLoader -O3 execution - source compiled test
FAIL: ExtraClassLoader -O3 -findirect-dispatch execution - source compiled test
FAIL: invokethrow execution - source compiled test
FAIL: invokethrow -findirect-dispatch execution - source compiled test
FAIL: invokethrow -O3 execution - source compiled test
FAIL: invokethrow -O3 -findirect-dispatch execution - source compiled test

		=== libjava Summary for unix ===

# of expected passes		2557
# of unexpected failures	12
# of expected failures		4
# of untested testcases		12

Running target unix/-m64

		=== libjava Summary for unix/-m64 ===

# of expected passes		2582
# of expected failures		4

		=== libjava Summary ===

# of expected passes		5139
# of unexpected failures	12
# of expected failures		8
# of untested testcases		12
		=== libstdc++ tests ===


Running target unix
FAIL: 27_io/basic_ostream/inserters_arithmetic/char/hexfloat.cc execution test

		=== libstdc++ Summary for unix ===

# of expected passes		9245
# of unexpected failures	1
# of expected failures		69
# of unsupported tests		623

Running target unix/-m64
FAIL: 27_io/basic_ostream/inserters_arithmetic/char/hexfloat.cc execution test

		=== libstdc++ Summary for unix/-m64 ===

# of expected passes		9245
# of unexpected failures	1
# of expected failures		69
# of unsupported tests		623

		=== libstdc++ Summary ===

# of expected passes		18490
# of unexpected failures	2
# of expected failures		138
# of unsupported tests		1246

Compiler version: 5.0.0 20141031 (experimental) [trunk revision 216981] (GCC) 
Platform: i386-pc-solaris2.10
configure flags: --prefix=/vol/gcc --target=i386-pc-solaris2.10 --enable-objc-gc --with-as=/vol/gcc/bin/gas-2.24 --with-gnu-as --with-ld=/vol/gcc/bin/gld-2.24 --with-gnu-ld --with-gmp-include=/vol/gcc/include --with-gmp-lib=/vol/gcc/lib --with-mpfr-include=/vol/gcc/include --with-mpfr-lib=/vol/gcc/lib --with-mpc-include=/vol/gcc/include --with-mpc-lib=/vol/gcc/lib --enable-languages=all,ada,obj-c++,go --with-isl-include=/vol/gcc/include --with-isl-lib=/vol/gcc/lib --with-cloog-include=/vol/gcc/include --with-cloog-lib=/vol/gcc/lib --enable-cloog-backend=isl
BOOT_CFLAGS=-g -O2


Index Nav: [Date Index] [Subject Index] [Author Index] [Thread Index]
Message Nav: [Date Prev] [Date Next] [Thread Prev] [Thread Next]