This is the mail archive of the gcc-testresults@gcc.gnu.org mailing list for the GCC project.


Index Nav: [Date Index] [Subject Index] [Author Index] [Thread Index]
Message Nav: [Date Prev] [Date Next] [Thread Prev] [Thread Next]
Other format: [Raw text]

Results for 4.9.1 (GCC) testsuite on x86_64-apple-darwin14


LAST_UPDATED: Obtained from SVN: tags/gcc_4_9_1_release revision 212636

Native configuration is x86_64-apple-darwin14

		=== g++ tests ===


Running target unix/-m32
FAIL: g++.dg/debug/dwarf2/imported-decl-2.C -std=gnu++98  scan-assembler-times ascii "AAAA\\\\\\\\0".*ascii "BBBB\\\\\\\\0".*DIE .0x[0-9a-f]*. DW_TAG_imported_declaration 1
FAIL: g++.dg/debug/dwarf2/imported-decl-2.C -std=gnu++11  scan-assembler-times ascii "AAAA\\\\\\\\0".*ascii "BBBB\\\\\\\\0".*DIE .0x[0-9a-f]*. DW_TAG_imported_declaration 1
FAIL: g++.dg/debug/dwarf2/imported-decl-2.C -std=gnu++1y  scan-assembler-times ascii "AAAA\\\\\\\\0".*ascii "BBBB\\\\\\\\0".*DIE .0x[0-9a-f]*. DW_TAG_imported_declaration 1
FAIL: g++.dg/ext/sync-4.C -std=gnu++98 execution test
FAIL: g++.dg/ext/sync-4.C -std=gnu++11 execution test
FAIL: g++.dg/ext/sync-4.C -std=gnu++1y execution test
FAIL: g++.dg/ipa/pr61160-3.C -std=gnu++98 execution test
FAIL: g++.dg/ipa/pr61160-3.C -std=gnu++11 execution test
FAIL: g++.dg/ipa/pr61160-3.C -std=gnu++1y execution test
FAIL: g++.dg/opt/vt4.C -std=gnu++98  scan-assembler-not _ZTV.A
FAIL: g++.dg/opt/vt4.C -std=gnu++11  scan-assembler-not _ZTV.A
FAIL: g++.dg/opt/vt4.C -std=gnu++1y  scan-assembler-not _ZTV.A
WARNING: program timed out.
FAIL: g++.dg/pch/pch.C  -O2 -I. -Dwith_PCH (test for excess errors)
FAIL: g++.dg/pch/pch.C -O2 assembly comparison

		=== g++ Summary for unix/-m32 ===

# of expected passes		80009
# of unexpected failures	14
# of expected failures		440
# of unsupported tests		2828

Running target unix/-m64
FAIL: g++.dg/debug/dwarf2/imported-decl-2.C -std=gnu++98  scan-assembler-times ascii "AAAA\\\\\\\\0".*ascii "BBBB\\\\\\\\0".*DIE .0x[0-9a-f]*. DW_TAG_imported_declaration 1
FAIL: g++.dg/debug/dwarf2/imported-decl-2.C -std=gnu++11  scan-assembler-times ascii "AAAA\\\\\\\\0".*ascii "BBBB\\\\\\\\0".*DIE .0x[0-9a-f]*. DW_TAG_imported_declaration 1
FAIL: g++.dg/debug/dwarf2/imported-decl-2.C -std=gnu++1y  scan-assembler-times ascii "AAAA\\\\\\\\0".*ascii "BBBB\\\\\\\\0".*DIE .0x[0-9a-f]*. DW_TAG_imported_declaration 1
FAIL: g++.dg/ext/sync-4.C -std=gnu++98 execution test
FAIL: g++.dg/ext/sync-4.C -std=gnu++11 execution test
FAIL: g++.dg/ext/sync-4.C -std=gnu++1y execution test
FAIL: g++.dg/opt/vt4.C -std=gnu++98  scan-assembler-not _ZTV.A
FAIL: g++.dg/opt/vt4.C -std=gnu++11  scan-assembler-not _ZTV.A
FAIL: g++.dg/opt/vt4.C -std=gnu++1y  scan-assembler-not _ZTV.A
FAIL: g++.dg/tree-prof/partition1.C compilation,  -fprofile-use
UNRESOLVED: g++.dg/tree-prof/partition1.C execution,    -fprofile-use
FAIL: g++.dg/tree-prof/pr57451.C compilation,  -fprofile-use
UNRESOLVED: g++.dg/tree-prof/pr57451.C execution,    -fprofile-use

		=== g++ Summary for unix/-m64 ===

# of expected passes		81416
# of unexpected failures	11
# of expected failures		440
# of unresolved testcases	2
# of unsupported tests		3048

		=== g++ Summary ===

# of expected passes		161425
# of unexpected failures	25
# of expected failures		880
# of unresolved testcases	2
# of unsupported tests		5876
/Users/fx/devel/gcc/build_package/ibin/gcc/testsuite/g++/../../xg++  version 4.9.1 (GCC) 

		=== gcc tests ===


Running target unix/-m32
FAIL: gcc.dg/cpp/trad/include.c (internal compiler error)
FAIL: gcc.dg/cpp/trad/include.c (test for excess errors)
FAIL: gcc.dg/20021014-1.c execution test
FAIL: gcc.dg/framework-1.c (test for excess errors)
FAIL: gcc.dg/pr43643.c execution test
FAIL: gcc.dg/pr61053.c (test for excess errors)
FAIL: gcc.dg/pch/save-temps-1.c   -O2  -I. -Dwith_PCH (internal compiler error)
FAIL: gcc.dg/pch/save-temps-1.c   -O2  -I. -Dwith_PCH (test for excess errors)
FAIL: gcc.dg/pch/save-temps-1.c   -O2  assembly comparison
WARNING: program timed out.
FAIL: gcc.dg/pch/save-temps-1.c   -O3 -fomit-frame-pointer  -I. -Dwith_PCH (test for excess errors)
FAIL: gcc.dg/pch/save-temps-1.c  -O3 -fomit-frame-pointer  assembly comparison
FAIL: gcc.dg/tree-prof/crossmodule-indircall-1a.c compilation,  -fprofile-generate -D_PROFILE_GENERATE
UNRESOLVED: gcc.dg/tree-prof/crossmodule-indircall-1a.c execution,    -fprofile-generate -D_PROFILE_GENERATE
UNRESOLVED: gcc.dg/tree-prof/crossmodule-indircall-1a.c compilation,  -fprofile-use -D_PROFILE_USE
UNRESOLVED: gcc.dg/tree-prof/crossmodule-indircall-1a.c execution,    -fprofile-use -D_PROFILE_USE
FAIL: gcc.target/i386/avx512f-gather-5.c scan-assembler gather[^\\n]*zmm
FAIL: gcc.target/i386/memcpy-strategy-3.c scan-assembler-times memcpy 2
FAIL: gcc.target/i386/memset-strategy-1.c scan-assembler-times memset 2
FAIL: gcc.target/i386/pr57275.c (test for excess errors)
WARNING: gcc.target/i386/pr57275.c compilation failed to produce executable

		=== gcc Summary for unix/-m32 ===

# of expected passes		83526
# of unexpected failures	16
# of expected failures		182
# of unresolved testcases	3
# of unsupported tests		2394

Running target unix/-m64
FAIL: gcc.dg/framework-1.c (test for excess errors)
FAIL: gcc.dg/pch/save-temps-1.c   -O2  -I. -Dwith_PCH (test for excess errors)
FAIL: gcc.dg/pch/save-temps-1.c  -O2  assembly comparison
WARNING: program timed out.
FAIL: gcc.dg/pch/save-temps-1.c   -O3 -fomit-frame-pointer  -I. -Dwith_PCH (test for excess errors)
FAIL: gcc.dg/pch/save-temps-1.c  -O3 -fomit-frame-pointer  assembly comparison
FAIL: gcc.dg/tree-prof/20041218-1.c compilation,  -fprofile-use -D_PROFILE_USE
UNRESOLVED: gcc.dg/tree-prof/20041218-1.c execution,    -fprofile-use -D_PROFILE_USE
FAIL: gcc.dg/tree-prof/crossmodule-indircall-1a.c compilation,  -fprofile-generate -D_PROFILE_GENERATE
UNRESOLVED: gcc.dg/tree-prof/crossmodule-indircall-1a.c execution,    -fprofile-generate -D_PROFILE_GENERATE
UNRESOLVED: gcc.dg/tree-prof/crossmodule-indircall-1a.c compilation,  -fprofile-use -D_PROFILE_USE
UNRESOLVED: gcc.dg/tree-prof/crossmodule-indircall-1a.c execution,    -fprofile-use -D_PROFILE_USE
FAIL: gcc.dg/tree-prof/pr34999.c compilation,  -fprofile-use -D_PROFILE_USE
UNRESOLVED: gcc.dg/tree-prof/pr34999.c execution,    -fprofile-use -D_PROFILE_USE
FAIL: gcc.dg/tree-prof/pr45354.c compilation,  -fprofile-use -D_PROFILE_USE
UNRESOLVED: gcc.dg/tree-prof/pr45354.c execution,    -fprofile-use -D_PROFILE_USE
FAIL: gcc.dg/tree-prof/pr49299-1.c compilation,  -fprofile-use -D_PROFILE_USE
UNRESOLVED: gcc.dg/tree-prof/pr49299-1.c execution,    -fprofile-use -D_PROFILE_USE
FAIL: gcc.dg/tree-prof/pr49299-2.c compilation,  -fprofile-use -D_PROFILE_USE
UNRESOLVED: gcc.dg/tree-prof/pr49299-2.c execution,    -fprofile-use -D_PROFILE_USE
FAIL: gcc.dg/tree-prof/pr50907.c compilation,  -fprofile-use -D_PROFILE_USE
UNRESOLVED: gcc.dg/tree-prof/pr50907.c execution,    -fprofile-use -D_PROFILE_USE
FAIL: gcc.target/i386/avx512f-gather-5.c scan-assembler gather[^\\n]*zmm
FAIL: gcc.target/i386/memcpy-strategy-3.c scan-assembler-times memcpy 2
FAIL: gcc.target/i386/memset-strategy-1.c scan-assembler-times memset 2
FAIL: gcc.target/i386/pr49866.c (test for excess errors)
FAIL: gcc.target/i386/pr57275.c (test for excess errors)
WARNING: gcc.target/i386/pr57275.c compilation failed to produce executable

		=== gcc Summary for unix/-m64 ===

# of expected passes		84125
# of unexpected failures	17
# of expected failures		186
# of unresolved testcases	9
# of unsupported tests		2581

		=== gcc Summary ===

# of expected passes		167651
# of unexpected failures	33
# of expected failures		368
# of unresolved testcases	12
# of unsupported tests		4975
/Users/fx/devel/gcc/build_package/ibin/gcc/xgcc  version 4.9.1 (GCC) 

		=== gfortran tests ===


Running target unix/-m32

		=== gfortran Summary for unix/-m32 ===

# of expected passes		45309
# of expected failures		38
# of unsupported tests		212

Running target unix/-m64

		=== gfortran Summary for unix/-m64 ===

# of expected passes		45598
# of expected failures		38
# of unsupported tests		72

		=== gfortran Summary ===

# of expected passes		90907
# of expected failures		76
# of unsupported tests		284
/Users/fx/devel/gcc/build_package/ibin/gcc/testsuite/gfortran/../../gfortran  version 4.9.1 (GCC) 

		=== obj-c++ tests ===


Running target unix/-m32
FAIL: obj-c++.dg/cxx-ivars-3.mm -fnext-runtime (test for excess errors)
WARNING: obj-c++.dg/cxx-ivars-3.mm -fnext-runtime compilation failed to produce executable
FAIL: obj-c++.dg/gnu-api-2-objc.mm -fnext-runtime execution test
FAIL: obj-c++.dg/proto-lossage-7.mm -fnext-runtime (test for excess errors)
FAIL: obj-c++.dg/syntax-error-1.mm -fnext-runtime (test for excess errors)
FAIL: obj-c++.dg/strings/const-cfstring-2.mm -fnext-runtime (test for excess errors)
FAIL: obj-c++.dg/strings/const-cfstring-5.mm -fnext-runtime (test for excess errors)
FAIL: obj-c++.dg/strings/const-str-12.mm -fnext-runtime (test for excess errors)
FAIL: obj-c++.dg/torture/strings/const-cfstring-1.mm  -O0  -fnext-runtime (test for excess errors)
WARNING: obj-c++.dg/torture/strings/const-cfstring-1.mm  -O0  -fnext-runtime compilation failed to produce executable
FAIL: obj-c++.dg/torture/strings/const-cfstring-1.mm  -O1  -fnext-runtime (test for excess errors)
WARNING: obj-c++.dg/torture/strings/const-cfstring-1.mm  -O1  -fnext-runtime compilation failed to produce executable
FAIL: obj-c++.dg/torture/strings/const-cfstring-1.mm  -O2  -fnext-runtime (test for excess errors)
WARNING: obj-c++.dg/torture/strings/const-cfstring-1.mm  -O2  -fnext-runtime compilation failed to produce executable
FAIL: obj-c++.dg/torture/strings/const-cfstring-1.mm  -O3 -fomit-frame-pointer  -fnext-runtime (test for excess errors)
WARNING: obj-c++.dg/torture/strings/const-cfstring-1.mm  -O3 -fomit-frame-pointer  -fnext-runtime compilation failed to produce executable
FAIL: obj-c++.dg/torture/strings/const-cfstring-1.mm  -O3 -g  -fnext-runtime (test for excess errors)
WARNING: obj-c++.dg/torture/strings/const-cfstring-1.mm  -O3 -g  -fnext-runtime compilation failed to produce executable
FAIL: obj-c++.dg/torture/strings/const-cfstring-1.mm  -Os  -fnext-runtime (test for excess errors)
WARNING: obj-c++.dg/torture/strings/const-cfstring-1.mm  -Os  -fnext-runtime compilation failed to produce executable
FAIL: obj-c++.dg/torture/strings/const-str-10.mm  -O0  -fnext-runtime (test for excess errors)
UNRESOLVED: obj-c++.dg/torture/strings/const-str-10.mm  -O0  -fnext-runtime  scan-assembler .section __OBJC, __cstring_object
UNRESOLVED: obj-c++.dg/torture/strings/const-str-10.mm  -O0  -fnext-runtime  scan-assembler .long\\t__NSConstantStringClassReference\\n\\t.long\\t.*\\n\\t.long\\t5\\n\\t.data
FAIL: obj-c++.dg/torture/strings/const-str-10.mm  -O1  -fnext-runtime (test for excess errors)
UNRESOLVED: obj-c++.dg/torture/strings/const-str-10.mm  -O1  -fnext-runtime  scan-assembler .section __OBJC, __cstring_object
UNRESOLVED: obj-c++.dg/torture/strings/const-str-10.mm  -O1  -fnext-runtime  scan-assembler .long\\t__NSConstantStringClassReference\\n\\t.long\\t.*\\n\\t.long\\t5\\n\\t.data
FAIL: obj-c++.dg/torture/strings/const-str-10.mm  -O2  -fnext-runtime (test for excess errors)
UNRESOLVED: obj-c++.dg/torture/strings/const-str-10.mm  -O2  -fnext-runtime  scan-assembler .section __OBJC, __cstring_object
UNRESOLVED: obj-c++.dg/torture/strings/const-str-10.mm  -O2  -fnext-runtime  scan-assembler .long\\t__NSConstantStringClassReference\\n\\t.long\\t.*\\n\\t.long\\t5\\n\\t.data
FAIL: obj-c++.dg/torture/strings/const-str-10.mm  -O3 -fomit-frame-pointer  -fnext-runtime (test for excess errors)
UNRESOLVED: obj-c++.dg/torture/strings/const-str-10.mm  -O3 -fomit-frame-pointer  -fnext-runtime  scan-assembler .section __OBJC, __cstring_object
UNRESOLVED: obj-c++.dg/torture/strings/const-str-10.mm  -O3 -fomit-frame-pointer  -fnext-runtime  scan-assembler .long\\t__NSConstantStringClassReference\\n\\t.long\\t.*\\n\\t.long\\t5\\n\\t.data
FAIL: obj-c++.dg/torture/strings/const-str-10.mm  -O3 -g  -fnext-runtime (test for excess errors)
UNRESOLVED: obj-c++.dg/torture/strings/const-str-10.mm  -O3 -g  -fnext-runtime  scan-assembler .section __OBJC, __cstring_object
UNRESOLVED: obj-c++.dg/torture/strings/const-str-10.mm  -O3 -g  -fnext-runtime  scan-assembler .long\\t__NSConstantStringClassReference\\n\\t.long\\t.*\\n\\t.long\\t5\\n\\t.data
FAIL: obj-c++.dg/torture/strings/const-str-10.mm  -Os  -fnext-runtime (test for excess errors)
UNRESOLVED: obj-c++.dg/torture/strings/const-str-10.mm  -Os  -fnext-runtime  scan-assembler .section __OBJC, __cstring_object
UNRESOLVED: obj-c++.dg/torture/strings/const-str-10.mm  -Os  -fnext-runtime  scan-assembler .long\\t__NSConstantStringClassReference\\n\\t.long\\t.*\\n\\t.long\\t5\\n\\t.data
FAIL: obj-c++.dg/torture/strings/const-str-11.mm  -O0  -fnext-runtime (test for excess errors)
UNRESOLVED: obj-c++.dg/torture/strings/const-str-11.mm  -O0  -fnext-runtime  scan-assembler .section __OBJC, __cstring_object
UNRESOLVED: obj-c++.dg/torture/strings/const-str-11.mm  -O0  -fnext-runtime  scan-assembler .long\\t__XStrClassReference\\n\\t.long\\t.*\\n\\t.long\\t5\\n\\t.data
FAIL: obj-c++.dg/torture/strings/const-str-11.mm  -O1  -fnext-runtime (test for excess errors)
UNRESOLVED: obj-c++.dg/torture/strings/const-str-11.mm  -O1  -fnext-runtime  scan-assembler .section __OBJC, __cstring_object
UNRESOLVED: obj-c++.dg/torture/strings/const-str-11.mm  -O1  -fnext-runtime  scan-assembler .long\\t__XStrClassReference\\n\\t.long\\t.*\\n\\t.long\\t5\\n\\t.data
FAIL: obj-c++.dg/torture/strings/const-str-11.mm  -O2  -fnext-runtime (test for excess errors)
UNRESOLVED: obj-c++.dg/torture/strings/const-str-11.mm  -O2  -fnext-runtime  scan-assembler .section __OBJC, __cstring_object
UNRESOLVED: obj-c++.dg/torture/strings/const-str-11.mm  -O2  -fnext-runtime  scan-assembler .long\\t__XStrClassReference\\n\\t.long\\t.*\\n\\t.long\\t5\\n\\t.data
FAIL: obj-c++.dg/torture/strings/const-str-11.mm  -O3 -fomit-frame-pointer  -fnext-runtime (test for excess errors)
UNRESOLVED: obj-c++.dg/torture/strings/const-str-11.mm  -O3 -fomit-frame-pointer  -fnext-runtime  scan-assembler .section __OBJC, __cstring_object
UNRESOLVED: obj-c++.dg/torture/strings/const-str-11.mm  -O3 -fomit-frame-pointer  -fnext-runtime  scan-assembler .long\\t__XStrClassReference\\n\\t.long\\t.*\\n\\t.long\\t5\\n\\t.data
FAIL: obj-c++.dg/torture/strings/const-str-11.mm  -O3 -g  -fnext-runtime (test for excess errors)
UNRESOLVED: obj-c++.dg/torture/strings/const-str-11.mm  -O3 -g  -fnext-runtime  scan-assembler .section __OBJC, __cstring_object
UNRESOLVED: obj-c++.dg/torture/strings/const-str-11.mm  -O3 -g  -fnext-runtime  scan-assembler .long\\t__XStrClassReference\\n\\t.long\\t.*\\n\\t.long\\t5\\n\\t.data
FAIL: obj-c++.dg/torture/strings/const-str-11.mm  -Os  -fnext-runtime (test for excess errors)
UNRESOLVED: obj-c++.dg/torture/strings/const-str-11.mm  -Os  -fnext-runtime  scan-assembler .section __OBJC, __cstring_object
UNRESOLVED: obj-c++.dg/torture/strings/const-str-11.mm  -Os  -fnext-runtime  scan-assembler .long\\t__XStrClassReference\\n\\t.long\\t.*\\n\\t.long\\t5\\n\\t.data
FAIL: obj-c++.dg/torture/strings/const-str-9.mm  -O0  -fnext-runtime (test for excess errors)
UNRESOLVED: obj-c++.dg/torture/strings/const-str-9.mm  -O0  -fnext-runtime  scan-assembler .section __OBJC, __cstring_object
UNRESOLVED: obj-c++.dg/torture/strings/const-str-9.mm  -O0  -fnext-runtime  scan-assembler .long\\t__NSConstantStringClassReference\\n\\t.long\\t.*\\n\\t.long\\t5\\n\\t.data
FAIL: obj-c++.dg/torture/strings/const-str-9.mm  -O1  -fnext-runtime (test for excess errors)
UNRESOLVED: obj-c++.dg/torture/strings/const-str-9.mm  -O1  -fnext-runtime  scan-assembler .section __OBJC, __cstring_object
UNRESOLVED: obj-c++.dg/torture/strings/const-str-9.mm  -O1  -fnext-runtime  scan-assembler .long\\t__NSConstantStringClassReference\\n\\t.long\\t.*\\n\\t.long\\t5\\n\\t.data
FAIL: obj-c++.dg/torture/strings/const-str-9.mm  -O2  -fnext-runtime (test for excess errors)
UNRESOLVED: obj-c++.dg/torture/strings/const-str-9.mm  -O2  -fnext-runtime  scan-assembler .section __OBJC, __cstring_object
UNRESOLVED: obj-c++.dg/torture/strings/const-str-9.mm  -O2  -fnext-runtime  scan-assembler .long\\t__NSConstantStringClassReference\\n\\t.long\\t.*\\n\\t.long\\t5\\n\\t.data
FAIL: obj-c++.dg/torture/strings/const-str-9.mm  -O3 -fomit-frame-pointer  -fnext-runtime (test for excess errors)
UNRESOLVED: obj-c++.dg/torture/strings/const-str-9.mm  -O3 -fomit-frame-pointer  -fnext-runtime  scan-assembler .section __OBJC, __cstring_object
UNRESOLVED: obj-c++.dg/torture/strings/const-str-9.mm  -O3 -fomit-frame-pointer  -fnext-runtime  scan-assembler .long\\t__NSConstantStringClassReference\\n\\t.long\\t.*\\n\\t.long\\t5\\n\\t.data
FAIL: obj-c++.dg/torture/strings/const-str-9.mm  -O3 -g  -fnext-runtime (test for excess errors)
UNRESOLVED: obj-c++.dg/torture/strings/const-str-9.mm  -O3 -g  -fnext-runtime  scan-assembler .section __OBJC, __cstring_object
UNRESOLVED: obj-c++.dg/torture/strings/const-str-9.mm  -O3 -g  -fnext-runtime  scan-assembler .long\\t__NSConstantStringClassReference\\n\\t.long\\t.*\\n\\t.long\\t5\\n\\t.data
FAIL: obj-c++.dg/torture/strings/const-str-9.mm  -Os  -fnext-runtime (test for excess errors)
UNRESOLVED: obj-c++.dg/torture/strings/const-str-9.mm  -Os  -fnext-runtime  scan-assembler .section __OBJC, __cstring_object
UNRESOLVED: obj-c++.dg/torture/strings/const-str-9.mm  -Os  -fnext-runtime  scan-assembler .long\\t__NSConstantStringClassReference\\n\\t.long\\t.*\\n\\t.long\\t5\\n\\t.data

		=== obj-c++ Summary for unix/-m32 ===

# of expected passes		2947
# of unexpected failures	31
# of expected failures		2
# of unresolved testcases	36
# of unsupported tests		56

Running target unix/-m64
FAIL: obj-c++.dg/cxx-ivars-3.mm -fnext-runtime (test for excess errors)
WARNING: obj-c++.dg/cxx-ivars-3.mm -fnext-runtime compilation failed to produce executable
FAIL: obj-c++.dg/encode-5.mm -fnext-runtime (test for excess errors)
WARNING: obj-c++.dg/encode-5.mm -fnext-runtime compilation failed to produce executable
FAIL: obj-c++.dg/gnu-api-2-objc.mm -fnext-runtime execution test
FAIL: obj-c++.dg/isa-field-1.mm -fnext-runtime (test for excess errors)
FAIL: obj-c++.dg/proto-lossage-3.mm -fnext-runtime (test for excess errors)
WARNING: obj-c++.dg/proto-lossage-3.mm -fnext-runtime compilation failed to produce executable
FAIL: obj-c++.dg/proto-lossage-7.mm -fnext-runtime (test for excess errors)
FAIL: obj-c++.dg/proto-qual-1.mm -fnext-runtime (test for excess errors)
WARNING: obj-c++.dg/proto-qual-1.mm -fnext-runtime compilation failed to produce executable
FAIL: obj-c++.dg/syntax-error-1.mm -fnext-runtime (test for excess errors)
FAIL: obj-c++.dg/try-catch-2.mm -fnext-runtime execution test
FAIL: obj-c++.dg/try-catch-9.mm -fnext-runtime execution test
FAIL: obj-c++.dg/strings/const-cfstring-2.mm -fnext-runtime (test for excess errors)
FAIL: obj-c++.dg/strings/const-cfstring-5.mm -fnext-runtime (test for excess errors)
FAIL: obj-c++.dg/strings/const-str-12.mm -fnext-runtime (test for excess errors)
FAIL: obj-c++.dg/torture/strings/const-cfstring-1.mm  -O0  -fnext-runtime (test for excess errors)
WARNING: obj-c++.dg/torture/strings/const-cfstring-1.mm  -O0  -fnext-runtime compilation failed to produce executable
FAIL: obj-c++.dg/torture/strings/const-cfstring-1.mm  -O1  -fnext-runtime (test for excess errors)
WARNING: obj-c++.dg/torture/strings/const-cfstring-1.mm  -O1  -fnext-runtime compilation failed to produce executable
FAIL: obj-c++.dg/torture/strings/const-cfstring-1.mm  -O2  -fnext-runtime (test for excess errors)
WARNING: obj-c++.dg/torture/strings/const-cfstring-1.mm  -O2  -fnext-runtime compilation failed to produce executable
FAIL: obj-c++.dg/torture/strings/const-cfstring-1.mm  -O3 -fomit-frame-pointer  -fnext-runtime (test for excess errors)
WARNING: obj-c++.dg/torture/strings/const-cfstring-1.mm  -O3 -fomit-frame-pointer  -fnext-runtime compilation failed to produce executable
FAIL: obj-c++.dg/torture/strings/const-cfstring-1.mm  -O3 -g  -fnext-runtime (test for excess errors)
WARNING: obj-c++.dg/torture/strings/const-cfstring-1.mm  -O3 -g  -fnext-runtime compilation failed to produce executable
FAIL: obj-c++.dg/torture/strings/const-cfstring-1.mm  -Os  -fnext-runtime (test for excess errors)
WARNING: obj-c++.dg/torture/strings/const-cfstring-1.mm  -Os  -fnext-runtime compilation failed to produce executable
FAIL: obj-c++.dg/torture/strings/const-str-10.mm  -O0  -fnext-runtime (test for excess errors)
UNRESOLVED: obj-c++.dg/torture/strings/const-str-10.mm  -O0  -fnext-runtime  scan-assembler .section __DATA, __objc_stringobj
UNRESOLVED: obj-c++.dg/torture/strings/const-str-10.mm  -O0  -fnext-runtime  scan-assembler .quad\\t_OBJC_CLASS_._NSConstantString\\n\\t.quad\\t.*\\n\\t.long\\t5\\n\\t.space
FAIL: obj-c++.dg/torture/strings/const-str-10.mm  -O1  -fnext-runtime (test for excess errors)
UNRESOLVED: obj-c++.dg/torture/strings/const-str-10.mm  -O1  -fnext-runtime  scan-assembler .section __DATA, __objc_stringobj
UNRESOLVED: obj-c++.dg/torture/strings/const-str-10.mm  -O1  -fnext-runtime  scan-assembler .quad\\t_OBJC_CLASS_._NSConstantString\\n\\t.quad\\t.*\\n\\t.long\\t5\\n\\t.space
FAIL: obj-c++.dg/torture/strings/const-str-10.mm  -O2  -fnext-runtime (test for excess errors)
UNRESOLVED: obj-c++.dg/torture/strings/const-str-10.mm  -O2  -fnext-runtime  scan-assembler .section __DATA, __objc_stringobj
UNRESOLVED: obj-c++.dg/torture/strings/const-str-10.mm  -O2  -fnext-runtime  scan-assembler .quad\\t_OBJC_CLASS_._NSConstantString\\n\\t.quad\\t.*\\n\\t.long\\t5\\n\\t.space
FAIL: obj-c++.dg/torture/strings/const-str-10.mm  -O3 -fomit-frame-pointer  -fnext-runtime (test for excess errors)
UNRESOLVED: obj-c++.dg/torture/strings/const-str-10.mm  -O3 -fomit-frame-pointer  -fnext-runtime  scan-assembler .section __DATA, __objc_stringobj
UNRESOLVED: obj-c++.dg/torture/strings/const-str-10.mm  -O3 -fomit-frame-pointer  -fnext-runtime  scan-assembler .quad\\t_OBJC_CLASS_._NSConstantString\\n\\t.quad\\t.*\\n\\t.long\\t5\\n\\t.space
FAIL: obj-c++.dg/torture/strings/const-str-10.mm  -O3 -g  -fnext-runtime (test for excess errors)
UNRESOLVED: obj-c++.dg/torture/strings/const-str-10.mm  -O3 -g  -fnext-runtime  scan-assembler .section __DATA, __objc_stringobj
UNRESOLVED: obj-c++.dg/torture/strings/const-str-10.mm  -O3 -g  -fnext-runtime  scan-assembler .quad\\t_OBJC_CLASS_._NSConstantString\\n\\t.quad\\t.*\\n\\t.long\\t5\\n\\t.space
FAIL: obj-c++.dg/torture/strings/const-str-10.mm  -Os  -fnext-runtime (test for excess errors)
UNRESOLVED: obj-c++.dg/torture/strings/const-str-10.mm  -Os  -fnext-runtime  scan-assembler .section __DATA, __objc_stringobj
UNRESOLVED: obj-c++.dg/torture/strings/const-str-10.mm  -Os  -fnext-runtime  scan-assembler .quad\\t_OBJC_CLASS_._NSConstantString\\n\\t.quad\\t.*\\n\\t.long\\t5\\n\\t.space
FAIL: obj-c++.dg/torture/strings/const-str-11.mm  -O0  -fnext-runtime (test for excess errors)
UNRESOLVED: obj-c++.dg/torture/strings/const-str-11.mm  -O0  -fnext-runtime  scan-assembler .section __DATA, __objc_stringobj
UNRESOLVED: obj-c++.dg/torture/strings/const-str-11.mm  -O0  -fnext-runtime  scan-assembler .quad\\t_OBJC_CLASS_._XStr\\n\\t.quad\\t.*\\n\\t.long\\t5\\n\\t.space
FAIL: obj-c++.dg/torture/strings/const-str-11.mm  -O1  -fnext-runtime (test for excess errors)
UNRESOLVED: obj-c++.dg/torture/strings/const-str-11.mm  -O1  -fnext-runtime  scan-assembler .section __DATA, __objc_stringobj
UNRESOLVED: obj-c++.dg/torture/strings/const-str-11.mm  -O1  -fnext-runtime  scan-assembler .quad\\t_OBJC_CLASS_._XStr\\n\\t.quad\\t.*\\n\\t.long\\t5\\n\\t.space
FAIL: obj-c++.dg/torture/strings/const-str-11.mm  -O2  -fnext-runtime (test for excess errors)
UNRESOLVED: obj-c++.dg/torture/strings/const-str-11.mm  -O2  -fnext-runtime  scan-assembler .section __DATA, __objc_stringobj
UNRESOLVED: obj-c++.dg/torture/strings/const-str-11.mm  -O2  -fnext-runtime  scan-assembler .quad\\t_OBJC_CLASS_._XStr\\n\\t.quad\\t.*\\n\\t.long\\t5\\n\\t.space
FAIL: obj-c++.dg/torture/strings/const-str-11.mm  -O3 -fomit-frame-pointer  -fnext-runtime (test for excess errors)
UNRESOLVED: obj-c++.dg/torture/strings/const-str-11.mm  -O3 -fomit-frame-pointer  -fnext-runtime  scan-assembler .section __DATA, __objc_stringobj
UNRESOLVED: obj-c++.dg/torture/strings/const-str-11.mm  -O3 -fomit-frame-pointer  -fnext-runtime  scan-assembler .quad\\t_OBJC_CLASS_._XStr\\n\\t.quad\\t.*\\n\\t.long\\t5\\n\\t.space
FAIL: obj-c++.dg/torture/strings/const-str-11.mm  -O3 -g  -fnext-runtime (test for excess errors)
UNRESOLVED: obj-c++.dg/torture/strings/const-str-11.mm  -O3 -g  -fnext-runtime  scan-assembler .section __DATA, __objc_stringobj
UNRESOLVED: obj-c++.dg/torture/strings/const-str-11.mm  -O3 -g  -fnext-runtime  scan-assembler .quad\\t_OBJC_CLASS_._XStr\\n\\t.quad\\t.*\\n\\t.long\\t5\\n\\t.space
FAIL: obj-c++.dg/torture/strings/const-str-11.mm  -Os  -fnext-runtime (test for excess errors)
UNRESOLVED: obj-c++.dg/torture/strings/const-str-11.mm  -Os  -fnext-runtime  scan-assembler .section __DATA, __objc_stringobj
UNRESOLVED: obj-c++.dg/torture/strings/const-str-11.mm  -Os  -fnext-runtime  scan-assembler .quad\\t_OBJC_CLASS_._XStr\\n\\t.quad\\t.*\\n\\t.long\\t5\\n\\t.space
FAIL: obj-c++.dg/torture/strings/const-str-9.mm  -O0  -fnext-runtime (test for excess errors)
UNRESOLVED: obj-c++.dg/torture/strings/const-str-9.mm  -O0  -fnext-runtime  scan-assembler .section __DATA, __objc_stringobj
UNRESOLVED: obj-c++.dg/torture/strings/const-str-9.mm  -O0  -fnext-runtime  scan-assembler .quad\\t_OBJC_CLASS_._NSConstantString\\n\\t.quad\\t.*\\n\\t.long\\t5\\n\\t.space
FAIL: obj-c++.dg/torture/strings/const-str-9.mm  -O1  -fnext-runtime (test for excess errors)
UNRESOLVED: obj-c++.dg/torture/strings/const-str-9.mm  -O1  -fnext-runtime  scan-assembler .section __DATA, __objc_stringobj
UNRESOLVED: obj-c++.dg/torture/strings/const-str-9.mm  -O1  -fnext-runtime  scan-assembler .quad\\t_OBJC_CLASS_._NSConstantString\\n\\t.quad\\t.*\\n\\t.long\\t5\\n\\t.space
FAIL: obj-c++.dg/torture/strings/const-str-9.mm  -O2  -fnext-runtime (test for excess errors)
UNRESOLVED: obj-c++.dg/torture/strings/const-str-9.mm  -O2  -fnext-runtime  scan-assembler .section __DATA, __objc_stringobj
UNRESOLVED: obj-c++.dg/torture/strings/const-str-9.mm  -O2  -fnext-runtime  scan-assembler .quad\\t_OBJC_CLASS_._NSConstantString\\n\\t.quad\\t.*\\n\\t.long\\t5\\n\\t.space
FAIL: obj-c++.dg/torture/strings/const-str-9.mm  -O3 -fomit-frame-pointer  -fnext-runtime (test for excess errors)
UNRESOLVED: obj-c++.dg/torture/strings/const-str-9.mm  -O3 -fomit-frame-pointer  -fnext-runtime  scan-assembler .section __DATA, __objc_stringobj
UNRESOLVED: obj-c++.dg/torture/strings/const-str-9.mm  -O3 -fomit-frame-pointer  -fnext-runtime  scan-assembler .quad\\t_OBJC_CLASS_._NSConstantString\\n\\t.quad\\t.*\\n\\t.long\\t5\\n\\t.space
FAIL: obj-c++.dg/torture/strings/const-str-9.mm  -O3 -g  -fnext-runtime (test for excess errors)
UNRESOLVED: obj-c++.dg/torture/strings/const-str-9.mm  -O3 -g  -fnext-runtime  scan-assembler .section __DATA, __objc_stringobj
UNRESOLVED: obj-c++.dg/torture/strings/const-str-9.mm  -O3 -g  -fnext-runtime  scan-assembler .quad\\t_OBJC_CLASS_._NSConstantString\\n\\t.quad\\t.*\\n\\t.long\\t5\\n\\t.space
FAIL: obj-c++.dg/torture/strings/const-str-9.mm  -Os  -fnext-runtime (test for excess errors)
UNRESOLVED: obj-c++.dg/torture/strings/const-str-9.mm  -Os  -fnext-runtime  scan-assembler .section __DATA, __objc_stringobj
UNRESOLVED: obj-c++.dg/torture/strings/const-str-9.mm  -Os  -fnext-runtime  scan-assembler .quad\\t_OBJC_CLASS_._NSConstantString\\n\\t.quad\\t.*\\n\\t.long\\t5\\n\\t.space

		=== obj-c++ Summary for unix/-m64 ===

# of expected passes		2904
# of unexpected failures	37
# of expected failures		18
# of unresolved testcases	36
# of unsupported tests		60

		=== obj-c++ Summary ===

# of expected passes		5851
# of unexpected failures	68
# of expected failures		20
# of unresolved testcases	72
# of unsupported tests		116
/Users/fx/devel/gcc/build_package/ibin/gcc/testsuite/obj-c++/../../xg++  version 4.9.1 (GCC) 

		=== objc tests ===


Running target unix/-m32
FAIL: objc.dg/call-super-2.m -fnext-runtime  (test for warnings, line 74)
FAIL: objc.dg/call-super-2.m -fnext-runtime  (test for warnings, line 104)
FAIL: objc.dg/gnu-api-2-objc.m -fnext-runtime execution test
FAIL: objc.dg/headers.m -fnext-runtime (test for excess errors)
FAIL: objc.dg/image-info.m -fnext-runtime (test for excess errors)
UNRESOLVED: objc.dg/image-info.m -fnext-runtime  scan-assembler \\t.section __OBJC, __image_info.*\\n\\t.align.*\\nL_OBJC_ImageInfo.*:\\n\\t.long\\t0\\n\\t.long\\t1
FAIL: objc.dg/method-6.m -fnext-runtime (test for excess errors)
FAIL: objc.dg/no-extra-load.m -fnext-runtime (test for excess errors)
UNRESOLVED: objc.dg/no-extra-load.m -fnext-runtime  scan-assembler-not L_objc_msgSend\\\\\$non_lazy_ptr
FAIL: objc.dg/objc-foreach-4.m -fnext-runtime (test for excess errors)
WARNING: objc.dg/objc-foreach-4.m -fnext-runtime compilation failed to produce executable
FAIL: objc.dg/objc-foreach-5.m -fnext-runtime (test for excess errors)
UNRESOLVED: objc.dg/objc-foreach-5.m -fnext-runtime  scan-assembler _addStuffUp:
FAIL: objc.dg/proto-lossage-7.m -fnext-runtime (test for excess errors)
FAIL: objc.dg/symtab-1.m -fnext-runtime (test for excess errors)
UNRESOLVED: objc.dg/symtab-1.m -fnext-runtime  scan-assembler L_OBJC_Symbols.*:\\n\\t.long\\t0\\n\\t.long\\t0\\n\\t.word\\t2\\n\\t.word\\t0\\n\\t.long\\tL_OBJC_Class_Derived.*\\n\\t.long\\tL_OBJC_Class_Base.*\\n
FAIL: objc.dg/zero-link-1.m -fnext-runtime (test for excess errors)
UNRESOLVED: objc.dg/zero-link-1.m -fnext-runtime  scan-assembler-not _OBJC_ClassRefs_0
UNRESOLVED: objc.dg/zero-link-1.m -fnext-runtime  scan-assembler objc_getClass
FAIL: objc.dg/zero-link-2.m -fnext-runtime (test for excess errors)
UNRESOLVED: objc.dg/zero-link-2.m -fnext-runtime  scan-assembler _OBJC_ClassRefs_0
UNRESOLVED: objc.dg/zero-link-2.m -fnext-runtime  scan-assembler-not objc_getClass
FAIL: objc.dg/zero-link-3.m -fnext-runtime (test for excess errors)
WARNING: objc.dg/zero-link-3.m -fnext-runtime compilation failed to produce executable
FAIL: objc.dg/strings/const-cfstring-2.m -fnext-runtime (test for excess errors)
FAIL: objc.dg/strings/const-cfstring-5.m -fnext-runtime (test for excess errors)
FAIL: objc.dg/strings/const-str-12b.m -fnext-runtime (test for excess errors)
FAIL: objc.dg/torture/strings/const-cfstring-1.m  -O0  -fnext-runtime (test for excess errors)
WARNING: objc.dg/torture/strings/const-cfstring-1.m  -O0  -fnext-runtime compilation failed to produce executable
FAIL: objc.dg/torture/strings/const-cfstring-1.m  -O1  -fnext-runtime (test for excess errors)
WARNING: objc.dg/torture/strings/const-cfstring-1.m  -O1  -fnext-runtime compilation failed to produce executable
FAIL: objc.dg/torture/strings/const-cfstring-1.m  -O2  -fnext-runtime (test for excess errors)
WARNING: objc.dg/torture/strings/const-cfstring-1.m  -O2  -fnext-runtime compilation failed to produce executable
FAIL: objc.dg/torture/strings/const-cfstring-1.m  -O3 -fomit-frame-pointer  -fnext-runtime (test for excess errors)
WARNING: objc.dg/torture/strings/const-cfstring-1.m  -O3 -fomit-frame-pointer  -fnext-runtime compilation failed to produce executable
FAIL: objc.dg/torture/strings/const-cfstring-1.m  -O3 -g  -fnext-runtime (test for excess errors)
WARNING: objc.dg/torture/strings/const-cfstring-1.m  -O3 -g  -fnext-runtime compilation failed to produce executable
FAIL: objc.dg/torture/strings/const-cfstring-1.m  -Os  -fnext-runtime (test for excess errors)
WARNING: objc.dg/torture/strings/const-cfstring-1.m  -Os  -fnext-runtime compilation failed to produce executable
FAIL: objc.dg/torture/strings/const-str-10.m  -O0  -fnext-runtime (test for excess errors)
UNRESOLVED: objc.dg/torture/strings/const-str-10.m  -O0  -fnext-runtime  scan-assembler .section __OBJC, __cstring_object
UNRESOLVED: objc.dg/torture/strings/const-str-10.m  -O0  -fnext-runtime  scan-assembler .long\\t__NSConstantStringClassReference\\n\\t.long\\t.*\\n\\t.long\\t5\\n\\t.data
FAIL: objc.dg/torture/strings/const-str-10.m  -O1  -fnext-runtime (test for excess errors)
UNRESOLVED: objc.dg/torture/strings/const-str-10.m  -O1  -fnext-runtime  scan-assembler .section __OBJC, __cstring_object
UNRESOLVED: objc.dg/torture/strings/const-str-10.m  -O1  -fnext-runtime  scan-assembler .long\\t__NSConstantStringClassReference\\n\\t.long\\t.*\\n\\t.long\\t5\\n\\t.data
FAIL: objc.dg/torture/strings/const-str-10.m  -O2  -fnext-runtime (test for excess errors)
UNRESOLVED: objc.dg/torture/strings/const-str-10.m  -O2  -fnext-runtime  scan-assembler .section __OBJC, __cstring_object
UNRESOLVED: objc.dg/torture/strings/const-str-10.m  -O2  -fnext-runtime  scan-assembler .long\\t__NSConstantStringClassReference\\n\\t.long\\t.*\\n\\t.long\\t5\\n\\t.data
FAIL: objc.dg/torture/strings/const-str-10.m  -O3 -fomit-frame-pointer  -fnext-runtime (test for excess errors)
UNRESOLVED: objc.dg/torture/strings/const-str-10.m  -O3 -fomit-frame-pointer  -fnext-runtime  scan-assembler .section __OBJC, __cstring_object
UNRESOLVED: objc.dg/torture/strings/const-str-10.m  -O3 -fomit-frame-pointer  -fnext-runtime  scan-assembler .long\\t__NSConstantStringClassReference\\n\\t.long\\t.*\\n\\t.long\\t5\\n\\t.data
FAIL: objc.dg/torture/strings/const-str-10.m  -O3 -g  -fnext-runtime (test for excess errors)
UNRESOLVED: objc.dg/torture/strings/const-str-10.m  -O3 -g  -fnext-runtime  scan-assembler .section __OBJC, __cstring_object
UNRESOLVED: objc.dg/torture/strings/const-str-10.m  -O3 -g  -fnext-runtime  scan-assembler .long\\t__NSConstantStringClassReference\\n\\t.long\\t.*\\n\\t.long\\t5\\n\\t.data
FAIL: objc.dg/torture/strings/const-str-10.m  -Os  -fnext-runtime (test for excess errors)
UNRESOLVED: objc.dg/torture/strings/const-str-10.m  -Os  -fnext-runtime  scan-assembler .section __OBJC, __cstring_object
UNRESOLVED: objc.dg/torture/strings/const-str-10.m  -Os  -fnext-runtime  scan-assembler .long\\t__NSConstantStringClassReference\\n\\t.long\\t.*\\n\\t.long\\t5\\n\\t.data
FAIL: objc.dg/torture/strings/const-str-11.m  -O0  -fnext-runtime (test for excess errors)
UNRESOLVED: objc.dg/torture/strings/const-str-11.m  -O0  -fnext-runtime  scan-assembler .section __OBJC, __cstring_object
UNRESOLVED: objc.dg/torture/strings/const-str-11.m  -O0  -fnext-runtime  scan-assembler .long\\t__XStrClassReference\\n\\t.long\\t.*\\n\\t.long\\t5\\n\\t.data
FAIL: objc.dg/torture/strings/const-str-11.m  -O1  -fnext-runtime (test for excess errors)
UNRESOLVED: objc.dg/torture/strings/const-str-11.m  -O1  -fnext-runtime  scan-assembler .section __OBJC, __cstring_object
UNRESOLVED: objc.dg/torture/strings/const-str-11.m  -O1  -fnext-runtime  scan-assembler .long\\t__XStrClassReference\\n\\t.long\\t.*\\n\\t.long\\t5\\n\\t.data
FAIL: objc.dg/torture/strings/const-str-11.m  -O2  -fnext-runtime (test for excess errors)
UNRESOLVED: objc.dg/torture/strings/const-str-11.m  -O2  -fnext-runtime  scan-assembler .section __OBJC, __cstring_object
UNRESOLVED: objc.dg/torture/strings/const-str-11.m  -O2  -fnext-runtime  scan-assembler .long\\t__XStrClassReference\\n\\t.long\\t.*\\n\\t.long\\t5\\n\\t.data
FAIL: objc.dg/torture/strings/const-str-11.m  -O3 -fomit-frame-pointer  -fnext-runtime (test for excess errors)
UNRESOLVED: objc.dg/torture/strings/const-str-11.m  -O3 -fomit-frame-pointer  -fnext-runtime  scan-assembler .section __OBJC, __cstring_object
UNRESOLVED: objc.dg/torture/strings/const-str-11.m  -O3 -fomit-frame-pointer  -fnext-runtime  scan-assembler .long\\t__XStrClassReference\\n\\t.long\\t.*\\n\\t.long\\t5\\n\\t.data
FAIL: objc.dg/torture/strings/const-str-11.m  -O3 -g  -fnext-runtime (test for excess errors)
UNRESOLVED: objc.dg/torture/strings/const-str-11.m  -O3 -g  -fnext-runtime  scan-assembler .section __OBJC, __cstring_object
UNRESOLVED: objc.dg/torture/strings/const-str-11.m  -O3 -g  -fnext-runtime  scan-assembler .long\\t__XStrClassReference\\n\\t.long\\t.*\\n\\t.long\\t5\\n\\t.data
FAIL: objc.dg/torture/strings/const-str-11.m  -Os  -fnext-runtime (test for excess errors)
UNRESOLVED: objc.dg/torture/strings/const-str-11.m  -Os  -fnext-runtime  scan-assembler .section __OBJC, __cstring_object
UNRESOLVED: objc.dg/torture/strings/const-str-11.m  -Os  -fnext-runtime  scan-assembler .long\\t__XStrClassReference\\n\\t.long\\t.*\\n\\t.long\\t5\\n\\t.data
FAIL: objc.dg/torture/strings/const-str-9.m  -O0  -fnext-runtime (test for excess errors)
UNRESOLVED: objc.dg/torture/strings/const-str-9.m  -O0  -fnext-runtime  scan-assembler .section __OBJC, __cstring_object
UNRESOLVED: objc.dg/torture/strings/const-str-9.m  -O0  -fnext-runtime  scan-assembler .long\\t__NSConstantStringClassReference\\n\\t.long\\t.*\\n\\t.long\\t5\\n\\t.data
FAIL: objc.dg/torture/strings/const-str-9.m  -O1  -fnext-runtime (test for excess errors)
UNRESOLVED: objc.dg/torture/strings/const-str-9.m  -O1  -fnext-runtime  scan-assembler .section __OBJC, __cstring_object
UNRESOLVED: objc.dg/torture/strings/const-str-9.m  -O1  -fnext-runtime  scan-assembler .long\\t__NSConstantStringClassReference\\n\\t.long\\t.*\\n\\t.long\\t5\\n\\t.data
FAIL: objc.dg/torture/strings/const-str-9.m  -O2  -fnext-runtime (test for excess errors)
UNRESOLVED: objc.dg/torture/strings/const-str-9.m  -O2  -fnext-runtime  scan-assembler .section __OBJC, __cstring_object
UNRESOLVED: objc.dg/torture/strings/const-str-9.m  -O2  -fnext-runtime  scan-assembler .long\\t__NSConstantStringClassReference\\n\\t.long\\t.*\\n\\t.long\\t5\\n\\t.data
FAIL: objc.dg/torture/strings/const-str-9.m  -O3 -fomit-frame-pointer  -fnext-runtime (test for excess errors)
UNRESOLVED: objc.dg/torture/strings/const-str-9.m  -O3 -fomit-frame-pointer  -fnext-runtime  scan-assembler .section __OBJC, __cstring_object
UNRESOLVED: objc.dg/torture/strings/const-str-9.m  -O3 -fomit-frame-pointer  -fnext-runtime  scan-assembler .long\\t__NSConstantStringClassReference\\n\\t.long\\t.*\\n\\t.long\\t5\\n\\t.data
FAIL: objc.dg/torture/strings/const-str-9.m  -O3 -g  -fnext-runtime (test for excess errors)
UNRESOLVED: objc.dg/torture/strings/const-str-9.m  -O3 -g  -fnext-runtime  scan-assembler .section __OBJC, __cstring_object
UNRESOLVED: objc.dg/torture/strings/const-str-9.m  -O3 -g  -fnext-runtime  scan-assembler .long\\t__NSConstantStringClassReference\\n\\t.long\\t.*\\n\\t.long\\t5\\n\\t.data
FAIL: objc.dg/torture/strings/const-str-9.m  -Os  -fnext-runtime (test for excess errors)
UNRESOLVED: objc.dg/torture/strings/const-str-9.m  -Os  -fnext-runtime  scan-assembler .section __OBJC, __cstring_object
UNRESOLVED: objc.dg/torture/strings/const-str-9.m  -Os  -fnext-runtime  scan-assembler .long\\t__NSConstantStringClassReference\\n\\t.long\\t.*\\n\\t.long\\t5\\n\\t.data

		=== objc Summary for unix/-m32 ===

# of expected passes		5839
# of unexpected failures	41
# of expected failures		6
# of unresolved testcases	44
# of unsupported tests		73

Running target unix/-m64
FAIL: objc.dg/call-super-2.m -fnext-runtime  (test for warnings, line 74)
FAIL: objc.dg/call-super-2.m -fnext-runtime  (test for warnings, line 104)
FAIL: objc.dg/encode-7-next-64bit.m -fnext-runtime (test for excess errors)
WARNING: objc.dg/encode-7-next-64bit.m -fnext-runtime compilation failed to produce executable
FAIL: objc.dg/exceptions-2.m -fnext-runtime execution test
FAIL: objc.dg/gnu-api-2-objc.m -fnext-runtime execution test
FAIL: objc.dg/headers.m -fnext-runtime (test for excess errors)
FAIL: objc.dg/image-info.m -fnext-runtime (test for excess errors)
UNRESOLVED: objc.dg/image-info.m -fnext-runtime  scan-assembler \\t.section __DATA, __objc_imageinfo.*\\n\\t.align.*\\nL_OBJC_ImageInfo.*:\\n\\t.long\\t0\\n\\t.long\\t17
FAIL: objc.dg/isa-field-1.m -fnext-runtime (test for excess errors)
FAIL: objc.dg/method-6.m -fnext-runtime (test for excess errors)
FAIL: objc.dg/no-extra-load.m -fnext-runtime (test for excess errors)
UNRESOLVED: objc.dg/no-extra-load.m -fnext-runtime  scan-assembler-not L_objc_msgSend\\\\\$non_lazy_ptr
FAIL: objc.dg/objc-foreach-4.m -fnext-runtime (test for excess errors)
WARNING: objc.dg/objc-foreach-4.m -fnext-runtime compilation failed to produce executable
FAIL: objc.dg/objc-foreach-5.m -fnext-runtime (test for excess errors)
UNRESOLVED: objc.dg/objc-foreach-5.m -fnext-runtime  scan-assembler _addStuffUp:
FAIL: objc.dg/pr23214.m -fnext-runtime (test for excess errors)
WARNING: objc.dg/pr23214.m -fnext-runtime compilation failed to produce executable
FAIL: objc.dg/proto-lossage-7.m -fnext-runtime (test for excess errors)
FAIL: objc.dg/proto-qual-1.m -fnext-runtime (test for excess errors)
WARNING: objc.dg/proto-qual-1.m -fnext-runtime compilation failed to produce executable
FAIL: objc.dg/symtab-1.m -fnext-runtime (test for excess errors)
UNRESOLVED: objc.dg/symtab-1.m -fnext-runtime  scan-assembler-not L_OBJC_Symbols
FAIL: objc.dg/zero-link-1.m -fnext-runtime (test for excess errors)
UNRESOLVED: objc.dg/zero-link-1.m -fnext-runtime  scan-assembler-not _OBJC_ClassRef_Base
UNRESOLVED: objc.dg/zero-link-1.m -fnext-runtime  scan-assembler objc_getClass
FAIL: objc.dg/zero-link-2.m -fnext-runtime (test for excess errors)
UNRESOLVED: objc.dg/zero-link-2.m -fnext-runtime  scan-assembler _OBJC_ClassRef_Base
UNRESOLVED: objc.dg/zero-link-2.m -fnext-runtime  scan-assembler-not objc_getClass
FAIL: objc.dg/zero-link-3.m -fnext-runtime (test for excess errors)
WARNING: objc.dg/zero-link-3.m -fnext-runtime compilation failed to produce executable
FAIL: objc.dg/strings/const-cfstring-2.m -fnext-runtime (test for excess errors)
FAIL: objc.dg/strings/const-cfstring-5.m -fnext-runtime (test for excess errors)
FAIL: objc.dg/strings/const-str-12b.m -fnext-runtime (test for excess errors)
FAIL: objc.dg/torture/forward-1.m  -O0  -fnext-runtime execution test
FAIL: objc.dg/torture/forward-1.m  -O1  -fnext-runtime execution test
FAIL: objc.dg/torture/forward-1.m  -O2  -fnext-runtime execution test
FAIL: objc.dg/torture/forward-1.m  -O3 -fomit-frame-pointer  -fnext-runtime execution test
FAIL: objc.dg/torture/forward-1.m  -O3 -fomit-frame-pointer -funroll-loops  -fnext-runtime execution test
FAIL: objc.dg/torture/forward-1.m  -O3 -fomit-frame-pointer -funroll-all-loops -finline-functions  -fnext-runtime execution test
FAIL: objc.dg/torture/forward-1.m  -O3 -g  -fnext-runtime execution test
FAIL: objc.dg/torture/forward-1.m  -Os  -fnext-runtime execution test
FAIL: objc.dg/torture/strings/const-cfstring-1.m  -O0  -fnext-runtime (test for excess errors)
WARNING: objc.dg/torture/strings/const-cfstring-1.m  -O0  -fnext-runtime compilation failed to produce executable
FAIL: objc.dg/torture/strings/const-cfstring-1.m  -O1  -fnext-runtime (test for excess errors)
WARNING: objc.dg/torture/strings/const-cfstring-1.m  -O1  -fnext-runtime compilation failed to produce executable
FAIL: objc.dg/torture/strings/const-cfstring-1.m  -O2  -fnext-runtime (test for excess errors)
WARNING: objc.dg/torture/strings/const-cfstring-1.m  -O2  -fnext-runtime compilation failed to produce executable
FAIL: objc.dg/torture/strings/const-cfstring-1.m  -O3 -fomit-frame-pointer  -fnext-runtime (test for excess errors)
WARNING: objc.dg/torture/strings/const-cfstring-1.m  -O3 -fomit-frame-pointer  -fnext-runtime compilation failed to produce executable
FAIL: objc.dg/torture/strings/const-cfstring-1.m  -O3 -g  -fnext-runtime (test for excess errors)
WARNING: objc.dg/torture/strings/const-cfstring-1.m  -O3 -g  -fnext-runtime compilation failed to produce executable
FAIL: objc.dg/torture/strings/const-cfstring-1.m  -Os  -fnext-runtime (test for excess errors)
WARNING: objc.dg/torture/strings/const-cfstring-1.m  -Os  -fnext-runtime compilation failed to produce executable
FAIL: objc.dg/torture/strings/const-str-10.m  -O0  -fnext-runtime (test for excess errors)
UNRESOLVED: objc.dg/torture/strings/const-str-10.m  -O0  -fnext-runtime  scan-assembler .section __DATA, __objc_stringobj
UNRESOLVED: objc.dg/torture/strings/const-str-10.m  -O0  -fnext-runtime  scan-assembler .quad\\t_OBJC_CLASS_._NSConstantString\\n\\t.quad\\t.*\\n\\t.long\\t5\\n\\t.space
FAIL: objc.dg/torture/strings/const-str-10.m  -O1  -fnext-runtime (test for excess errors)
UNRESOLVED: objc.dg/torture/strings/const-str-10.m  -O1  -fnext-runtime  scan-assembler .section __DATA, __objc_stringobj
UNRESOLVED: objc.dg/torture/strings/const-str-10.m  -O1  -fnext-runtime  scan-assembler .quad\\t_OBJC_CLASS_._NSConstantString\\n\\t.quad\\t.*\\n\\t.long\\t5\\n\\t.space
FAIL: objc.dg/torture/strings/const-str-10.m  -O2  -fnext-runtime (test for excess errors)
UNRESOLVED: objc.dg/torture/strings/const-str-10.m  -O2  -fnext-runtime  scan-assembler .section __DATA, __objc_stringobj
UNRESOLVED: objc.dg/torture/strings/const-str-10.m  -O2  -fnext-runtime  scan-assembler .quad\\t_OBJC_CLASS_._NSConstantString\\n\\t.quad\\t.*\\n\\t.long\\t5\\n\\t.space
FAIL: objc.dg/torture/strings/const-str-10.m  -O3 -fomit-frame-pointer  -fnext-runtime (test for excess errors)
UNRESOLVED: objc.dg/torture/strings/const-str-10.m  -O3 -fomit-frame-pointer  -fnext-runtime  scan-assembler .section __DATA, __objc_stringobj
UNRESOLVED: objc.dg/torture/strings/const-str-10.m  -O3 -fomit-frame-pointer  -fnext-runtime  scan-assembler .quad\\t_OBJC_CLASS_._NSConstantString\\n\\t.quad\\t.*\\n\\t.long\\t5\\n\\t.space
FAIL: objc.dg/torture/strings/const-str-10.m  -O3 -g  -fnext-runtime (test for excess errors)
UNRESOLVED: objc.dg/torture/strings/const-str-10.m  -O3 -g  -fnext-runtime  scan-assembler .section __DATA, __objc_stringobj
UNRESOLVED: objc.dg/torture/strings/const-str-10.m  -O3 -g  -fnext-runtime  scan-assembler .quad\\t_OBJC_CLASS_._NSConstantString\\n\\t.quad\\t.*\\n\\t.long\\t5\\n\\t.space
FAIL: objc.dg/torture/strings/const-str-10.m  -Os  -fnext-runtime (test for excess errors)
UNRESOLVED: objc.dg/torture/strings/const-str-10.m  -Os  -fnext-runtime  scan-assembler .section __DATA, __objc_stringobj
UNRESOLVED: objc.dg/torture/strings/const-str-10.m  -Os  -fnext-runtime  scan-assembler .quad\\t_OBJC_CLASS_._NSConstantString\\n\\t.quad\\t.*\\n\\t.long\\t5\\n\\t.space
FAIL: objc.dg/torture/strings/const-str-11.m  -O0  -fnext-runtime (test for excess errors)
UNRESOLVED: objc.dg/torture/strings/const-str-11.m  -O0  -fnext-runtime  scan-assembler .section __DATA, __objc_stringobj
UNRESOLVED: objc.dg/torture/strings/const-str-11.m  -O0  -fnext-runtime  scan-assembler .quad\\t_OBJC_CLASS_._XStr\\n\\t.quad\\t.*\\n\\t.long\\t5\\n\\t.space
FAIL: objc.dg/torture/strings/const-str-11.m  -O1  -fnext-runtime (test for excess errors)
UNRESOLVED: objc.dg/torture/strings/const-str-11.m  -O1  -fnext-runtime  scan-assembler .section __DATA, __objc_stringobj
UNRESOLVED: objc.dg/torture/strings/const-str-11.m  -O1  -fnext-runtime  scan-assembler .quad\\t_OBJC_CLASS_._XStr\\n\\t.quad\\t.*\\n\\t.long\\t5\\n\\t.space
FAIL: objc.dg/torture/strings/const-str-11.m  -O2  -fnext-runtime (test for excess errors)
UNRESOLVED: objc.dg/torture/strings/const-str-11.m  -O2  -fnext-runtime  scan-assembler .section __DATA, __objc_stringobj
UNRESOLVED: objc.dg/torture/strings/const-str-11.m  -O2  -fnext-runtime  scan-assembler .quad\\t_OBJC_CLASS_._XStr\\n\\t.quad\\t.*\\n\\t.long\\t5\\n\\t.space
FAIL: objc.dg/torture/strings/const-str-11.m  -O3 -fomit-frame-pointer  -fnext-runtime (test for excess errors)
UNRESOLVED: objc.dg/torture/strings/const-str-11.m  -O3 -fomit-frame-pointer  -fnext-runtime  scan-assembler .section __DATA, __objc_stringobj
UNRESOLVED: objc.dg/torture/strings/const-str-11.m  -O3 -fomit-frame-pointer  -fnext-runtime  scan-assembler .quad\\t_OBJC_CLASS_._XStr\\n\\t.quad\\t.*\\n\\t.long\\t5\\n\\t.space
FAIL: objc.dg/torture/strings/const-str-11.m  -O3 -g  -fnext-runtime (test for excess errors)
UNRESOLVED: objc.dg/torture/strings/const-str-11.m  -O3 -g  -fnext-runtime  scan-assembler .section __DATA, __objc_stringobj
UNRESOLVED: objc.dg/torture/strings/const-str-11.m  -O3 -g  -fnext-runtime  scan-assembler .quad\\t_OBJC_CLASS_._XStr\\n\\t.quad\\t.*\\n\\t.long\\t5\\n\\t.space
FAIL: objc.dg/torture/strings/const-str-11.m  -Os  -fnext-runtime (test for excess errors)
UNRESOLVED: objc.dg/torture/strings/const-str-11.m  -Os  -fnext-runtime  scan-assembler .section __DATA, __objc_stringobj
UNRESOLVED: objc.dg/torture/strings/const-str-11.m  -Os  -fnext-runtime  scan-assembler .quad\\t_OBJC_CLASS_._XStr\\n\\t.quad\\t.*\\n\\t.long\\t5\\n\\t.space
FAIL: objc.dg/torture/strings/const-str-9.m  -O0  -fnext-runtime (test for excess errors)
UNRESOLVED: objc.dg/torture/strings/const-str-9.m  -O0  -fnext-runtime  scan-assembler .section __DATA, __objc_stringobj
UNRESOLVED: objc.dg/torture/strings/const-str-9.m  -O0  -fnext-runtime  scan-assembler .quad\\t_OBJC_CLASS_._NSConstantString\\n\\t.quad\\t.*\\n\\t.long\\t5\\n\\t.space
FAIL: objc.dg/torture/strings/const-str-9.m  -O1  -fnext-runtime (test for excess errors)
UNRESOLVED: objc.dg/torture/strings/const-str-9.m  -O1  -fnext-runtime  scan-assembler .section __DATA, __objc_stringobj
UNRESOLVED: objc.dg/torture/strings/const-str-9.m  -O1  -fnext-runtime  scan-assembler .quad\\t_OBJC_CLASS_._NSConstantString\\n\\t.quad\\t.*\\n\\t.long\\t5\\n\\t.space
FAIL: objc.dg/torture/strings/const-str-9.m  -O2  -fnext-runtime (test for excess errors)
UNRESOLVED: objc.dg/torture/strings/const-str-9.m  -O2  -fnext-runtime  scan-assembler .section __DATA, __objc_stringobj
UNRESOLVED: objc.dg/torture/strings/const-str-9.m  -O2  -fnext-runtime  scan-assembler .quad\\t_OBJC_CLASS_._NSConstantString\\n\\t.quad\\t.*\\n\\t.long\\t5\\n\\t.space
FAIL: objc.dg/torture/strings/const-str-9.m  -O3 -fomit-frame-pointer  -fnext-runtime (test for excess errors)
UNRESOLVED: objc.dg/torture/strings/const-str-9.m  -O3 -fomit-frame-pointer  -fnext-runtime  scan-assembler .section __DATA, __objc_stringobj
UNRESOLVED: objc.dg/torture/strings/const-str-9.m  -O3 -fomit-frame-pointer  -fnext-runtime  scan-assembler .quad\\t_OBJC_CLASS_._NSConstantString\\n\\t.quad\\t.*\\n\\t.long\\t5\\n\\t.space
FAIL: objc.dg/torture/strings/const-str-9.m  -O3 -g  -fnext-runtime (test for excess errors)
UNRESOLVED: objc.dg/torture/strings/const-str-9.m  -O3 -g  -fnext-runtime  scan-assembler .section __DATA, __objc_stringobj
UNRESOLVED: objc.dg/torture/strings/const-str-9.m  -O3 -g  -fnext-runtime  scan-assembler .quad\\t_OBJC_CLASS_._NSConstantString\\n\\t.quad\\t.*\\n\\t.long\\t5\\n\\t.space
FAIL: objc.dg/torture/strings/const-str-9.m  -Os  -fnext-runtime (test for excess errors)
UNRESOLVED: objc.dg/torture/strings/const-str-9.m  -Os  -fnext-runtime  scan-assembler .section __DATA, __objc_stringobj
UNRESOLVED: objc.dg/torture/strings/const-str-9.m  -Os  -fnext-runtime  scan-assembler .quad\\t_OBJC_CLASS_._NSConstantString\\n\\t.quad\\t.*\\n\\t.long\\t5\\n\\t.space
FAIL: objc/execute/formal_protocol-5.m compilation,  -O0 -fnext-runtime
UNRESOLVED: objc/execute/formal_protocol-5.m execution,  -O0 -fnext-runtime
FAIL: objc/execute/formal_protocol-5.m compilation,  -O1 -fnext-runtime
UNRESOLVED: objc/execute/formal_protocol-5.m execution,  -O1 -fnext-runtime
FAIL: objc/execute/formal_protocol-5.m compilation,  -O2 -fnext-runtime
UNRESOLVED: objc/execute/formal_protocol-5.m execution,  -O2 -fnext-runtime
FAIL: objc/execute/formal_protocol-5.m compilation,  -O3 -fomit-frame-pointer -fnext-runtime
UNRESOLVED: objc/execute/formal_protocol-5.m execution,  -O3 -fomit-frame-pointer -fnext-runtime
FAIL: objc/execute/formal_protocol-5.m compilation,  -O3 -g -fnext-runtime
UNRESOLVED: objc/execute/formal_protocol-5.m execution,  -O3 -g -fnext-runtime
FAIL: objc/execute/formal_protocol-5.m compilation,  -Os -fnext-runtime
UNRESOLVED: objc/execute/formal_protocol-5.m execution,  -Os -fnext-runtime
FAIL: objc/execute/formal_protocol-6.m compilation,  -O0 -fnext-runtime
UNRESOLVED: objc/execute/formal_protocol-6.m execution,  -O0 -fnext-runtime
FAIL: objc/execute/formal_protocol-6.m compilation,  -O1 -fnext-runtime
UNRESOLVED: objc/execute/formal_protocol-6.m execution,  -O1 -fnext-runtime
FAIL: objc/execute/formal_protocol-6.m compilation,  -O2 -fnext-runtime
UNRESOLVED: objc/execute/formal_protocol-6.m execution,  -O2 -fnext-runtime
FAIL: objc/execute/formal_protocol-6.m compilation,  -O3 -fomit-frame-pointer -fnext-runtime
UNRESOLVED: objc/execute/formal_protocol-6.m execution,  -O3 -fomit-frame-pointer -fnext-runtime
FAIL: objc/execute/formal_protocol-6.m compilation,  -O3 -g -fnext-runtime
UNRESOLVED: objc/execute/formal_protocol-6.m execution,  -O3 -g -fnext-runtime
FAIL: objc/execute/formal_protocol-6.m compilation,  -Os -fnext-runtime
UNRESOLVED: objc/execute/formal_protocol-6.m execution,  -Os -fnext-runtime
FAIL: objc/execute/formal_protocol-7.m compilation,  -O0 -fnext-runtime
UNRESOLVED: objc/execute/formal_protocol-7.m execution,  -O0 -fnext-runtime
FAIL: objc/execute/formal_protocol-7.m compilation,  -O1 -fnext-runtime
UNRESOLVED: objc/execute/formal_protocol-7.m execution,  -O1 -fnext-runtime
FAIL: objc/execute/formal_protocol-7.m compilation,  -O2 -fnext-runtime
UNRESOLVED: objc/execute/formal_protocol-7.m execution,  -O2 -fnext-runtime
FAIL: objc/execute/formal_protocol-7.m compilation,  -O3 -fomit-frame-pointer -fnext-runtime
UNRESOLVED: objc/execute/formal_protocol-7.m execution,  -O3 -fomit-frame-pointer -fnext-runtime
FAIL: objc/execute/formal_protocol-7.m compilation,  -O3 -g -fnext-runtime
UNRESOLVED: objc/execute/formal_protocol-7.m execution,  -O3 -g -fnext-runtime
FAIL: objc/execute/formal_protocol-7.m compilation,  -Os -fnext-runtime
UNRESOLVED: objc/execute/formal_protocol-7.m execution,  -Os -fnext-runtime
FAIL: objc/execute/protocol-isEqual-1.m compilation,  -O0 -fnext-runtime
UNRESOLVED: objc/execute/protocol-isEqual-1.m execution,  -O0 -fnext-runtime
FAIL: objc/execute/protocol-isEqual-1.m compilation,  -O1 -fnext-runtime
UNRESOLVED: objc/execute/protocol-isEqual-1.m execution,  -O1 -fnext-runtime
FAIL: objc/execute/protocol-isEqual-1.m compilation,  -O2 -fnext-runtime
UNRESOLVED: objc/execute/protocol-isEqual-1.m execution,  -O2 -fnext-runtime
FAIL: objc/execute/protocol-isEqual-1.m compilation,  -O3 -fomit-frame-pointer -fnext-runtime
UNRESOLVED: objc/execute/protocol-isEqual-1.m execution,  -O3 -fomit-frame-pointer -fnext-runtime
FAIL: objc/execute/protocol-isEqual-1.m compilation,  -O3 -g -fnext-runtime
UNRESOLVED: objc/execute/protocol-isEqual-1.m execution,  -O3 -g -fnext-runtime
FAIL: objc/execute/protocol-isEqual-1.m compilation,  -Os -fnext-runtime
UNRESOLVED: objc/execute/protocol-isEqual-1.m execution,  -Os -fnext-runtime
FAIL: objc/execute/protocol-isEqual-2.m compilation,  -O0 -fnext-runtime
UNRESOLVED: objc/execute/protocol-isEqual-2.m execution,  -O0 -fnext-runtime
FAIL: objc/execute/protocol-isEqual-2.m compilation,  -O1 -fnext-runtime
UNRESOLVED: objc/execute/protocol-isEqual-2.m execution,  -O1 -fnext-runtime
FAIL: objc/execute/protocol-isEqual-2.m compilation,  -O2 -fnext-runtime
UNRESOLVED: objc/execute/protocol-isEqual-2.m execution,  -O2 -fnext-runtime
FAIL: objc/execute/protocol-isEqual-2.m compilation,  -O3 -fomit-frame-pointer -fnext-runtime
UNRESOLVED: objc/execute/protocol-isEqual-2.m execution,  -O3 -fomit-frame-pointer -fnext-runtime
FAIL: objc/execute/protocol-isEqual-2.m compilation,  -O3 -g -fnext-runtime
UNRESOLVED: objc/execute/protocol-isEqual-2.m execution,  -O3 -g -fnext-runtime
FAIL: objc/execute/protocol-isEqual-2.m compilation,  -Os -fnext-runtime
UNRESOLVED: objc/execute/protocol-isEqual-2.m execution,  -Os -fnext-runtime
FAIL: objc/execute/protocol-isEqual-3.m compilation,  -O0 -fnext-runtime
UNRESOLVED: objc/execute/protocol-isEqual-3.m execution,  -O0 -fnext-runtime
FAIL: objc/execute/protocol-isEqual-3.m compilation,  -O1 -fnext-runtime
UNRESOLVED: objc/execute/protocol-isEqual-3.m execution,  -O1 -fnext-runtime
FAIL: objc/execute/protocol-isEqual-3.m compilation,  -O2 -fnext-runtime
UNRESOLVED: objc/execute/protocol-isEqual-3.m execution,  -O2 -fnext-runtime
FAIL: objc/execute/protocol-isEqual-3.m compilation,  -O3 -fomit-frame-pointer -fnext-runtime
UNRESOLVED: objc/execute/protocol-isEqual-3.m execution,  -O3 -fomit-frame-pointer -fnext-runtime
FAIL: objc/execute/protocol-isEqual-3.m compilation,  -O3 -g -fnext-runtime
UNRESOLVED: objc/execute/protocol-isEqual-3.m execution,  -O3 -g -fnext-runtime
FAIL: objc/execute/protocol-isEqual-3.m compilation,  -Os -fnext-runtime
UNRESOLVED: objc/execute/protocol-isEqual-3.m execution,  -Os -fnext-runtime
FAIL: objc/execute/protocol-isEqual-4.m compilation,  -O0 -fnext-runtime
UNRESOLVED: objc/execute/protocol-isEqual-4.m execution,  -O0 -fnext-runtime
FAIL: objc/execute/protocol-isEqual-4.m compilation,  -O1 -fnext-runtime
UNRESOLVED: objc/execute/protocol-isEqual-4.m execution,  -O1 -fnext-runtime
FAIL: objc/execute/protocol-isEqual-4.m compilation,  -O2 -fnext-runtime
UNRESOLVED: objc/execute/protocol-isEqual-4.m execution,  -O2 -fnext-runtime
FAIL: objc/execute/protocol-isEqual-4.m compilation,  -O3 -fomit-frame-pointer -fnext-runtime
UNRESOLVED: objc/execute/protocol-isEqual-4.m execution,  -O3 -fomit-frame-pointer -fnext-runtime
FAIL: objc/execute/protocol-isEqual-4.m compilation,  -O3 -g -fnext-runtime
UNRESOLVED: objc/execute/protocol-isEqual-4.m execution,  -O3 -g -fnext-runtime
FAIL: objc/execute/protocol-isEqual-4.m compilation,  -Os -fnext-runtime
UNRESOLVED: objc/execute/protocol-isEqual-4.m execution,  -Os -fnext-runtime

		=== objc Summary for unix/-m64 ===

# of expected passes		5607
# of unexpected failures	96
# of expected failures		6
# of unresolved testcases	86
# of unsupported tests		77

		=== objc Summary ===

# of expected passes		11446
# of unexpected failures	137
# of expected failures		12
# of unresolved testcases	130
# of unsupported tests		150
/Users/fx/devel/gcc/build_package/ibin/gcc/xgcc  version 4.9.1 (GCC) 


Compiler version: 4.9.1 (GCC) 
Platform: x86_64-apple-darwin14
configure flags: --prefix=/usr/local/gfortran --with-gmp=/Users/fx/devel/gcc/deps-static/x86_64 --enable-languages=c,c++,fortran,objc,obj-c++ --disable-libsanitizer --build=x86_64-apple-darwin14


Index Nav: [Date Index] [Subject Index] [Author Index] [Thread Index]
Message Nav: [Date Prev] [Date Next] [Thread Prev] [Thread Next]