This is the mail archive of the
gcc-testresults@gcc.gnu.org
mailing list for the GCC project.
Results for 4.9.2 20140925 (prerelease) [gcc-4_9-branch revision 215614] (GCC) testsuite on hppa2.0w-hp-hpux11.11
- From: John David Anglin <dave at hiauly3 dot hia dot nrc dot ca>
- To: dave at hiauly3 dot hia dot nrc dot ca, gcc-testresults at gcc dot gnu dot org
- Date: Fri, 26 Sep 2014 20:45:33 -0400 (EDT)
- Subject: Results for 4.9.2 20140925 (prerelease) [gcc-4_9-branch revision 215614] (GCC) testsuite on hppa2.0w-hp-hpux11.11
- Authentication-results: sourceware.org; auth=none
=== acats tests ===
=== acats Summary ===
# of expected passes 2320
# of unexpected failures 0
Native configuration is hppa2.0w-hp-hpux11.11
=== g++ tests ===
Running target unix
WARNING: program timed out.
=== g++ Summary ===
# of expected passes 73607
# of expected failures 446
# of unsupported tests 3508
/mnt/gnu/gcc/objdir-test/gcc/testsuite/g++/../../xg++ version 4.9.2 20140925 (prerelease) [gcc-4_9-branch revision 215614] (GCC)
=== gcc tests ===
Running target unix
FAIL: gcc.dg/atomic/c11-atomic-exec-5.c -O0 execution test
FAIL: gcc.dg/atomic/c11-atomic-exec-5.c -O1 execution test
FAIL: gcc.dg/atomic/c11-atomic-exec-5.c -O2 execution test
FAIL: gcc.dg/atomic/c11-atomic-exec-5.c -O3 -fomit-frame-pointer execution test
FAIL: gcc.dg/atomic/c11-atomic-exec-5.c -O3 -fomit-frame-pointer -funroll-loops execution test
FAIL: gcc.dg/atomic/c11-atomic-exec-5.c -O3 -fomit-frame-pointer -funroll-all-loops -finline-functions execution test
FAIL: gcc.dg/atomic/c11-atomic-exec-5.c -O3 -g execution test
WARNING: program timed out.
FAIL: gcc.dg/atomic/c11-atomic-exec-5.c -Os execution test
FAIL: gcc.dg/large-size-array-6.c (test for excess errors)
FAIL: gcc.dg/pr61158.c scan-tree-dump original "return 0;"
WARNING: program timed out.
FAIL: gcc.dg/tree-prof/crossmodule-indircall-1a.c compilation, -fprofile-generate -D_PROFILE_GENERATE
UNRESOLVED: gcc.dg/tree-prof/crossmodule-indircall-1a.c execution, -fprofile-generate -D_PROFILE_GENERATE
UNRESOLVED: gcc.dg/tree-prof/crossmodule-indircall-1a.c compilation, -fprofile-use -D_PROFILE_USE
UNRESOLVED: gcc.dg/tree-prof/crossmodule-indircall-1a.c execution, -fprofile-use -D_PROFILE_USE
=== gcc Summary ===
# of expected passes 69398
# of unexpected failures 11
# of expected failures 119
# of unresolved testcases 3
# of unsupported tests 1655
/mnt/gnu/gcc/objdir-test/gcc/xgcc version 4.9.2 20140925 (prerelease) [gcc-4_9-branch revision 215614] (GCC)
=== gfortran tests ===
Running target unix
=== gfortran Summary ===
# of expected passes 44278
# of expected failures 47
# of unsupported tests 437
/mnt/gnu/gcc/objdir-test/gcc/testsuite/gfortran/../../gfortran version 4.9.2 20140925 (prerelease) [gcc-4_9-branch revision 215614] (GCC)
=== gnat tests ===
Running target unix
=== gnat Summary ===
# of expected passes 1212
# of expected failures 18
# of unsupported tests 14
/mnt/gnu/gcc/objdir-test/gcc/gnatmake version 4.9.2 20140925 (prerelease) [gcc-4_9-branch revision 215614]
=== obj-c++ tests ===
Running target unix
=== obj-c++ Summary ===
# of expected passes 1407
# of expected failures 2
# of unsupported tests 69
/mnt/gnu/gcc/objdir-test/gcc/testsuite/obj-c++/../../xg++ version 4.9.2 20140925 (prerelease) [gcc-4_9-branch revision 215614] (GCC)
=== objc tests ===
Running target unix
=== objc Summary ===
# of expected passes 2912
# of unsupported tests 67
/mnt/gnu/gcc/objdir-test/gcc/xgcc version 4.9.2 20140925 (prerelease) [gcc-4_9-branch revision 215614] (GCC)
=== libffi tests ===
Running target unix
=== libffi Summary ===
# of expected passes 1819
# of unsupported tests 55
=== libjava tests ===
Running target unix
FAIL: LargeFile execution - source compiled test
FAIL: LargeFile -findirect-dispatch execution - source compiled test
FAIL: LargeFile -O3 execution - source compiled test
FAIL: LargeFile -O3 -findirect-dispatch execution - source compiled test
FAIL: indirect_write -findirect-dispatch compilation from source
FAIL: indirect_write -O3 compilation from source
FAIL: indirect_write -O3 -findirect-dispatch compilation from source
FAIL: initexc compilation from source
FAIL: initexc -findirect-dispatch compilation from source
FAIL: initexc -O3 compilation from source
FAIL: initexc -O3 -findirect-dispatch compilation from source
FAIL: initfield compilation from source
FAIL: initfield -findirect-dispatch compilation from source
FAIL: initfield -O3 compilation from source
FAIL: initfield -O3 -findirect-dispatch compilation from source
FAIL: inline compilation from source
FAIL: inline -findirect-dispatch compilation from source
FAIL: inline -O3 compilation from source
FAIL: inline -O3 -findirect-dispatch compilation from source
FAIL: inner1 compilation from source
FAIL: inner1 -findirect-dispatch compilation from source
FAIL: inner1 -O3 compilation from source
FAIL: inner1 -O3 -findirect-dispatch compilation from source
FAIL: inner2 compilation from source
FAIL: inner2 -findirect-dispatch compilation from source
FAIL: inner2 -O3 compilation from source
FAIL: inner2 -O3 -findirect-dispatch compilation from source
FAIL: inner3 compilation from source
FAIL: inner3 -findirect-dispatch compilation from source
FAIL: inner3 -O3 compilation from source
FAIL: inner3 -O3 -findirect-dispatch compilation from source
FAIL: inner4 compilation from source
FAIL: inner4 -findirect-dispatch compilation from source
FAIL: inner4 -O3 compilation from source
FAIL: inner4 -O3 -findirect-dispatch compilation from source
FAIL: inner_array compilation from source
FAIL: inner_array -findirect-dispatch compilation from source
FAIL: inner_array -O3 compilation from source
FAIL: inner_array -O3 -findirect-dispatch compilation from source
FAIL: inner_interface compilation from source
FAIL: inner_interface -findirect-dispatch compilation from source
FAIL: inner_interface -O3 compilation from source
FAIL: inner_interface -O3 -findirect-dispatch compilation from source
FAIL: instance compilation from source
FAIL: instance -findirect-dispatch compilation from source
FAIL: instance -O3 compilation from source
FAIL: instance -O3 -findirect-dispatch compilation from source
FAIL: instinit compilation from source
FAIL: instinit -findirect-dispatch compilation from source
FAIL: instinit -O3 compilation from source
FAIL: instinit -O3 -findirect-dispatch compilation from source
FAIL: instinit2 compilation from source
FAIL: instinit2 -findirect-dispatch compilation from source
FAIL: instinit2 -O3 compilation from source
FAIL: instinit2 -O3 -findirect-dispatch compilation from source
FAIL: invoke_from_inner compilation from source
FAIL: invoke_from_inner -findirect-dispatch compilation from source
FAIL: invoke_from_inner -O3 compilation from source
FAIL: invoke_from_inner -O3 -findirect-dispatch compilation from source
FAIL: invokethrow compilation from source
FAIL: invokethrow -findirect-dispatch compilation from source
FAIL: invokethrow -O3 compilation from source
FAIL: invokethrow -O3 -findirect-dispatch compilation from source
FAIL: klass compilation from source
FAIL: klass -findirect-dispatch compilation from source
FAIL: klass -O3 compilation from source
FAIL: klass -O3 -findirect-dispatch compilation from source
FAIL: md5test compilation from source
FAIL: md5test -findirect-dispatch compilation from source
FAIL: md5test -O3 compilation from source
FAIL: md5test -O3 -findirect-dispatch compilation from source
FAIL: multiple_finit compilation from source
FAIL: multiple_finit -findirect-dispatch compilation from source
FAIL: multiple_finit -O3 compilation from source
FAIL: multiple_finit -O3 -findirect-dispatch compilation from source
FAIL: negzero compilation from source
FAIL: negzero -findirect-dispatch compilation from source
FAIL: negzero -O3 compilation from source
FAIL: negzero -O3 -findirect-dispatch compilation from source
FAIL: nested_with_ctor compilation from source
FAIL: nested_with_ctor -findirect-dispatch compilation from source
FAIL: nested_with_ctor -O3 compilation from source
FAIL: nested_with_ctor -O3 -findirect-dispatch compilation from source
FAIL: newarray_overflow compilation from source
FAIL: newarray_overflow -findirect-dispatch compilation from source
FAIL: newarray_overflow -O3 compilation from source
FAIL: newarray_overflow -O3 -findirect-dispatch compilation from source
FAIL: override compilation from source
FAIL: override -findirect-dispatch compilation from source
FAIL: override -O3 compilation from source
FAIL: override -O3 -findirect-dispatch compilation from source
FAIL: pr109 compilation from source
FAIL: pr109 -findirect-dispatch compilation from source
FAIL: pr109 -O3 compilation from source
FAIL: pr109 -O3 -findirect-dispatch compilation from source
FAIL: pr13107 compilation from source
FAIL: pr13107 -findirect-dispatch compilation from source
FAIL: pr13107 -O3 compilation from source
FAIL: pr13107 -O3 -findirect-dispatch compilation from source
FAIL: pr13107_2 compilation from source
FAIL: pr13107_2 -findirect-dispatch compilation from source
FAIL: pr13107_2 -O3 compilation from source
FAIL: pr13107_2 -O3 -findirect-dispatch compilation from source
FAIL: pr13107_3 compilation from source
FAIL: pr13107_3 -findirect-dispatch compilation from source
FAIL: pr13107_3 -O3 compilation from source
FAIL: pr13107_3 -O3 -findirect-dispatch compilation from source
FAIL: pr133 compilation from source
FAIL: pr133 -findirect-dispatch compilation from source
FAIL: pr133 -O3 compilation from source
FAIL: pr133 -O3 -findirect-dispatch compilation from source
FAIL: pr16789 compilation from source
FAIL: pr16789 -findirect-dispatch compilation from source
FAIL: pr16789 -O3 compilation from source
FAIL: pr16789 -O3 -findirect-dispatch compilation from source
FAIL: pr17536 compilation from source
FAIL: pr17536 -findirect-dispatch compilation from source
FAIL: pr17536 -O3 compilation from source
FAIL: pr17536 -O3 -findirect-dispatch compilation from source
FAIL: pr179 compilation from source
FAIL: pr179 -findirect-dispatch compilation from source
FAIL: pr179 -O3 compilation from source
FAIL: pr179 -O3 -findirect-dispatch compilation from source
FAIL: pr184 compilation from source
FAIL: pr184 -findirect-dispatch compilation from source
FAIL: pr184 -O3 compilation from source
FAIL: pr184 -O3 -findirect-dispatch compilation from source
FAIL: pr21785 compilation from source
FAIL: pr21785 -findirect-dispatch compilation from source
FAIL: pr21785 -O3 compilation from source
FAIL: pr21785 -O3 -findirect-dispatch compilation from source
FAIL: pr21844 compilation from source
FAIL: pr21844 -findirect-dispatch compilation from source
FAIL: pr21844 -O3 compilation from source
FAIL: pr21844 -O3 -findirect-dispatch compilation from source
FAIL: pr24321 compilation from source
FAIL: pr24321 -findirect-dispatch compilation from source
FAIL: pr24321 -O3 compilation from source
FAIL: pr24321 -O3 -findirect-dispatch compilation from source
FAIL: pr25676 compilation from source
FAIL: pr25676 -findirect-dispatch compilation from source
FAIL: pr25676 -O3 compilation from source
FAIL: pr25676 -O3 -findirect-dispatch compilation from source
FAIL: pr26390 compilation from source
FAIL: pr26390 -findirect-dispatch compilation from source
FAIL: pr26390 -O3 compilation from source
FAIL: pr26390 -O3 -findirect-dispatch compilation from source
FAIL: pr26990 compilation from source
FAIL: pr26990 -findirect-dispatch compilation from source
FAIL: pr26990 -O3 compilation from source
FAIL: pr26990 -O3 -findirect-dispatch compilation from source
FAIL: pr27171 compilation from source
FAIL: pr27171 -findirect-dispatch compilation from source
FAIL: pr27171 -O3 compilation from source
FAIL: pr27171 -O3 -findirect-dispatch compilation from source
FAIL: pr6388 compilation from source
FAIL: pr6388 -findirect-dispatch compilation from source
FAIL: pr6388 -O3 compilation from source
FAIL: pr6388 -O3 -findirect-dispatch compilation from source
FAIL: pr83 compilation from source
FAIL: pr83 -findirect-dispatch compilation from source
FAIL: pr83 -O3 compilation from source
FAIL: pr83 -O3 -findirect-dispatch compilation from source
FAIL: pr8415 compilation from source
FAIL: pr8415 -findirect-dispatch compilation from source
FAIL: pr8415 -O3 compilation from source
FAIL: pr8415 -O3 -findirect-dispatch compilation from source
FAIL: pr8676 compilation from source
FAIL: pr8676 -findirect-dispatch compilation from source
FAIL: pr8676 -O3 compilation from source
FAIL: pr8676 -O3 -findirect-dispatch compilation from source
FAIL: pr8823 compilation from source
FAIL: pr8823 -findirect-dispatch compilation from source
FAIL: pr8823 -O3 compilation from source
FAIL: pr8823 -O3 -findirect-dispatch compilation from source
FAIL: pr8945 compilation from source
FAIL: pr8945 -findirect-dispatch compilation from source
FAIL: pr8945 -O3 compilation from source
FAIL: pr8945 -O3 -findirect-dispatch compilation from source
FAIL: private_direct_read compilation from source
FAIL: private_direct_read -findirect-dispatch compilation from source
FAIL: private_direct_read -O3 compilation from source
FAIL: private_direct_read -O3 -findirect-dispatch compilation from source
FAIL: search_outer compilation from source
FAIL: search_outer -findirect-dispatch compilation from source
FAIL: search_outer -O3 compilation from source
FAIL: search_outer -O3 -findirect-dispatch compilation from source
FAIL: shatest compilation from source
FAIL: shatest -findirect-dispatch compilation from source
FAIL: shatest -O3 compilation from source
FAIL: shatest -O3 -findirect-dispatch compilation from source
FAIL: sourcelocation compilation from source
FAIL: sourcelocation -findirect-dispatch compilation from source
FAIL: sourcelocation -O3 compilation from source
FAIL: sourcelocation -O3 -findirect-dispatch compilation from source
FAIL: stacktrace compilation from source
FAIL: stacktrace -findirect-dispatch compilation from source
FAIL: stacktrace -O3 compilation from source
FAIL: stacktrace -O3 -findirect-dispatch compilation from source
FAIL: stringconst compilation from source
FAIL: stringconst -findirect-dispatch compilation from source
FAIL: stringconst -O3 compilation from source
FAIL: stringconst -O3 -findirect-dispatch compilation from source
FAIL: stringconst2 compilation from source
FAIL: stringconst2 -findirect-dispatch compilation from source
FAIL: stringconst2 -O3 compilation from source
FAIL: stringconst2 -O3 -findirect-dispatch compilation from source
FAIL: stub compilation from source
FAIL: stub -findirect-dispatch compilation from source
FAIL: stub -O3 compilation from source
FAIL: stub -O3 -findirect-dispatch compilation from source
FAIL: test_long compilation from source
FAIL: test_long -findirect-dispatch compilation from source
FAIL: test_long -O3 compilation from source
FAIL: test_long -O3 -findirect-dispatch compilation from source
FAIL: tmi compilation from source
FAIL: tmi -findirect-dispatch compilation from source
FAIL: tmi -O3 compilation from source
FAIL: tmi -O3 -findirect-dispatch compilation from source
FAIL: tp compilation from source
FAIL: tp -findirect-dispatch compilation from source
FAIL: tp -O3 compilation from source
FAIL: tp -O3 -findirect-dispatch compilation from source
FAIL: update_outer compilation from source
FAIL: update_outer -findirect-dispatch compilation from source
FAIL: update_outer -O3 compilation from source
FAIL: update_outer -O3 -findirect-dispatch compilation from source
FAIL: utf8concat compilation from source
FAIL: utf8concat -findirect-dispatch compilation from source
FAIL: utf8concat -O3 compilation from source
FAIL: utf8concat -O3 -findirect-dispatch compilation from source
FAIL: utilTest compilation from source
FAIL: utilTest -findirect-dispatch compilation from source
FAIL: utilTest -O3 compilation from source
FAIL: utilTest -O3 -findirect-dispatch compilation from source
FAIL: verify compilation from source
FAIL: verify -findirect-dispatch compilation from source
FAIL: verify -O3 compilation from source
FAIL: verify -O3 -findirect-dispatch compilation from source
FAIL: resource compilation dummy.class
=== libjava Summary ===
# of expected passes 1860
# of unexpected failures 240
# of untested testcases 474
=== libstdc++ tests ===
Running target unix
=== libstdc++ Summary ===
# of expected passes 8262
# of expected failures 41
# of unsupported tests 942
Compiler version: 4.9.2 20140925 (prerelease) [gcc-4_9-branch revision 215614] (GCC)
Platform: hppa2.0w-hp-hpux11.11
configure flags:Test Run By dave on Thu Sep 25 21:19:29 EDT 2014