This is the mail archive of the
gcc-testresults@gcc.gnu.org
mailing list for the GCC project.
Results for 5.0.0 20140913 (experimental) [trunk revision 215242] (GCC) testsuite on hppa2.0w-hp-hpux11.11
- From: John David Anglin <dave at hiauly3 dot hia dot nrc dot ca>
- To: dave at hiauly3 dot hia dot nrc dot ca, gcc-testresults at gcc dot gnu dot org
- Date: Sun, 14 Sep 2014 20:23:42 -0400 (EDT)
- Subject: Results for 5.0.0 20140913 (experimental) [trunk revision 215242] (GCC) testsuite on hppa2.0w-hp-hpux11.11
- Authentication-results: sourceware.org; auth=none
=== acats tests ===
FAIL: c974013
FAIL: c9a011b
=== acats Summary ===
# of expected passes 2318
# of unexpected failures 2
Native configuration is hppa2.0w-hp-hpux11.11
=== g++ tests ===
Running target unix
FAIL: g++.dg/abi/anon3.C -std=c++98 scan-assembler .weak(_definition)?[ \\t]_?_ZTI4Heya
FAIL: g++.dg/abi/anon3.C -std=c++98 scan-assembler .weak(_definition)?[ \\t]_?_ZTIN4Heya1AE
FAIL: g++.dg/abi/anon3.C -std=c++11 scan-assembler .weak(_definition)?[ \\t]_?_ZTI4Heya
FAIL: g++.dg/abi/anon3.C -std=c++11 scan-assembler .weak(_definition)?[ \\t]_?_ZTIN4Heya1AE
FAIL: g++.dg/abi/anon3.C -std=c++1y scan-assembler .weak(_definition)?[ \\t]_?_ZTI4Heya
FAIL: g++.dg/abi/anon3.C -std=c++1y scan-assembler .weak(_definition)?[ \\t]_?_ZTIN4Heya1AE
FAIL: g++.dg/abi/rtti3.C -std=c++98 scan-assembler .weak[ \\t]_?_ZTSPP1A
FAIL: g++.dg/abi/rtti3.C -std=c++11 scan-assembler .weak[ \\t]_?_ZTSPP1A
FAIL: g++.dg/abi/rtti3.C -std=c++1y scan-assembler .weak[ \\t]_?_ZTSPP1A
FAIL: g++.dg/cpp0x/static_assert9.C -std=c++11 (test for excess errors)
FAIL: g++.dg/cpp0x/static_assert9.C -std=c++1y (test for excess errors)
WARNING: program timed out.
=== g++ Summary ===
# of expected passes 72961
# of unexpected failures 11
# of expected failures 267
# of unsupported tests 3631
/test/gnu/gcc/objdir/gcc/testsuite/g++/../../xg++ version 5.0.0 20140913 (experimental) [trunk revision 215242] (GCC)
=== gcc tests ===
Running target unix
FAIL: gcc.dg/atomic/c11-atomic-exec-5.c -O0 execution test
FAIL: gcc.dg/atomic/c11-atomic-exec-5.c -O1 execution test
FAIL: gcc.dg/atomic/c11-atomic-exec-5.c -O2 execution test
FAIL: gcc.dg/atomic/c11-atomic-exec-5.c -O3 -fomit-frame-pointer execution test
FAIL: gcc.dg/atomic/c11-atomic-exec-5.c -O3 -fomit-frame-pointer -funroll-loops execution test
FAIL: gcc.dg/atomic/c11-atomic-exec-5.c -O3 -fomit-frame-pointer -funroll-all-loops -finline-functions execution test
FAIL: gcc.dg/atomic/c11-atomic-exec-5.c -O3 -g execution test
FAIL: gcc.dg/atomic/c11-atomic-exec-5.c -Os execution test
WARNING: program timed out.
FAIL: gcc.dg/tree-prof/crossmodule-indircall-1a.c compilation, -fprofile-generate -D_PROFILE_GENERATE
UNRESOLVED: gcc.dg/tree-prof/crossmodule-indircall-1a.c execution, -fprofile-generate -D_PROFILE_GENERATE
UNRESOLVED: gcc.dg/tree-prof/crossmodule-indircall-1a.c compilation, -fprofile-use -D_PROFILE_USE
UNRESOLVED: gcc.dg/tree-prof/crossmodule-indircall-1a.c execution, -fprofile-use -D_PROFILE_USE
FAIL: gcc.dg/tree-prof/time-profiler-2.c scan-ipa-dump-times profile "Read tp_first_run: 0" 2
FAIL: gcc.dg/tree-prof/time-profiler-2.c scan-ipa-dump-times profile "Read tp_first_run: 2" 1
FAIL: gcc.dg/tree-prof/time-profiler-2.c scan-ipa-dump-times profile "Read tp_first_run: 3" 1
FAIL: gcc.dg/tree-ssa/ivopts-lt-2.c scan-tree-dump-times ivopts "PHI <p_" 1
FAIL: gcc.dg/tree-ssa/ivopts-lt-2.c scan-tree-dump-times ivopts "p_[0-9]* <" 1
=== gcc Summary ===
# of expected passes 67612
# of unexpected failures 14
# of expected failures 115
# of unresolved testcases 3
# of unsupported tests 1690
/test/gnu/gcc/objdir/gcc/xgcc version 5.0.0 20140913 (experimental) [trunk revision 215242] (GCC)
=== gfortran tests ===
Running target unix
FAIL: gfortran.dg/coarray/alloc_comp_1.f90 -fcoarray=lib -O2 -lcaf_single (test for excess errors)
FAIL: gfortran.dg/coarray/alloc_comp_1.f90 -fcoarray=lib -O2 -lcaf_single execution test
FAIL: gfortran.dg/coarray/allocate_errgmsg.f90 -fcoarray=lib -O2 -lcaf_single (test for excess errors)
FAIL: gfortran.dg/coarray/allocate_errgmsg.f90 -fcoarray=lib -O2 -lcaf_single execution test
FAIL: gfortran.dg/coarray/atomic_1.f90 -fcoarray=lib -O2 -lcaf_single (test for excess errors)
FAIL: gfortran.dg/coarray/atomic_1.f90 -fcoarray=lib -O2 -lcaf_single execution test
FAIL: gfortran.dg/coarray/atomic_2.f90 -fcoarray=single -O2 (test for excess errors)
FAIL: gfortran.dg/coarray/atomic_2.f90 -fcoarray=single -O2 execution test
FAIL: gfortran.dg/coarray/atomic_2.f90 -fcoarray=lib -O2 -lcaf_single (test for excess errors)
FAIL: gfortran.dg/coarray/atomic_2.f90 -fcoarray=lib -O2 -lcaf_single execution test
FAIL: gfortran.dg/coarray/codimension.f90 -fcoarray=lib -O2 -lcaf_single (test for excess errors)
FAIL: gfortran.dg/coarray/codimension.f90 -fcoarray=lib -O2 -lcaf_single execution test
FAIL: gfortran.dg/coarray/coindexed_1.f90 -fcoarray=lib -O2 -lcaf_single (test for excess errors)
FAIL: gfortran.dg/coarray/coindexed_1.f90 -fcoarray=lib -O2 -lcaf_single execution test
FAIL: gfortran.dg/coarray/coindexed_3.f90 -fcoarray=lib -O2 -lcaf_single (test for excess errors)
FAIL: gfortran.dg/coarray/coindexed_3.f90 -fcoarray=lib -O2 -lcaf_single execution test
FAIL: gfortran.dg/coarray/collectives_1.f90 -fcoarray=lib -O2 -lcaf_single (test for excess errors)
FAIL: gfortran.dg/coarray/collectives_1.f90 -fcoarray=lib -O2 -lcaf_single execution test
FAIL: gfortran.dg/coarray/collectives_2.f90 -fcoarray=lib -O2 -lcaf_single (test for excess errors)
FAIL: gfortran.dg/coarray/collectives_2.f90 -fcoarray=lib -O2 -lcaf_single execution test
FAIL: gfortran.dg/coarray/dummy_1.f90 -fcoarray=lib -O2 -lcaf_single (test for excess errors)
FAIL: gfortran.dg/coarray/dummy_1.f90 -fcoarray=lib -O2 -lcaf_single execution test
FAIL: gfortran.dg/coarray/get_array.f90 -fcoarray=lib -O2 -lcaf_single (test for excess errors)
FAIL: gfortran.dg/coarray/get_array.f90 -fcoarray=lib -O2 -lcaf_single execution test
FAIL: gfortran.dg/coarray/image_index_1.f90 -fcoarray=lib -O2 -lcaf_single (test for excess errors)
FAIL: gfortran.dg/coarray/image_index_1.f90 -fcoarray=lib -O2 -lcaf_single execution test
FAIL: gfortran.dg/coarray/image_index_2.f90 -fcoarray=lib -O2 -lcaf_single (test for excess errors)
FAIL: gfortran.dg/coarray/image_index_2.f90 -fcoarray=lib -O2 -lcaf_single execution test
FAIL: gfortran.dg/coarray/image_index_3.f90 -fcoarray=lib -O2 -lcaf_single (test for excess errors)
FAIL: gfortran.dg/coarray/image_index_3.f90 -fcoarray=lib -O2 -lcaf_single execution test
FAIL: gfortran.dg/coarray/lib_realloc_1.f90 -fcoarray=lib -O2 -lcaf_single (test for excess errors)
FAIL: gfortran.dg/coarray/lib_realloc_1.f90 -fcoarray=lib -O2 -lcaf_single execution test
FAIL: gfortran.dg/coarray/lock_1.f90 -fcoarray=lib -O2 -lcaf_single (test for excess errors)
FAIL: gfortran.dg/coarray/lock_1.f90 -fcoarray=lib -O2 -lcaf_single execution test
FAIL: gfortran.dg/coarray/move_alloc_1.f90 -fcoarray=lib -O2 -lcaf_single (test for excess errors)
FAIL: gfortran.dg/coarray/move_alloc_1.f90 -fcoarray=lib -O2 -lcaf_single execution test
FAIL: gfortran.dg/coarray/poly_run_1.f90 -fcoarray=lib -O2 -lcaf_single (test for excess errors)
FAIL: gfortran.dg/coarray/poly_run_1.f90 -fcoarray=lib -O2 -lcaf_single execution test
FAIL: gfortran.dg/coarray/poly_run_2.f90 -fcoarray=lib -O2 -lcaf_single (test for excess errors)
FAIL: gfortran.dg/coarray/poly_run_2.f90 -fcoarray=lib -O2 -lcaf_single execution test
FAIL: gfortran.dg/coarray/poly_run_3.f90 -fcoarray=lib -O2 -lcaf_single (test for excess errors)
FAIL: gfortran.dg/coarray/poly_run_3.f90 -fcoarray=lib -O2 -lcaf_single execution test
FAIL: gfortran.dg/coarray/registering_1.f90 -fcoarray=lib -O2 -lcaf_single (test for excess errors)
UNRESOLVED: gfortran.dg/coarray/registering_1.f90 -fcoarray=lib -O2 -lcaf_single compilation failed to produce executable
FAIL: gfortran.dg/coarray/scalar_alloc_1.f90 -fcoarray=lib -O2 -lcaf_single (test for excess errors)
FAIL: gfortran.dg/coarray/scalar_alloc_1.f90 -fcoarray=lib -O2 -lcaf_single execution test
FAIL: gfortran.dg/coarray/scalar_alloc_2.f90 -fcoarray=lib -O2 -lcaf_single (test for excess errors)
FAIL: gfortran.dg/coarray/scalar_alloc_2.f90 -fcoarray=lib -O2 -lcaf_single execution test
FAIL: gfortran.dg/coarray/send_array.f90 -fcoarray=lib -O2 -lcaf_single (test for excess errors)
FAIL: gfortran.dg/coarray/send_array.f90 -fcoarray=lib -O2 -lcaf_single execution test
FAIL: gfortran.dg/coarray/sendget_array.f90 -fcoarray=lib -O2 -lcaf_single (test for excess errors)
FAIL: gfortran.dg/coarray/sendget_array.f90 -fcoarray=lib -O2 -lcaf_single execution test
FAIL: gfortran.dg/coarray/subobject_1.f90 -fcoarray=lib -O2 -lcaf_single (test for excess errors)
FAIL: gfortran.dg/coarray/subobject_1.f90 -fcoarray=lib -O2 -lcaf_single execution test
FAIL: gfortran.dg/coarray/sync_1.f90 -fcoarray=lib -O2 -lcaf_single (test for excess errors)
FAIL: gfortran.dg/coarray/sync_1.f90 -fcoarray=lib -O2 -lcaf_single execution test
FAIL: gfortran.dg/coarray/sync_3.f90 -fcoarray=lib -O2 -lcaf_single (test for excess errors)
FAIL: gfortran.dg/coarray/sync_3.f90 -fcoarray=lib -O2 -lcaf_single output pattern test, is remote_spawn failed, should match Fortran runtime error: Invalid image number -1 in SYNC IMAGES
FAIL: gfortran.dg/coarray/this_image_1.f90 -fcoarray=lib -O2 -lcaf_single (test for excess errors)
FAIL: gfortran.dg/coarray/this_image_1.f90 -fcoarray=lib -O2 -lcaf_single execution test
FAIL: gfortran.dg/coarray/this_image_2.f90 -fcoarray=lib -O2 -lcaf_single (test for excess errors)
FAIL: gfortran.dg/coarray/this_image_2.f90 -fcoarray=lib -O2 -lcaf_single execution test
FAIL: gfortran.dg/coarray_lib_comm_1.f90 -O0 (test for excess errors)
FAIL: gfortran.dg/coarray_lib_comm_1.f90 -O0 execution test
FAIL: gfortran.dg/coarray_lib_comm_1.f90 -O1 (test for excess errors)
FAIL: gfortran.dg/coarray_lib_comm_1.f90 -O1 execution test
FAIL: gfortran.dg/coarray_lib_comm_1.f90 -O2 (test for excess errors)
FAIL: gfortran.dg/coarray_lib_comm_1.f90 -O2 execution test
FAIL: gfortran.dg/coarray_lib_comm_1.f90 -O3 -fomit-frame-pointer (test for excess errors)
FAIL: gfortran.dg/coarray_lib_comm_1.f90 -O3 -fomit-frame-pointer execution test
FAIL: gfortran.dg/coarray_lib_comm_1.f90 -O3 -fomit-frame-pointer -funroll-loops (test for excess errors)
FAIL: gfortran.dg/coarray_lib_comm_1.f90 -O3 -fomit-frame-pointer -funroll-loops execution test
FAIL: gfortran.dg/coarray_lib_comm_1.f90 -O3 -fomit-frame-pointer -funroll-all-loops -finline-functions (test for excess errors)
FAIL: gfortran.dg/coarray_lib_comm_1.f90 -O3 -fomit-frame-pointer -funroll-all-loops -finline-functions execution test
FAIL: gfortran.dg/coarray_lib_comm_1.f90 -O3 -g (test for excess errors)
FAIL: gfortran.dg/coarray_lib_comm_1.f90 -O3 -g execution test
FAIL: gfortran.dg/coarray_lib_comm_1.f90 -Os (test for excess errors)
FAIL: gfortran.dg/coarray_lib_comm_1.f90 -Os execution test
FAIL: gfortran.dg/quad_2.f90 -O0 execution test
FAIL: gfortran.dg/quad_2.f90 -O1 execution test
FAIL: gfortran.dg/quad_2.f90 -O2 execution test
FAIL: gfortran.dg/quad_2.f90 -O3 -fomit-frame-pointer execution test
FAIL: gfortran.dg/quad_2.f90 -O3 -fomit-frame-pointer -funroll-loops execution test
FAIL: gfortran.dg/quad_2.f90 -O3 -fomit-frame-pointer -funroll-all-loops -finline-functions execution test
FAIL: gfortran.dg/quad_2.f90 -O3 -g execution test
FAIL: gfortran.dg/quad_2.f90 -Os execution test
=== gfortran Summary ===
# of expected passes 44682
# of unexpected failures 85
# of expected failures 47
# of unresolved testcases 1
# of unsupported tests 430
/test/gnu/gcc/objdir/gcc/testsuite/gfortran/../../gfortran version 5.0.0 20140913 (experimental) [trunk revision 215242] (GCC)
=== gnat tests ===
Running target unix
FAIL: gnat.dg/weak2.adb (test for excess errors)
=== gnat Summary ===
# of expected passes 1221
# of unexpected failures 1
# of expected failures 18
# of unsupported tests 19
/test/gnu/gcc/objdir/gcc/gnatmake version 5.0.0 20140913 (experimental) [trunk revision 215242]
=== obj-c++ tests ===
Running target unix
=== obj-c++ Summary ===
# of expected passes 1405
# of expected failures 2
# of unsupported tests 69
/test/gnu/gcc/objdir/gcc/testsuite/obj-c++/../../xg++ version 5.0.0 20140913 (experimental) [trunk revision 215242] (GCC)
=== objc tests ===
Running target unix
=== objc Summary ===
# of expected passes 2928
# of unsupported tests 67
/test/gnu/gcc/objdir/gcc/xgcc version 5.0.0 20140913 (experimental) [trunk revision 215242] (GCC)
=== libatomic tests ===
Running target unix
=== libatomic Summary ===
# of expected passes 44
# of unsupported tests 5
=== libgomp tests ===
Running target unix
=== libgomp Summary ===
# of expected passes 3176
# of unsupported tests 45
=== libstdc++ tests ===
Running target unix
=== libstdc++ Summary ===
# of expected passes 8371
# of expected failures 69
# of unsupported tests 951
Compiler version: 5.0.0 20140913 (experimental) [trunk revision 215242] (GCC)
Platform: hppa2.0w-hp-hpux11.11
configure flags:Test Run By dave on Sun Sep 14 00:29:39 EDT 2014