This is the mail archive of the
gcc-testresults@gcc.gnu.org
mailing list for the GCC project.
Results for 5.0.0 20140903 (experimental) [trunk revision 214880] (GCC) testsuite on powerpc64le-unknown-linux-gnu
- From: Bill Schmidt <wschmidt at us dot ibm dot com>
- To: gcc-testresults at gcc dot gnu dot org
- Date: Wed, 3 Sep 2014 22:40:11 -0500
- Subject: Results for 5.0.0 20140903 (experimental) [trunk revision 214880] (GCC) testsuite on powerpc64le-unknown-linux-gnu
- Authentication-results: sourceware.org; auth=none
Linux 3.13.0-27-generic ppc64le
GNU C Library (Ubuntu EGLIBC 2.19-0ubuntu6) stable release version 2.19
GNU ld (GNU Binutils for Ubuntu) 2.24
GNU assembler (GNU Binutils for Ubuntu) 2.24
GNU Make 3.81
DejaGnu:
Expect version is 5.45
Tcl version is 8.6
Framework version is 1.5
64-bit
LAST_UPDATED: Wed Sep 3 15:58:44 UTC 2014 (revision 214880)
Native configuration is powerpc64le-unknown-linux-gnu
=== gcc tests ===
Running target unix
FAIL: gcc.dg/atomic/c11-atomic-exec-5.c -O0 execution test
FAIL: gcc.dg/atomic/c11-atomic-exec-5.c -O1 execution test
FAIL: gcc.dg/atomic/c11-atomic-exec-5.c -O2 execution test
FAIL: gcc.dg/atomic/c11-atomic-exec-5.c -O3 -fomit-frame-pointer execution test
FAIL: gcc.dg/atomic/c11-atomic-exec-5.c -O3 -fomit-frame-pointer -funroll-loops execution test
FAIL: gcc.dg/atomic/c11-atomic-exec-5.c -O3 -fomit-frame-pointer -funroll-all-loops -finline-functions execution test
FAIL: gcc.dg/atomic/c11-atomic-exec-5.c -O3 -g execution test
FAIL: gcc.dg/atomic/c11-atomic-exec-5.c -Os execution test
FAIL: gcc.dg/atomic/c11-atomic-exec-5.c -O2 -flto -fno-use-linker-plugin -flto-partition=none execution test
FAIL: gcc.dg/atomic/c11-atomic-exec-5.c -O2 -flto -fuse-linker-plugin -fno-fat-lto-objects execution test
FAIL: gcc.dg/and-1.c scan-assembler-not nand
FAIL: gcc.dg/ftrapv-1.c execution test
FAIL: gcc.dg/ftrapv-2.c execution test
FAIL: gcc.dg/simulate-thread/atomic-other-short.c -O0 -g thread simulation test
FAIL: gcc.dg/simulate-thread/atomic-other-short.c -O2 -g thread simulation test
FAIL: gcc.dg/simulate-thread/atomic-other-short.c -O3 -g thread simulation test
FAIL: gcc.dg/tls/opt-11.c (internal compiler error)
FAIL: gcc.dg/tls/opt-11.c (test for excess errors)
UNRESOLVED: gcc.dg/tls/opt-11.c compilation failed to produce executable
FAIL: gcc.dg/tls/opt-13.c (internal compiler error)
FAIL: gcc.dg/tls/opt-13.c (test for excess errors)
FAIL: gcc.dg/tls/opt-15.c (internal compiler error)
FAIL: gcc.dg/tls/opt-15.c (test for excess errors)
FAIL: gcc.dg/tls/opt-9.c (internal compiler error)
FAIL: gcc.dg/tls/opt-9.c (test for excess errors)
FAIL: gcc.dg/tls/pr47715-3.c (internal compiler error)
FAIL: gcc.dg/tls/pr47715-3.c (test for excess errors)
FAIL: gcc.dg/tls/pr47715-4.c (internal compiler error)
FAIL: gcc.dg/tls/pr47715-4.c (test for excess errors)
FAIL: gcc.dg/tls/pr58595.c (internal compiler error)
FAIL: gcc.dg/tls/pr58595.c (test for excess errors)
UNRESOLVED: gcc.dg/tls/pr58595.c compilation failed to produce executable
FAIL: gcc.dg/torture/tls/tls-reload-1.c -O0 (internal compiler error)
FAIL: gcc.dg/torture/tls/tls-reload-1.c -O0 (test for excess errors)
UNRESOLVED: gcc.dg/torture/tls/tls-reload-1.c -O0 compilation failed to produce executable
FAIL: gcc.dg/torture/tls/tls-reload-1.c -O1 (internal compiler error)
FAIL: gcc.dg/torture/tls/tls-reload-1.c -O1 (test for excess errors)
UNRESOLVED: gcc.dg/torture/tls/tls-reload-1.c -O1 compilation failed to produce executable
FAIL: gcc.dg/torture/tls/tls-reload-1.c -O2 (internal compiler error)
FAIL: gcc.dg/torture/tls/tls-reload-1.c -O2 (test for excess errors)
UNRESOLVED: gcc.dg/torture/tls/tls-reload-1.c -O2 compilation failed to produce executable
FAIL: gcc.dg/torture/tls/tls-reload-1.c -O3 -fomit-frame-pointer (internal compiler error)
FAIL: gcc.dg/torture/tls/tls-reload-1.c -O3 -fomit-frame-pointer (test for excess errors)
UNRESOLVED: gcc.dg/torture/tls/tls-reload-1.c -O3 -fomit-frame-pointer compilation failed to produce executable
FAIL: gcc.dg/torture/tls/tls-reload-1.c -O3 -g (internal compiler error)
FAIL: gcc.dg/torture/tls/tls-reload-1.c -O3 -g (test for excess errors)
UNRESOLVED: gcc.dg/torture/tls/tls-reload-1.c -O3 -g compilation failed to produce executable
FAIL: gcc.dg/torture/tls/tls-reload-1.c -Os (internal compiler error)
FAIL: gcc.dg/torture/tls/tls-reload-1.c -Os (test for excess errors)
UNRESOLVED: gcc.dg/torture/tls/tls-reload-1.c -Os compilation failed to produce executable
FAIL: gcc.dg/torture/tls/tls-reload-1.c -O0 -fpic (internal compiler error)
FAIL: gcc.dg/torture/tls/tls-reload-1.c -O0 -fpic (test for excess errors)
UNRESOLVED: gcc.dg/torture/tls/tls-reload-1.c -O0 -fpic compilation failed to produce executable
FAIL: gcc.dg/torture/tls/tls-reload-1.c -O1 -fpic (internal compiler error)
FAIL: gcc.dg/torture/tls/tls-reload-1.c -O1 -fpic (test for excess errors)
UNRESOLVED: gcc.dg/torture/tls/tls-reload-1.c -O1 -fpic compilation failed to produce executable
FAIL: gcc.dg/torture/tls/tls-reload-1.c -O2 -fpic (internal compiler error)
FAIL: gcc.dg/torture/tls/tls-reload-1.c -O2 -fpic (test for excess errors)
UNRESOLVED: gcc.dg/torture/tls/tls-reload-1.c -O2 -fpic compilation failed to produce executable
FAIL: gcc.dg/torture/tls/tls-reload-1.c -O3 -fomit-frame-pointer -fpic (internal compiler error)
FAIL: gcc.dg/torture/tls/tls-reload-1.c -O3 -fomit-frame-pointer -fpic (test for excess errors)
UNRESOLVED: gcc.dg/torture/tls/tls-reload-1.c -O3 -fomit-frame-pointer -fpic compilation failed to produce executable
FAIL: gcc.dg/torture/tls/tls-reload-1.c -O3 -g -fpic (internal compiler error)
FAIL: gcc.dg/torture/tls/tls-reload-1.c -O3 -g -fpic (test for excess errors)
UNRESOLVED: gcc.dg/torture/tls/tls-reload-1.c -O3 -g -fpic compilation failed to produce executable
FAIL: gcc.dg/torture/tls/tls-reload-1.c -Os -fpic (internal compiler error)
FAIL: gcc.dg/torture/tls/tls-reload-1.c -Os -fpic (test for excess errors)
UNRESOLVED: gcc.dg/torture/tls/tls-reload-1.c -Os -fpic compilation failed to produce executable
FAIL: gcc.dg/torture/tls/tls-reload-1.c -O0 -fPIC (internal compiler error)
FAIL: gcc.dg/torture/tls/tls-reload-1.c -O0 -fPIC (test for excess errors)
UNRESOLVED: gcc.dg/torture/tls/tls-reload-1.c -O0 -fPIC compilation failed to produce executable
FAIL: gcc.dg/torture/tls/tls-reload-1.c -O1 -fPIC (internal compiler error)
FAIL: gcc.dg/torture/tls/tls-reload-1.c -O1 -fPIC (test for excess errors)
UNRESOLVED: gcc.dg/torture/tls/tls-reload-1.c -O1 -fPIC compilation failed to produce executable
FAIL: gcc.dg/torture/tls/tls-reload-1.c -O2 -fPIC (internal compiler error)
FAIL: gcc.dg/torture/tls/tls-reload-1.c -O2 -fPIC (test for excess errors)
UNRESOLVED: gcc.dg/torture/tls/tls-reload-1.c -O2 -fPIC compilation failed to produce executable
FAIL: gcc.dg/torture/tls/tls-reload-1.c -O3 -fomit-frame-pointer -fPIC (internal compiler error)
FAIL: gcc.dg/torture/tls/tls-reload-1.c -O3 -fomit-frame-pointer -fPIC (test for excess errors)
UNRESOLVED: gcc.dg/torture/tls/tls-reload-1.c -O3 -fomit-frame-pointer -fPIC compilation failed to produce executable
FAIL: gcc.dg/torture/tls/tls-reload-1.c -O3 -g -fPIC (internal compiler error)
FAIL: gcc.dg/torture/tls/tls-reload-1.c -O3 -g -fPIC (test for excess errors)
UNRESOLVED: gcc.dg/torture/tls/tls-reload-1.c -O3 -g -fPIC compilation failed to produce executable
FAIL: gcc.dg/torture/tls/tls-reload-1.c -Os -fPIC (internal compiler error)
FAIL: gcc.dg/torture/tls/tls-reload-1.c -Os -fPIC (test for excess errors)
UNRESOLVED: gcc.dg/torture/tls/tls-reload-1.c -Os -fPIC compilation failed to produce executable
FAIL: gcc.dg/torture/tls/tls-reload-1.c -O0 -pie -fpie (internal compiler error)
FAIL: gcc.dg/torture/tls/tls-reload-1.c -O0 -pie -fpie (test for excess errors)
UNRESOLVED: gcc.dg/torture/tls/tls-reload-1.c -O0 -pie -fpie compilation failed to produce executable
FAIL: gcc.dg/torture/tls/tls-reload-1.c -O1 -pie -fpie (internal compiler error)
FAIL: gcc.dg/torture/tls/tls-reload-1.c -O1 -pie -fpie (test for excess errors)
UNRESOLVED: gcc.dg/torture/tls/tls-reload-1.c -O1 -pie -fpie compilation failed to produce executable
FAIL: gcc.dg/torture/tls/tls-reload-1.c -O2 -pie -fpie (internal compiler error)
FAIL: gcc.dg/torture/tls/tls-reload-1.c -O2 -pie -fpie (test for excess errors)
UNRESOLVED: gcc.dg/torture/tls/tls-reload-1.c -O2 -pie -fpie compilation failed to produce executable
FAIL: gcc.dg/torture/tls/tls-reload-1.c -O3 -fomit-frame-pointer -pie -fpie (internal compiler error)
FAIL: gcc.dg/torture/tls/tls-reload-1.c -O3 -fomit-frame-pointer -pie -fpie (test for excess errors)
UNRESOLVED: gcc.dg/torture/tls/tls-reload-1.c -O3 -fomit-frame-pointer -pie -fpie compilation failed to produce executable
FAIL: gcc.dg/torture/tls/tls-reload-1.c -O3 -g -pie -fpie (internal compiler error)
FAIL: gcc.dg/torture/tls/tls-reload-1.c -O3 -g -pie -fpie (test for excess errors)
UNRESOLVED: gcc.dg/torture/tls/tls-reload-1.c -O3 -g -pie -fpie compilation failed to produce executable
FAIL: gcc.dg/torture/tls/tls-reload-1.c -Os -pie -fpie (internal compiler error)
FAIL: gcc.dg/torture/tls/tls-reload-1.c -Os -pie -fpie (test for excess errors)
UNRESOLVED: gcc.dg/torture/tls/tls-reload-1.c -Os -pie -fpie compilation failed to produce executable
FAIL: gcc.dg/torture/tls/tls-reload-1.c -O0 -pie -fPIE (internal compiler error)
FAIL: gcc.dg/torture/tls/tls-reload-1.c -O0 -pie -fPIE (test for excess errors)
UNRESOLVED: gcc.dg/torture/tls/tls-reload-1.c -O0 -pie -fPIE compilation failed to produce executable
FAIL: gcc.dg/torture/tls/tls-reload-1.c -O1 -pie -fPIE (internal compiler error)
FAIL: gcc.dg/torture/tls/tls-reload-1.c -O1 -pie -fPIE (test for excess errors)
UNRESOLVED: gcc.dg/torture/tls/tls-reload-1.c -O1 -pie -fPIE compilation failed to produce executable
FAIL: gcc.dg/torture/tls/tls-reload-1.c -O2 -pie -fPIE (internal compiler error)
FAIL: gcc.dg/torture/tls/tls-reload-1.c -O2 -pie -fPIE (test for excess errors)
UNRESOLVED: gcc.dg/torture/tls/tls-reload-1.c -O2 -pie -fPIE compilation failed to produce executable
FAIL: gcc.dg/torture/tls/tls-reload-1.c -O3 -fomit-frame-pointer -pie -fPIE (internal compiler error)
FAIL: gcc.dg/torture/tls/tls-reload-1.c -O3 -fomit-frame-pointer -pie -fPIE (test for excess errors)
UNRESOLVED: gcc.dg/torture/tls/tls-reload-1.c -O3 -fomit-frame-pointer -pie -fPIE compilation failed to produce executable
FAIL: gcc.dg/torture/tls/tls-reload-1.c -O3 -g -pie -fPIE (internal compiler error)
FAIL: gcc.dg/torture/tls/tls-reload-1.c -O3 -g -pie -fPIE (test for excess errors)
UNRESOLVED: gcc.dg/torture/tls/tls-reload-1.c -O3 -g -pie -fPIE compilation failed to produce executable
FAIL: gcc.dg/torture/tls/tls-reload-1.c -Os -pie -fPIE (internal compiler error)
FAIL: gcc.dg/torture/tls/tls-reload-1.c -Os -pie -fPIE (test for excess errors)
UNRESOLVED: gcc.dg/torture/tls/tls-reload-1.c -Os -pie -fPIE compilation failed to produce executable
FAIL: gcc.dg/torture/tls/tls-reload-1.c -O2 -flto -fno-use-linker-plugin -flto-partition=none (internal compiler error)
FAIL: gcc.dg/torture/tls/tls-reload-1.c -O2 -flto -fno-use-linker-plugin -flto-partition=none (test for excess errors)
UNRESOLVED: gcc.dg/torture/tls/tls-reload-1.c -O2 -flto -fno-use-linker-plugin -flto-partition=none compilation failed to produce executable
FAIL: gcc.dg/torture/tls/tls-reload-1.c -O2 -flto -fuse-linker-plugin -fno-fat-lto-objects (internal compiler error)
FAIL: gcc.dg/torture/tls/tls-reload-1.c -O2 -flto -fuse-linker-plugin -fno-fat-lto-objects (test for excess errors)
UNRESOLVED: gcc.dg/torture/tls/tls-reload-1.c -O2 -flto -fuse-linker-plugin -fno-fat-lto-objects compilation failed to produce executable
FAIL: gcc.dg/tree-ssa/ivopts-lt-2.c scan-tree-dump-times ivopts "PHI" 1
FAIL: gcc.dg/tree-ssa/ivopts-lt-2.c scan-tree-dump-times ivopts "PHI <p_" 1
FAIL: gcc.dg/tree-ssa/ivopts-lt-2.c scan-tree-dump-times ivopts "p_[0-9]* <" 1
FAIL: gcc.dg/vect/costmodel/ppc/costmodel-vect-31a.c scan-tree-dump-times vect "vectorization not profitable" 1
FAIL: gcc.dg/vect/costmodel/ppc/costmodel-vect-33.c scan-tree-dump-times vect "vectorization not profitable" 1
FAIL: gcc.dg/vect/costmodel/ppc/costmodel-slp-33.c scan-tree-dump-times vect "vectorization not profitable" 1
FAIL: gcc.dg/vect/costmodel/ppc/costmodel-bb-slp-9a.c scan-tree-dump-times slp2 "basic block vectorized using SLP" 1
FAIL: gcc.dg/vect/vect-31.c scan-tree-dump-times vect "vectorized 4 loops" 1
FAIL: gcc.dg/vect/vect-31.c -flto -ffat-lto-objects scan-tree-dump-times vect "vectorized 4 loops" 1
FAIL: gcc.dg/vect/no-vfa-vect-depend-2.c scan-tree-dump-times vect "vectorized 1 loops" 1
FAIL: gcc.dg/vect/no-vfa-vect-depend-3.c scan-tree-dump-times vect "vectorized 1 loops" 4
=== gcc Summary ===
# of expected passes 93201
# of unexpected failures 105
# of expected failures 227
# of unresolved testcases 34
# of unsupported tests 1526
/home/gccbuild/build/nightly/build-gcc-trunk/gcc/xgcc version 5.0.0 20140903 (experimental) [trunk revision 214880] (GCC)
=== gfortran tests ===
Running target unix
FAIL: gfortran.dg/gomp/appendix-a/a.33.1.f90 -O (internal compiler error)
FAIL: gfortran.dg/gomp/appendix-a/a.33.1.f90 -O (test for excess errors)
=== gfortran Summary ===
# of expected passes 46513
# of unexpected failures 2
# of expected failures 54
# of unsupported tests 92
/home/gccbuild/build/nightly/build-gcc-trunk/gcc/testsuite/gfortran/../../gfortran version 5.0.0 20140903 (experimental) [trunk revision 214880] (GCC)
=== g++ tests ===
Running target unix
FAIL: g++.dg/cpp0x/static_assert9.C -std=c++11 (test for excess errors)
FAIL: g++.dg/cpp0x/static_assert9.C -std=c++1y (test for excess errors)
FAIL: g++.dg/cpp1y/vla-initlist1.C -std=c++1y execution test
XPASS: g++.dg/tls/thread_local-order2.C -std=c++11 execution test
XPASS: g++.dg/tls/thread_local-order2.C -std=c++1y execution test
=== g++ Summary ===
# of expected passes 81740
# of unexpected failures 3
# of unexpected successes 2
# of expected failures 267
# of unsupported tests 3131
/home/gccbuild/build/nightly/build-gcc-trunk/gcc/testsuite/g++/../../xg++ version 5.0.0 20140903 (experimental) [trunk revision 214880] (GCC)
=== libatomic tests ===
Running target unix
=== libatomic Summary ===
# of expected passes 54
=== libgomp tests ===
Running target unix
FAIL: libgomp.fortran/threadprivate2.f90 -O0 (internal compiler error)
FAIL: libgomp.fortran/threadprivate2.f90 -O0 (test for excess errors)
UNRESOLVED: libgomp.fortran/threadprivate2.f90 -O0 compilation failed to produce executable
FAIL: libgomp.fortran/threadprivate2.f90 -O1 (internal compiler error)
FAIL: libgomp.fortran/threadprivate2.f90 -O1 (test for excess errors)
UNRESOLVED: libgomp.fortran/threadprivate2.f90 -O1 compilation failed to produce executable
FAIL: libgomp.fortran/threadprivate2.f90 -O2 (internal compiler error)
FAIL: libgomp.fortran/threadprivate2.f90 -O2 (test for excess errors)
UNRESOLVED: libgomp.fortran/threadprivate2.f90 -O2 compilation failed to produce executable
FAIL: libgomp.fortran/threadprivate2.f90 -O3 -fomit-frame-pointer (internal compiler error)
FAIL: libgomp.fortran/threadprivate2.f90 -O3 -fomit-frame-pointer (test for excess errors)
UNRESOLVED: libgomp.fortran/threadprivate2.f90 -O3 -fomit-frame-pointer compilation failed to produce executable
FAIL: libgomp.fortran/threadprivate2.f90 -O3 -fomit-frame-pointer -funroll-loops (internal compiler error)
FAIL: libgomp.fortran/threadprivate2.f90 -O3 -fomit-frame-pointer -funroll-loops (test for excess errors)
UNRESOLVED: libgomp.fortran/threadprivate2.f90 -O3 -fomit-frame-pointer -funroll-loops compilation failed to produce executable
FAIL: libgomp.fortran/threadprivate2.f90 -O3 -fomit-frame-pointer -funroll-all-loops -finline-functions (internal compiler error)
FAIL: libgomp.fortran/threadprivate2.f90 -O3 -fomit-frame-pointer -funroll-all-loops -finline-functions (test for excess errors)
UNRESOLVED: libgomp.fortran/threadprivate2.f90 -O3 -fomit-frame-pointer -funroll-all-loops -finline-functions compilation failed to produce executable
FAIL: libgomp.fortran/threadprivate2.f90 -O3 -g (internal compiler error)
FAIL: libgomp.fortran/threadprivate2.f90 -O3 -g (test for excess errors)
UNRESOLVED: libgomp.fortran/threadprivate2.f90 -O3 -g compilation failed to produce executable
FAIL: libgomp.fortran/threadprivate2.f90 -Os (internal compiler error)
FAIL: libgomp.fortran/threadprivate2.f90 -Os (test for excess errors)
UNRESOLVED: libgomp.fortran/threadprivate2.f90 -Os compilation failed to produce executable
FAIL: libgomp.fortran/threadprivate3.f90 -O0 (internal compiler error)
FAIL: libgomp.fortran/threadprivate3.f90 -O0 (test for excess errors)
UNRESOLVED: libgomp.fortran/threadprivate3.f90 -O0 compilation failed to produce executable
FAIL: libgomp.fortran/threadprivate3.f90 -O1 (internal compiler error)
FAIL: libgomp.fortran/threadprivate3.f90 -O1 (test for excess errors)
UNRESOLVED: libgomp.fortran/threadprivate3.f90 -O1 compilation failed to produce executable
FAIL: libgomp.fortran/threadprivate3.f90 -O2 (internal compiler error)
FAIL: libgomp.fortran/threadprivate3.f90 -O2 (test for excess errors)
UNRESOLVED: libgomp.fortran/threadprivate3.f90 -O2 compilation failed to produce executable
FAIL: libgomp.fortran/threadprivate3.f90 -O3 -fomit-frame-pointer (internal compiler error)
FAIL: libgomp.fortran/threadprivate3.f90 -O3 -fomit-frame-pointer (test for excess errors)
UNRESOLVED: libgomp.fortran/threadprivate3.f90 -O3 -fomit-frame-pointer compilation failed to produce executable
FAIL: libgomp.fortran/threadprivate3.f90 -O3 -fomit-frame-pointer -funroll-loops (internal compiler error)
FAIL: libgomp.fortran/threadprivate3.f90 -O3 -fomit-frame-pointer -funroll-loops (test for excess errors)
UNRESOLVED: libgomp.fortran/threadprivate3.f90 -O3 -fomit-frame-pointer -funroll-loops compilation failed to produce executable
FAIL: libgomp.fortran/threadprivate3.f90 -O3 -fomit-frame-pointer -funroll-all-loops -finline-functions (internal compiler error)
FAIL: libgomp.fortran/threadprivate3.f90 -O3 -fomit-frame-pointer -funroll-all-loops -finline-functions (test for excess errors)
UNRESOLVED: libgomp.fortran/threadprivate3.f90 -O3 -fomit-frame-pointer -funroll-all-loops -finline-functions compilation failed to produce executable
FAIL: libgomp.fortran/threadprivate3.f90 -O3 -g (internal compiler error)
FAIL: libgomp.fortran/threadprivate3.f90 -O3 -g (test for excess errors)
UNRESOLVED: libgomp.fortran/threadprivate3.f90 -O3 -g compilation failed to produce executable
FAIL: libgomp.fortran/threadprivate3.f90 -Os (internal compiler error)
FAIL: libgomp.fortran/threadprivate3.f90 -Os (test for excess errors)
UNRESOLVED: libgomp.fortran/threadprivate3.f90 -Os compilation failed to produce executable
=== libgomp Summary ===
# of expected passes 3162
# of unexpected failures 32
# of unresolved testcases 16
# of unsupported tests 36
=== libitm tests ===
Running target unix
=== libitm Summary ===
# of expected passes 26
# of expected failures 3
# of unsupported tests 1
=== libstdc++ tests ===
Running target unix
=== libstdc++ Summary ===
# of expected passes 9846
# of expected failures 69
# of unsupported tests 397
Compiler version: 5.0.0 20140903 (experimental) [trunk revision 214880] (GCC)
Platform: powerpc64le-unknown-linux-gnu
configure flags: --prefix=/opt/gcc-nightly/trunk --with-as=/usr/bin/as --with-ld=/usr/bin/ld --enable-languages=c,c++,fortran --with-cpu=power8 --enable-lto --disable-multilib --disable-libsanitizer --enable-decimal-float --with-long-double-128
=== Test Framework Summary ===
# of expected passes 2531