This is the mail archive of the gcc-testresults@gcc.gnu.org mailing list for the GCC project.


Index Nav: [Date Index] [Subject Index] [Author Index] [Thread Index]
Message Nav: [Date Prev] [Date Next] [Thread Prev] [Thread Next]
Other format: [Raw text]

Results for 4.9.1 (GCC) testsuite on mipsel-unknown-linux-gnu


-- Build environment ----------------------------------------------------------
Distro:	los.git rootfs=a04b5 native=a04b5
Kernel:	Linux drone 3.17.0-rc2-lemote-los_3ec1 #1 Wed Aug 27 22:42:49 EEST 2014 mips64 GNU/Linux
CPU:	system type		: lemote-fuloong-2f-box
	machine			: Unknown
	processor		: 0
	cpu model		: ICT Loongson-2 V0.3  FPU V0.1
	BogoMIPS		: 531.45
	wait instruction	: no
	microsecond timers	: yes
	tlb_entries		: 64
	extra interrupt vector	: no
	hardware watchpoint	: yes, count: 0, address/irw mask: []
	isa			: mips1 mips2 mips3
	ASEs implemented	:
	shadow register sets	: 1
	kscratch registers	: 0
	package			: 0
	core			: 0
	VCED exceptions		: not available
	VCEI exceptions		: not available
-- Time consumed --------------------------------------------------------------
Build:	real	1601m58.125s
	user	1503m26.692s
	sys	85m38.996s
Test:   real	1463m52.311s
	user	1280m54.052s
	sys	173m8.152s
-------------------------------------------------------------------------------
LAST_UPDATED: Obtained from SVN: tags/gcc_4_9_1_release revision 212636

Native configuration is mipsel-unknown-linux-gnu

		=== g++ tests ===


Running target unix
FAIL: g++.dg/init/vector1.C -std=gnu++98 (internal compiler error)
FAIL: g++.dg/init/vector1.C -std=gnu++98 (test for excess errors)
UNRESOLVED: g++.dg/init/vector1.C -std=gnu++98 compilation failed to produce executable
FAIL: g++.dg/init/vector1.C -std=gnu++11 (internal compiler error)
FAIL: g++.dg/init/vector1.C -std=gnu++11 (test for excess errors)
UNRESOLVED: g++.dg/init/vector1.C -std=gnu++11 compilation failed to produce executable
FAIL: g++.dg/init/vector1.C -std=gnu++1y (internal compiler error)
FAIL: g++.dg/init/vector1.C -std=gnu++1y (test for excess errors)
UNRESOLVED: g++.dg/init/vector1.C -std=gnu++1y compilation failed to produce executable
FAIL: g++.dg/other/vector-compare.C -std=gnu++11 (internal compiler error)
FAIL: g++.dg/other/vector-compare.C -std=gnu++11 (test for excess errors)
FAIL: g++.dg/other/vector-compare.C -std=gnu++1y (internal compiler error)
FAIL: g++.dg/other/vector-compare.C -std=gnu++1y (test for excess errors)
FAIL: g++.dg/guality/pr55665.C  -O2  line 23 p == 40
FAIL: g++.dg/guality/pr55665.C  -O3 -fomit-frame-pointer  line 23 p == 40
FAIL: g++.dg/guality/pr55665.C  -O3 -g  line 23 p == 40
FAIL: c-c++-common/torture/vector-compare-1.c  -O0  (internal compiler error)
FAIL: c-c++-common/torture/vector-compare-1.c  -O0  (test for excess errors)
UNRESOLVED: c-c++-common/torture/vector-compare-1.c  -O0  compilation failed to produce executable
FAIL: c-c++-common/torture/vector-compare-1.c  -O1  (internal compiler error)
FAIL: c-c++-common/torture/vector-compare-1.c  -O1  (test for excess errors)
UNRESOLVED: c-c++-common/torture/vector-compare-1.c  -O1  compilation failed to produce executable
FAIL: c-c++-common/torture/vector-compare-1.c  -O2  (internal compiler error)
FAIL: c-c++-common/torture/vector-compare-1.c  -O2  (test for excess errors)
UNRESOLVED: c-c++-common/torture/vector-compare-1.c  -O2  compilation failed to produce executable
FAIL: c-c++-common/torture/vector-compare-1.c  -O3 -fomit-frame-pointer  (internal compiler error)
FAIL: c-c++-common/torture/vector-compare-1.c  -O3 -fomit-frame-pointer  (test for excess errors)
UNRESOLVED: c-c++-common/torture/vector-compare-1.c  -O3 -fomit-frame-pointer  compilation failed to produce executable
FAIL: c-c++-common/torture/vector-compare-1.c  -O3 -fomit-frame-pointer -funroll-loops  (internal compiler error)
FAIL: c-c++-common/torture/vector-compare-1.c  -O3 -fomit-frame-pointer -funroll-loops  (test for excess errors)
UNRESOLVED: c-c++-common/torture/vector-compare-1.c  -O3 -fomit-frame-pointer -funroll-loops  compilation failed to produce executable
FAIL: c-c++-common/torture/vector-compare-1.c  -O3 -fomit-frame-pointer -funroll-all-loops -finline-functions  (internal compiler error)
FAIL: c-c++-common/torture/vector-compare-1.c  -O3 -fomit-frame-pointer -funroll-all-loops -finline-functions  (test for excess errors)
UNRESOLVED: c-c++-common/torture/vector-compare-1.c  -O3 -fomit-frame-pointer -funroll-all-loops -finline-functions  compilation failed to produce executable
FAIL: c-c++-common/torture/vector-compare-1.c  -O3 -g  (internal compiler error)
FAIL: c-c++-common/torture/vector-compare-1.c  -O3 -g  (test for excess errors)
UNRESOLVED: c-c++-common/torture/vector-compare-1.c  -O3 -g  compilation failed to produce executable
FAIL: c-c++-common/torture/vector-compare-1.c  -Os  (internal compiler error)
FAIL: c-c++-common/torture/vector-compare-1.c  -Os  (test for excess errors)
UNRESOLVED: c-c++-common/torture/vector-compare-1.c  -Os  compilation failed to produce executable
FAIL: c-c++-common/torture/vector-compare-1.c  -O2 -flto -fno-use-linker-plugin -flto-partition=none  (internal compiler error)
FAIL: c-c++-common/torture/vector-compare-1.c  -O2 -flto -fno-use-linker-plugin -flto-partition=none  (test for excess errors)
UNRESOLVED: c-c++-common/torture/vector-compare-1.c  -O2 -flto -fno-use-linker-plugin -flto-partition=none  compilation failed to produce executable
FAIL: c-c++-common/torture/vector-compare-1.c  -O2 -flto -fuse-linker-plugin -fno-fat-lto-objects  (internal compiler error)
FAIL: c-c++-common/torture/vector-compare-1.c  -O2 -flto -fuse-linker-plugin -fno-fat-lto-objects  (test for excess errors)
UNRESOLVED: c-c++-common/torture/vector-compare-1.c  -O2 -flto -fuse-linker-plugin -fno-fat-lto-objects  compilation failed to produce executable
FAIL: g++.dg/vect/pr33426-ivdep-2.cc -std=c++98  (test for warnings, line )
FAIL: g++.dg/vect/pr33426-ivdep-2.cc -std=c++11  (test for warnings, line )
FAIL: g++.dg/vect/pr33426-ivdep-2.cc -std=c++1y  (test for warnings, line )
FAIL: g++.dg/vect/pr33426-ivdep.cc -std=c++98  (test for warnings, line )
FAIL: g++.dg/vect/pr33426-ivdep.cc -std=c++11  (test for warnings, line )
FAIL: g++.dg/vect/pr33426-ivdep.cc -std=c++1y  (test for warnings, line )
FAIL: g++.dg/vect/pr58513.cc -std=c++98  scan-tree-dump vect "vectorized 1 loops"
FAIL: g++.dg/vect/pr58513.cc -std=c++11  scan-tree-dump vect "vectorized 1 loops"
FAIL: g++.dg/vect/pr58513.cc -std=c++1y  scan-tree-dump vect "vectorized 1 loops"

		=== g++ Summary ===

# of expected passes		79314
# of unexpected failures	42
# of expected failures		441
# of unresolved testcases	13
# of unsupported tests		3187
/home/aaro/gcctest/build/gcc/testsuite/g++/../../xg++  version 4.9.1 (GCC) 

		=== gcc tests ===


Running target unix
FAIL: gcc.c-torture/execute/builtin-bitops-1.c execution,  -O3 -fomit-frame-pointer -funroll-loops 
FAIL: gcc.c-torture/execute/builtin-bitops-1.c execution,  -O3 -fomit-frame-pointer -funroll-all-loops -finline-functions 
FAIL: gcc.c-torture/execute/scal-to-vec1.c compilation,  -O1  (internal compiler error)
UNRESOLVED: gcc.c-torture/execute/scal-to-vec1.c execution,  -O1 
FAIL: gcc.c-torture/execute/scal-to-vec1.c compilation,  -O2  (internal compiler error)
UNRESOLVED: gcc.c-torture/execute/scal-to-vec1.c execution,  -O2 
FAIL: gcc.c-torture/execute/scal-to-vec1.c compilation,  -O3 -fomit-frame-pointer  (internal compiler error)
UNRESOLVED: gcc.c-torture/execute/scal-to-vec1.c execution,  -O3 -fomit-frame-pointer 
FAIL: gcc.c-torture/execute/scal-to-vec1.c compilation,  -O3 -fomit-frame-pointer -funroll-loops  (internal compiler error)
UNRESOLVED: gcc.c-torture/execute/scal-to-vec1.c execution,  -O3 -fomit-frame-pointer -funroll-loops 
FAIL: gcc.c-torture/execute/scal-to-vec1.c compilation,  -O3 -fomit-frame-pointer -funroll-all-loops -finline-functions  (internal compiler error)
UNRESOLVED: gcc.c-torture/execute/scal-to-vec1.c execution,  -O3 -fomit-frame-pointer -funroll-all-loops -finline-functions 
FAIL: gcc.c-torture/execute/scal-to-vec1.c compilation,  -O3 -g  (internal compiler error)
UNRESOLVED: gcc.c-torture/execute/scal-to-vec1.c execution,  -O3 -g 
FAIL: gcc.c-torture/execute/scal-to-vec1.c compilation,  -Os  (internal compiler error)
UNRESOLVED: gcc.c-torture/execute/scal-to-vec1.c execution,  -Os 
FAIL: gcc.c-torture/execute/scal-to-vec1.c compilation,  -O2 -flto -fno-use-linker-plugin -flto-partition=none  (internal compiler error)
UNRESOLVED: gcc.c-torture/execute/scal-to-vec1.c execution,  -O2 -flto -fno-use-linker-plugin -flto-partition=none 
FAIL: gcc.c-torture/execute/scal-to-vec1.c compilation,  -O2 -flto -fuse-linker-plugin -fno-fat-lto-objects  (internal compiler error)
UNRESOLVED: gcc.c-torture/execute/scal-to-vec1.c execution,  -O2 -flto -fuse-linker-plugin -fno-fat-lto-objects 
FAIL: gcc.c-torture/execute/scal-to-vec2.c compilation,  -O1  (internal compiler error)
UNRESOLVED: gcc.c-torture/execute/scal-to-vec2.c execution,  -O1 
FAIL: gcc.c-torture/execute/scal-to-vec2.c compilation,  -O2  (internal compiler error)
UNRESOLVED: gcc.c-torture/execute/scal-to-vec2.c execution,  -O2 
FAIL: gcc.c-torture/execute/scal-to-vec2.c compilation,  -O3 -fomit-frame-pointer  (internal compiler error)
UNRESOLVED: gcc.c-torture/execute/scal-to-vec2.c execution,  -O3 -fomit-frame-pointer 
FAIL: gcc.c-torture/execute/scal-to-vec2.c compilation,  -O3 -fomit-frame-pointer -funroll-loops  (internal compiler error)
UNRESOLVED: gcc.c-torture/execute/scal-to-vec2.c execution,  -O3 -fomit-frame-pointer -funroll-loops 
FAIL: gcc.c-torture/execute/scal-to-vec2.c compilation,  -O3 -fomit-frame-pointer -funroll-all-loops -finline-functions  (internal compiler error)
UNRESOLVED: gcc.c-torture/execute/scal-to-vec2.c execution,  -O3 -fomit-frame-pointer -funroll-all-loops -finline-functions 
FAIL: gcc.c-torture/execute/scal-to-vec2.c compilation,  -O3 -g  (internal compiler error)
UNRESOLVED: gcc.c-torture/execute/scal-to-vec2.c execution,  -O3 -g 
FAIL: gcc.c-torture/execute/scal-to-vec2.c compilation,  -Os  (internal compiler error)
UNRESOLVED: gcc.c-torture/execute/scal-to-vec2.c execution,  -Os 
FAIL: gcc.c-torture/execute/scal-to-vec2.c compilation,  -O2 -flto -fno-use-linker-plugin -flto-partition=none  (internal compiler error)
UNRESOLVED: gcc.c-torture/execute/scal-to-vec2.c execution,  -O2 -flto -fno-use-linker-plugin -flto-partition=none 
FAIL: gcc.c-torture/execute/scal-to-vec2.c compilation,  -O2 -flto -fuse-linker-plugin -fno-fat-lto-objects  (internal compiler error)
UNRESOLVED: gcc.c-torture/execute/scal-to-vec2.c execution,  -O2 -flto -fuse-linker-plugin -fno-fat-lto-objects 
FAIL: gcc.dg/54455.c (internal compiler error)
FAIL: gcc.dg/54455.c (test for excess errors)
FAIL: gcc.dg/c11-complex-1.c execution test
FAIL: gcc.dg/fold-compare-7.c (internal compiler error)
FAIL: gcc.dg/fold-compare-7.c (test for excess errors)
XPASS: gcc.dg/guality/example.c  -O0  execution test
XPASS: gcc.dg/guality/guality.c  -O0  execution test
XPASS: gcc.dg/guality/guality.c  -O1  execution test
XPASS: gcc.dg/guality/guality.c  -O2  execution test
XPASS: gcc.dg/guality/guality.c  -O3 -fomit-frame-pointer  execution test
XPASS: gcc.dg/guality/guality.c  -O3 -g  execution test
XPASS: gcc.dg/guality/guality.c  -Os  execution test
XPASS: gcc.dg/guality/guality.c  -O2 -flto -fno-use-linker-plugin -flto-partition=none  execution test
XPASS: gcc.dg/guality/guality.c  -O2 -flto -fuse-linker-plugin -fno-fat-lto-objects  execution test
XPASS: gcc.dg/guality/inline-params.c  -O2  execution test
XPASS: gcc.dg/guality/inline-params.c  -O3 -fomit-frame-pointer  execution test
XPASS: gcc.dg/guality/inline-params.c  -O3 -g  execution test
XPASS: gcc.dg/guality/inline-params.c  -Os  execution test
XPASS: gcc.dg/guality/inline-params.c  -O2 -flto -fno-use-linker-plugin -flto-partition=none  execution test
FAIL: gcc.dg/guality/nrv-1.c  -O2 -flto -fuse-linker-plugin -fno-fat-lto-objects  line 20 a2.i[0] == 42
FAIL: gcc.dg/guality/pr36728-1.c  -O1  line 16 arg1 == 1
FAIL: gcc.dg/guality/pr36728-1.c  -O1  line 18 arg1 == 1
FAIL: gcc.dg/guality/pr36728-1.c  -O1  line 18 arg2 == 2
FAIL: gcc.dg/guality/pr36728-1.c  -O2  line 16 arg2 == 2
FAIL: gcc.dg/guality/pr36728-1.c  -O2  line 16 y == 2
FAIL: gcc.dg/guality/pr36728-1.c  -O2  line 18 arg1 == 1
FAIL: gcc.dg/guality/pr36728-1.c  -O2  line 18 arg2 == 2
FAIL: gcc.dg/guality/pr36728-1.c  -O3 -fomit-frame-pointer  line 16 arg2 == 2
FAIL: gcc.dg/guality/pr36728-1.c  -O3 -fomit-frame-pointer  line 16 y == 2
FAIL: gcc.dg/guality/pr36728-1.c  -O3 -fomit-frame-pointer  line 18 arg1 == 1
FAIL: gcc.dg/guality/pr36728-1.c  -O3 -fomit-frame-pointer  line 18 arg2 == 2
FAIL: gcc.dg/guality/pr36728-1.c  -O3 -g  line 16 arg2 == 2
FAIL: gcc.dg/guality/pr36728-1.c  -O3 -g  line 16 y == 2
FAIL: gcc.dg/guality/pr36728-1.c  -O3 -g  line 18 arg1 == 1
FAIL: gcc.dg/guality/pr36728-1.c  -O3 -g  line 18 arg2 == 2
FAIL: gcc.dg/guality/pr36728-1.c  -Os  line 16 arg1 == 1
FAIL: gcc.dg/guality/pr36728-1.c  -Os  line 16 arg2 == 2
FAIL: gcc.dg/guality/pr36728-1.c  -Os  line 18 arg1 == 1
FAIL: gcc.dg/guality/pr36728-1.c  -Os  line 18 arg2 == 2
FAIL: gcc.dg/guality/pr36728-1.c  -O2 -flto -fno-use-linker-plugin -flto-partition=none  line 16 arg2 == 2
FAIL: gcc.dg/guality/pr36728-1.c  -O2 -flto -fno-use-linker-plugin -flto-partition=none  line 16 y == 2
FAIL: gcc.dg/guality/pr36728-1.c  -O2 -flto -fno-use-linker-plugin -flto-partition=none  line 18 arg1 == 1
FAIL: gcc.dg/guality/pr36728-1.c  -O2 -flto -fno-use-linker-plugin -flto-partition=none  line 18 arg2 == 2
FAIL: gcc.dg/guality/pr36728-1.c  -O2 -flto -fuse-linker-plugin -fno-fat-lto-objects  line 16 arg1 == 1
FAIL: gcc.dg/guality/pr36728-1.c  -O2 -flto -fuse-linker-plugin -fno-fat-lto-objects  line 16 arg2 == 2
FAIL: gcc.dg/guality/pr36728-1.c  -O2 -flto -fuse-linker-plugin -fno-fat-lto-objects  line 18 arg1 == 1
FAIL: gcc.dg/guality/pr36728-1.c  -O2 -flto -fuse-linker-plugin -fno-fat-lto-objects  line 18 arg2 == 2
FAIL: gcc.dg/guality/pr36728-2.c  -O1  line 18 arg1 == 1
FAIL: gcc.dg/guality/pr36728-2.c  -O2  line 16 arg1 == 1
FAIL: gcc.dg/guality/pr36728-2.c  -O2  line 16 y == 2
FAIL: gcc.dg/guality/pr36728-2.c  -O2  line 18 arg1 == 1
FAIL: gcc.dg/guality/pr36728-2.c  -O3 -fomit-frame-pointer  line 16 arg1 == 1
FAIL: gcc.dg/guality/pr36728-2.c  -O3 -fomit-frame-pointer  line 16 y == 2
FAIL: gcc.dg/guality/pr36728-2.c  -O3 -fomit-frame-pointer  line 18 arg1 == 1
FAIL: gcc.dg/guality/pr36728-2.c  -O3 -g  line 16 arg1 == 1
FAIL: gcc.dg/guality/pr36728-2.c  -O3 -g  line 16 y == 2
FAIL: gcc.dg/guality/pr36728-2.c  -O3 -g  line 18 arg1 == 1
FAIL: gcc.dg/guality/pr36728-2.c  -Os  line 16 arg1 == 1
FAIL: gcc.dg/guality/pr36728-2.c  -Os  line 18 arg1 == 1
FAIL: gcc.dg/guality/pr36728-2.c  -Os  line 18 y == 2
FAIL: gcc.dg/guality/pr36728-2.c  -O2 -flto -fno-use-linker-plugin -flto-partition=none  line 16 arg1 == 1
FAIL: gcc.dg/guality/pr36728-2.c  -O2 -flto -fno-use-linker-plugin -flto-partition=none  line 16 y == 2
FAIL: gcc.dg/guality/pr36728-2.c  -O2 -flto -fno-use-linker-plugin -flto-partition=none  line 18 arg1 == 1
FAIL: gcc.dg/guality/pr36728-2.c  -O2 -flto -fuse-linker-plugin -fno-fat-lto-objects  line 16 arg1 == 1
FAIL: gcc.dg/guality/pr36728-2.c  -O2 -flto -fuse-linker-plugin -fno-fat-lto-objects  line 18 arg1 == 1
FAIL: gcc.dg/guality/pr36728-3.c  -O1  line 14 arg1 == 1
FAIL: gcc.dg/guality/pr36728-3.c  -O1  line 16 arg1 == 1
FAIL: gcc.dg/guality/pr36728-3.c  -O2  line 14 arg1 == 1
FAIL: gcc.dg/guality/pr36728-3.c  -O2  line 16 arg1 == 1
FAIL: gcc.dg/guality/pr36728-3.c  -O3 -fomit-frame-pointer  line 14 arg1 == 1
FAIL: gcc.dg/guality/pr36728-3.c  -O3 -fomit-frame-pointer  line 16 arg1 == 1
FAIL: gcc.dg/guality/pr36728-3.c  -O3 -g  line 14 arg1 == 1
FAIL: gcc.dg/guality/pr36728-3.c  -O3 -g  line 16 arg1 == 1
FAIL: gcc.dg/guality/pr36728-3.c  -Os  line 14 arg1 == 1
FAIL: gcc.dg/guality/pr36728-3.c  -Os  line 16 arg1 == 1
FAIL: gcc.dg/guality/pr36728-3.c  -O2 -flto -fno-use-linker-plugin -flto-partition=none  line 14 arg1 == 1
FAIL: gcc.dg/guality/pr36728-3.c  -O2 -flto -fno-use-linker-plugin -flto-partition=none  line 16 arg1 == 1
FAIL: gcc.dg/guality/pr36728-3.c  -O2 -flto -fuse-linker-plugin -fno-fat-lto-objects  line 14 arg1 == 1
FAIL: gcc.dg/guality/pr36728-3.c  -O2 -flto -fuse-linker-plugin -fno-fat-lto-objects  line 16 arg1 == 1
XPASS: gcc.dg/guality/pr41353-1.c  -O0  line 28 j == 28 + 37
XPASS: gcc.dg/guality/pr41447-1.c  -O0  execution test
XPASS: gcc.dg/guality/pr41447-1.c  -O1  execution test
XPASS: gcc.dg/guality/pr41447-1.c  -O2  execution test
XPASS: gcc.dg/guality/pr41447-1.c  -O3 -fomit-frame-pointer  execution test
XPASS: gcc.dg/guality/pr41447-1.c  -O3 -g  execution test
XPASS: gcc.dg/guality/pr41447-1.c  -Os  execution test
XPASS: gcc.dg/guality/pr41447-1.c  -O2 -flto -fno-use-linker-plugin -flto-partition=none  execution test
XPASS: gcc.dg/guality/pr41447-1.c  -O2 -flto -fuse-linker-plugin -fno-fat-lto-objects  execution test
XPASS: gcc.dg/guality/pr41616-1.c  -O0  execution test
XPASS: gcc.dg/guality/pr41616-1.c  -O1  execution test
XPASS: gcc.dg/guality/pr41616-1.c  -O2  execution test
XPASS: gcc.dg/guality/pr41616-1.c  -O3 -fomit-frame-pointer  execution test
XPASS: gcc.dg/guality/pr41616-1.c  -O3 -g  execution test
XPASS: gcc.dg/guality/pr41616-1.c  -Os  execution test
XPASS: gcc.dg/guality/pr41616-1.c  -O2 -flto -fno-use-linker-plugin -flto-partition=none  execution test
FAIL: gcc.dg/guality/pr48437.c  -O2 -flto -fno-use-linker-plugin -flto-partition=none  line 14 i == 0
FAIL: gcc.dg/guality/pr48437.c  -O2 -flto -fuse-linker-plugin -fno-fat-lto-objects  line 14 i == 0
FAIL: gcc.dg/guality/pr54200.c  -Os  line 20 z == 3
FAIL: gcc.dg/guality/pr54519-1.c  -O2 -flto -fno-use-linker-plugin -flto-partition=none  line 20 y == 25
FAIL: gcc.dg/guality/pr54519-1.c  -O2 -flto -fno-use-linker-plugin -flto-partition=none  line 20 z == 6
FAIL: gcc.dg/guality/pr54519-1.c  -O2 -flto -fno-use-linker-plugin -flto-partition=none  line 23 y == 117
FAIL: gcc.dg/guality/pr54519-1.c  -O2 -flto -fno-use-linker-plugin -flto-partition=none  line 23 z == 8
FAIL: gcc.dg/guality/pr54519-2.c  -O2 -flto -fno-use-linker-plugin -flto-partition=none  line 17 y == 25
FAIL: gcc.dg/guality/pr54519-2.c  -O2 -flto -fuse-linker-plugin -fno-fat-lto-objects  line 17 y == 25
FAIL: gcc.dg/guality/pr54519-3.c  -O2 -flto -fno-use-linker-plugin -flto-partition=none  line 20 y == 25
FAIL: gcc.dg/guality/pr54519-3.c  -O2 -flto -fno-use-linker-plugin -flto-partition=none  line 20 z == 6
FAIL: gcc.dg/guality/pr54519-3.c  -O2 -flto -fno-use-linker-plugin -flto-partition=none  line 23 y == 117
FAIL: gcc.dg/guality/pr54519-3.c  -O2 -flto -fno-use-linker-plugin -flto-partition=none  line 23 z == 8
FAIL: gcc.dg/guality/pr54519-3.c  -O2 -flto -fuse-linker-plugin -fno-fat-lto-objects  line 20 y == 25
FAIL: gcc.dg/guality/pr54519-3.c  -O2 -flto -fuse-linker-plugin -fno-fat-lto-objects  line 20 z == 6
FAIL: gcc.dg/guality/pr54519-3.c  -O2 -flto -fuse-linker-plugin -fno-fat-lto-objects  line 23 y == 117
FAIL: gcc.dg/guality/pr54519-3.c  -O2 -flto -fuse-linker-plugin -fno-fat-lto-objects  line 23 z == 8
FAIL: gcc.dg/guality/pr54519-4.c  -O2 -flto -fno-use-linker-plugin -flto-partition=none  line 17 y == 25
FAIL: gcc.dg/guality/pr54519-4.c  -O2 -flto -fuse-linker-plugin -fno-fat-lto-objects  line 17 y == 25
FAIL: gcc.dg/guality/pr54519-5.c  -O2 -flto -fno-use-linker-plugin -flto-partition=none  line 17 y == 25
FAIL: gcc.dg/guality/pr54519-5.c  -O2 -flto -fuse-linker-plugin -fno-fat-lto-objects  line 17 y == 25
FAIL: gcc.dg/guality/pr54693-2.c  -O2  line 21 z == 30 - 3 * i
FAIL: gcc.dg/guality/pr54693-2.c  -O3 -fomit-frame-pointer  line 21 z == 30 - 3 * i
FAIL: gcc.dg/guality/pr54693-2.c  -O3 -g  line 21 z == 30 - 3 * i
FAIL: gcc.dg/guality/pr54693-2.c  -O2 -flto -fno-use-linker-plugin -flto-partition=none  line 21 z == 30 - 3 * i
FAIL: gcc.dg/guality/pr54693-2.c  -O2 -flto -fuse-linker-plugin -fno-fat-lto-objects  line 21 z == 30 - 3 * i
FAIL: gcc.dg/guality/sra-1.c  -O1  line 43 a.i == 4
FAIL: gcc.dg/guality/sra-1.c  -O2  line 43 a.i == 4
FAIL: gcc.dg/guality/sra-1.c  -O2  line 43 a.j == 14
FAIL: gcc.dg/guality/sra-1.c  -O3 -fomit-frame-pointer  line 43 a.i == 4
FAIL: gcc.dg/guality/sra-1.c  -O3 -fomit-frame-pointer  line 43 a.j == 14
FAIL: gcc.dg/guality/sra-1.c  -O3 -g  line 43 a.i == 4
FAIL: gcc.dg/guality/sra-1.c  -O3 -g  line 43 a.j == 14
FAIL: gcc.dg/guality/sra-1.c  -Os  line 43 a.i == 4
FAIL: gcc.dg/guality/sra-1.c  -Os  line 43 a.j == 14
FAIL: gcc.dg/guality/sra-1.c  -O2 -flto -fno-use-linker-plugin -flto-partition=none  line 43 a.i == 4
FAIL: gcc.dg/guality/sra-1.c  -O2 -flto -fno-use-linker-plugin -flto-partition=none  line 43 a.j == 14
FAIL: gcc.dg/guality/sra-1.c  -O2 -flto -fuse-linker-plugin -fno-fat-lto-objects  line 43 a.i == 4
FAIL: gcc.dg/guality/sra-1.c  -O2 -flto -fuse-linker-plugin -fno-fat-lto-objects  line 43 a.j == 14
FAIL: gcc.dg/guality/vla-1.c  -O0  line 17 sizeof (a) == 6
FAIL: gcc.dg/guality/vla-1.c  -O0  line 24 sizeof (a) == 17 * sizeof (short)
FAIL: gcc.dg/guality/vla-1.c  -O1  line 17 sizeof (a) == 6
FAIL: gcc.dg/guality/vla-1.c  -O1  line 24 sizeof (a) == 17 * sizeof (short)
FAIL: gcc.dg/guality/vla-1.c  -O2  line 17 sizeof (a) == 6
FAIL: gcc.dg/guality/vla-1.c  -O2  line 24 sizeof (a) == 17 * sizeof (short)
FAIL: gcc.dg/guality/vla-1.c  -O3 -fomit-frame-pointer  line 17 sizeof (a) == 6
FAIL: gcc.dg/guality/vla-1.c  -O3 -fomit-frame-pointer  line 24 sizeof (a) == 17 * sizeof (short)
FAIL: gcc.dg/guality/vla-1.c  -O3 -g  line 17 sizeof (a) == 6
FAIL: gcc.dg/guality/vla-1.c  -O3 -g  line 24 sizeof (a) == 17 * sizeof (short)
FAIL: gcc.dg/guality/vla-1.c  -Os  line 17 sizeof (a) == 6
FAIL: gcc.dg/guality/vla-1.c  -Os  line 24 sizeof (a) == 17 * sizeof (short)
FAIL: gcc.dg/guality/vla-1.c  -O2 -flto -fno-use-linker-plugin -flto-partition=none  line 17 sizeof (a) == 6
FAIL: gcc.dg/guality/vla-1.c  -O2 -flto -fno-use-linker-plugin -flto-partition=none  line 24 sizeof (a) == 17 * sizeof (short)
FAIL: gcc.dg/guality/vla-1.c  -O2 -flto -fuse-linker-plugin -fno-fat-lto-objects  line 17 sizeof (a) == 6
FAIL: gcc.dg/guality/vla-1.c  -O2 -flto -fuse-linker-plugin -fno-fat-lto-objects  line 24 sizeof (a) == 17 * sizeof (short)
FAIL: gcc.dg/guality/vla-2.c  -O0  line 16 sizeof (a) == 5 * sizeof (int)
FAIL: gcc.dg/guality/vla-2.c  -O0  line 25 sizeof (a) == 6 * sizeof (int)
FAIL: gcc.dg/guality/vla-2.c  -O1  line 16 sizeof (a) == 5 * sizeof (int)
FAIL: gcc.dg/guality/vla-2.c  -O1  line 25 sizeof (a) == 6 * sizeof (int)
FAIL: gcc.dg/guality/vla-2.c  -O2  line 16 sizeof (a) == 5 * sizeof (int)
FAIL: gcc.dg/guality/vla-2.c  -O2  line 25 sizeof (a) == 6 * sizeof (int)
FAIL: gcc.dg/guality/vla-2.c  -O3 -fomit-frame-pointer  line 16 sizeof (a) == 5 * sizeof (int)
FAIL: gcc.dg/guality/vla-2.c  -O3 -fomit-frame-pointer  line 25 sizeof (a) == 6 * sizeof (int)
FAIL: gcc.dg/guality/vla-2.c  -O3 -g  line 16 sizeof (a) == 5 * sizeof (int)
FAIL: gcc.dg/guality/vla-2.c  -O3 -g  line 25 sizeof (a) == 6 * sizeof (int)
FAIL: gcc.dg/guality/vla-2.c  -Os  line 16 sizeof (a) == 5 * sizeof (int)
FAIL: gcc.dg/guality/vla-2.c  -Os  line 25 sizeof (a) == 6 * sizeof (int)
FAIL: gcc.dg/guality/vla-2.c  -O2 -flto -fno-use-linker-plugin -flto-partition=none  line 16 sizeof (a) == 5 * sizeof (int)
FAIL: gcc.dg/guality/vla-2.c  -O2 -flto -fno-use-linker-plugin -flto-partition=none  line 25 sizeof (a) == 6 * sizeof (int)
FAIL: gcc.dg/guality/vla-2.c  -O2 -flto -fuse-linker-plugin -fno-fat-lto-objects  line 16 sizeof (a) == 5 * sizeof (int)
FAIL: gcc.dg/guality/vla-2.c  -O2 -flto -fuse-linker-plugin -fno-fat-lto-objects  line 25 sizeof (a) == 6 * sizeof (int)
FAIL: c-c++-common/torture/vector-compare-1.c  -O0  (internal compiler error)
FAIL: c-c++-common/torture/vector-compare-1.c  -O0  (test for excess errors)
UNRESOLVED: c-c++-common/torture/vector-compare-1.c  -O0  compilation failed to produce executable
FAIL: c-c++-common/torture/vector-compare-1.c  -O1  (internal compiler error)
FAIL: c-c++-common/torture/vector-compare-1.c  -O1  (test for excess errors)
UNRESOLVED: c-c++-common/torture/vector-compare-1.c  -O1  compilation failed to produce executable
FAIL: c-c++-common/torture/vector-compare-1.c  -O2  (internal compiler error)
FAIL: c-c++-common/torture/vector-compare-1.c  -O2  (test for excess errors)
UNRESOLVED: c-c++-common/torture/vector-compare-1.c  -O2  compilation failed to produce executable
FAIL: c-c++-common/torture/vector-compare-1.c  -O3 -fomit-frame-pointer  (internal compiler error)
FAIL: c-c++-common/torture/vector-compare-1.c  -O3 -fomit-frame-pointer  (test for excess errors)
UNRESOLVED: c-c++-common/torture/vector-compare-1.c  -O3 -fomit-frame-pointer  compilation failed to produce executable
FAIL: c-c++-common/torture/vector-compare-1.c  -O3 -fomit-frame-pointer -funroll-loops  (internal compiler error)
FAIL: c-c++-common/torture/vector-compare-1.c  -O3 -fomit-frame-pointer -funroll-loops  (test for excess errors)
UNRESOLVED: c-c++-common/torture/vector-compare-1.c  -O3 -fomit-frame-pointer -funroll-loops  compilation failed to produce executable
FAIL: c-c++-common/torture/vector-compare-1.c  -O3 -fomit-frame-pointer -funroll-all-loops -finline-functions  (internal compiler error)
FAIL: c-c++-common/torture/vector-compare-1.c  -O3 -fomit-frame-pointer -funroll-all-loops -finline-functions  (test for excess errors)
UNRESOLVED: c-c++-common/torture/vector-compare-1.c  -O3 -fomit-frame-pointer -funroll-all-loops -finline-functions  compilation failed to produce executable
FAIL: c-c++-common/torture/vector-compare-1.c  -O3 -g  (internal compiler error)
FAIL: c-c++-common/torture/vector-compare-1.c  -O3 -g  (test for excess errors)
UNRESOLVED: c-c++-common/torture/vector-compare-1.c  -O3 -g  compilation failed to produce executable
FAIL: c-c++-common/torture/vector-compare-1.c  -Os  (internal compiler error)
FAIL: c-c++-common/torture/vector-compare-1.c  -Os  (test for excess errors)
UNRESOLVED: c-c++-common/torture/vector-compare-1.c  -Os  compilation failed to produce executable
FAIL: c-c++-common/torture/vector-compare-1.c  -O2 -flto -fno-use-linker-plugin -flto-partition=none  (internal compiler error)
FAIL: c-c++-common/torture/vector-compare-1.c  -O2 -flto -fno-use-linker-plugin -flto-partition=none  (test for excess errors)
UNRESOLVED: c-c++-common/torture/vector-compare-1.c  -O2 -flto -fno-use-linker-plugin -flto-partition=none  compilation failed to produce executable
FAIL: c-c++-common/torture/vector-compare-1.c  -O2 -flto -fuse-linker-plugin -fno-fat-lto-objects  (internal compiler error)
FAIL: c-c++-common/torture/vector-compare-1.c  -O2 -flto -fuse-linker-plugin -fno-fat-lto-objects  (test for excess errors)
UNRESOLVED: c-c++-common/torture/vector-compare-1.c  -O2 -flto -fuse-linker-plugin -fno-fat-lto-objects  compilation failed to produce executable
FAIL: gcc.dg/torture/builtin-math-7.c  -O0  execution test
FAIL: gcc.dg/torture/builtin-math-7.c  -O1  execution test
FAIL: gcc.dg/torture/builtin-math-7.c  -O2  execution test
FAIL: gcc.dg/torture/builtin-math-7.c  -O3 -fomit-frame-pointer  execution test
FAIL: gcc.dg/torture/builtin-math-7.c  -O3 -fomit-frame-pointer -funroll-loops  execution test
FAIL: gcc.dg/torture/builtin-math-7.c  -O3 -fomit-frame-pointer -funroll-all-loops -finline-functions  execution test
FAIL: gcc.dg/torture/builtin-math-7.c  -O3 -g  execution test
FAIL: gcc.dg/torture/builtin-math-7.c  -Os  execution test
FAIL: gcc.dg/torture/builtin-math-7.c  -O2 -flto -fno-use-linker-plugin -flto-partition=none  execution test
FAIL: gcc.dg/torture/builtin-math-7.c  -O2 -flto -fuse-linker-plugin -fno-fat-lto-objects  execution test
FAIL: gcc.dg/torture/c99-contract-1.c  -O1  execution test
FAIL: gcc.dg/torture/c99-contract-1.c  -O2  execution test
FAIL: gcc.dg/torture/c99-contract-1.c  -O3 -fomit-frame-pointer  execution test
FAIL: gcc.dg/torture/c99-contract-1.c  -O3 -g  execution test
FAIL: gcc.dg/torture/c99-contract-1.c  -Os  execution test
FAIL: gcc.dg/torture/c99-contract-1.c  -O2 -flto -fno-use-linker-plugin -flto-partition=none  execution test
FAIL: gcc.dg/torture/c99-contract-1.c  -O2 -flto -fuse-linker-plugin -fno-fat-lto-objects  execution test
FAIL: gcc.dg/tree-ssa/ifc-pr44710.c (internal compiler error)
FAIL: gcc.dg/tree-ssa/ifc-pr44710.c (test for excess errors)
FAIL: gcc.dg/vect/vec-scal-opt.c (internal compiler error)
FAIL: gcc.dg/vect/vec-scal-opt.c (test for excess errors)
FAIL: gcc.dg/vect/vec-scal-opt.c scan-tree-dump-times veclower21 ">> k.[0-9_]*" 1
FAIL: gcc.dg/vect/vec-scal-opt1.c (internal compiler error)
FAIL: gcc.dg/vect/vec-scal-opt1.c (test for excess errors)
FAIL: gcc.dg/vect/vec-scal-opt1.c scan-tree-dump-times veclower21 ">> 2" 1
FAIL: gcc.dg/vect/vec-scal-opt2.c (internal compiler error)
FAIL: gcc.dg/vect/vec-scal-opt2.c (test for excess errors)
FAIL: gcc.dg/vect/vec-scal-opt2.c scan-tree-dump-times veclower21 ">> 2" 1
FAIL: gcc.dg/vect/pr18400.c scan-tree-dump-times vect "vectorized 1 loops" 1
FAIL: gcc.dg/vect/pr21591.c scan-tree-dump-times vect "vectorized 2 loops" 1
FAIL: gcc.dg/vect/pr30795.c scan-tree-dump-times vect "vectorized 1 loops" 1
FAIL: gcc.dg/vect/pr32824.c scan-tree-dump-times vect "vectorized 1 loops" 1
FAIL: gcc.dg/vect/pr37027.c scan-tree-dump-times vect "vectorized 1 loops" 1
FAIL: gcc.dg/vect/pr37027.c scan-tree-dump-times vect "vectorizing stmts using SLP" 1
FAIL: gcc.dg/vect/pr57705.c scan-tree-dump-times vect "vectorized 1 loop" 2
FAIL: gcc.dg/vect/pr60092-2.c scan-tree-dump vect "LOOP VECTORIZED"
FAIL: gcc.dg/vect/pr60841.c (internal compiler error)
FAIL: gcc.dg/vect/pr60841.c (test for excess errors)
FAIL: gcc.dg/vect/vect-103.c scan-tree-dump-times vect "vectorized 1 loops" 1
FAIL: gcc.dg/vect/vect-103.c scan-tree-dump-times vect "dependence distance modulo vf == 0" 1
FAIL: gcc.dg/vect/vect-104.c scan-tree-dump-times vect "possible dependence between data-refs" 1
FAIL: gcc.dg/vect/vect-105-big-array.c scan-tree-dump-times vect "vectorized 1 loops" 1
FAIL: gcc.dg/vect/vect-105-big-array.c scan-tree-dump-times vect "Alignment of access forced using versioning" 2
FAIL: gcc.dg/vect/vect-105.c scan-tree-dump-times vect "vectorized 1 loops" 1
FAIL: gcc.dg/vect/vect-105.c scan-tree-dump-times vect "Alignment of access forced using versioning" 2
FAIL: gcc.dg/vect/vect-106.c scan-tree-dump-times vect "vectorized 2 loops" 1
FAIL: gcc.dg/vect/vect-109.c scan-tree-dump-times vect "not vectorized: unsupported unaligned store" 2
FAIL: gcc.dg/vect/vect-115.c scan-tree-dump-times vect "vectorized 2 loops" 1
FAIL: gcc.dg/vect/vect-117.c scan-tree-dump-times vect "vectorized 1 loops" 1
FAIL: gcc.dg/vect/vect-118.c scan-tree-dump-times vect "vectorized 1 loops" 1
FAIL: gcc.dg/vect/vect-119.c scan-tree-dump-times vect "Detected interleaving of size 2" 1
FAIL: gcc.dg/vect/vect-12.c scan-tree-dump-times vect "vectorized 1 loops" 1
FAIL: gcc.dg/vect/vect-123.c scan-tree-dump vect "vectorized 1 loops"
FAIL: gcc.dg/vect/vect-14.c scan-tree-dump-times vect "vectorized 1 loops" 1
FAIL: gcc.dg/vect/vect-17.c scan-tree-dump-times vect "vectorized 3 loops" 1
FAIL: gcc.dg/vect/vect-18.c scan-tree-dump-times vect "vectorized 3 loops" 1
FAIL: gcc.dg/vect/vect-19.c scan-tree-dump-times vect "vectorized 3 loops" 1
FAIL: gcc.dg/vect/vect-20.c scan-tree-dump-times vect "vectorized 3 loops" 1
FAIL: gcc.dg/vect/vect-25.c scan-tree-dump-times vect "vectorized 2 loops" 1
FAIL: gcc.dg/vect/vect-26.c scan-tree-dump-times vect "vectorized 1 loops" 1
FAIL: gcc.dg/vect/vect-26.c scan-tree-dump-times vect "Alignment of access forced using peeling" 1
FAIL: gcc.dg/vect/vect-27.c scan-tree-dump-times vect "vectorized 1 loops" 1
FAIL: gcc.dg/vect/vect-28.c scan-tree-dump-times vect "vectorized 1 loops" 1
FAIL: gcc.dg/vect/vect-28.c scan-tree-dump-times vect "Alignment of access forced using peeling" 1
FAIL: gcc.dg/vect/vect-29.c scan-tree-dump-times vect "vectorized 2 loops" 1
FAIL: gcc.dg/vect/vect-29.c scan-tree-dump-times vect "Alignment of access forced using versioning." 1
FAIL: gcc.dg/vect/vect-31-big-array.c scan-tree-dump-times vect "vectorized 4 loops" 1
FAIL: gcc.dg/vect/vect-31.c scan-tree-dump-times vect "vectorized 4 loops" 1
FAIL: gcc.dg/vect/vect-35-big-array.c scan-tree-dump-times vect "vectorized 2 loops" 1
FAIL: gcc.dg/vect/vect-35.c scan-tree-dump-times vect "vectorized 2 loops" 1
FAIL: gcc.dg/vect/vect-62.c scan-tree-dump-times vect "vectorized 1 loops" 1
FAIL: gcc.dg/vect/vect-64.c scan-tree-dump-times vect "vectorized 3 loops" 1
FAIL: gcc.dg/vect/vect-65.c scan-tree-dump-times vect "vectorized 2 loops" 1
FAIL: gcc.dg/vect/vect-66.c scan-tree-dump-times vect "vectorized 1 loops" 3
FAIL: gcc.dg/vect/vect-67.c scan-tree-dump-times vect "vectorized 1 loops" 1
FAIL: gcc.dg/vect/vect-68.c scan-tree-dump-times vect "vectorized 4 loops" 1
FAIL: gcc.dg/vect/vect-7.c scan-tree-dump-times vect "vectorized 2 loops" 1
FAIL: gcc.dg/vect/vect-70.c scan-tree-dump-times vect "vectorized 1 loops" 1
FAIL: gcc.dg/vect/vect-70.c scan-tree-dump-times vect "Alignment of access forced using peeling" 1
FAIL: gcc.dg/vect/vect-73-big-array.c scan-tree-dump-times vect "vectorized 1 loops" 1
FAIL: gcc.dg/vect/vect-73.c scan-tree-dump-times vect "vectorized 1 loops" 1
FAIL: gcc.dg/vect/vect-75-big-array.c scan-tree-dump-times vect "vectorized 1 loops" 1
FAIL: gcc.dg/vect/vect-75-big-array.c scan-tree-dump-times vect "Alignment of access forced using versioning" 1
FAIL: gcc.dg/vect/vect-75.c scan-tree-dump-times vect "vectorized 1 loops" 1
FAIL: gcc.dg/vect/vect-75.c scan-tree-dump-times vect "Alignment of access forced using versioning" 1
FAIL: gcc.dg/vect/vect-76-big-array.c scan-tree-dump-times vect "vectorized 3 loops" 1
FAIL: gcc.dg/vect/vect-76.c scan-tree-dump-times vect "vectorized 3 loops" 1
FAIL: gcc.dg/vect/vect-77-alignchecks.c scan-tree-dump-times vect "vectorized 1 loops" 1
FAIL: gcc.dg/vect/vect-77-alignchecks.c scan-tree-dump-times vect "Alignment of access forced using versioning." 1
FAIL: gcc.dg/vect/vect-77-global.c scan-tree-dump-times vect "vectorized 1 loops" 1
FAIL: gcc.dg/vect/vect-77-global.c scan-tree-dump-times vect "Alignment of access forced using versioning." 1
FAIL: gcc.dg/vect/vect-77.c scan-tree-dump-times vect "vectorized 1 loops" 1
FAIL: gcc.dg/vect/vect-78-alignchecks.c scan-tree-dump-times vect "vectorized 1 loops" 1
FAIL: gcc.dg/vect/vect-78-alignchecks.c scan-tree-dump-times vect "Alignment of access forced using versioning." 1
FAIL: gcc.dg/vect/vect-78-global.c scan-tree-dump-times vect "vectorized 1 loops" 1
FAIL: gcc.dg/vect/vect-78-global.c scan-tree-dump-times vect "Alignment of access forced using versioning." 1
FAIL: gcc.dg/vect/vect-78.c scan-tree-dump-times vect "vectorized 1 loops" 1
FAIL: gcc.dg/vect/vect-85-big-array.c scan-tree-dump-times vect "vectorized 1 loops" 1
FAIL: gcc.dg/vect/vect-85.c scan-tree-dump-times vect "vectorized 1 loops" 1
FAIL: gcc.dg/vect/vect-86.c scan-tree-dump-times vect "vectorized 1 loops" 1
FAIL: gcc.dg/vect/vect-87.c scan-tree-dump-times vect "vectorized 1 loops" 1
FAIL: gcc.dg/vect/vect-87.c scan-tree-dump-times vect "Alignment of access forced using peeling" 1
FAIL: gcc.dg/vect/vect-88.c scan-tree-dump-times vect "vectorized 1 loops" 1
FAIL: gcc.dg/vect/vect-88.c scan-tree-dump-times vect "Alignment of access forced using peeling" 1
FAIL: gcc.dg/vect/vect-89-big-array.c scan-tree-dump-times vect "vectorized 1 loops" 1
FAIL: gcc.dg/vect/vect-89-big-array.c scan-tree-dump-times vect "Alignment of access forced using peeling" 1
FAIL: gcc.dg/vect/vect-89.c scan-tree-dump-times vect "vectorized 1 loops" 1
FAIL: gcc.dg/vect/vect-89.c scan-tree-dump-times vect "Alignment of access forced using peeling" 1
FAIL: gcc.dg/vect/vect-91.c scan-tree-dump-times vect "vectorized 1 loops" 3
FAIL: gcc.dg/vect/vect-91.c scan-tree-dump-times vect "Alignment of access forced using peeling" 3
FAIL: gcc.dg/vect/vect-96.c scan-tree-dump-times vect "vectorized 1 loops" 1
FAIL: gcc.dg/vect/vect-96.c scan-tree-dump-times vect "Alignment of access forced using versioning." 1
FAIL: gcc.dg/vect/vect-99.c scan-tree-dump-times vect "vectorized 1 loops" 1
FAIL: gcc.dg/vect/vect-alias-check.c scan-tree-dump-times vect "vectorized 1 loops" 1
FAIL: gcc.dg/vect/vect-align-1.c scan-tree-dump-times vect "Alignment of access forced using versioning" 1
FAIL: gcc.dg/vect/vect-align-1.c scan-tree-dump-times vect "vectorized 1 loops" 1
FAIL: gcc.dg/vect/vect-align-2.c scan-tree-dump-times vect "Alignment of access forced using versioning" 1
FAIL: gcc.dg/vect/vect-align-2.c scan-tree-dump-times vect "vectorized 1 loops" 1
FAIL: gcc.dg/vect/vect-complex-4.c scan-tree-dump-times vect "vectorized 1 loops" 1
FAIL: gcc.dg/vect/vect-complex-4.c scan-tree-dump-times vect "vectorizing stmts using SLP" 1
FAIL: gcc.dg/vect/vect-double-reduc-7.c scan-tree-dump-times vect "OUTER LOOP VECTORIZED" 3
FAIL: gcc.dg/vect/vect-iv-1.c scan-tree-dump-times vect "vectorized 1 loops" 1
FAIL: gcc.dg/vect/vect-iv-10.c scan-tree-dump-times vect "vectorized 1 loops" 1
FAIL: gcc.dg/vect/vect-iv-11.c scan-tree-dump-times vect "vectorized 1 loops" 1
FAIL: gcc.dg/vect/vect-iv-2.c scan-tree-dump-times vect "vectorized 1 loops" 1
FAIL: gcc.dg/vect/vect-iv-3.c scan-tree-dump-times vect "vectorized 1 loops" 1
FAIL: gcc.dg/vect/vect-iv-7.c scan-tree-dump-times vect "vectorized 1 loops" 1
FAIL: gcc.dg/vect/vect-iv-9.c scan-tree-dump-times vect "vectorized 1 loops" 1
FAIL: gcc.dg/vect/vect-ivdep-1.c  (test for warnings, line )
FAIL: gcc.dg/vect/vect-ivdep-2.c  (test for warnings, line )
FAIL: gcc.dg/vect/vect-multitypes-11.c scan-tree-dump-times vect "vectorized 1 loops" 1
FAIL: gcc.dg/vect/vect-multitypes-2.c scan-tree-dump-times vect "vectorized 1 loops" 1
FAIL: gcc.dg/vect/vect-multitypes-3.c scan-tree-dump-times vect "vectorized 1 loops" 1
FAIL: gcc.dg/vect/vect-multitypes-3.c scan-tree-dump-times vect "Alignment of access forced using versioning" 3
FAIL: gcc.dg/vect/vect-multitypes-5.c scan-tree-dump-times vect "vectorized 1 loops" 1
FAIL: gcc.dg/vect/vect-multitypes-6.c scan-tree-dump-times vect "vectorized 1 loops" 1
FAIL: gcc.dg/vect/vect-multitypes-6.c scan-tree-dump-times vect "Alignment of access forced using versioning" 6
FAIL: gcc.dg/vect/vect-outer-4c-big-array.c scan-tree-dump-times vect "zero step in outer loop." 1
FAIL: gcc.dg/vect/vect-outer-4c.c scan-tree-dump vect "zero step in outer loop."
FAIL: gcc.dg/vect/vect-over-widen-1-big-array.c scan-tree-dump-times vect "vectorized 1 loops" 1
FAIL: gcc.dg/vect/vect-over-widen-1.c scan-tree-dump-times vect "vectorized 1 loops" 1
FAIL: gcc.dg/vect/vect-over-widen-2-big-array.c scan-tree-dump-times vect "vectorized 1 loops" 1
FAIL: gcc.dg/vect/vect-over-widen-2.c scan-tree-dump-times vect "vectorized 1 loops" 1
FAIL: gcc.dg/vect/vect-over-widen-3-big-array.c scan-tree-dump-times vect "vectorized 1 loops" 1
FAIL: gcc.dg/vect/vect-over-widen-3.c scan-tree-dump-times vect "vectorized 1 loops" 1
FAIL: gcc.dg/vect/vect-over-widen-4-big-array.c scan-tree-dump-times vect "vectorized 1 loops" 1
FAIL: gcc.dg/vect/vect-over-widen-4.c scan-tree-dump-times vect "vectorized 1 loops" 1
FAIL: gcc.dg/vect/vect-peel-1.c scan-tree-dump-times vect "vectorized 1 loops" 1
FAIL: gcc.dg/vect/vect-peel-1.c scan-tree-dump-times vect "Alignment of access forced using peeling" 1
FAIL: gcc.dg/vect/vect-peel-2.c scan-tree-dump-times vect "vectorized 1 loops" 1
FAIL: gcc.dg/vect/vect-reduc-3.c scan-tree-dump-times vect "vectorized 1 loops" 1
FAIL: gcc.dg/vect/vect-shift-1.c scan-tree-dump-times vect "vectorized 1 loops" 1
FAIL: gcc.dg/vect/vect-shift-3.c scan-tree-dump-times vect "vectorized 1 loops" 1
FAIL: gcc.dg/vect/vect-vfa-01.c scan-tree-dump-times vect "vectorized 1 loops" 1
FAIL: gcc.dg/vect/vect-vfa-02.c scan-tree-dump-times vect "vectorized 1 loops" 1
FAIL: gcc.dg/vect/vect-vfa-04.c scan-tree-dump-times vect "vectorized 1 loops" 1
FAIL: gcc.dg/vect/vect-vfa-slp.c scan-tree-dump-times vect "vectorized 1 loops" 1
FAIL: gcc.dg/vect/vect-widen-shift-s16.c scan-tree-dump-times vect "vectorized 2 loops" 1
FAIL: gcc.dg/vect/vect-widen-shift-s8.c scan-tree-dump-times vect "vectorized 1 loops" 1
FAIL: gcc.dg/vect/vect-widen-shift-u16.c scan-tree-dump-times vect "vectorized 1 loops" 1
FAIL: gcc.dg/vect/vect-widen-shift-u8.c scan-tree-dump-times vect "vectorized 1 loops" 1
FAIL: gcc.dg/vect/slp-13-big-array.c scan-tree-dump-times vect "vectorizing stmts using SLP" 1
FAIL: gcc.dg/vect/slp-13.c scan-tree-dump-times vect "vectorizing stmts using SLP" 1
FAIL: gcc.dg/vect/slp-17.c scan-tree-dump-times vect "vectorized 1 loops" 1
FAIL: gcc.dg/vect/slp-17.c scan-tree-dump-times vect "vectorizing stmts using SLP" 2
FAIL: gcc.dg/vect/slp-19c.c scan-tree-dump-times vect "vectorized 1 loops" 1
FAIL: gcc.dg/vect/slp-19c.c scan-tree-dump-times vect "vectorizing stmts using SLP" 1
FAIL: gcc.dg/vect/slp-21.c scan-tree-dump-times vect "vectorized 1 loops" 1
FAIL: gcc.dg/vect/slp-23.c scan-tree-dump-times vect "vectorizing stmts using SLP" 1
XPASS: gcc.dg/vect/slp-24-big-array.c scan-tree-dump-times vect "vectorized 1 loops" 1
XPASS: gcc.dg/vect/slp-24-big-array.c scan-tree-dump-times vect "vectorizing stmts using SLP" 2
XPASS: gcc.dg/vect/slp-24.c scan-tree-dump-times vect "vectorized 1 loops" 1
XPASS: gcc.dg/vect/slp-24.c scan-tree-dump-times vect "vectorizing stmts using SLP" 2
FAIL: gcc.dg/vect/slp-25.c scan-tree-dump-times vect "vectorized 2 loops" 1
FAIL: gcc.dg/vect/slp-28.c scan-tree-dump-times vect "vectorized 1 loops" 1
FAIL: gcc.dg/vect/slp-28.c scan-tree-dump-times vect "vectorizing stmts using SLP" 1
FAIL: gcc.dg/vect/slp-3.c scan-tree-dump-times vect "vectorized 3 loops" 1
FAIL: gcc.dg/vect/slp-3.c scan-tree-dump-times vect "vectorizing stmts using SLP" 3
FAIL: gcc.dg/vect/slp-34-big-array.c scan-tree-dump-times vect "vectorized 1 loops" 1
FAIL: gcc.dg/vect/slp-34-big-array.c scan-tree-dump-times vect "vectorizing stmts using SLP" 2
FAIL: gcc.dg/vect/slp-34.c scan-tree-dump-times vect "vectorized 1 loops" 1
FAIL: gcc.dg/vect/slp-34.c scan-tree-dump-times vect "vectorizing stmts using SLP" 2
FAIL: gcc.dg/vect/slp-35.c scan-tree-dump-times vect "vectorized 1 loops" 1
FAIL: gcc.dg/vect/slp-35.c scan-tree-dump-times vect "vectorizing stmts using SLP" 1
FAIL: gcc.dg/vect/slp-4-big-array.c scan-tree-dump-times vect "vectorized 3 loops" 1
FAIL: gcc.dg/vect/slp-4-big-array.c scan-tree-dump-times vect "vectorizing stmts using SLP" 3
FAIL: gcc.dg/vect/slp-4.c scan-tree-dump-times vect "vectorized 3 loops" 1
FAIL: gcc.dg/vect/slp-4.c scan-tree-dump-times vect "vectorizing stmts using SLP" 3
FAIL: gcc.dg/vect/slp-5.c scan-tree-dump-times vect "vectorized 3 loops" 1
FAIL: gcc.dg/vect/slp-5.c scan-tree-dump-times vect "vectorizing stmts using SLP" 3
FAIL: gcc.dg/vect/slp-6.c scan-tree-dump-times vect "vectorized 2 loops" 1
FAIL: gcc.dg/vect/slp-6.c scan-tree-dump-times vect "vectorizing stmts using SLP" 2
FAIL: gcc.dg/vect/slp-7.c scan-tree-dump-times vect "vectorized 3 loops" 1
FAIL: gcc.dg/vect/slp-7.c scan-tree-dump-times vect "vectorizing stmts using SLP" 3
FAIL: gcc.dg/vect/slp-multitypes-1.c scan-tree-dump-times vect "vectorized 1 loops" 1
FAIL: gcc.dg/vect/slp-multitypes-1.c scan-tree-dump-times vect "vectorizing stmts using SLP" 2
FAIL: gcc.dg/vect/slp-multitypes-12.c scan-tree-dump-times vect "vectorized 1 loops" 1
FAIL: gcc.dg/vect/slp-multitypes-12.c scan-tree-dump-times vect "vectorizing stmts using SLP" 3
FAIL: gcc.dg/vect/slp-multitypes-3.c scan-tree-dump-times vect "vectorized 1 loops" 1
FAIL: gcc.dg/vect/slp-multitypes-3.c scan-tree-dump-times vect "vectorizing stmts using SLP" 2
FAIL: gcc.dg/vect/slp-perm-9.c scan-tree-dump-times vect "vectorized 1 loops" 1
FAIL: gcc.dg/vect/slp-reduc-1.c scan-tree-dump-times vect "vectorized 1 loops" 1
FAIL: gcc.dg/vect/slp-reduc-1.c scan-tree-dump-times vect "vectorizing stmts using SLP" 1
FAIL: gcc.dg/vect/slp-reduc-2.c scan-tree-dump-times vect "vectorized 1 loops" 1
FAIL: gcc.dg/vect/slp-reduc-2.c scan-tree-dump-times vect "vectorizing stmts using SLP" 1
FAIL: gcc.dg/vect/slp-reduc-6.c scan-tree-dump-times vect "different interleaving chains in one node" 1
FAIL: gcc.dg/vect/bb-slp-1.c scan-tree-dump-times slp "basic block vectorized" 1
FAIL: gcc.dg/vect/bb-slp-10.c scan-tree-dump-times slp "unsupported alignment in basic block." 1
FAIL: gcc.dg/vect/bb-slp-16.c scan-tree-dump-times slp "basic block vectorized" 1
FAIL: gcc.dg/vect/bb-slp-2.c scan-tree-dump-times slp "basic block vectorized" 1
FAIL: gcc.dg/vect/bb-slp-21.c scan-tree-dump-times slp "basic block vectorized" 1
FAIL: gcc.dg/vect/bb-slp-21.c scan-tree-dump-times slp "vectorizing stmts using SLP" 1
FAIL: gcc.dg/vect/bb-slp-22.c scan-tree-dump-times slp "basic block vectorized" 1
FAIL: gcc.dg/vect/bb-slp-3.c scan-tree-dump-times slp "basic block vectorized" 1
FAIL: gcc.dg/vect/bb-slp-30.c scan-tree-dump-times slp "basic block vectorized" 1
FAIL: gcc.dg/vect/bb-slp-4.c scan-tree-dump-times slp "basic block vectorized" 0
FAIL: gcc.dg/vect/pr18400.c -flto -ffat-lto-objects  scan-tree-dump-times vect "vectorized 1 loops" 1
FAIL: gcc.dg/vect/pr21591.c -flto -ffat-lto-objects  scan-tree-dump-times vect "vectorized 2 loops" 1
FAIL: gcc.dg/vect/pr30795.c -flto -ffat-lto-objects  scan-tree-dump-times vect "vectorized 1 loops" 1
FAIL: gcc.dg/vect/pr32824.c -flto -ffat-lto-objects  scan-tree-dump-times vect "vectorized 1 loops" 1
FAIL: gcc.dg/vect/pr37027.c -flto -ffat-lto-objects  scan-tree-dump-times vect "vectorized 1 loops" 1
FAIL: gcc.dg/vect/pr37027.c -flto -ffat-lto-objects  scan-tree-dump-times vect "vectorizing stmts using SLP" 1
FAIL: gcc.dg/vect/pr57705.c -flto -ffat-lto-objects  scan-tree-dump-times vect "vectorized 1 loop" 2
FAIL: gcc.dg/vect/pr60092-2.c -flto -ffat-lto-objects  scan-tree-dump vect "LOOP VECTORIZED"
FAIL: gcc.dg/vect/pr60841.c -flto -ffat-lto-objects (internal compiler error)
FAIL: gcc.dg/vect/pr60841.c -flto -ffat-lto-objects (test for excess errors)
FAIL: gcc.dg/vect/vect-103.c -flto -ffat-lto-objects  scan-tree-dump-times vect "vectorized 1 loops" 1
FAIL: gcc.dg/vect/vect-103.c -flto -ffat-lto-objects  scan-tree-dump-times vect "dependence distance modulo vf == 0" 1
FAIL: gcc.dg/vect/vect-104.c -flto -ffat-lto-objects  scan-tree-dump-times vect "possible dependence between data-refs" 1
FAIL: gcc.dg/vect/vect-105-big-array.c -flto -ffat-lto-objects  scan-tree-dump-times vect "vectorized 1 loops" 1
FAIL: gcc.dg/vect/vect-105-big-array.c -flto -ffat-lto-objects  scan-tree-dump-times vect "Alignment of access forced using versioning" 2
FAIL: gcc.dg/vect/vect-105.c -flto -ffat-lto-objects  scan-tree-dump-times vect "vectorized 1 loops" 1
FAIL: gcc.dg/vect/vect-105.c -flto -ffat-lto-objects  scan-tree-dump-times vect "Alignment of access forced using versioning" 2
FAIL: gcc.dg/vect/vect-106.c -flto -ffat-lto-objects  scan-tree-dump-times vect "vectorized 2 loops" 1
FAIL: gcc.dg/vect/vect-109.c -flto -ffat-lto-objects  scan-tree-dump-times vect "not vectorized: unsupported unaligned store" 2
FAIL: gcc.dg/vect/vect-115.c -flto -ffat-lto-objects  scan-tree-dump-times vect "vectorized 2 loops" 1
FAIL: gcc.dg/vect/vect-117.c -flto -ffat-lto-objects  scan-tree-dump-times vect "vectorized 1 loops" 1
FAIL: gcc.dg/vect/vect-118.c -flto -ffat-lto-objects  scan-tree-dump-times vect "vectorized 1 loops" 1
FAIL: gcc.dg/vect/vect-119.c -flto -ffat-lto-objects  scan-tree-dump-times vect "Detected interleaving of size 2" 1
FAIL: gcc.dg/vect/vect-12.c -flto -ffat-lto-objects  scan-tree-dump-times vect "vectorized 1 loops" 1
FAIL: gcc.dg/vect/vect-123.c -flto -ffat-lto-objects  scan-tree-dump vect "vectorized 1 loops"
FAIL: gcc.dg/vect/vect-14.c -flto -ffat-lto-objects  scan-tree-dump-times vect "vectorized 1 loops" 1
FAIL: gcc.dg/vect/vect-17.c -flto -ffat-lto-objects  scan-tree-dump-times vect "vectorized 3 loops" 1
FAIL: gcc.dg/vect/vect-18.c -flto -ffat-lto-objects  scan-tree-dump-times vect "vectorized 3 loops" 1
FAIL: gcc.dg/vect/vect-19.c -flto -ffat-lto-objects  scan-tree-dump-times vect "vectorized 3 loops" 1
FAIL: gcc.dg/vect/vect-20.c -flto -ffat-lto-objects  scan-tree-dump-times vect "vectorized 3 loops" 1
FAIL: gcc.dg/vect/vect-25.c -flto -ffat-lto-objects  scan-tree-dump-times vect "vectorized 2 loops" 1
FAIL: gcc.dg/vect/vect-26.c -flto -ffat-lto-objects  scan-tree-dump-times vect "vectorized 1 loops" 1
FAIL: gcc.dg/vect/vect-26.c -flto -ffat-lto-objects  scan-tree-dump-times vect "Alignment of access forced using peeling" 1
FAIL: gcc.dg/vect/vect-27.c -flto -ffat-lto-objects  scan-tree-dump-times vect "vectorized 1 loops" 1
FAIL: gcc.dg/vect/vect-28.c -flto -ffat-lto-objects  scan-tree-dump-times vect "vectorized 1 loops" 1
FAIL: gcc.dg/vect/vect-28.c -flto -ffat-lto-objects  scan-tree-dump-times vect "Alignment of access forced using peeling" 1
FAIL: gcc.dg/vect/vect-29.c -flto -ffat-lto-objects  scan-tree-dump-times vect "vectorized 2 loops" 1
FAIL: gcc.dg/vect/vect-29.c -flto -ffat-lto-objects  scan-tree-dump-times vect "Alignment of access forced using versioning." 1
FAIL: gcc.dg/vect/vect-31-big-array.c -flto -ffat-lto-objects  scan-tree-dump-times vect "vectorized 4 loops" 1
FAIL: gcc.dg/vect/vect-31.c -flto -ffat-lto-objects  scan-tree-dump-times vect "vectorized 4 loops" 1
FAIL: gcc.dg/vect/vect-35-big-array.c -flto -ffat-lto-objects  scan-tree-dump-times vect "vectorized 2 loops" 1
FAIL: gcc.dg/vect/vect-35.c -flto -ffat-lto-objects  scan-tree-dump-times vect "vectorized 2 loops" 1
FAIL: gcc.dg/vect/vect-62.c -flto -ffat-lto-objects  scan-tree-dump-times vect "vectorized 1 loops" 1
FAIL: gcc.dg/vect/vect-64.c -flto -ffat-lto-objects  scan-tree-dump-times vect "vectorized 3 loops" 1
FAIL: gcc.dg/vect/vect-65.c -flto -ffat-lto-objects  scan-tree-dump-times vect "vectorized 2 loops" 1
FAIL: gcc.dg/vect/vect-66.c -flto -ffat-lto-objects  scan-tree-dump-times vect "vectorized 1 loops" 3
FAIL: gcc.dg/vect/vect-67.c -flto -ffat-lto-objects  scan-tree-dump-times vect "vectorized 1 loops" 1
FAIL: gcc.dg/vect/vect-68.c -flto -ffat-lto-objects  scan-tree-dump-times vect "vectorized 4 loops" 1
FAIL: gcc.dg/vect/vect-7.c -flto -ffat-lto-objects  scan-tree-dump-times vect "vectorized 2 loops" 1
FAIL: gcc.dg/vect/vect-70.c -flto -ffat-lto-objects  scan-tree-dump-times vect "vectorized 1 loops" 1
FAIL: gcc.dg/vect/vect-70.c -flto -ffat-lto-objects  scan-tree-dump-times vect "Alignment of access forced using peeling" 1
FAIL: gcc.dg/vect/vect-73-big-array.c -flto -ffat-lto-objects  scan-tree-dump-times vect "vectorized 1 loops" 1
FAIL: gcc.dg/vect/vect-73.c -flto -ffat-lto-objects  scan-tree-dump-times vect "vectorized 1 loops" 1
FAIL: gcc.dg/vect/vect-75-big-array.c -flto -ffat-lto-objects  scan-tree-dump-times vect "vectorized 1 loops" 1
FAIL: gcc.dg/vect/vect-75-big-array.c -flto -ffat-lto-objects  scan-tree-dump-times vect "Alignment of access forced using versioning" 1
FAIL: gcc.dg/vect/vect-75.c -flto -ffat-lto-objects  scan-tree-dump-times vect "vectorized 1 loops" 1
FAIL: gcc.dg/vect/vect-75.c -flto -ffat-lto-objects  scan-tree-dump-times vect "Alignment of access forced using versioning" 1
FAIL: gcc.dg/vect/vect-76-big-array.c -flto -ffat-lto-objects  scan-tree-dump-times vect "vectorized 3 loops" 1
FAIL: gcc.dg/vect/vect-76.c -flto -ffat-lto-objects  scan-tree-dump-times vect "vectorized 3 loops" 1
FAIL: gcc.dg/vect/vect-77-alignchecks.c -flto -ffat-lto-objects  scan-tree-dump-times vect "vectorized 1 loops" 1
FAIL: gcc.dg/vect/vect-77-alignchecks.c -flto -ffat-lto-objects  scan-tree-dump-times vect "Alignment of access forced using versioning." 1
FAIL: gcc.dg/vect/vect-77-global.c -flto -ffat-lto-objects  scan-tree-dump-times vect "vectorized 1 loops" 1
FAIL: gcc.dg/vect/vect-77-global.c -flto -ffat-lto-objects  scan-tree-dump-times vect "Alignment of access forced using versioning." 1
FAIL: gcc.dg/vect/vect-77.c -flto -ffat-lto-objects  scan-tree-dump-times vect "vectorized 1 loops" 1
FAIL: gcc.dg/vect/vect-78-alignchecks.c -flto -ffat-lto-objects  scan-tree-dump-times vect "vectorized 1 loops" 1
FAIL: gcc.dg/vect/vect-78-alignchecks.c -flto -ffat-lto-objects  scan-tree-dump-times vect "Alignment of access forced using versioning." 1
FAIL: gcc.dg/vect/vect-78-global.c -flto -ffat-lto-objects  scan-tree-dump-times vect "vectorized 1 loops" 1
FAIL: gcc.dg/vect/vect-78-global.c -flto -ffat-lto-objects  scan-tree-dump-times vect "Alignment of access forced using versioning." 1
FAIL: gcc.dg/vect/vect-78.c -flto -ffat-lto-objects  scan-tree-dump-times vect "vectorized 1 loops" 1
FAIL: gcc.dg/vect/vect-85-big-array.c -flto -ffat-lto-objects  scan-tree-dump-times vect "vectorized 1 loops" 1
FAIL: gcc.dg/vect/vect-85.c -flto -ffat-lto-objects  scan-tree-dump-times vect "vectorized 1 loops" 1
FAIL: gcc.dg/vect/vect-86.c -flto -ffat-lto-objects  scan-tree-dump-times vect "vectorized 1 loops" 1
FAIL: gcc.dg/vect/vect-87.c -flto -ffat-lto-objects  scan-tree-dump-times vect "vectorized 1 loops" 1
FAIL: gcc.dg/vect/vect-87.c -flto -ffat-lto-objects  scan-tree-dump-times vect "Alignment of access forced using peeling" 1
FAIL: gcc.dg/vect/vect-88.c -flto -ffat-lto-objects  scan-tree-dump-times vect "vectorized 1 loops" 1
FAIL: gcc.dg/vect/vect-88.c -flto -ffat-lto-objects  scan-tree-dump-times vect "Alignment of access forced using peeling" 1
FAIL: gcc.dg/vect/vect-89-big-array.c -flto -ffat-lto-objects  scan-tree-dump-times vect "vectorized 1 loops" 1
FAIL: gcc.dg/vect/vect-89-big-array.c -flto -ffat-lto-objects  scan-tree-dump-times vect "Alignment of access forced using peeling" 1
FAIL: gcc.dg/vect/vect-89.c -flto -ffat-lto-objects  scan-tree-dump-times vect "vectorized 1 loops" 1
FAIL: gcc.dg/vect/vect-89.c -flto -ffat-lto-objects  scan-tree-dump-times vect "Alignment of access forced using peeling" 1
FAIL: gcc.dg/vect/vect-91.c -flto -ffat-lto-objects  scan-tree-dump-times vect "vectorized 1 loops" 3
FAIL: gcc.dg/vect/vect-91.c -flto -ffat-lto-objects  scan-tree-dump-times vect "Alignment of access forced using peeling" 3
FAIL: gcc.dg/vect/vect-96.c -flto -ffat-lto-objects  scan-tree-dump-times vect "vectorized 1 loops" 1
FAIL: gcc.dg/vect/vect-96.c -flto -ffat-lto-objects  scan-tree-dump-times vect "Alignment of access forced using versioning." 1
FAIL: gcc.dg/vect/vect-99.c -flto -ffat-lto-objects  scan-tree-dump-times vect "vectorized 1 loops" 1
FAIL: gcc.dg/vect/vect-alias-check.c -flto -ffat-lto-objects  scan-tree-dump-times vect "vectorized 1 loops" 1
FAIL: gcc.dg/vect/vect-align-1.c -flto -ffat-lto-objects  scan-tree-dump-times vect "Alignment of access forced using versioning" 1
FAIL: gcc.dg/vect/vect-align-1.c -flto -ffat-lto-objects  scan-tree-dump-times vect "vectorized 1 loops" 1
FAIL: gcc.dg/vect/vect-align-2.c -flto -ffat-lto-objects  scan-tree-dump-times vect "Alignment of access forced using versioning" 1
FAIL: gcc.dg/vect/vect-align-2.c -flto -ffat-lto-objects  scan-tree-dump-times vect "vectorized 1 loops" 1
FAIL: gcc.dg/vect/vect-complex-4.c -flto -ffat-lto-objects  scan-tree-dump-times vect "vectorized 1 loops" 1
FAIL: gcc.dg/vect/vect-complex-4.c -flto -ffat-lto-objects  scan-tree-dump-times vect "vectorizing stmts using SLP" 1
FAIL: gcc.dg/vect/vect-double-reduc-7.c -flto -ffat-lto-objects  scan-tree-dump-times vect "OUTER LOOP VECTORIZED" 3
FAIL: gcc.dg/vect/vect-iv-1.c -flto -ffat-lto-objects  scan-tree-dump-times vect "vectorized 1 loops" 1
FAIL: gcc.dg/vect/vect-iv-10.c -flto -ffat-lto-objects  scan-tree-dump-times vect "vectorized 1 loops" 1
FAIL: gcc.dg/vect/vect-iv-11.c -flto -ffat-lto-objects  scan-tree-dump-times vect "vectorized 1 loops" 1
FAIL: gcc.dg/vect/vect-iv-2.c -flto -ffat-lto-objects  scan-tree-dump-times vect "vectorized 1 loops" 1
FAIL: gcc.dg/vect/vect-iv-3.c -flto -ffat-lto-objects  scan-tree-dump-times vect "vectorized 1 loops" 1
FAIL: gcc.dg/vect/vect-iv-7.c -flto -ffat-lto-objects  scan-tree-dump-times vect "vectorized 1 loops" 1
FAIL: gcc.dg/vect/vect-iv-9.c -flto -ffat-lto-objects  scan-tree-dump-times vect "vectorized 1 loops" 1
FAIL: gcc.dg/vect/vect-ivdep-1.c -flto -ffat-lto-objects  (test for warnings, line )
FAIL: gcc.dg/vect/vect-ivdep-2.c -flto -ffat-lto-objects  (test for warnings, line )
FAIL: gcc.dg/vect/vect-multitypes-11.c -flto -ffat-lto-objects  scan-tree-dump-times vect "vectorized 1 loops" 1
FAIL: gcc.dg/vect/vect-multitypes-2.c -flto -ffat-lto-objects  scan-tree-dump-times vect "vectorized 1 loops" 1
FAIL: gcc.dg/vect/vect-multitypes-3.c -flto -ffat-lto-objects  scan-tree-dump-times vect "vectorized 1 loops" 1
FAIL: gcc.dg/vect/vect-multitypes-3.c -flto -ffat-lto-objects  scan-tree-dump-times vect "Alignment of access forced using versioning" 3
FAIL: gcc.dg/vect/vect-multitypes-5.c -flto -ffat-lto-objects  scan-tree-dump-times vect "vectorized 1 loops" 1
FAIL: gcc.dg/vect/vect-multitypes-6.c -flto -ffat-lto-objects  scan-tree-dump-times vect "vectorized 1 loops" 1
FAIL: gcc.dg/vect/vect-multitypes-6.c -flto -ffat-lto-objects  scan-tree-dump-times vect "Alignment of access forced using versioning" 6
FAIL: gcc.dg/vect/vect-outer-4c-big-array.c -flto -ffat-lto-objects  scan-tree-dump-times vect "zero step in outer loop." 1
FAIL: gcc.dg/vect/vect-outer-4c.c -flto -ffat-lto-objects  scan-tree-dump vect "zero step in outer loop."
FAIL: gcc.dg/vect/vect-over-widen-1-big-array.c -flto -ffat-lto-objects  scan-tree-dump-times vect "vectorized 1 loops" 1
FAIL: gcc.dg/vect/vect-over-widen-1.c -flto -ffat-lto-objects  scan-tree-dump-times vect "vectorized 1 loops" 1
FAIL: gcc.dg/vect/vect-over-widen-2-big-array.c -flto -ffat-lto-objects  scan-tree-dump-times vect "vectorized 1 loops" 1
FAIL: gcc.dg/vect/vect-over-widen-2.c -flto -ffat-lto-objects  scan-tree-dump-times vect "vectorized 1 loops" 1
FAIL: gcc.dg/vect/vect-over-widen-3-big-array.c -flto -ffat-lto-objects  scan-tree-dump-times vect "vectorized 1 loops" 1
FAIL: gcc.dg/vect/vect-over-widen-3.c -flto -ffat-lto-objects  scan-tree-dump-times vect "vectorized 1 loops" 1
FAIL: gcc.dg/vect/vect-over-widen-4-big-array.c -flto -ffat-lto-objects  scan-tree-dump-times vect "vectorized 1 loops" 1
FAIL: gcc.dg/vect/vect-over-widen-4.c -flto -ffat-lto-objects  scan-tree-dump-times vect "vectorized 1 loops" 1
FAIL: gcc.dg/vect/vect-peel-1.c -flto -ffat-lto-objects  scan-tree-dump-times vect "vectorized 1 loops" 1
FAIL: gcc.dg/vect/vect-peel-1.c -flto -ffat-lto-objects  scan-tree-dump-times vect "Alignment of access forced using peeling" 1
FAIL: gcc.dg/vect/vect-peel-2.c -flto -ffat-lto-objects  scan-tree-dump-times vect "vectorized 1 loops" 1
FAIL: gcc.dg/vect/vect-reduc-3.c -flto -ffat-lto-objects  scan-tree-dump-times vect "vectorized 1 loops" 1
FAIL: gcc.dg/vect/vect-shift-1.c -flto -ffat-lto-objects  scan-tree-dump-times vect "vectorized 1 loops" 1
FAIL: gcc.dg/vect/vect-shift-3.c -flto -ffat-lto-objects  scan-tree-dump-times vect "vectorized 1 loops" 1
FAIL: gcc.dg/vect/vect-vfa-01.c -flto -ffat-lto-objects  scan-tree-dump-times vect "vectorized 1 loops" 1
FAIL: gcc.dg/vect/vect-vfa-02.c -flto -ffat-lto-objects  scan-tree-dump-times vect "vectorized 1 loops" 1
FAIL: gcc.dg/vect/vect-vfa-04.c -flto -ffat-lto-objects  scan-tree-dump-times vect "vectorized 1 loops" 1
FAIL: gcc.dg/vect/vect-vfa-slp.c -flto -ffat-lto-objects  scan-tree-dump-times vect "vectorized 1 loops" 1
FAIL: gcc.dg/vect/vect-widen-shift-s16.c -flto -ffat-lto-objects  scan-tree-dump-times vect "vectorized 2 loops" 1
FAIL: gcc.dg/vect/vect-widen-shift-s8.c -flto -ffat-lto-objects  scan-tree-dump-times vect "vectorized 1 loops" 1
FAIL: gcc.dg/vect/vect-widen-shift-u16.c -flto -ffat-lto-objects  scan-tree-dump-times vect "vectorized 1 loops" 1
FAIL: gcc.dg/vect/vect-widen-shift-u8.c -flto -ffat-lto-objects  scan-tree-dump-times vect "vectorized 1 loops" 1
FAIL: gcc.dg/vect/slp-13-big-array.c -flto -ffat-lto-objects  scan-tree-dump-times vect "vectorizing stmts using SLP" 1
FAIL: gcc.dg/vect/slp-13.c -flto -ffat-lto-objects  scan-tree-dump-times vect "vectorizing stmts using SLP" 1
FAIL: gcc.dg/vect/slp-17.c -flto -ffat-lto-objects  scan-tree-dump-times vect "vectorized 1 loops" 1
FAIL: gcc.dg/vect/slp-17.c -flto -ffat-lto-objects  scan-tree-dump-times vect "vectorizing stmts using SLP" 2
FAIL: gcc.dg/vect/slp-19c.c -flto -ffat-lto-objects  scan-tree-dump-times vect "vectorized 1 loops" 1
FAIL: gcc.dg/vect/slp-19c.c -flto -ffat-lto-objects  scan-tree-dump-times vect "vectorizing stmts using SLP" 1
FAIL: gcc.dg/vect/slp-21.c -flto -ffat-lto-objects  scan-tree-dump-times vect "vectorized 1 loops" 1
FAIL: gcc.dg/vect/slp-23.c -flto -ffat-lto-objects  scan-tree-dump-times vect "vectorizing stmts using SLP" 1
XPASS: gcc.dg/vect/slp-24-big-array.c -flto -ffat-lto-objects  scan-tree-dump-times vect "vectorized 1 loops" 1
XPASS: gcc.dg/vect/slp-24-big-array.c -flto -ffat-lto-objects  scan-tree-dump-times vect "vectorizing stmts using SLP" 2
XPASS: gcc.dg/vect/slp-24.c -flto -ffat-lto-objects  scan-tree-dump-times vect "vectorized 1 loops" 1
XPASS: gcc.dg/vect/slp-24.c -flto -ffat-lto-objects  scan-tree-dump-times vect "vectorizing stmts using SLP" 2
FAIL: gcc.dg/vect/slp-25.c -flto -ffat-lto-objects  scan-tree-dump-times vect "vectorized 2 loops" 1
FAIL: gcc.dg/vect/slp-28.c -flto -ffat-lto-objects  scan-tree-dump-times vect "vectorized 1 loops" 1
FAIL: gcc.dg/vect/slp-28.c -flto -ffat-lto-objects  scan-tree-dump-times vect "vectorizing stmts using SLP" 1
FAIL: gcc.dg/vect/slp-3.c -flto -ffat-lto-objects  scan-tree-dump-times vect "vectorized 3 loops" 1
FAIL: gcc.dg/vect/slp-3.c -flto -ffat-lto-objects  scan-tree-dump-times vect "vectorizing stmts using SLP" 3
FAIL: gcc.dg/vect/slp-34-big-array.c -flto -ffat-lto-objects  scan-tree-dump-times vect "vectorized 1 loops" 1
FAIL: gcc.dg/vect/slp-34-big-array.c -flto -ffat-lto-objects  scan-tree-dump-times vect "vectorizing stmts using SLP" 2
FAIL: gcc.dg/vect/slp-34.c -flto -ffat-lto-objects  scan-tree-dump-times vect "vectorized 1 loops" 1
FAIL: gcc.dg/vect/slp-34.c -flto -ffat-lto-objects  scan-tree-dump-times vect "vectorizing stmts using SLP" 2
FAIL: gcc.dg/vect/slp-35.c -flto -ffat-lto-objects  scan-tree-dump-times vect "vectorized 1 loops" 1
FAIL: gcc.dg/vect/slp-35.c -flto -ffat-lto-objects  scan-tree-dump-times vect "vectorizing stmts using SLP" 1
FAIL: gcc.dg/vect/slp-4-big-array.c -flto -ffat-lto-objects  scan-tree-dump-times vect "vectorized 3 loops" 1
FAIL: gcc.dg/vect/slp-4-big-array.c -flto -ffat-lto-objects  scan-tree-dump-times vect "vectorizing stmts using SLP" 3
FAIL: gcc.dg/vect/slp-4.c -flto -ffat-lto-objects  scan-tree-dump-times vect "vectorized 3 loops" 1
FAIL: gcc.dg/vect/slp-4.c -flto -ffat-lto-objects  scan-tree-dump-times vect "vectorizing stmts using SLP" 3
FAIL: gcc.dg/vect/slp-5.c -flto -ffat-lto-objects  scan-tree-dump-times vect "vectorized 3 loops" 1
FAIL: gcc.dg/vect/slp-5.c -flto -ffat-lto-objects  scan-tree-dump-times vect "vectorizing stmts using SLP" 3
FAIL: gcc.dg/vect/slp-6.c -flto -ffat-lto-objects  scan-tree-dump-times vect "vectorized 2 loops" 1
FAIL: gcc.dg/vect/slp-6.c -flto -ffat-lto-objects  scan-tree-dump-times vect "vectorizing stmts using SLP" 2
FAIL: gcc.dg/vect/slp-7.c -flto -ffat-lto-objects  scan-tree-dump-times vect "vectorized 3 loops" 1
FAIL: gcc.dg/vect/slp-7.c -flto -ffat-lto-objects  scan-tree-dump-times vect "vectorizing stmts using SLP" 3
FAIL: gcc.dg/vect/slp-multitypes-1.c -flto -ffat-lto-objects  scan-tree-dump-times vect "vectorized 1 loops" 1
FAIL: gcc.dg/vect/slp-multitypes-1.c -flto -ffat-lto-objects  scan-tree-dump-times vect "vectorizing stmts using SLP" 2
FAIL: gcc.dg/vect/slp-multitypes-12.c -flto -ffat-lto-objects  scan-tree-dump-times vect "vectorized 1 loops" 1
FAIL: gcc.dg/vect/slp-multitypes-12.c -flto -ffat-lto-objects  scan-tree-dump-times vect "vectorizing stmts using SLP" 3
FAIL: gcc.dg/vect/slp-multitypes-3.c -flto -ffat-lto-objects  scan-tree-dump-times vect "vectorized 1 loops" 1
FAIL: gcc.dg/vect/slp-multitypes-3.c -flto -ffat-lto-objects  scan-tree-dump-times vect "vectorizing stmts using SLP" 2
FAIL: gcc.dg/vect/slp-perm-9.c -flto -ffat-lto-objects  scan-tree-dump-times vect "vectorized 1 loops" 1
FAIL: gcc.dg/vect/slp-reduc-1.c -flto -ffat-lto-objects  scan-tree-dump-times vect "vectorized 1 loops" 1
FAIL: gcc.dg/vect/slp-reduc-1.c -flto -ffat-lto-objects  scan-tree-dump-times vect "vectorizing stmts using SLP" 1
FAIL: gcc.dg/vect/slp-reduc-2.c -flto -ffat-lto-objects  scan-tree-dump-times vect "vectorized 1 loops" 1
FAIL: gcc.dg/vect/slp-reduc-2.c -flto -ffat-lto-objects  scan-tree-dump-times vect "vectorizing stmts using SLP" 1
FAIL: gcc.dg/vect/slp-reduc-6.c -flto -ffat-lto-objects  scan-tree-dump-times vect "different interleaving chains in one node" 1
FAIL: gcc.dg/vect/bb-slp-1.c -flto -ffat-lto-objects  scan-tree-dump-times slp "basic block vectorized" 1
FAIL: gcc.dg/vect/bb-slp-10.c -flto -ffat-lto-objects  scan-tree-dump-times slp "unsupported alignment in basic block." 1
FAIL: gcc.dg/vect/bb-slp-16.c -flto -ffat-lto-objects  scan-tree-dump-times slp "basic block vectorized" 1
FAIL: gcc.dg/vect/bb-slp-2.c -flto -ffat-lto-objects  scan-tree-dump-times slp "basic block vectorized" 1
FAIL: gcc.dg/vect/bb-slp-21.c -flto -ffat-lto-objects  scan-tree-dump-times slp "basic block vectorized" 1
FAIL: gcc.dg/vect/bb-slp-21.c -flto -ffat-lto-objects  scan-tree-dump-times slp "vectorizing stmts using SLP" 1
FAIL: gcc.dg/vect/bb-slp-22.c -flto -ffat-lto-objects  scan-tree-dump-times slp "basic block vectorized" 1
FAIL: gcc.dg/vect/bb-slp-3.c -flto -ffat-lto-objects  scan-tree-dump-times slp "basic block vectorized" 1
FAIL: gcc.dg/vect/bb-slp-30.c -flto -ffat-lto-objects  scan-tree-dump-times slp "basic block vectorized" 1
FAIL: gcc.dg/vect/bb-slp-4.c -flto -ffat-lto-objects  scan-tree-dump-times slp "basic block vectorized" 0
FAIL: gcc.dg/vect/no-vfa-pr29145.c scan-tree-dump-times vect "vectorized 0 loops" 2
FAIL: gcc.dg/vect/no-vfa-pr29145.c scan-tree-dump-times vect "vectorized 1 loops" 1
FAIL: gcc.dg/vect/no-vfa-vect-101.c scan-tree-dump-times vect "can't determine dependence" 1
FAIL: gcc.dg/vect/no-vfa-vect-102.c scan-tree-dump-times vect "possible dependence between data-refs" 1
FAIL: gcc.dg/vect/no-vfa-vect-102a.c scan-tree-dump-times vect "possible dependence between data-refs" 1
FAIL: gcc.dg/vect/no-vfa-vect-depend-1.c scan-tree-dump-times vect "dependence distance negative" 1
FAIL: gcc.dg/vect/no-vfa-vect-depend-2.c scan-tree-dump-times vect "dependence distance negative" 1
FAIL: gcc.dg/vect/no-vfa-vect-depend-3.c scan-tree-dump-times vect "dependence distance negative" 4
FAIL: gcc.dg/vect/no-vfa-vect-dv-2.c scan-tree-dump-times vect "vectorized 3 loops" 1
FAIL: gcc.dg/vect/wrapv-vect-7.c scan-tree-dump-times vect "vectorized 2 loops" 1
FAIL: gcc.dg/vect/no-section-anchors-vect-31.c scan-tree-dump-times vect "vectorized 4 loops" 1
FAIL: gcc.dg/vect/no-section-anchors-vect-31.c scan-tree-dump-times vect "Alignment of access forced using peeling" 2
FAIL: gcc.dg/vect/no-section-anchors-vect-64.c scan-tree-dump-times vect "vectorized 3 loops" 1
FAIL: gcc.dg/vect/no-section-anchors-vect-64.c scan-tree-dump-times vect "Alignment of access forced using peeling" 2
FAIL: gcc.dg/vect/no-section-anchors-vect-65.c scan-tree-dump-times vect "vectorized 2 loops" 1
FAIL: gcc.dg/vect/no-section-anchors-vect-66.c scan-tree-dump-times vect "vectorized 3 loops" 1
FAIL: gcc.dg/vect/no-section-anchors-vect-68.c scan-tree-dump-times vect "vectorized 4 loops" 1
FAIL: gcc.dg/vect/no-section-anchors-vect-69.c scan-tree-dump-times vect "vectorized 4 loops" 1
FAIL: gcc.dg/vect/no-section-anchors-vect-69.c scan-tree-dump-times vect "Alignment of access forced using peeling" 2
FAIL: gcc.dg/vect/no-section-anchors-vect-outer-4h.c scan-tree-dump-times vect "OUTER LOOP VECTORIZED" 1
FAIL: gcc.dg/vect/no-scevccp-vect-iv-1.c scan-tree-dump-times vect "vectorized 1 loops" 1
FAIL: gcc.dg/vect/no-scevccp-outer-15.c scan-tree-dump-times vect "OUTER LOOP VECTORIZED." 1
FAIL: gcc.dg/vect/no-scevccp-outer-2.c scan-tree-dump-times vect "OUTER LOOP VECTORIZED" 1
FAIL: gcc.dg/vect/no-scevccp-outer-22.c scan-tree-dump-times vect "OUTER LOOP VECTORIZED." 1
FAIL: gcc.dg/vect/no-scevccp-outer-3.c scan-tree-dump-times vect "OUTER LOOP VECTORIZED." 1
FAIL: gcc.dg/vect/no-scevccp-outer-5.c scan-tree-dump-times vect "OUTER LOOP VECTORIZED." 1
FAIL: gcc.dg/vect/no-scevccp-outer-9a.c scan-tree-dump-times vect "OUTER LOOP VECTORIZED." 1
FAIL: gcc.dg/vect/no-scevccp-outer-9b.c scan-tree-dump-times vect "OUTER LOOP VECTORIZED." 1
FAIL: gcc.dg/vect/no-scevccp-noreassoc-outer-3.c scan-tree-dump-times vect "OUTER LOOP VECTORIZED." 1
FAIL: gcc.dg/vect/no-scevccp-noreassoc-outer-4.c scan-tree-dump-times vect "OUTER LOOP VECTORIZED." 1
FAIL: gcc.dg/vect/no-scevccp-noreassoc-outer-5.c scan-tree-dump-times vect "OUTER LOOP VECTORIZED." 1
FAIL: gcc.dg/vect/O1-pr41008.c (internal compiler error)
FAIL: gcc.dg/vect/O1-pr41008.c (test for excess errors)
FAIL: gcc.target/mips/div-1.c  -O0   scan-assembler \\tddiv\\t
FAIL: gcc.target/mips/div-1.c  -O0   scan-assembler \\tmflo\\t
FAIL: gcc.target/mips/div-1.c  -O1   scan-assembler \\tddiv\\t
FAIL: gcc.target/mips/div-1.c  -O1   scan-assembler \\tmflo\\t
FAIL: gcc.target/mips/div-1.c  -O2   scan-assembler \\tddiv\\t
FAIL: gcc.target/mips/div-1.c  -O2   scan-assembler \\tmflo\\t
FAIL: gcc.target/mips/div-1.c  -O3 -fomit-frame-pointer   scan-assembler \\tddiv\\t
FAIL: gcc.target/mips/div-1.c  -O3 -fomit-frame-pointer   scan-assembler \\tmflo\\t
FAIL: gcc.target/mips/div-1.c  -O3 -g   scan-assembler \\tddiv\\t
FAIL: gcc.target/mips/div-1.c  -O3 -g   scan-assembler \\tmflo\\t
FAIL: gcc.target/mips/div-1.c  -Os   scan-assembler \\tddiv\\t
FAIL: gcc.target/mips/div-1.c  -Os   scan-assembler \\tmflo\\t
FAIL: gcc.target/mips/div-1.c  -O2 -flto -fno-use-linker-plugin -flto-partition=none   scan-assembler \\tddiv\\t
FAIL: gcc.target/mips/div-1.c  -O2 -flto -fno-use-linker-plugin -flto-partition=none   scan-assembler \\tmflo\\t
FAIL: gcc.target/mips/div-1.c  -O2 -flto -fuse-linker-plugin -fno-fat-lto-objects   scan-assembler \\tddiv\\t
FAIL: gcc.target/mips/div-1.c  -O2 -flto -fuse-linker-plugin -fno-fat-lto-objects   scan-assembler \\tmflo\\t
FAIL: gcc.target/mips/div-10.c  -O0   scan-assembler \\tdivu\\t
FAIL: gcc.target/mips/div-10.c  -O0   scan-assembler \\tmflo\\t
FAIL: gcc.target/mips/div-10.c  -O1   scan-assembler \\tdivu\\t
FAIL: gcc.target/mips/div-10.c  -O1   scan-assembler \\tmflo\\t
FAIL: gcc.target/mips/div-10.c  -O2   scan-assembler \\tdivu\\t
FAIL: gcc.target/mips/div-10.c  -O2   scan-assembler \\tmflo\\t
FAIL: gcc.target/mips/div-10.c  -O3 -fomit-frame-pointer   scan-assembler \\tdivu\\t
FAIL: gcc.target/mips/div-10.c  -O3 -fomit-frame-pointer   scan-assembler \\tmflo\\t
FAIL: gcc.target/mips/div-10.c  -O3 -g   scan-assembler \\tdivu\\t
FAIL: gcc.target/mips/div-10.c  -O3 -g   scan-assembler \\tmflo\\t
FAIL: gcc.target/mips/div-10.c  -Os   scan-assembler \\tdivu\\t
FAIL: gcc.target/mips/div-10.c  -Os   scan-assembler \\tmflo\\t
FAIL: gcc.target/mips/div-10.c  -O2 -flto -fno-use-linker-plugin -flto-partition=none   scan-assembler \\tdivu\\t
FAIL: gcc.target/mips/div-10.c  -O2 -flto -fno-use-linker-plugin -flto-partition=none   scan-assembler \\tmflo\\t
FAIL: gcc.target/mips/div-10.c  -O2 -flto -fuse-linker-plugin -fno-fat-lto-objects   scan-assembler \\tdivu\\t
FAIL: gcc.target/mips/div-10.c  -O2 -flto -fuse-linker-plugin -fno-fat-lto-objects   scan-assembler \\tmflo\\t
FAIL: gcc.target/mips/div-11.c  -O0   scan-assembler \\tdiv\\t
FAIL: gcc.target/mips/div-11.c  -O0   scan-assembler \\tmfhi\\t
FAIL: gcc.target/mips/div-11.c  -O1   scan-assembler \\tdiv\\t
FAIL: gcc.target/mips/div-11.c  -O1   scan-assembler \\tmfhi\\t
FAIL: gcc.target/mips/div-11.c  -O2   scan-assembler \\tdiv\\t
FAIL: gcc.target/mips/div-11.c  -O2   scan-assembler \\tmfhi\\t
FAIL: gcc.target/mips/div-11.c  -O3 -fomit-frame-pointer   scan-assembler \\tdiv\\t
FAIL: gcc.target/mips/div-11.c  -O3 -fomit-frame-pointer   scan-assembler \\tmfhi\\t
FAIL: gcc.target/mips/div-11.c  -O3 -g   scan-assembler \\tdiv\\t
FAIL: gcc.target/mips/div-11.c  -O3 -g   scan-assembler \\tmfhi\\t
FAIL: gcc.target/mips/div-11.c  -Os   scan-assembler \\tdiv\\t
FAIL: gcc.target/mips/div-11.c  -Os   scan-assembler \\tmfhi\\t
FAIL: gcc.target/mips/div-11.c  -O2 -flto -fno-use-linker-plugin -flto-partition=none   scan-assembler \\tdiv\\t
FAIL: gcc.target/mips/div-11.c  -O2 -flto -fno-use-linker-plugin -flto-partition=none   scan-assembler \\tmfhi\\t
FAIL: gcc.target/mips/div-11.c  -O2 -flto -fuse-linker-plugin -fno-fat-lto-objects   scan-assembler \\tdiv\\t
FAIL: gcc.target/mips/div-11.c  -O2 -flto -fuse-linker-plugin -fno-fat-lto-objects   scan-assembler \\tmfhi\\t
FAIL: gcc.target/mips/div-12.c  -O0   scan-assembler \\tdivu\\t
FAIL: gcc.target/mips/div-12.c  -O0   scan-assembler \\tmfhi\\t
FAIL: gcc.target/mips/div-12.c  -O1   scan-assembler \\tdivu\\t
FAIL: gcc.target/mips/div-12.c  -O1   scan-assembler \\tmfhi\\t
FAIL: gcc.target/mips/div-12.c  -O2   scan-assembler \\tdivu\\t
FAIL: gcc.target/mips/div-12.c  -O2   scan-assembler \\tmfhi\\t
FAIL: gcc.target/mips/div-12.c  -O3 -fomit-frame-pointer   scan-assembler \\tdivu\\t
FAIL: gcc.target/mips/div-12.c  -O3 -fomit-frame-pointer   scan-assembler \\tmfhi\\t
FAIL: gcc.target/mips/div-12.c  -O3 -g   scan-assembler \\tdivu\\t
FAIL: gcc.target/mips/div-12.c  -O3 -g   scan-assembler \\tmfhi\\t
FAIL: gcc.target/mips/div-12.c  -Os   scan-assembler \\tdivu\\t
FAIL: gcc.target/mips/div-12.c  -Os   scan-assembler \\tmfhi\\t
FAIL: gcc.target/mips/div-12.c  -O2 -flto -fno-use-linker-plugin -flto-partition=none   scan-assembler \\tdivu\\t
FAIL: gcc.target/mips/div-12.c  -O2 -flto -fno-use-linker-plugin -flto-partition=none   scan-assembler \\tmfhi\\t
FAIL: gcc.target/mips/div-12.c  -O2 -flto -fuse-linker-plugin -fno-fat-lto-objects   scan-assembler \\tdivu\\t
FAIL: gcc.target/mips/div-12.c  -O2 -flto -fuse-linker-plugin -fno-fat-lto-objects   scan-assembler \\tmfhi\\t
FAIL: gcc.target/mips/div-13.c  -O1   scan-assembler-times \\tdiv\\t 1
FAIL: gcc.target/mips/div-13.c  -O1   scan-assembler-times \\tdivu\\t 1
FAIL: gcc.target/mips/div-13.c  -O1   scan-assembler-times \\tddiv\\t 1
FAIL: gcc.target/mips/div-13.c  -O1   scan-assembler-times \\tddivu\\t 1
FAIL: gcc.target/mips/div-13.c  -O2   scan-assembler-times \\tdiv\\t 1
FAIL: gcc.target/mips/div-13.c  -O2   scan-assembler-times \\tdivu\\t 1
FAIL: gcc.target/mips/div-13.c  -O2   scan-assembler-times \\tddiv\\t 1
FAIL: gcc.target/mips/div-13.c  -O2   scan-assembler-times \\tddivu\\t 1
FAIL: gcc.target/mips/div-13.c  -O3 -fomit-frame-pointer   scan-assembler-times \\tdiv\\t 1
FAIL: gcc.target/mips/div-13.c  -O3 -fomit-frame-pointer   scan-assembler-times \\tdivu\\t 1
FAIL: gcc.target/mips/div-13.c  -O3 -fomit-frame-pointer   scan-assembler-times \\tddiv\\t 1
FAIL: gcc.target/mips/div-13.c  -O3 -fomit-frame-pointer   scan-assembler-times \\tddivu\\t 1
FAIL: gcc.target/mips/div-13.c  -O3 -g   scan-assembler-times \\tdiv\\t 1
FAIL: gcc.target/mips/div-13.c  -O3 -g   scan-assembler-times \\tdivu\\t 1
FAIL: gcc.target/mips/div-13.c  -O3 -g   scan-assembler-times \\tddiv\\t 1
FAIL: gcc.target/mips/div-13.c  -O3 -g   scan-assembler-times \\tddivu\\t 1
FAIL: gcc.target/mips/div-13.c  -Os   scan-assembler-times \\tdiv\\t 1
FAIL: gcc.target/mips/div-13.c  -Os   scan-assembler-times \\tdivu\\t 1
FAIL: gcc.target/mips/div-13.c  -Os   scan-assembler-times \\tddiv\\t 1
FAIL: gcc.target/mips/div-13.c  -Os   scan-assembler-times \\tddivu\\t 1
FAIL: gcc.target/mips/div-13.c  -O2 -flto -fno-use-linker-plugin -flto-partition=none   scan-assembler-times \\tdiv\\t 1
FAIL: gcc.target/mips/div-13.c  -O2 -flto -fno-use-linker-plugin -flto-partition=none   scan-assembler-times \\tdivu\\t 1
FAIL: gcc.target/mips/div-13.c  -O2 -flto -fno-use-linker-plugin -flto-partition=none   scan-assembler-times \\tddiv\\t 1
FAIL: gcc.target/mips/div-13.c  -O2 -flto -fno-use-linker-plugin -flto-partition=none   scan-assembler-times \\tddivu\\t 1
FAIL: gcc.target/mips/div-13.c  -O2 -flto -fuse-linker-plugin -fno-fat-lto-objects   scan-assembler-times \\tdiv\\t 1
FAIL: gcc.target/mips/div-13.c  -O2 -flto -fuse-linker-plugin -fno-fat-lto-objects   scan-assembler-times \\tdivu\\t 1
FAIL: gcc.target/mips/div-13.c  -O2 -flto -fuse-linker-plugin -fno-fat-lto-objects   scan-assembler-times \\tddiv\\t 1
FAIL: gcc.target/mips/div-13.c  -O2 -flto -fuse-linker-plugin -fno-fat-lto-objects   scan-assembler-times \\tddivu\\t 1
FAIL: gcc.target/mips/div-2.c  -O0   scan-assembler \\tddivu\\t
FAIL: gcc.target/mips/div-2.c  -O0   scan-assembler \\tmflo\\t
FAIL: gcc.target/mips/div-2.c  -O1   scan-assembler \\tddivu\\t
FAIL: gcc.target/mips/div-2.c  -O1   scan-assembler \\tmflo\\t
FAIL: gcc.target/mips/div-2.c  -O2   scan-assembler \\tddivu\\t
FAIL: gcc.target/mips/div-2.c  -O2   scan-assembler \\tmflo\\t
FAIL: gcc.target/mips/div-2.c  -O3 -fomit-frame-pointer   scan-assembler \\tddivu\\t
FAIL: gcc.target/mips/div-2.c  -O3 -fomit-frame-pointer   scan-assembler \\tmflo\\t
FAIL: gcc.target/mips/div-2.c  -O3 -g   scan-assembler \\tddivu\\t
FAIL: gcc.target/mips/div-2.c  -O3 -g   scan-assembler \\tmflo\\t
FAIL: gcc.target/mips/div-2.c  -Os   scan-assembler \\tddivu\\t
FAIL: gcc.target/mips/div-2.c  -Os   scan-assembler \\tmflo\\t
FAIL: gcc.target/mips/div-2.c  -O2 -flto -fno-use-linker-plugin -flto-partition=none   scan-assembler \\tddivu\\t
FAIL: gcc.target/mips/div-2.c  -O2 -flto -fno-use-linker-plugin -flto-partition=none   scan-assembler \\tmflo\\t
FAIL: gcc.target/mips/div-2.c  -O2 -flto -fuse-linker-plugin -fno-fat-lto-objects   scan-assembler \\tddivu\\t
FAIL: gcc.target/mips/div-2.c  -O2 -flto -fuse-linker-plugin -fno-fat-lto-objects   scan-assembler \\tmflo\\t
FAIL: gcc.target/mips/div-3.c  -O0   scan-assembler \\tddiv\\t
FAIL: gcc.target/mips/div-3.c  -O0   scan-assembler \\tmfhi\\t
FAIL: gcc.target/mips/div-3.c  -O1   scan-assembler \\tddiv\\t
FAIL: gcc.target/mips/div-3.c  -O1   scan-assembler \\tmfhi\\t
FAIL: gcc.target/mips/div-3.c  -O2   scan-assembler \\tddiv\\t
FAIL: gcc.target/mips/div-3.c  -O2   scan-assembler \\tmfhi\\t
FAIL: gcc.target/mips/div-3.c  -O3 -fomit-frame-pointer   scan-assembler \\tddiv\\t
FAIL: gcc.target/mips/div-3.c  -O3 -fomit-frame-pointer   scan-assembler \\tmfhi\\t
FAIL: gcc.target/mips/div-3.c  -O3 -g   scan-assembler \\tddiv\\t
FAIL: gcc.target/mips/div-3.c  -O3 -g   scan-assembler \\tmfhi\\t
FAIL: gcc.target/mips/div-3.c  -Os   scan-assembler \\tddiv\\t
FAIL: gcc.target/mips/div-3.c  -Os   scan-assembler \\tmfhi\\t
FAIL: gcc.target/mips/div-3.c  -O2 -flto -fno-use-linker-plugin -flto-partition=none   scan-assembler \\tddiv\\t
FAIL: gcc.target/mips/div-3.c  -O2 -flto -fno-use-linker-plugin -flto-partition=none   scan-assembler \\tmfhi\\t
FAIL: gcc.target/mips/div-3.c  -O2 -flto -fuse-linker-plugin -fno-fat-lto-objects   scan-assembler \\tddiv\\t
FAIL: gcc.target/mips/div-3.c  -O2 -flto -fuse-linker-plugin -fno-fat-lto-objects   scan-assembler \\tmfhi\\t
FAIL: gcc.target/mips/div-4.c  -O0   scan-assembler \\tddivu\\t
FAIL: gcc.target/mips/div-4.c  -O0   scan-assembler \\tmfhi\\t
FAIL: gcc.target/mips/div-4.c  -O1   scan-assembler \\tddivu\\t
FAIL: gcc.target/mips/div-4.c  -O1   scan-assembler \\tmfhi\\t
FAIL: gcc.target/mips/div-4.c  -O2   scan-assembler \\tddivu\\t
FAIL: gcc.target/mips/div-4.c  -O2   scan-assembler \\tmfhi\\t
FAIL: gcc.target/mips/div-4.c  -O3 -fomit-frame-pointer   scan-assembler \\tddivu\\t
FAIL: gcc.target/mips/div-4.c  -O3 -fomit-frame-pointer   scan-assembler \\tmfhi\\t
FAIL: gcc.target/mips/div-4.c  -O3 -g   scan-assembler \\tddivu\\t
FAIL: gcc.target/mips/div-4.c  -O3 -g   scan-assembler \\tmfhi\\t
FAIL: gcc.target/mips/div-4.c  -Os   scan-assembler \\tddivu\\t
FAIL: gcc.target/mips/div-4.c  -Os   scan-assembler \\tmfhi\\t
FAIL: gcc.target/mips/div-4.c  -O2 -flto -fno-use-linker-plugin -flto-partition=none   scan-assembler \\tddivu\\t
FAIL: gcc.target/mips/div-4.c  -O2 -flto -fno-use-linker-plugin -flto-partition=none   scan-assembler \\tmfhi\\t
FAIL: gcc.target/mips/div-4.c  -O2 -flto -fuse-linker-plugin -fno-fat-lto-objects   scan-assembler \\tddivu\\t
FAIL: gcc.target/mips/div-4.c  -O2 -flto -fuse-linker-plugin -fno-fat-lto-objects   scan-assembler \\tmfhi\\t
FAIL: gcc.target/mips/div-5.c  -O0   scan-assembler \\tdiv\\t
FAIL: gcc.target/mips/div-5.c  -O0   scan-assembler \\tmflo\\t
FAIL: gcc.target/mips/div-5.c  -O1   scan-assembler \\tdiv\\t
FAIL: gcc.target/mips/div-5.c  -O1   scan-assembler \\tmflo\\t
FAIL: gcc.target/mips/div-5.c  -O2   scan-assembler \\tdiv\\t
FAIL: gcc.target/mips/div-5.c  -O2   scan-assembler \\tmflo\\t
FAIL: gcc.target/mips/div-5.c  -O3 -fomit-frame-pointer   scan-assembler \\tdiv\\t
FAIL: gcc.target/mips/div-5.c  -O3 -fomit-frame-pointer   scan-assembler \\tmflo\\t
FAIL: gcc.target/mips/div-5.c  -O3 -g   scan-assembler \\tdiv\\t
FAIL: gcc.target/mips/div-5.c  -O3 -g   scan-assembler \\tmflo\\t
FAIL: gcc.target/mips/div-5.c  -Os   scan-assembler \\tdiv\\t
FAIL: gcc.target/mips/div-5.c  -Os   scan-assembler \\tmflo\\t
FAIL: gcc.target/mips/div-5.c  -O2 -flto -fno-use-linker-plugin -flto-partition=none   scan-assembler \\tdiv\\t
FAIL: gcc.target/mips/div-5.c  -O2 -flto -fno-use-linker-plugin -flto-partition=none   scan-assembler \\tmflo\\t
FAIL: gcc.target/mips/div-5.c  -O2 -flto -fuse-linker-plugin -fno-fat-lto-objects   scan-assembler \\tdiv\\t
FAIL: gcc.target/mips/div-5.c  -O2 -flto -fuse-linker-plugin -fno-fat-lto-objects   scan-assembler \\tmflo\\t
FAIL: gcc.target/mips/div-6.c  -O0   scan-assembler \\tdivu\\t
FAIL: gcc.target/mips/div-6.c  -O0   scan-assembler \\tmflo\\t
FAIL: gcc.target/mips/div-6.c  -O1   scan-assembler \\tdivu\\t
FAIL: gcc.target/mips/div-6.c  -O1   scan-assembler \\tmflo\\t
FAIL: gcc.target/mips/div-6.c  -O2   scan-assembler \\tdivu\\t
FAIL: gcc.target/mips/div-6.c  -O2   scan-assembler \\tmflo\\t
FAIL: gcc.target/mips/div-6.c  -O3 -fomit-frame-pointer   scan-assembler \\tdivu\\t
FAIL: gcc.target/mips/div-6.c  -O3 -fomit-frame-pointer   scan-assembler \\tmflo\\t
FAIL: gcc.target/mips/div-6.c  -O3 -g   scan-assembler \\tdivu\\t
FAIL: gcc.target/mips/div-6.c  -O3 -g   scan-assembler \\tmflo\\t
FAIL: gcc.target/mips/div-6.c  -Os   scan-assembler \\tdivu\\t
FAIL: gcc.target/mips/div-6.c  -Os   scan-assembler \\tmflo\\t
FAIL: gcc.target/mips/div-6.c  -O2 -flto -fno-use-linker-plugin -flto-partition=none   scan-assembler \\tdivu\\t
FAIL: gcc.target/mips/div-6.c  -O2 -flto -fno-use-linker-plugin -flto-partition=none   scan-assembler \\tmflo\\t
FAIL: gcc.target/mips/div-6.c  -O2 -flto -fuse-linker-plugin -fno-fat-lto-objects   scan-assembler \\tdivu\\t
FAIL: gcc.target/mips/div-6.c  -O2 -flto -fuse-linker-plugin -fno-fat-lto-objects   scan-assembler \\tmflo\\t
FAIL: gcc.target/mips/div-7.c  -O0   scan-assembler \\tdiv\\t
FAIL: gcc.target/mips/div-7.c  -O0   scan-assembler \\tmfhi\\t
FAIL: gcc.target/mips/div-7.c  -O1   scan-assembler \\tdiv\\t
FAIL: gcc.target/mips/div-7.c  -O1   scan-assembler \\tmfhi\\t
FAIL: gcc.target/mips/div-7.c  -O2   scan-assembler \\tdiv\\t
FAIL: gcc.target/mips/div-7.c  -O2   scan-assembler \\tmfhi\\t
FAIL: gcc.target/mips/div-7.c  -O3 -fomit-frame-pointer   scan-assembler \\tdiv\\t
FAIL: gcc.target/mips/div-7.c  -O3 -fomit-frame-pointer   scan-assembler \\tmfhi\\t
FAIL: gcc.target/mips/div-7.c  -O3 -g   scan-assembler \\tdiv\\t
FAIL: gcc.target/mips/div-7.c  -O3 -g   scan-assembler \\tmfhi\\t
FAIL: gcc.target/mips/div-7.c  -Os   scan-assembler \\tdiv\\t
FAIL: gcc.target/mips/div-7.c  -Os   scan-assembler \\tmfhi\\t
FAIL: gcc.target/mips/div-7.c  -O2 -flto -fno-use-linker-plugin -flto-partition=none   scan-assembler \\tdiv\\t
FAIL: gcc.target/mips/div-7.c  -O2 -flto -fno-use-linker-plugin -flto-partition=none   scan-assembler \\tmfhi\\t
FAIL: gcc.target/mips/div-7.c  -O2 -flto -fuse-linker-plugin -fno-fat-lto-objects   scan-assembler \\tdiv\\t
FAIL: gcc.target/mips/div-7.c  -O2 -flto -fuse-linker-plugin -fno-fat-lto-objects   scan-assembler \\tmfhi\\t
FAIL: gcc.target/mips/div-8.c  -O0   scan-assembler \\tdivu\\t
FAIL: gcc.target/mips/div-8.c  -O0   scan-assembler \\tmfhi\\t
FAIL: gcc.target/mips/div-8.c  -O1   scan-assembler \\tdivu\\t
FAIL: gcc.target/mips/div-8.c  -O1   scan-assembler \\tmfhi\\t
FAIL: gcc.target/mips/div-8.c  -O2   scan-assembler \\tdivu\\t
FAIL: gcc.target/mips/div-8.c  -O2   scan-assembler \\tmfhi\\t
FAIL: gcc.target/mips/div-8.c  -O3 -fomit-frame-pointer   scan-assembler \\tdivu\\t
FAIL: gcc.target/mips/div-8.c  -O3 -fomit-frame-pointer   scan-assembler \\tmfhi\\t
FAIL: gcc.target/mips/div-8.c  -O3 -g   scan-assembler \\tdivu\\t
FAIL: gcc.target/mips/div-8.c  -O3 -g   scan-assembler \\tmfhi\\t
FAIL: gcc.target/mips/div-8.c  -Os   scan-assembler \\tdivu\\t
FAIL: gcc.target/mips/div-8.c  -Os   scan-assembler \\tmfhi\\t
FAIL: gcc.target/mips/div-8.c  -O2 -flto -fno-use-linker-plugin -flto-partition=none   scan-assembler \\tdivu\\t
FAIL: gcc.target/mips/div-8.c  -O2 -flto -fno-use-linker-plugin -flto-partition=none   scan-assembler \\tmfhi\\t
FAIL: gcc.target/mips/div-8.c  -O2 -flto -fuse-linker-plugin -fno-fat-lto-objects   scan-assembler \\tdivu\\t
FAIL: gcc.target/mips/div-8.c  -O2 -flto -fuse-linker-plugin -fno-fat-lto-objects   scan-assembler \\tmfhi\\t
FAIL: gcc.target/mips/div-9.c  -O0   scan-assembler \\tdiv\\t
FAIL: gcc.target/mips/div-9.c  -O0   scan-assembler \\tmflo\\t
FAIL: gcc.target/mips/div-9.c  -O1   scan-assembler \\tdiv\\t
FAIL: gcc.target/mips/div-9.c  -O1   scan-assembler \\tmflo\\t
FAIL: gcc.target/mips/div-9.c  -O2   scan-assembler \\tdiv\\t
FAIL: gcc.target/mips/div-9.c  -O2   scan-assembler \\tmflo\\t
FAIL: gcc.target/mips/div-9.c  -O3 -fomit-frame-pointer   scan-assembler \\tdiv\\t
FAIL: gcc.target/mips/div-9.c  -O3 -fomit-frame-pointer   scan-assembler \\tmflo\\t
FAIL: gcc.target/mips/div-9.c  -O3 -g   scan-assembler \\tdiv\\t
FAIL: gcc.target/mips/div-9.c  -O3 -g   scan-assembler \\tmflo\\t
FAIL: gcc.target/mips/div-9.c  -Os   scan-assembler \\tdiv\\t
FAIL: gcc.target/mips/div-9.c  -Os   scan-assembler \\tmflo\\t
FAIL: gcc.target/mips/div-9.c  -O2 -flto -fno-use-linker-plugin -flto-partition=none   scan-assembler \\tdiv\\t
FAIL: gcc.target/mips/div-9.c  -O2 -flto -fno-use-linker-plugin -flto-partition=none   scan-assembler \\tmflo\\t
FAIL: gcc.target/mips/div-9.c  -O2 -flto -fuse-linker-plugin -fno-fat-lto-objects   scan-assembler \\tdiv\\t
FAIL: gcc.target/mips/div-9.c  -O2 -flto -fuse-linker-plugin -fno-fat-lto-objects   scan-assembler \\tmflo\\t
FAIL: gcc.target/mips/dmult-1.c  -O0   scan-assembler \\tdmult\\t
FAIL: gcc.target/mips/dmult-1.c  -O0   scan-assembler \\tmflo\\t
FAIL: gcc.target/mips/dmult-1.c  -O1   scan-assembler \\tdmult\\t
FAIL: gcc.target/mips/dmult-1.c  -O1   scan-assembler \\tmflo\\t
FAIL: gcc.target/mips/dmult-1.c  -O2   scan-assembler \\tdmult\\t
FAIL: gcc.target/mips/dmult-1.c  -O2   scan-assembler \\tmflo\\t
FAIL: gcc.target/mips/dmult-1.c  -O3 -fomit-frame-pointer   scan-assembler \\tdmult\\t
FAIL: gcc.target/mips/dmult-1.c  -O3 -fomit-frame-pointer   scan-assembler \\tmflo\\t
FAIL: gcc.target/mips/dmult-1.c  -O3 -g   scan-assembler \\tdmult\\t
FAIL: gcc.target/mips/dmult-1.c  -O3 -g   scan-assembler \\tmflo\\t
FAIL: gcc.target/mips/dmult-1.c  -Os   scan-assembler \\tdmult\\t
FAIL: gcc.target/mips/dmult-1.c  -Os   scan-assembler \\tmflo\\t
FAIL: gcc.target/mips/dmult-1.c  -O2 -flto -fno-use-linker-plugin -flto-partition=none   scan-assembler \\tdmult\\t
FAIL: gcc.target/mips/dmult-1.c  -O2 -flto -fno-use-linker-plugin -flto-partition=none   scan-assembler \\tmflo\\t
FAIL: gcc.target/mips/dmult-1.c  -O2 -flto -fuse-linker-plugin -fno-fat-lto-objects   scan-assembler \\tdmult\\t
FAIL: gcc.target/mips/dmult-1.c  -O2 -flto -fuse-linker-plugin -fno-fat-lto-objects   scan-assembler \\tmflo\\t
FAIL: gcc.target/mips/mult-12.c  -O1   scan-assembler \\tmultu?\\t
FAIL: gcc.target/mips/mult-12.c  -O1   scan-assembler \\tmflo\\t
FAIL: gcc.target/mips/mult-12.c  -O2   scan-assembler \\tmultu?\\t
FAIL: gcc.target/mips/mult-12.c  -O2   scan-assembler \\tmflo\\t
FAIL: gcc.target/mips/mult-12.c  -O3 -fomit-frame-pointer   scan-assembler \\tmultu?\\t
FAIL: gcc.target/mips/mult-12.c  -O3 -fomit-frame-pointer   scan-assembler \\tmflo\\t
FAIL: gcc.target/mips/mult-12.c  -O3 -g   scan-assembler \\tmultu?\\t
FAIL: gcc.target/mips/mult-12.c  -O3 -g   scan-assembler \\tmflo\\t
FAIL: gcc.target/mips/mult-12.c  -Os   scan-assembler \\tmultu?\\t
FAIL: gcc.target/mips/mult-12.c  -Os   scan-assembler \\tmflo\\t
FAIL: gcc.target/mips/mult-12.c  -O2 -flto -fno-use-linker-plugin -flto-partition=none   scan-assembler \\tmultu?\\t
FAIL: gcc.target/mips/mult-12.c  -O2 -flto -fno-use-linker-plugin -flto-partition=none   scan-assembler \\tmflo\\t
FAIL: gcc.target/mips/mult-12.c  -O2 -flto -fuse-linker-plugin -fno-fat-lto-objects   scan-assembler \\tmultu?\\t
FAIL: gcc.target/mips/mult-12.c  -O2 -flto -fuse-linker-plugin -fno-fat-lto-objects   scan-assembler \\tmflo\\t
FAIL: gcc.target/mips/mult-13.c  -O1   scan-assembler \\tmultu?\\t
FAIL: gcc.target/mips/mult-13.c  -O1   scan-assembler \\tmflo\\t
FAIL: gcc.target/mips/mult-13.c  -O2   scan-assembler \\tmultu?\\t
FAIL: gcc.target/mips/mult-13.c  -O2   scan-assembler \\tmflo\\t
FAIL: gcc.target/mips/mult-13.c  -O3 -fomit-frame-pointer   scan-assembler \\tmultu?\\t
FAIL: gcc.target/mips/mult-13.c  -O3 -fomit-frame-pointer   scan-assembler \\tmflo\\t
FAIL: gcc.target/mips/mult-13.c  -O3 -g   scan-assembler \\tmultu?\\t
FAIL: gcc.target/mips/mult-13.c  -O3 -g   scan-assembler \\tmflo\\t
FAIL: gcc.target/mips/mult-13.c  -Os   scan-assembler \\tmultu?\\t
FAIL: gcc.target/mips/mult-13.c  -Os   scan-assembler \\tmflo\\t
FAIL: gcc.target/mips/mult-13.c  -O2 -flto -fno-use-linker-plugin -flto-partition=none   scan-assembler \\tmultu?\\t
FAIL: gcc.target/mips/mult-13.c  -O2 -flto -fno-use-linker-plugin -flto-partition=none   scan-assembler \\tmflo\\t
FAIL: gcc.target/mips/mult-13.c  -O2 -flto -fuse-linker-plugin -fno-fat-lto-objects   scan-assembler \\tmultu?\\t
FAIL: gcc.target/mips/mult-13.c  -O2 -flto -fuse-linker-plugin -fno-fat-lto-objects   scan-assembler \\tmflo\\t
FAIL: gcc.target/mips/mult-14.c  -O1   scan-assembler \\tmult\\t
FAIL: gcc.target/mips/mult-18.c  -O1   scan-assembler \\tmultu?\\t
FAIL: gcc.target/mips/mult-18.c  -O1   scan-assembler \\tmflo\\t
FAIL: gcc.target/mips/mult-18.c  -O2   scan-assembler \\tmultu?\\t
FAIL: gcc.target/mips/mult-18.c  -O2   scan-assembler \\tmflo\\t
FAIL: gcc.target/mips/mult-18.c  -O3 -fomit-frame-pointer   scan-assembler \\tmultu?\\t
FAIL: gcc.target/mips/mult-18.c  -O3 -fomit-frame-pointer   scan-assembler \\tmflo\\t
FAIL: gcc.target/mips/mult-18.c  -O3 -g   scan-assembler \\tmultu?\\t
FAIL: gcc.target/mips/mult-18.c  -O3 -g   scan-assembler \\tmflo\\t
FAIL: gcc.target/mips/mult-18.c  -Os   scan-assembler \\tmultu?\\t
FAIL: gcc.target/mips/mult-18.c  -Os   scan-assembler \\tmflo\\t
FAIL: gcc.target/mips/mult-18.c  -O2 -flto -fno-use-linker-plugin -flto-partition=none   scan-assembler \\tmultu?\\t
FAIL: gcc.target/mips/mult-18.c  -O2 -flto -fno-use-linker-plugin -flto-partition=none   scan-assembler \\tmflo\\t
FAIL: gcc.target/mips/mult-18.c  -O2 -flto -fuse-linker-plugin -fno-fat-lto-objects   scan-assembler \\tmultu?\\t
FAIL: gcc.target/mips/mult-18.c  -O2 -flto -fuse-linker-plugin -fno-fat-lto-objects   scan-assembler \\tmflo\\t
FAIL: gcc.target/mips/mult-19.c  -O1   scan-assembler \\tmultu?\\t
FAIL: gcc.target/mips/mult-19.c  -O1   scan-assembler \\tmflo\\t
FAIL: gcc.target/mips/mult-19.c  -O2   scan-assembler \\tmultu?\\t
FAIL: gcc.target/mips/mult-19.c  -O2   scan-assembler \\tmflo\\t
FAIL: gcc.target/mips/mult-19.c  -O3 -fomit-frame-pointer   scan-assembler \\tmultu?\\t
FAIL: gcc.target/mips/mult-19.c  -O3 -fomit-frame-pointer   scan-assembler \\tmflo\\t
FAIL: gcc.target/mips/mult-19.c  -O3 -g   scan-assembler \\tmultu?\\t
FAIL: gcc.target/mips/mult-19.c  -O3 -g   scan-assembler \\tmflo\\t
FAIL: gcc.target/mips/mult-19.c  -Os   scan-assembler \\tmultu?\\t
FAIL: gcc.target/mips/mult-19.c  -Os   scan-assembler \\tmflo\\t
FAIL: gcc.target/mips/mult-19.c  -O2 -flto -fno-use-linker-plugin -flto-partition=none   scan-assembler \\tmultu?\\t
FAIL: gcc.target/mips/mult-19.c  -O2 -flto -fno-use-linker-plugin -flto-partition=none   scan-assembler \\tmflo\\t
FAIL: gcc.target/mips/mult-19.c  -O2 -flto -fuse-linker-plugin -fno-fat-lto-objects   scan-assembler \\tmultu?\\t
FAIL: gcc.target/mips/mult-19.c  -O2 -flto -fuse-linker-plugin -fno-fat-lto-objects   scan-assembler \\tmflo\\t
FAIL: gcc.target/mips/mult-2.c  -O1   scan-assembler \\tdmult\\t
FAIL: gcc.target/mips/mult-6.c  -O1   scan-assembler \\tdmultu?\\t
FAIL: gcc.target/mips/mult-6.c  -O1   scan-assembler \\tmflo\\t
FAIL: gcc.target/mips/mult-6.c  -O2   scan-assembler \\tdmultu?\\t
FAIL: gcc.target/mips/mult-6.c  -O2   scan-assembler \\tmflo\\t
FAIL: gcc.target/mips/mult-6.c  -O3 -fomit-frame-pointer   scan-assembler \\tdmultu?\\t
FAIL: gcc.target/mips/mult-6.c  -O3 -fomit-frame-pointer   scan-assembler \\tmflo\\t
FAIL: gcc.target/mips/mult-6.c  -O3 -g   scan-assembler \\tdmultu?\\t
FAIL: gcc.target/mips/mult-6.c  -O3 -g   scan-assembler \\tmflo\\t
FAIL: gcc.target/mips/mult-6.c  -Os   scan-assembler \\tdmultu?\\t
FAIL: gcc.target/mips/mult-6.c  -Os   scan-assembler \\tmflo\\t
FAIL: gcc.target/mips/mult-6.c  -O2 -flto -fno-use-linker-plugin -flto-partition=none   scan-assembler \\tdmultu?\\t
FAIL: gcc.target/mips/mult-6.c  -O2 -flto -fno-use-linker-plugin -flto-partition=none   scan-assembler \\tmflo\\t
FAIL: gcc.target/mips/mult-6.c  -O2 -flto -fuse-linker-plugin -fno-fat-lto-objects   scan-assembler \\tdmultu?\\t
FAIL: gcc.target/mips/mult-6.c  -O2 -flto -fuse-linker-plugin -fno-fat-lto-objects   scan-assembler \\tmflo\\t
FAIL: gcc.target/mips/mult-7.c  -O1   scan-assembler \\tdmultu?\\t
FAIL: gcc.target/mips/mult-7.c  -O1   scan-assembler \\tmflo\\t
FAIL: gcc.target/mips/mult-7.c  -O2   scan-assembler \\tdmultu?\\t
FAIL: gcc.target/mips/mult-7.c  -O2   scan-assembler \\tmflo\\t
FAIL: gcc.target/mips/mult-7.c  -O3 -fomit-frame-pointer   scan-assembler \\tdmultu?\\t
FAIL: gcc.target/mips/mult-7.c  -O3 -fomit-frame-pointer   scan-assembler \\tmflo\\t
FAIL: gcc.target/mips/mult-7.c  -O3 -g   scan-assembler \\tdmultu?\\t
FAIL: gcc.target/mips/mult-7.c  -O3 -g   scan-assembler \\tmflo\\t
FAIL: gcc.target/mips/mult-7.c  -Os   scan-assembler \\tdmultu?\\t
FAIL: gcc.target/mips/mult-7.c  -Os   scan-assembler \\tmflo\\t
FAIL: gcc.target/mips/mult-7.c  -O2 -flto -fno-use-linker-plugin -flto-partition=none   scan-assembler \\tdmultu?\\t
FAIL: gcc.target/mips/mult-7.c  -O2 -flto -fno-use-linker-plugin -flto-partition=none   scan-assembler \\tmflo\\t
FAIL: gcc.target/mips/mult-7.c  -O2 -flto -fuse-linker-plugin -fno-fat-lto-objects   scan-assembler \\tdmultu?\\t
FAIL: gcc.target/mips/mult-7.c  -O2 -flto -fuse-linker-plugin -fno-fat-lto-objects   scan-assembler \\tmflo\\t
FAIL: gcc.target/mips/umips-lwp-1.c  -O1   scan-assembler \\tlwp\\t\\\\\$5,0\\\\(\\\\\$4\\\\)
FAIL: gcc.target/mips/umips-lwp-1.c  -O2   scan-assembler \\tlwp\\t\\\\\$5,0\\\\(\\\\\$4\\\\)
FAIL: gcc.target/mips/umips-lwp-1.c  -O3 -fomit-frame-pointer   scan-assembler \\tlwp\\t\\\\\$5,0\\\\(\\\\\$4\\\\)
FAIL: gcc.target/mips/umips-lwp-1.c  -O3 -g   scan-assembler \\tlwp\\t\\\\\$5,0\\\\(\\\\\$4\\\\)
FAIL: gcc.target/mips/umips-lwp-1.c  -Os   scan-assembler \\tlwp\\t\\\\\$5,0\\\\(\\\\\$4\\\\)
FAIL: gcc.target/mips/umips-lwp-1.c  -O2 -flto -fno-use-linker-plugin -flto-partition=none   scan-assembler \\tlwp\\t\\\\\$5,0\\\\(\\\\\$4\\\\)
FAIL: gcc.target/mips/umips-lwp-1.c  -O2 -flto -fuse-linker-plugin -fno-fat-lto-objects   scan-assembler \\tlwp\\t\\\\\$5,0\\\\(\\\\\$4\\\\)
FAIL: gcc.target/mips/umips-lwp-2.c  -O1   scan-assembler \\tlwp\\t\\\\\$5,0\\\\(\\\\\$4\\\\)
FAIL: gcc.target/mips/umips-lwp-2.c  -O2   scan-assembler \\tlwp\\t\\\\\$5,0\\\\(\\\\\$4\\\\)
FAIL: gcc.target/mips/umips-lwp-2.c  -O3 -fomit-frame-pointer   scan-assembler \\tlwp\\t\\\\\$5,0\\\\(\\\\\$4\\\\)
FAIL: gcc.target/mips/umips-lwp-2.c  -O3 -g   scan-assembler \\tlwp\\t\\\\\$5,0\\\\(\\\\\$4\\\\)
FAIL: gcc.target/mips/umips-lwp-2.c  -Os   scan-assembler \\tlwp\\t\\\\\$5,0\\\\(\\\\\$4\\\\)
FAIL: gcc.target/mips/umips-lwp-2.c  -O2 -flto -fno-use-linker-plugin -flto-partition=none   scan-assembler \\tlwp\\t\\\\\$5,0\\\\(\\\\\$4\\\\)
FAIL: gcc.target/mips/umips-lwp-2.c  -O2 -flto -fuse-linker-plugin -fno-fat-lto-objects   scan-assembler \\tlwp\\t\\\\\$5,0\\\\(\\\\\$4\\\\)
FAIL: gcc.target/mips/umips-lwp-3.c  -O1   scan-assembler \\tlwp\\t\\\\\$5,2044\\\\(\\\\\$4\\\\)
FAIL: gcc.target/mips/umips-lwp-3.c  -O2   scan-assembler \\tlwp\\t\\\\\$5,2044\\\\(\\\\\$4\\\\)
FAIL: gcc.target/mips/umips-lwp-3.c  -O3 -fomit-frame-pointer   scan-assembler \\tlwp\\t\\\\\$5,2044\\\\(\\\\\$4\\\\)
FAIL: gcc.target/mips/umips-lwp-3.c  -O3 -g   scan-assembler \\tlwp\\t\\\\\$5,2044\\\\(\\\\\$4\\\\)
FAIL: gcc.target/mips/umips-lwp-3.c  -Os   scan-assembler \\tlwp\\t\\\\\$5,2044\\\\(\\\\\$4\\\\)
FAIL: gcc.target/mips/umips-lwp-3.c  -O2 -flto -fno-use-linker-plugin -flto-partition=none   scan-assembler \\tlwp\\t\\\\\$5,2044\\\\(\\\\\$4\\\\)
FAIL: gcc.target/mips/umips-lwp-3.c  -O2 -flto -fuse-linker-plugin -fno-fat-lto-objects   scan-assembler \\tlwp\\t\\\\\$5,2044\\\\(\\\\\$4\\\\)
FAIL: gcc.target/mips/umips-lwp-4.c  -O1   scan-assembler \\tlwp\\t\\\\\$5,2044\\\\(\\\\\$4\\\\)
FAIL: gcc.target/mips/umips-lwp-4.c  -O2   scan-assembler \\tlwp\\t\\\\\$5,2044\\\\(\\\\\$4\\\\)
FAIL: gcc.target/mips/umips-lwp-4.c  -O3 -fomit-frame-pointer   scan-assembler \\tlwp\\t\\\\\$5,2044\\\\(\\\\\$4\\\\)
FAIL: gcc.target/mips/umips-lwp-4.c  -O3 -g   scan-assembler \\tlwp\\t\\\\\$5,2044\\\\(\\\\\$4\\\\)
FAIL: gcc.target/mips/umips-lwp-4.c  -Os   scan-assembler \\tlwp\\t\\\\\$5,2044\\\\(\\\\\$4\\\\)
FAIL: gcc.target/mips/umips-lwp-4.c  -O2 -flto -fno-use-linker-plugin -flto-partition=none   scan-assembler \\tlwp\\t\\\\\$5,2044\\\\(\\\\\$4\\\\)
FAIL: gcc.target/mips/umips-lwp-4.c  -O2 -flto -fuse-linker-plugin -fno-fat-lto-objects   scan-assembler \\tlwp\\t\\\\\$5,2044\\\\(\\\\\$4\\\\)

		=== gcc Summary ===

# of expected passes		101879
# of unexpected failures	955
# of unexpected successes	38
# of expected failures		351
# of unresolved testcases	28
# of unsupported tests		2071
/home/aaro/gcctest/build/gcc/xgcc  version 4.9.1 (GCC) 

		=== libatomic tests ===


Running target unix

		=== libatomic Summary ===

# of expected passes		44
# of unsupported tests		5
		=== libgomp tests ===


Running target unix
FAIL: libgomp.c/cancel-for-1.c execution test
FAIL: libgomp.c/cancel-for-2.c execution test
FAIL: libgomp.c/cancel-parallel-1.c execution test
FAIL: libgomp.c/cancel-parallel-2.c execution test
FAIL: libgomp.c/cancel-parallel-3.c execution test
FAIL: libgomp.c/cancel-sections-1.c execution test
WARNING: program timed out.
FAIL: libgomp.c/depend-3.c execution test
FAIL: libgomp.c/omp-loop03.c execution test
FAIL: libgomp.c/pr26943-1.c execution test
FAIL: libgomp.c/pr32362-3.c execution test
FAIL: libgomp.c++/cancel-for-1.C execution test
FAIL: libgomp.c++/cancel-for-2.C execution test
FAIL: libgomp.c++/cancel-parallel-1.C execution test
FAIL: libgomp.c++/cancel-parallel-2.C execution test
FAIL: libgomp.c++/cancel-parallel-3.C execution test
FAIL: libgomp.c++/cancel-sections-1.C execution test
FAIL: libgomp.c++/loop-3.C execution test

		=== libgomp Summary ===

# of expected passes		658
# of unexpected failures	17
# of unsupported tests		1
		=== libstdc++ tests ===


Running target unix
FAIL: libstdc++-abi/abi_check
FAIL: 23_containers/list/pthread1.cc execution test
WARNING: program timed out.

		=== libstdc++ Summary ===

# of expected passes		9070
# of unexpected failures	2
# of expected failures		41
# of unsupported tests		556

Compiler version: 4.9.1 (GCC) 
Platform: mipsel-unknown-linux-gnu
configure flags: --with-arch=loongson2f --with-abi=32 --enable-targets=all --disable-nls --enable-languages=c,c++ --host=mipsel-unknown-linux-gnu --build=mipsel-unknown-linux-gnu --target=mipsel-unknown-linux-gnu --with-system-zlib --with-sysroot=/ --disable-static --enable-shared


Index Nav: [Date Index] [Subject Index] [Author Index] [Thread Index]
Message Nav: [Date Prev] [Date Next] [Thread Prev] [Thread Next]