This is the mail archive of the
gcc-testresults@gcc.gnu.org
mailing list for the GCC project.
Results for 5.0.0 20140827 (Wed Aug 27 08:21:06 CDT 2014 build.sh rev=1031 s=FCtrunk XLMe500v2) (GCC) testsuite on powerpc-unknown-linux-gnuspe
- From: "rohitarulraj at freescale dot com" <rohitarulraj at freescale dot com>
- To: "gcc-testresults at gcc dot gnu dot org" <gcc-testresults at gcc dot gnu dot org>
- Date: Thu, 28 Aug 2014 10:21:59 +0000
- Subject: Results for 5.0.0 20140827 (Wed Aug 27 08:21:06 CDT 2014 build.sh rev=1031 s=FCtrunk XLMe500v2) (GCC) testsuite on powerpc-unknown-linux-gnuspe
- Authentication-results: sourceware.org; auth=none
- References: <201408281019 dot s7SAJf62020386 at perf3farm19 dot am dot freescale dot net>
Target is powerpc-unknown-linux-gnuspe
Host is x86_64-unknown-linux-gnu
=== gcc tests ===
Running target perf3board122854
FAIL: gcc.c-torture/compile/pr60655-2.c -O3 -g (test for excess errors)
FAIL: gcc.c-torture/execute/pr39228.c -O0 execution test
FAIL: gcc.c-torture/execute/pr39228.c -O1 execution test
FAIL: gcc.c-torture/execute/pr39228.c -O2 execution test
FAIL: gcc.c-torture/execute/pr39228.c -O3 -fomit-frame-pointer execution test
FAIL: gcc.c-torture/execute/pr39228.c -O3 -g execution test
FAIL: gcc.c-torture/execute/pr39228.c -Os execution test
FAIL: gcc.c-torture/execute/pr39228.c -O2 -flto -fno-use-linker-plugin -flto-partition=none execution test
FAIL: gcc.c-torture/execute/pr39228.c -O2 -flto -fuse-linker-plugin -fno-fat-lto-objects execution test
FAIL: gcc.c-torture/execute/pr53645.c -O0 execution test
FAIL: gcc.c-torture/execute/pr53645.c -O1 execution test
FAIL: gcc.c-torture/execute/pr53645.c -O2 execution test
FAIL: gcc.c-torture/execute/pr53645.c -O3 -fomit-frame-pointer execution test
FAIL: gcc.c-torture/execute/pr53645.c -O3 -fomit-frame-pointer -funroll-loops execution test
FAIL: gcc.c-torture/execute/pr53645.c -O3 -fomit-frame-pointer -funroll-all-loops -finline-functions execution test
FAIL: gcc.c-torture/execute/pr53645.c -O3 -g execution test
FAIL: gcc.c-torture/execute/pr53645.c -Os execution test
FAIL: gcc.c-torture/execute/pr53645.c -O2 -flto -fno-use-linker-plugin -flto-partition=none execution test
FAIL: gcc.c-torture/execute/pr53645.c -O2 -flto -fuse-linker-plugin -fno-fat-lto-objects execution test
FAIL: gcc.c-torture/execute/scal-to-vec1.c -O0 execution test
FAIL: gcc.c-torture/execute/scal-to-vec1.c -O1 execution test
FAIL: gcc.c-torture/execute/scal-to-vec1.c -O2 execution test
FAIL: gcc.c-torture/execute/scal-to-vec1.c -O3 -fomit-frame-pointer execution test
FAIL: gcc.c-torture/execute/scal-to-vec1.c -O3 -fomit-frame-pointer -funroll-loops execution test
FAIL: gcc.c-torture/execute/scal-to-vec1.c -O3 -fomit-frame-pointer -funroll-all-loops -finline-functions execution test
FAIL: gcc.c-torture/execute/scal-to-vec1.c -O3 -g execution test
FAIL: gcc.c-torture/execute/scal-to-vec1.c -Os execution test
FAIL: gcc.c-torture/execute/scal-to-vec1.c -O2 -flto -fno-use-linker-plugin -flto-partition=none execution test
FAIL: gcc.c-torture/execute/scal-to-vec1.c -O2 -flto -fuse-linker-plugin -fno-fat-lto-objects execution test
FAIL: gcc.c-torture/execute/simd-1.c -O0 execution test
FAIL: gcc.c-torture/execute/simd-1.c -O1 execution test
FAIL: gcc.c-torture/execute/simd-1.c -O2 execution test
FAIL: gcc.c-torture/execute/simd-1.c -O3 -fomit-frame-pointer execution test
FAIL: gcc.c-torture/execute/simd-1.c -O3 -g execution test
FAIL: gcc.c-torture/execute/simd-1.c -Os execution test
FAIL: gcc.c-torture/execute/simd-1.c -O2 -flto -fno-use-linker-plugin -flto-partition=none execution test
FAIL: gcc.c-torture/execute/simd-2.c -O1 execution test
FAIL: gcc.c-torture/execute/simd-2.c -O2 execution test
FAIL: gcc.c-torture/execute/simd-2.c -O3 -fomit-frame-pointer execution test
FAIL: gcc.c-torture/execute/simd-2.c -O3 -g execution test
FAIL: gcc.c-torture/execute/simd-2.c -Os execution test
FAIL: gcc.c-torture/execute/simd-2.c -O2 -flto -fno-use-linker-plugin -flto-partition=none execution test
FAIL: c-c++-common/asan/global-overflow-1.c -O0 output pattern test, is =================================================================
FAIL: c-c++-common/asan/global-overflow-1.c -O1 output pattern test, is =================================================================
FAIL: c-c++-common/asan/global-overflow-1.c -O2 output pattern test, is =================================================================
FAIL: c-c++-common/asan/global-overflow-1.c -O3 -fomit-frame-pointer output pattern test, is =================================================================
FAIL: c-c++-common/asan/global-overflow-1.c -O3 -g output pattern test, is =================================================================
FAIL: c-c++-common/asan/global-overflow-1.c -Os output pattern test, is =================================================================
FAIL: c-c++-common/asan/global-overflow-1.c -O2 -flto -fno-use-linker-plugin -flto-partition=none output pattern test, is =================================================================
FAIL: c-c++-common/asan/global-overflow-1.c -O2 -flto -fuse-linker-plugin -fno-fat-lto-objects output pattern test, is =================================================================
FAIL: c-c++-common/asan/heap-overflow-1.c -O0 output pattern test, is sh: line 1: 22149 Aborted /tmp/heap-overflow-1.exe.14639, should match READ of size 1 at 0x[0-9a-f]+ thread T0.*(
FAIL: c-c++-common/asan/heap-overflow-1.c -O1 output pattern test, is sh: line 1: 22202 Aborted /tmp/heap-overflow-1.exe.14639, should match READ of size 1 at 0x[0-9a-f]+ thread T0.*(
FAIL: c-c++-common/asan/heap-overflow-1.c -O2 output pattern test, is sh: line 1: 22214 Aborted /tmp/heap-overflow-1.exe.14639, should match READ of size 1 at 0x[0-9a-f]+ thread T0.*(
FAIL: c-c++-common/asan/heap-overflow-1.c -O3 -fomit-frame-pointer output pattern test, is sh: line 1: 22223 Aborted /tmp/heap-overflow-1.exe.14639, should match READ of size 1 at 0x[0-9a-f]+ thread T0.*(
FAIL: c-c++-common/asan/heap-overflow-1.c -O3 -g output pattern test, is sh: line 1: 22234 Aborted /tmp/heap-overflow-1.exe.14639, should match READ of size 1 at 0x[0-9a-f]+ thread T0.*(
FAIL: c-c++-common/asan/heap-overflow-1.c -Os output pattern test, is sh: line 1: 22250 Aborted /tmp/heap-overflow-1.exe.14639, should match READ of size 1 at 0x[0-9a-f]+ thread T0.*(
FAIL: c-c++-common/asan/heap-overflow-1.c -O2 -flto -fno-use-linker-plugin -flto-partition=none output pattern test, is sh: line 1: 22261 Aborted /tmp/heap-overflow-1.exe.14639, should match READ of size 1 at 0x[0-9a-f]+ thread T0.*(
FAIL: c-c++-common/asan/heap-overflow-1.c -O2 -flto -fuse-linker-plugin -fno-fat-lto-objects output pattern test, is sh: line 1: 22281 Aborted /tmp/heap-overflow-1.exe.14639, should match READ of size 1 at 0x[0-9a-f]+ thread T0.*(
FAIL: c-c++-common/asan/memcmp-1.c -O0 output pattern test, is =================================================================
FAIL: c-c++-common/asan/memcmp-1.c -O1 output pattern test, is =================================================================
FAIL: c-c++-common/asan/memcmp-1.c -O2 output pattern test, is =================================================================
FAIL: c-c++-common/asan/memcmp-1.c -O3 -fomit-frame-pointer output pattern test, is =================================================================
FAIL: c-c++-common/asan/memcmp-1.c -O3 -g output pattern test, is =================================================================
FAIL: c-c++-common/asan/memcmp-1.c -Os output pattern test, is =================================================================
FAIL: c-c++-common/asan/memcmp-1.c -O2 -flto -fno-use-linker-plugin -flto-partition=none output pattern test, is =================================================================
FAIL: c-c++-common/asan/memcmp-1.c -O2 -flto -fuse-linker-plugin -fno-fat-lto-objects output pattern test, is =================================================================
FAIL: c-c++-common/asan/misalign-1.c -O0 output pattern test, is =================================================================
FAIL: c-c++-common/asan/misalign-1.c -O1 output pattern test, is =================================================================
FAIL: c-c++-common/asan/misalign-1.c -O2 output pattern test, is =================================================================
FAIL: c-c++-common/asan/misalign-1.c -O3 -fomit-frame-pointer output pattern test, is =================================================================
FAIL: c-c++-common/asan/misalign-1.c -O3 -g output pattern test, is =================================================================
FAIL: c-c++-common/asan/misalign-1.c -Os output pattern test, is =================================================================
FAIL: c-c++-common/asan/misalign-1.c -O2 -flto -fno-use-linker-plugin -flto-partition=none output pattern test, is =================================================================
FAIL: c-c++-common/asan/misalign-1.c -O2 -flto -fuse-linker-plugin -fno-fat-lto-objects output pattern test, is =================================================================
FAIL: c-c++-common/asan/misalign-2.c -O0 output pattern test, is =================================================================
FAIL: c-c++-common/asan/misalign-2.c -O1 output pattern test, is =================================================================
FAIL: c-c++-common/asan/misalign-2.c -O2 output pattern test, is =================================================================
FAIL: c-c++-common/asan/misalign-2.c -O3 -fomit-frame-pointer output pattern test, is =================================================================
FAIL: c-c++-common/asan/misalign-2.c -O3 -g output pattern test, is =================================================================
FAIL: c-c++-common/asan/misalign-2.c -Os output pattern test, is =================================================================
FAIL: c-c++-common/asan/misalign-2.c -O2 -flto -fno-use-linker-plugin -flto-partition=none output pattern test, is =================================================================
FAIL: c-c++-common/asan/misalign-2.c -O2 -flto -fuse-linker-plugin -fno-fat-lto-objects output pattern test, is =================================================================
FAIL: c-c++-common/asan/null-deref-1.c -O0 output pattern test, is ASAN:SIGSEGV
FAIL: c-c++-common/asan/null-deref-1.c -O1 output pattern test, is ASAN:SIGSEGV
FAIL: c-c++-common/asan/null-deref-1.c -O2 output pattern test, is ASAN:SIGSEGV
FAIL: c-c++-common/asan/null-deref-1.c -O3 -fomit-frame-pointer output pattern test, is ASAN:SIGSEGV
FAIL: c-c++-common/asan/null-deref-1.c -O3 -g output pattern test, is ASAN:SIGSEGV
FAIL: c-c++-common/asan/null-deref-1.c -Os output pattern test, is ASAN:SIGSEGV
FAIL: c-c++-common/asan/null-deref-1.c -O2 -flto -fno-use-linker-plugin -flto-partition=none output pattern test, is ASAN:SIGSEGV
FAIL: c-c++-common/asan/null-deref-1.c -O2 -flto -fuse-linker-plugin -fno-fat-lto-objects output pattern test, is ASAN:SIGSEGV
FAIL: c-c++-common/asan/pr62089.c -O2 -flto -fuse-linker-plugin -fno-fat-lto-objects output pattern test, is =================================================================
FAIL: c-c++-common/asan/rlimit-mmap-test-1.c -O0 output pattern test, is sh: line 1: 24053 Aborted /tmp/rlimit-mmap-test-1.exe.14639, should match ERROR: Failed to mmap
FAIL: c-c++-common/asan/sanity-check-pure-c-1.c -O0 output pattern test, is sh: line 1: 24074 Aborted /tmp/sanity-check-pure-c-1.exe.14639, should match heap-use-after-free.*(
FAIL: c-c++-common/asan/sanity-check-pure-c-1.c -O1 output pattern test, is sh: line 1: 24102 Aborted /tmp/sanity-check-pure-c-1.exe.14639, should match heap-use-after-free.*(
FAIL: c-c++-common/asan/sanity-check-pure-c-1.c -O2 output pattern test, is sh: line 1: 24136 Aborted /tmp/sanity-check-pure-c-1.exe.14639, should match heap-use-after-free.*(
FAIL: c-c++-common/asan/sanity-check-pure-c-1.c -O3 -fomit-frame-pointer output pattern test, is sh: line 1: 24154 Aborted /tmp/sanity-check-pure-c-1.exe.14639, should match heap-use-after-free.*(
FAIL: c-c++-common/asan/sanity-check-pure-c-1.c -O3 -g output pattern test, is sh: line 1: 24185 Aborted /tmp/sanity-check-pure-c-1.exe.14639, should match heap-use-after-free.*(
FAIL: c-c++-common/asan/sanity-check-pure-c-1.c -Os output pattern test, is sh: line 1: 24218 Aborted /tmp/sanity-check-pure-c-1.exe.14639, should match heap-use-after-free.*(
FAIL: c-c++-common/asan/sanity-check-pure-c-1.c -O2 -flto -fno-use-linker-plugin -flto-partition=none output pattern test, is sh: line 1: 24244 Aborted /tmp/sanity-check-pure-c-1.exe.14639, should match heap-use-after-free.*(
FAIL: c-c++-common/asan/sanity-check-pure-c-1.c -O2 -flto -fuse-linker-plugin -fno-fat-lto-objects output pattern test, is sh: line 1: 24280 Aborted /tmp/sanity-check-pure-c-1.exe.14639, should match heap-use-after-free.*(
FAIL: c-c++-common/asan/stack-overflow-1.c -O0 output pattern test, is =================================================================
FAIL: c-c++-common/asan/stack-overflow-1.c -O1 output pattern test, is =================================================================
FAIL: c-c++-common/asan/stack-overflow-1.c -O2 output pattern test, is =================================================================
FAIL: c-c++-common/asan/stack-overflow-1.c -O3 -fomit-frame-pointer output pattern test, is =================================================================
FAIL: c-c++-common/asan/stack-overflow-1.c -O3 -g output pattern test, is =================================================================
FAIL: c-c++-common/asan/stack-overflow-1.c -Os output pattern test, is =================================================================
FAIL: c-c++-common/asan/stack-overflow-1.c -O2 -flto -fno-use-linker-plugin -flto-partition=none output pattern test, is =================================================================
FAIL: c-c++-common/asan/stack-overflow-1.c -O2 -flto -fuse-linker-plugin -fno-fat-lto-objects output pattern test, is =================================================================
FAIL: c-c++-common/asan/strlen-overflow-1.c -O0 output pattern test, is =================================================================
FAIL: c-c++-common/asan/strlen-overflow-1.c -O1 output pattern test, is =================================================================
FAIL: c-c++-common/asan/strlen-overflow-1.c -O2 output pattern test, is =================================================================
FAIL: c-c++-common/asan/strlen-overflow-1.c -O3 -fomit-frame-pointer output pattern test, is =================================================================
FAIL: c-c++-common/asan/strlen-overflow-1.c -O3 -fomit-frame-pointer -funroll-loops output pattern test, is =================================================================
FAIL: c-c++-common/asan/strlen-overflow-1.c -O3 -fomit-frame-pointer -funroll-all-loops -finline-functions output pattern test, is =================================================================
FAIL: c-c++-common/asan/strlen-overflow-1.c -O3 -g output pattern test, is =================================================================
FAIL: c-c++-common/asan/strlen-overflow-1.c -Os output pattern test, is =================================================================
FAIL: c-c++-common/asan/strncpy-overflow-1.c -O0 output pattern test, is sh: line 1: 24761 Aborted /tmp/strncpy-overflow-1.exe.14639, should match WRITE of size [0-9]* at 0x[0-9a-f]+ thread T0[^
FAIL: c-c++-common/asan/strncpy-overflow-1.c -O1 output pattern test, is sh: line 1: 24779 Aborted /tmp/strncpy-overflow-1.exe.14639, should match WRITE of size [0-9]* at 0x[0-9a-f]+ thread T0[^
FAIL: c-c++-common/asan/strncpy-overflow-1.c -O2 output pattern test, is sh: line 1: 24810 Aborted /tmp/strncpy-overflow-1.exe.14639, should match WRITE of size [0-9]* at 0x[0-9a-f]+ thread T0[^
FAIL: c-c++-common/asan/strncpy-overflow-1.c -O3 -fomit-frame-pointer output pattern test, is sh: line 1: 24973 Aborted /tmp/strncpy-overflow-1.exe.14639, should match WRITE of size [0-9]* at 0x[0-9a-f]+ thread T0[^
FAIL: c-c++-common/asan/strncpy-overflow-1.c -O3 -g output pattern test, is sh: line 1: 24991 Aborted /tmp/strncpy-overflow-1.exe.14639, should match WRITE of size [0-9]* at 0x[0-9a-f]+ thread T0[^
FAIL: c-c++-common/asan/strncpy-overflow-1.c -Os output pattern test, is sh: line 1: 25143 Aborted /tmp/strncpy-overflow-1.exe.14639, should match WRITE of size [0-9]* at 0x[0-9a-f]+ thread T0[^
FAIL: c-c++-common/asan/strncpy-overflow-1.c -O2 -flto -fno-use-linker-plugin -flto-partition=none output pattern test, is sh: line 1: 25171 Aborted /tmp/strncpy-overflow-1.exe.14639, should match WRITE of size [0-9]* at 0x[0-9a-f]+ thread T0[^
FAIL: c-c++-common/asan/strncpy-overflow-1.c -O2 -flto -fuse-linker-plugin -fno-fat-lto-objects output pattern test, is sh: line 1: 25206 Aborted /tmp/strncpy-overflow-1.exe.14639, should match WRITE of size [0-9]* at 0x[0-9a-f]+ thread T0[^
FAIL: c-c++-common/asan/use-after-free-1.c -O0 output pattern test, is sh: line 1: 25414 Aborted /tmp/use-after-free-1.exe.14639, should match ERROR: AddressSanitizer:? heap-use-after-free on address[^
FAIL: c-c++-common/asan/use-after-free-1.c -O1 output pattern test, is sh: line 1: 25427 Aborted /tmp/use-after-free-1.exe.14639, should match ERROR: AddressSanitizer:? heap-use-after-free on address[^
FAIL: c-c++-common/asan/use-after-free-1.c -O2 output pattern test, is sh: line 1: 25436 Aborted /tmp/use-after-free-1.exe.14639, should match ERROR: AddressSanitizer:? heap-use-after-free on address[^
FAIL: c-c++-common/asan/use-after-free-1.c -O3 -fomit-frame-pointer output pattern test, is sh: line 1: 25454 Aborted /tmp/use-after-free-1.exe.14639, should match ERROR: AddressSanitizer:? heap-use-after-free on address[^
FAIL: c-c++-common/asan/use-after-free-1.c -O3 -g output pattern test, is sh: line 1: 25463 Aborted /tmp/use-after-free-1.exe.14639, should match ERROR: AddressSanitizer:? heap-use-after-free on address[^
FAIL: c-c++-common/asan/use-after-free-1.c -Os output pattern test, is sh: line 1: 25476 Aborted /tmp/use-after-free-1.exe.14639, should match ERROR: AddressSanitizer:? heap-use-after-free on address[^
FAIL: c-c++-common/asan/use-after-free-1.c -O2 -flto -fno-use-linker-plugin -flto-partition=none output pattern test, is sh: line 1: 25540 Aborted /tmp/use-after-free-1.exe.14639, should match ERROR: AddressSanitizer:? heap-use-after-free on address[^
FAIL: c-c++-common/asan/use-after-free-1.c -O2 -flto -fuse-linker-plugin -fno-fat-lto-objects output pattern test, is sh: line 1: 25549 Aborted /tmp/use-after-free-1.exe.14639, should match ERROR: AddressSanitizer:? heap-use-after-free on address[^
FAIL: c-c++-common/dfp/convert-bfp-10.c execution test
FAIL: c-c++-common/dfp/convert-bfp-4.c execution test
FAIL: c-c++-common/dfp/convert-bfp-5.c execution test
FAIL: c-c++-common/dfp/convert-bfp-7.c execution test
FAIL: c-c++-common/dfp/convert-bfp-9.c execution test
FAIL: gcc.dg/20111227-2.c scan-rtl-dump ree "Elimination opportunities = 3 realized = 3"
FAIL: gcc.dg/20111227-3.c scan-rtl-dump ree "Elimination opportunities = 3 realized = 3"
FAIL: gcc.dg/and-1.c scan-assembler-not nand
FAIL: gcc.dg/c11-complex-1.c execution test
FAIL: gcc.dg/cleanup-10.c execution test
FAIL: gcc.dg/cleanup-11.c execution test
FAIL: gcc.dg/cleanup-12.c execution test
FAIL: gcc.dg/cleanup-13.c execution test
FAIL: gcc.dg/cleanup-5.c execution test
FAIL: gcc.dg/cleanup-8.c execution test
FAIL: gcc.dg/cleanup-9.c execution test
FAIL: gcc.dg/optimize-bswaphi-1.c scan-tree-dump-times bswap "16 bit bswap implementation found at" 3
FAIL: gcc.dg/optimize-bswapsi-2.c scan-tree-dump-times bswap "32 bit bswap implementation found at" 3
FAIL: gcc.dg/pr28796-2.c execution test
UNRESOLVED: gcc.dg/pr47793.c scan-file .
FAIL: gcc.dg/pr56837.c (test for excess errors)
UNRESOLVED: gcc.dg/pr56837.c scan-tree-dump-times optimized "memset ..d, 68, 8192.;" 1
UNRESOLVED: gcc.dg/pr56837.c scan-tree-dump-times optimized "memset ..l, 124, 8192.;" 1
UNRESOLVED: gcc.dg/pr56837.c scan-tree-dump-times optimized "memset ..b, 1, 1024.;" 1
UNRESOLVED: gcc.dg/pr56837.c scan-tree-dump-times optimized "memset ..c, 68, 16384.;" 1
UNRESOLVED: gcc.dg/pr56837.c scan-tree-dump-times optimized "memset ..v, 18, 16384.;" 1
FAIL: gcc.dg/pr57233.c execution test
FAIL: gcc.dg/plugin/self-assign-test-1.c -fplugin=./selfassign.so (test for warnings, line 15)
FAIL: gcc.dg/plugin/self-assign-test-1.c -fplugin=./selfassign.so (test for warnings, line 19)
FAIL: gcc.dg/plugin/self-assign-test-1.c -fplugin=./selfassign.so (test for warnings, line 20)
FAIL: gcc.dg/plugin/self-assign-test-1.c -fplugin=./selfassign.so (test for warnings, line 21)
FAIL: gcc.dg/plugin/self-assign-test-1.c -fplugin=./selfassign.so (test for warnings, line 22)
FAIL: gcc.dg/plugin/self-assign-test-1.c -fplugin=./selfassign.so (test for excess errors)
FAIL: gcc.dg/plugin/self-assign-test-2.c -fplugin=./selfassign.so (test for excess errors)
FAIL: gcc.dg/plugin/ggcplug-test-1.c -fplugin=./ggcplug.so (test for excess errors)
FAIL: gcc.dg/plugin/one_time-test-1.c -fplugin=./one_time_plugin.so (test for excess errors)
FAIL: gcc.dg/plugin/start_unit-test-1.c -fplugin=./start_unit_plugin.so (test for excess errors)
FAIL: gcc.dg/plugin/finish_unit-test-1.c -fplugin=./finish_unit_plugin.so (test for excess errors)
FAIL: c-c++-common/torture/complex-sign-add.c -O0 execution test
FAIL: c-c++-common/torture/complex-sign-add.c -O1 execution test
FAIL: c-c++-common/torture/complex-sign-add.c -O2 execution test
FAIL: c-c++-common/torture/complex-sign-add.c -O3 -fomit-frame-pointer execution test
FAIL: c-c++-common/torture/complex-sign-add.c -O3 -fomit-frame-pointer -funroll-loops execution test
FAIL: c-c++-common/torture/complex-sign-add.c -O3 -fomit-frame-pointer -funroll-all-loops -finline-functions execution test
FAIL: c-c++-common/torture/complex-sign-add.c -O3 -g execution test
FAIL: c-c++-common/torture/complex-sign-add.c -Os execution test
FAIL: c-c++-common/torture/complex-sign-add.c -O2 -flto -fno-use-linker-plugin -flto-partition=none execution test
FAIL: c-c++-common/torture/complex-sign-add.c -O2 -flto -fuse-linker-plugin -fno-fat-lto-objects execution test
FAIL: c-c++-common/torture/complex-sign-mixed-add.c -O0 execution test
FAIL: c-c++-common/torture/complex-sign-mixed-add.c -O1 execution test
FAIL: c-c++-common/torture/complex-sign-mixed-add.c -O2 execution test
FAIL: c-c++-common/torture/complex-sign-mixed-add.c -O3 -fomit-frame-pointer execution test
FAIL: c-c++-common/torture/complex-sign-mixed-add.c -O3 -fomit-frame-pointer -funroll-loops execution test
FAIL: c-c++-common/torture/complex-sign-mixed-add.c -O3 -fomit-frame-pointer -funroll-all-loops -finline-functions execution test
FAIL: c-c++-common/torture/complex-sign-mixed-add.c -O3 -g execution test
FAIL: c-c++-common/torture/complex-sign-mixed-add.c -Os execution test
FAIL: c-c++-common/torture/complex-sign-mixed-add.c -O2 -flto -fno-use-linker-plugin -flto-partition=none execution test
FAIL: c-c++-common/torture/complex-sign-mixed-add.c -O2 -flto -fuse-linker-plugin -fno-fat-lto-objects execution test
FAIL: c-c++-common/torture/complex-sign-mixed-div.c -O3 -fomit-frame-pointer -funroll-loops execution test
FAIL: c-c++-common/torture/complex-sign-mixed-div.c -O3 -fomit-frame-pointer -funroll-all-loops -finline-functions execution test
FAIL: c-c++-common/torture/complex-sign-mixed-mul.c -O3 -fomit-frame-pointer -funroll-loops execution test
FAIL: c-c++-common/torture/complex-sign-mixed-mul.c -O3 -fomit-frame-pointer -funroll-all-loops -finline-functions execution test
FAIL: c-c++-common/torture/complex-sign-mixed-sub.c -O0 execution test
FAIL: c-c++-common/torture/complex-sign-mixed-sub.c -O1 execution test
FAIL: c-c++-common/torture/complex-sign-mixed-sub.c -O2 execution test
FAIL: c-c++-common/torture/complex-sign-mixed-sub.c -O3 -fomit-frame-pointer execution test
FAIL: c-c++-common/torture/complex-sign-mixed-sub.c -O3 -fomit-frame-pointer -funroll-loops execution test
FAIL: c-c++-common/torture/complex-sign-mixed-sub.c -O3 -fomit-frame-pointer -funroll-all-loops -finline-functions execution test
FAIL: c-c++-common/torture/complex-sign-mixed-sub.c -O3 -g execution test
FAIL: c-c++-common/torture/complex-sign-mixed-sub.c -Os execution test
FAIL: c-c++-common/torture/complex-sign-mixed-sub.c -O2 -flto -fno-use-linker-plugin -flto-partition=none execution test
FAIL: c-c++-common/torture/complex-sign-mixed-sub.c -O2 -flto -fuse-linker-plugin -fno-fat-lto-objects execution test
FAIL: c-c++-common/torture/complex-sign-mul-minus-one.c -O0 execution test
FAIL: c-c++-common/torture/complex-sign-mul-minus-one.c -O1 execution test
FAIL: c-c++-common/torture/complex-sign-mul-minus-one.c -O2 execution test
FAIL: c-c++-common/torture/complex-sign-mul-minus-one.c -O3 -fomit-frame-pointer execution test
FAIL: c-c++-common/torture/complex-sign-mul-minus-one.c -O3 -fomit-frame-pointer -funroll-loops execution test
FAIL: c-c++-common/torture/complex-sign-mul-minus-one.c -O3 -fomit-frame-pointer -funroll-all-loops -finline-functions execution test
FAIL: c-c++-common/torture/complex-sign-mul-minus-one.c -O3 -g execution test
FAIL: c-c++-common/torture/complex-sign-mul-minus-one.c -Os execution test
FAIL: c-c++-common/torture/complex-sign-mul-minus-one.c -O2 -flto -fno-use-linker-plugin -flto-partition=none execution test
FAIL: c-c++-common/torture/complex-sign-mul-minus-one.c -O2 -flto -fuse-linker-plugin -fno-fat-lto-objects execution test
FAIL: c-c++-common/torture/complex-sign-mul-one.c -O0 execution test
FAIL: c-c++-common/torture/complex-sign-mul-one.c -O1 execution test
FAIL: c-c++-common/torture/complex-sign-mul-one.c -O2 execution test
FAIL: c-c++-common/torture/complex-sign-mul-one.c -O3 -fomit-frame-pointer execution test
FAIL: c-c++-common/torture/complex-sign-mul-one.c -O3 -fomit-frame-pointer -funroll-loops execution test
FAIL: c-c++-common/torture/complex-sign-mul-one.c -O3 -fomit-frame-pointer -funroll-all-loops -finline-functions execution test
FAIL: c-c++-common/torture/complex-sign-mul-one.c -O3 -g execution test
FAIL: c-c++-common/torture/complex-sign-mul-one.c -Os execution test
FAIL: c-c++-common/torture/complex-sign-mul-one.c -O2 -flto -fno-use-linker-plugin -flto-partition=none execution test
FAIL: c-c++-common/torture/complex-sign-mul-one.c -O2 -flto -fuse-linker-plugin -fno-fat-lto-objects execution test
FAIL: c-c++-common/torture/complex-sign-mul.c -O0 execution test
FAIL: c-c++-common/torture/complex-sign-mul.c -O1 execution test
FAIL: c-c++-common/torture/complex-sign-mul.c -O2 execution test
FAIL: c-c++-common/torture/complex-sign-mul.c -O3 -fomit-frame-pointer execution test
FAIL: c-c++-common/torture/complex-sign-mul.c -O3 -fomit-frame-pointer -funroll-loops execution test
FAIL: c-c++-common/torture/complex-sign-mul.c -O3 -fomit-frame-pointer -funroll-all-loops -finline-functions execution test
FAIL: c-c++-common/torture/complex-sign-mul.c -O3 -g execution test
FAIL: c-c++-common/torture/complex-sign-mul.c -Os execution test
FAIL: c-c++-common/torture/complex-sign-mul.c -O2 -flto -fno-use-linker-plugin -flto-partition=none execution test
FAIL: c-c++-common/torture/complex-sign-mul.c -O2 -flto -fuse-linker-plugin -fno-fat-lto-objects execution test
FAIL: c-c++-common/torture/complex-sign-sub.c -O0 execution test
FAIL: c-c++-common/torture/complex-sign-sub.c -O1 execution test
FAIL: c-c++-common/torture/complex-sign-sub.c -O2 execution test
FAIL: c-c++-common/torture/complex-sign-sub.c -O3 -fomit-frame-pointer execution test
FAIL: c-c++-common/torture/complex-sign-sub.c -O3 -fomit-frame-pointer -funroll-loops execution test
FAIL: c-c++-common/torture/complex-sign-sub.c -O3 -fomit-frame-pointer -funroll-all-loops -finline-functions execution test
FAIL: c-c++-common/torture/complex-sign-sub.c -O3 -g execution test
FAIL: c-c++-common/torture/complex-sign-sub.c -Os execution test
FAIL: c-c++-common/torture/complex-sign-sub.c -O2 -flto -fno-use-linker-plugin -flto-partition=none execution test
FAIL: c-c++-common/torture/complex-sign-sub.c -O2 -flto -fuse-linker-plugin -fno-fat-lto-objects execution test
FAIL: gcc.dg/torture/builtin-complex-1.c -O0 execution test
FAIL: gcc.dg/torture/builtin-complex-1.c -O1 execution test
FAIL: gcc.dg/torture/builtin-complex-1.c -O2 execution test
FAIL: gcc.dg/torture/builtin-complex-1.c -Os execution test
FAIL: gcc.dg/torture/builtin-complex-1.c -O2 -flto -fno-use-linker-plugin -flto-partition=none execution test
FAIL: gcc.dg/torture/builtin-complex-1.c -O2 -flto -fuse-linker-plugin -fno-fat-lto-objects execution test
FAIL: gcc.dg/torture/builtin-math-7.c -O0 execution test
FAIL: gcc.dg/torture/builtin-math-7.c -O1 execution test
FAIL: gcc.dg/torture/builtin-math-7.c -O2 execution test
FAIL: gcc.dg/torture/builtin-math-7.c -O3 -fomit-frame-pointer execution test
FAIL: gcc.dg/torture/builtin-math-7.c -O3 -fomit-frame-pointer -funroll-loops execution test
FAIL: gcc.dg/torture/builtin-math-7.c -O3 -fomit-frame-pointer -funroll-all-loops -finline-functions execution test
FAIL: gcc.dg/torture/builtin-math-7.c -O3 -g execution test
FAIL: gcc.dg/torture/builtin-math-7.c -Os execution test
FAIL: gcc.dg/torture/builtin-math-7.c -O2 -flto -fno-use-linker-plugin -flto-partition=none execution test
FAIL: gcc.dg/torture/builtin-math-7.c -O2 -flto -fuse-linker-plugin -fno-fat-lto-objects execution test
FAIL: gcc.dg/torture/pr43017.c -Os execution test
FAIL: gcc.dg/torture/pr50396.c -O0 execution test
FAIL: gcc.dg/torture/pr50396.c -O1 execution test
FAIL: gcc.dg/torture/pr50396.c -O2 execution test
FAIL: gcc.dg/torture/pr50396.c -O3 -fomit-frame-pointer execution test
FAIL: gcc.dg/torture/pr50396.c -O3 -g execution test
FAIL: gcc.dg/torture/pr50396.c -Os execution test
FAIL: gcc.dg/torture/pr50396.c -O2 -flto -fno-use-linker-plugin -flto-partition=none execution test
FAIL: gcc.dg/torture/pr50396.c -O2 -flto -fuse-linker-plugin -fno-fat-lto-objects execution test
FAIL: gcc.dg/torture/type-generic-1.c -O0 execution test
FAIL: gcc.dg/torture/type-generic-1.c -O1 execution test
FAIL: gcc.dg/torture/type-generic-1.c -O2 execution test
FAIL: gcc.dg/torture/type-generic-1.c -O3 -fomit-frame-pointer execution test
FAIL: gcc.dg/torture/type-generic-1.c -O3 -g execution test
FAIL: gcc.dg/torture/type-generic-1.c -Os execution test
FAIL: gcc.dg/torture/type-generic-1.c -O2 -flto -fno-use-linker-plugin -flto-partition=none execution test
FAIL: gcc.dg/torture/type-generic-1.c -O2 -flto -fuse-linker-plugin -fno-fat-lto-objects execution test
FAIL: gcc.dg/tree-prof/ic-misattribution-1.c compilation, -fprofile-use -D_PROFILE_USE
UNRESOLVED: gcc.dg/tree-prof/ic-misattribution-1.c execution, -fprofile-use -D_PROFILE_USE
FAIL: gcc.dg/tree-ssa/sra-12.c scan-tree-dump-times release_ssa "l;" 0
FAIL: gcc.target/powerpc/405-dlmzb-strlen-1.c scan-assembler dlmzb\\\\.
FAIL: gcc.target/powerpc/440-dlmzb-strlen-1.c scan-assembler dlmzb\\\\.
FAIL: gcc.target/powerpc/dfmode_off.c object-size text == 320
FAIL: gcc.target/powerpc/ppc-spe64-1.c 64-bit SPE (test for errors, line )
FAIL: gcc.target/powerpc/pr46728-1.c scan-assembler-times fsqrt|xssqrtdp 2
FAIL: gcc.target/powerpc/pr46728-2.c scan-assembler-times fsqrt|xssqrtdp 4
FAIL: gcc.target/powerpc/pr46728-3.c scan-assembler-times sqrt 4
FAIL: gcc.target/powerpc/pr46728-5.c scan-assembler-times cbrt 2
FAIL: gcc.target/powerpc/pr53199.c scan-assembler-times lwbrx 6
FAIL: gcc.target/powerpc/pr53199.c scan-assembler-times stwbrx 6
FAIL: gcc.target/powerpc/pr60032.c (test for excess errors)
FAIL: gcc.target/powerpc/regnames-1.c (internal compiler error)
FAIL: gcc.target/powerpc/regnames-1.c (test for excess errors)
FAIL: gcc.target/powerpc/rs6000-ldouble-3.c execution test
FAIL: gcc.target/powerpc/spe-unwind-1.c execution test
FAIL: gcc.target/powerpc/spe-vector-memcpy.c scan-assembler evstdd
FAIL: gcc.target/powerpc/tfmode_off.c object-size text == 544
=== gcc Summary ===
# of expected passes 86418
# of unexpected failures 290
# of expected failures 105
# of unresolved testcases 7
# of unsupported tests 1895
/home/b30502/e500v2/opt/freescale/XLMe500v2/obj_gcc/gcc/xgcc version 5.0.0 20140827 (Wed Aug 27 08:21:06 CDT 2014 build.sh rev=1031 s=FCtrunk XLMe500v2) (GCC)
Host is x86_64-unknown-linux-gnu
=== gfortran tests ===
Running target perf3board122854
FAIL: gfortran.dg/allocatable_function_1.f90 -O0 scan-tree-dump-times original "free" 10
FAIL: gfortran.dg/allocatable_function_1.f90 -O1 scan-tree-dump-times original "free" 10
FAIL: gfortran.dg/allocatable_function_1.f90 -O2 scan-tree-dump-times original "free" 10
FAIL: gfortran.dg/allocatable_function_1.f90 -O3 -fomit-frame-pointer scan-tree-dump-times original "free" 10
FAIL: gfortran.dg/allocatable_function_1.f90 -O3 -fomit-frame-pointer -funroll-loops scan-tree-dump-times original "free" 10
FAIL: gfortran.dg/allocatable_function_1.f90 -O3 -fomit-frame-pointer -funroll-all-loops -finline-functions scan-tree-dump-times original "free" 10
FAIL: gfortran.dg/allocatable_function_1.f90 -O3 -g scan-tree-dump-times original "free" 10
FAIL: gfortran.dg/allocatable_function_1.f90 -Os scan-tree-dump-times original "free" 10
FAIL: gfortran.dg/array_constructor_23.f -O3 -fomit-frame-pointer -funroll-loops execution test
FAIL: gfortran.dg/array_constructor_23.f -O3 -fomit-frame-pointer -funroll-all-loops -finline-functions execution test
FAIL: gfortran.dg/bessel_7.f90 -O0 execution test
FAIL: gfortran.dg/bessel_7.f90 -O1 execution test
FAIL: gfortran.dg/bessel_7.f90 -O2 execution test
FAIL: gfortran.dg/bessel_7.f90 -O3 -fomit-frame-pointer execution test
FAIL: gfortran.dg/bessel_7.f90 -O3 -fomit-frame-pointer -funroll-loops execution test
FAIL: gfortran.dg/bessel_7.f90 -O3 -fomit-frame-pointer -funroll-all-loops -finline-functions execution test
FAIL: gfortran.dg/bessel_7.f90 -O3 -g execution test
FAIL: gfortran.dg/bessel_7.f90 -Os execution test
FAIL: gfortran.dg/char4_iunit_1.f03 -O0 execution test
FAIL: gfortran.dg/char4_iunit_1.f03 -O1 execution test
FAIL: gfortran.dg/char4_iunit_1.f03 -O2 execution test
FAIL: gfortran.dg/char4_iunit_1.f03 -O3 -fomit-frame-pointer execution test
FAIL: gfortran.dg/char4_iunit_1.f03 -O3 -fomit-frame-pointer -funroll-loops execution test
FAIL: gfortran.dg/char4_iunit_1.f03 -O3 -fomit-frame-pointer -funroll-all-loops -finline-functions execution test
FAIL: gfortran.dg/char4_iunit_1.f03 -O3 -g execution test
FAIL: gfortran.dg/char4_iunit_1.f03 -Os execution test
FAIL: gfortran.dg/erf_2.F90 -O0 execution test
FAIL: gfortran.dg/erf_2.F90 -O1 execution test
FAIL: gfortran.dg/erf_2.F90 -O2 execution test
FAIL: gfortran.dg/erf_2.F90 -O3 -fomit-frame-pointer execution test
FAIL: gfortran.dg/erf_2.F90 -O3 -fomit-frame-pointer -funroll-loops execution test
FAIL: gfortran.dg/erf_2.F90 -O3 -fomit-frame-pointer -funroll-all-loops -finline-functions execution test
FAIL: gfortran.dg/erf_2.F90 -O3 -g execution test
FAIL: gfortran.dg/erf_2.F90 -Os execution test
FAIL: gfortran.dg/erf_3.F90 -O0 execution test
FAIL: gfortran.dg/erf_3.F90 -O1 execution test
FAIL: gfortran.dg/erf_3.F90 -O2 execution test
FAIL: gfortran.dg/erf_3.F90 -O3 -fomit-frame-pointer execution test
FAIL: gfortran.dg/erf_3.F90 -O3 -fomit-frame-pointer -funroll-loops execution test
FAIL: gfortran.dg/erf_3.F90 -O3 -fomit-frame-pointer -funroll-all-loops -finline-functions execution test
FAIL: gfortran.dg/erf_3.F90 -O3 -g execution test
FAIL: gfortran.dg/erf_3.F90 -Os execution test
UNRESOLVED: gfortran.dg/fmt_en.f90 -O0 scan-file All kinds rounded to nearest
UNRESOLVED: gfortran.dg/fmt_en.f90 -O1 scan-file All kinds rounded to nearest
UNRESOLVED: gfortran.dg/fmt_en.f90 -O2 scan-file All kinds rounded to nearest
UNRESOLVED: gfortran.dg/fmt_en.f90 -O3 -fomit-frame-pointer scan-file All kinds rounded to nearest
UNRESOLVED: gfortran.dg/fmt_en.f90 -O3 -fomit-frame-pointer -funroll-loops scan-file All kinds rounded to nearest
UNRESOLVED: gfortran.dg/fmt_en.f90 -O3 -fomit-frame-pointer -funroll-all-loops -finline-functions scan-file All kinds rounded to nearest
UNRESOLVED: gfortran.dg/fmt_en.f90 -O3 -g scan-file All kinds rounded to nearest
UNRESOLVED: gfortran.dg/fmt_en.f90 -Os scan-file All kinds rounded to nearest
FAIL: gfortran.dg/fmt_float.f90 -O0 output pattern test, is 0.10E+01 0.10E+00 0.10E-01
FAIL: gfortran.dg/fmt_float.f90 -O1 output pattern test, is 0.10E+01 0.10E+00 0.10E-01
FAIL: gfortran.dg/fmt_float.f90 -O2 output pattern test, is 0.10E+01 0.10E+00 0.10E-01
FAIL: gfortran.dg/fmt_float.f90 -O3 -fomit-frame-pointer output pattern test, is 0.10E+01 0.10E+00 0.10E-01
FAIL: gfortran.dg/fmt_float.f90 -O3 -fomit-frame-pointer -funroll-loops output pattern test, is 0.10E+01 0.10E+00 0.10E-01
FAIL: gfortran.dg/fmt_float.f90 -O3 -fomit-frame-pointer -funroll-all-loops -finline-functions output pattern test, is 0.10E+01 0.10E+00 0.10E-01
FAIL: gfortran.dg/fmt_float.f90 -O3 -g output pattern test, is 0.10E+01 0.10E+00 0.10E-01
FAIL: gfortran.dg/fmt_float.f90 -Os output pattern test, is 0.10E+01 0.10E+00 0.10E-01
FAIL: gfortran.dg/fmt_g0_5.f08 -O0 execution test
FAIL: gfortran.dg/fmt_g0_5.f08 -O1 execution test
FAIL: gfortran.dg/fmt_g0_5.f08 -O2 execution test
FAIL: gfortran.dg/fmt_g0_5.f08 -O3 -fomit-frame-pointer execution test
FAIL: gfortran.dg/fmt_g0_5.f08 -O3 -fomit-frame-pointer -funroll-loops execution test
FAIL: gfortran.dg/fmt_g0_5.f08 -O3 -fomit-frame-pointer -funroll-all-loops -finline-functions execution test
FAIL: gfortran.dg/fmt_g0_5.f08 -O3 -g execution test
FAIL: gfortran.dg/fmt_g0_5.f08 -Os execution test
FAIL: gfortran.dg/fmt_l.f90 -O0 output pattern test, is At line 14 of file /home/b30502/e500v2/opt/freescale/XLMe500v2/src_gcc/gcc/testsuite/gfortran.dg/fmt_l.f90
FAIL: gfortran.dg/fmt_l.f90 -O1 output pattern test, is At line 14 of file /home/b30502/e500v2/opt/freescale/XLMe500v2/src_gcc/gcc/testsuite/gfortran.dg/fmt_l.f90
FAIL: gfortran.dg/fmt_l.f90 -O2 output pattern test, is At line 14 of file /home/b30502/e500v2/opt/freescale/XLMe500v2/src_gcc/gcc/testsuite/gfortran.dg/fmt_l.f90
FAIL: gfortran.dg/fmt_l.f90 -O3 -fomit-frame-pointer output pattern test, is At line 14 of file /home/b30502/e500v2/opt/freescale/XLMe500v2/src_gcc/gcc/testsuite/gfortran.dg/fmt_l.f90
FAIL: gfortran.dg/fmt_l.f90 -O3 -fomit-frame-pointer -funroll-loops output pattern test, is At line 14 of file /home/b30502/e500v2/opt/freescale/XLMe500v2/src_gcc/gcc/testsuite/gfortran.dg/fmt_l.f90
FAIL: gfortran.dg/fmt_l.f90 -O3 -fomit-frame-pointer -funroll-all-loops -finline-functions output pattern test, is At line 14 of file /home/b30502/e500v2/opt/freescale/XLMe500v2/src_gcc/gcc/testsuite/gfortran.dg/fmt_l.f90
FAIL: gfortran.dg/fmt_l.f90 -O3 -g output pattern test, is At line 14 of file /home/b30502/e500v2/opt/freescale/XLMe500v2/src_gcc/gcc/testsuite/gfortran.dg/fmt_l.f90
FAIL: gfortran.dg/fmt_l.f90 -Os output pattern test, is At line 14 of file /home/b30502/e500v2/opt/freescale/XLMe500v2/src_gcc/gcc/testsuite/gfortran.dg/fmt_l.f90
FAIL: gfortran.dg/fmt_zero_precision.f90 -O0 output pattern test, is 1.<
FAIL: gfortran.dg/fmt_zero_precision.f90 -O1 output pattern test, is 1.<
FAIL: gfortran.dg/fmt_zero_precision.f90 -O2 output pattern test, is 1.<
FAIL: gfortran.dg/fmt_zero_precision.f90 -O3 -fomit-frame-pointer output pattern test, is 1.<
FAIL: gfortran.dg/fmt_zero_precision.f90 -O3 -fomit-frame-pointer -funroll-loops output pattern test, is 1.<
FAIL: gfortran.dg/fmt_zero_precision.f90 -O3 -fomit-frame-pointer -funroll-all-loops -finline-functions output pattern test, is 1.<
FAIL: gfortran.dg/fmt_zero_precision.f90 -O3 -g output pattern test, is 1.<
FAIL: gfortran.dg/fmt_zero_precision.f90 -Os output pattern test, is 1.<
FAIL: gfortran.dg/init_flag_10.f90 -O0 execution test
FAIL: gfortran.dg/init_flag_10.f90 -O1 execution test
FAIL: gfortran.dg/init_flag_10.f90 -O2 execution test
FAIL: gfortran.dg/init_flag_10.f90 -O3 -fomit-frame-pointer execution test
FAIL: gfortran.dg/init_flag_10.f90 -O3 -fomit-frame-pointer -funroll-loops execution test
FAIL: gfortran.dg/init_flag_10.f90 -O3 -fomit-frame-pointer -funroll-all-loops -finline-functions execution test
FAIL: gfortran.dg/init_flag_10.f90 -O3 -g execution test
FAIL: gfortran.dg/init_flag_10.f90 -Os execution test
FAIL: gfortran.dg/init_flag_3.f90 -O0 execution test
FAIL: gfortran.dg/init_flag_3.f90 -O1 execution test
FAIL: gfortran.dg/init_flag_3.f90 -O2 execution test
FAIL: gfortran.dg/init_flag_3.f90 -O3 -fomit-frame-pointer execution test
FAIL: gfortran.dg/init_flag_3.f90 -O3 -fomit-frame-pointer -funroll-loops execution test
FAIL: gfortran.dg/init_flag_3.f90 -O3 -fomit-frame-pointer -funroll-all-loops -finline-functions execution test
FAIL: gfortran.dg/init_flag_3.f90 -O3 -g execution test
FAIL: gfortran.dg/init_flag_3.f90 -Os execution test
FAIL: gfortran.dg/init_flag_4.f90 -O0 execution test
FAIL: gfortran.dg/init_flag_4.f90 -O1 execution test
FAIL: gfortran.dg/init_flag_4.f90 -O2 execution test
FAIL: gfortran.dg/init_flag_4.f90 -O3 -fomit-frame-pointer execution test
FAIL: gfortran.dg/init_flag_4.f90 -O3 -fomit-frame-pointer -funroll-loops execution test
FAIL: gfortran.dg/init_flag_4.f90 -O3 -fomit-frame-pointer -funroll-all-loops -finline-functions execution test
FAIL: gfortran.dg/init_flag_4.f90 -O3 -g execution test
FAIL: gfortran.dg/init_flag_4.f90 -Os execution test
FAIL: gfortran.dg/init_flag_5.f90 -O0 execution test
FAIL: gfortran.dg/init_flag_5.f90 -O1 execution test
FAIL: gfortran.dg/init_flag_5.f90 -O2 execution test
FAIL: gfortran.dg/init_flag_5.f90 -O3 -fomit-frame-pointer execution test
FAIL: gfortran.dg/init_flag_5.f90 -O3 -fomit-frame-pointer -funroll-loops execution test
FAIL: gfortran.dg/init_flag_5.f90 -O3 -fomit-frame-pointer -funroll-all-loops -finline-functions execution test
FAIL: gfortran.dg/init_flag_5.f90 -O3 -g execution test
FAIL: gfortran.dg/init_flag_5.f90 -Os execution test
FAIL: gfortran.dg/integer_exponentiation_5.F90 -O0 execution test
FAIL: gfortran.dg/integer_exponentiation_5.F90 -O1 execution test
FAIL: gfortran.dg/integer_exponentiation_5.F90 -O2 execution test
FAIL: gfortran.dg/integer_exponentiation_5.F90 -O3 -fomit-frame-pointer execution test
FAIL: gfortran.dg/integer_exponentiation_5.F90 -O3 -fomit-frame-pointer -funroll-loops execution test
FAIL: gfortran.dg/integer_exponentiation_5.F90 -O3 -fomit-frame-pointer -funroll-all-loops -finline-functions execution test
FAIL: gfortran.dg/integer_exponentiation_5.F90 -O3 -g execution test
FAIL: gfortran.dg/integer_exponentiation_5.F90 -Os execution test
FAIL: gfortran.dg/intrinsic_spread_2.f90 -O3 -fomit-frame-pointer -funroll-loops execution test
FAIL: gfortran.dg/intrinsic_spread_2.f90 -O3 -fomit-frame-pointer -funroll-all-loops -finline-functions execution test
FAIL: gfortran.dg/isnan_1.f90 -O0 execution test
FAIL: gfortran.dg/isnan_1.f90 -O1 execution test
FAIL: gfortran.dg/isnan_1.f90 -O2 execution test
FAIL: gfortran.dg/isnan_1.f90 -O3 -fomit-frame-pointer execution test
FAIL: gfortran.dg/isnan_1.f90 -O3 -fomit-frame-pointer -funroll-loops execution test
FAIL: gfortran.dg/isnan_1.f90 -O3 -fomit-frame-pointer -funroll-all-loops -finline-functions execution test
FAIL: gfortran.dg/isnan_1.f90 -O3 -g execution test
FAIL: gfortran.dg/isnan_1.f90 -Os execution test
FAIL: gfortran.dg/itime_idate_1.f -O0 execution test
FAIL: gfortran.dg/itime_idate_1.f -O1 execution test
FAIL: gfortran.dg/itime_idate_1.f -O2 execution test
FAIL: gfortran.dg/itime_idate_1.f -O3 -fomit-frame-pointer execution test
FAIL: gfortran.dg/itime_idate_1.f -O3 -fomit-frame-pointer -funroll-loops execution test
FAIL: gfortran.dg/itime_idate_1.f -O3 -fomit-frame-pointer -funroll-all-loops -finline-functions execution test
FAIL: gfortran.dg/itime_idate_1.f -O3 -g execution test
FAIL: gfortran.dg/itime_idate_1.f -Os execution test
FAIL: gfortran.dg/itime_idate_2.f -O0 execution test
FAIL: gfortran.dg/itime_idate_2.f -O1 execution test
FAIL: gfortran.dg/itime_idate_2.f -O2 execution test
FAIL: gfortran.dg/itime_idate_2.f -O3 -fomit-frame-pointer execution test
FAIL: gfortran.dg/itime_idate_2.f -O3 -fomit-frame-pointer -funroll-loops execution test
FAIL: gfortran.dg/itime_idate_2.f -O3 -fomit-frame-pointer -funroll-all-loops -finline-functions execution test
FAIL: gfortran.dg/itime_idate_2.f -O3 -g execution test
FAIL: gfortran.dg/itime_idate_2.f -Os execution test
FAIL: gfortran.dg/large_real_kind_2.F90 -O0 execution test
FAIL: gfortran.dg/large_real_kind_2.F90 -O1 execution test
FAIL: gfortran.dg/large_real_kind_2.F90 -O2 execution test
FAIL: gfortran.dg/large_real_kind_2.F90 -O3 -fomit-frame-pointer execution test
FAIL: gfortran.dg/large_real_kind_2.F90 -O3 -fomit-frame-pointer -funroll-loops execution test
FAIL: gfortran.dg/large_real_kind_2.F90 -O3 -fomit-frame-pointer -funroll-all-loops -finline-functions execution test
FAIL: gfortran.dg/large_real_kind_2.F90 -O3 -g execution test
FAIL: gfortran.dg/large_real_kind_2.F90 -Os execution test
FAIL: gfortran.dg/large_real_kind_form_io_1.f90 -O3 -fomit-frame-pointer -funroll-loops execution test
FAIL: gfortran.dg/large_real_kind_form_io_1.f90 -O3 -fomit-frame-pointer -funroll-all-loops -finline-functions execution test
FAIL: gfortran.dg/maxloc_2.f90 -O0 execution test
FAIL: gfortran.dg/maxloc_2.f90 -O1 execution test
FAIL: gfortran.dg/maxloc_2.f90 -O2 execution test
FAIL: gfortran.dg/maxloc_2.f90 -O3 -fomit-frame-pointer execution test
FAIL: gfortran.dg/maxloc_2.f90 -O3 -fomit-frame-pointer -funroll-loops execution test
FAIL: gfortran.dg/maxloc_2.f90 -O3 -fomit-frame-pointer -funroll-all-loops -finline-functions execution test
FAIL: gfortran.dg/maxloc_2.f90 -O3 -g execution test
FAIL: gfortran.dg/maxloc_2.f90 -Os execution test
FAIL: gfortran.dg/maxlocval_2.f90 -O0 execution test
FAIL: gfortran.dg/maxlocval_2.f90 -O1 execution test
FAIL: gfortran.dg/maxlocval_2.f90 -O2 execution test
FAIL: gfortran.dg/maxlocval_2.f90 -O3 -fomit-frame-pointer execution test
FAIL: gfortran.dg/maxlocval_2.f90 -O3 -fomit-frame-pointer -funroll-loops execution test
FAIL: gfortran.dg/maxlocval_2.f90 -O3 -fomit-frame-pointer -funroll-all-loops -finline-functions execution test
FAIL: gfortran.dg/maxlocval_2.f90 -O3 -g execution test
FAIL: gfortran.dg/maxlocval_2.f90 -Os execution test
FAIL: gfortran.dg/maxlocval_4.f90 -O0 execution test
FAIL: gfortran.dg/maxlocval_4.f90 -O1 execution test
FAIL: gfortran.dg/maxlocval_4.f90 -O2 execution test
FAIL: gfortran.dg/maxlocval_4.f90 -O3 -fomit-frame-pointer execution test
FAIL: gfortran.dg/maxlocval_4.f90 -O3 -fomit-frame-pointer -funroll-loops execution test
FAIL: gfortran.dg/maxlocval_4.f90 -O3 -fomit-frame-pointer -funroll-all-loops -finline-functions execution test
FAIL: gfortran.dg/maxlocval_4.f90 -O3 -g execution test
FAIL: gfortran.dg/maxlocval_4.f90 -Os execution test
FAIL: gfortran.dg/minloc_1.f90 -O0 execution test
FAIL: gfortran.dg/minloc_1.f90 -O1 execution test
FAIL: gfortran.dg/minloc_1.f90 -O2 execution test
FAIL: gfortran.dg/minloc_1.f90 -O3 -fomit-frame-pointer execution test
FAIL: gfortran.dg/minloc_1.f90 -O3 -fomit-frame-pointer -funroll-loops execution test
FAIL: gfortran.dg/minloc_1.f90 -O3 -fomit-frame-pointer -funroll-all-loops -finline-functions execution test
FAIL: gfortran.dg/minloc_1.f90 -O3 -g execution test
FAIL: gfortran.dg/minloc_1.f90 -Os execution test
FAIL: gfortran.dg/minlocval_1.f90 -O0 execution test
FAIL: gfortran.dg/minlocval_1.f90 -O1 execution test
FAIL: gfortran.dg/minlocval_1.f90 -O2 execution test
FAIL: gfortran.dg/minlocval_1.f90 -O3 -fomit-frame-pointer execution test
FAIL: gfortran.dg/minlocval_1.f90 -O3 -fomit-frame-pointer -funroll-loops execution test
FAIL: gfortran.dg/minlocval_1.f90 -O3 -fomit-frame-pointer -funroll-all-loops -finline-functions execution test
FAIL: gfortran.dg/minlocval_1.f90 -O3 -g execution test
FAIL: gfortran.dg/minlocval_1.f90 -Os execution test
FAIL: gfortran.dg/minlocval_4.f90 -O0 execution test
FAIL: gfortran.dg/minlocval_4.f90 -O1 execution test
FAIL: gfortran.dg/minlocval_4.f90 -O2 execution test
FAIL: gfortran.dg/minlocval_4.f90 -O3 -fomit-frame-pointer execution test
FAIL: gfortran.dg/minlocval_4.f90 -O3 -fomit-frame-pointer -funroll-loops execution test
FAIL: gfortran.dg/minlocval_4.f90 -O3 -fomit-frame-pointer -funroll-all-loops -finline-functions execution test
FAIL: gfortran.dg/minlocval_4.f90 -O3 -g execution test
FAIL: gfortran.dg/minlocval_4.f90 -Os execution test
FAIL: gfortran.dg/namelist_40.f90 -O0 output pattern test, is Multiple sub-objects with non-zero rank in namelist object x%m%ch
FAIL: gfortran.dg/namelist_40.f90 -O1 output pattern test, is Multiple sub-objects with non-zero rank in namelist object x%m%ch
FAIL: gfortran.dg/namelist_40.f90 -O2 output pattern test, is Multiple sub-objects with non-zero rank in namelist object x%m%ch
FAIL: gfortran.dg/namelist_40.f90 -O3 -fomit-frame-pointer output pattern test, is Multiple sub-objects with non-zero rank in namelist object x%m%ch
FAIL: gfortran.dg/namelist_40.f90 -O3 -fomit-frame-pointer -funroll-loops output pattern test, is Multiple sub-objects with non-zero rank in namelist object x%m%ch
FAIL: gfortran.dg/namelist_40.f90 -O3 -fomit-frame-pointer -funroll-all-loops -finline-functions output pattern test, is Multiple sub-objects with non-zero rank in namelist object x%m%ch
FAIL: gfortran.dg/namelist_40.f90 -O3 -g output pattern test, is Multiple sub-objects with non-zero rank in namelist object x%m%ch
FAIL: gfortran.dg/namelist_40.f90 -Os output pattern test, is Multiple sub-objects with non-zero rank in namelist object x%m%ch
FAIL: gfortran.dg/namelist_47.f90 -O0 output pattern test, is Multiple sub-objects with non-zero rank in namelist object x%m%c012345678901234567890123456789012345678901234567890123456789h
FAIL: gfortran.dg/namelist_47.f90 -O1 output pattern test, is Multiple sub-objects with non-zero rank in namelist object x%m%c012345678901234567890123456789012345678901234567890123456789h
FAIL: gfortran.dg/namelist_47.f90 -O2 output pattern test, is Multiple sub-objects with non-zero rank in namelist object x%m%c012345678901234567890123456789012345678901234567890123456789h
FAIL: gfortran.dg/namelist_47.f90 -O3 -fomit-frame-pointer output pattern test, is Multiple sub-objects with non-zero rank in namelist object x%m%c012345678901234567890123456789012345678901234567890123456789h
FAIL: gfortran.dg/namelist_47.f90 -O3 -fomit-frame-pointer -funroll-loops output pattern test, is Multiple sub-objects with non-zero rank in namelist object x%m%c012345678901234567890123456789012345678901234567890123456789h
FAIL: gfortran.dg/namelist_47.f90 -O3 -fomit-frame-pointer -funroll-all-loops -finline-functions output pattern test, is Multiple sub-objects with non-zero rank in namelist object x%m%c012345678901234567890123456789012345678901234567890123456789h
FAIL: gfortran.dg/namelist_47.f90 -O3 -g output pattern test, is Multiple sub-objects with non-zero rank in namelist object x%m%c012345678901234567890123456789012345678901234567890123456789h
FAIL: gfortran.dg/namelist_47.f90 -Os output pattern test, is Multiple sub-objects with non-zero rank in namelist object x%m%c012345678901234567890123456789012345678901234567890123456789h
FAIL: gfortran.dg/namelist_print_1.f -O0 output pattern test, is &MYNML
FAIL: gfortran.dg/namelist_print_1.f -O1 output pattern test, is &MYNML
FAIL: gfortran.dg/namelist_print_1.f -O2 output pattern test, is &MYNML
FAIL: gfortran.dg/namelist_print_1.f -O3 -fomit-frame-pointer output pattern test, is &MYNML
FAIL: gfortran.dg/namelist_print_1.f -O3 -fomit-frame-pointer -funroll-loops output pattern test, is &MYNML
FAIL: gfortran.dg/namelist_print_1.f -O3 -fomit-frame-pointer -funroll-all-loops -finline-functions output pattern test, is &MYNML
FAIL: gfortran.dg/namelist_print_1.f -O3 -g output pattern test, is &MYNML
FAIL: gfortran.dg/namelist_print_1.f -Os output pattern test, is &MYNML
FAIL: gfortran.dg/nan_1.f90 -O0 execution test
FAIL: gfortran.dg/nan_1.f90 -O1 execution test
FAIL: gfortran.dg/nan_1.f90 -O2 execution test
FAIL: gfortran.dg/nan_1.f90 -O3 -fomit-frame-pointer execution test
FAIL: gfortran.dg/nan_1.f90 -O3 -fomit-frame-pointer -funroll-loops execution test
FAIL: gfortran.dg/nan_1.f90 -O3 -fomit-frame-pointer -funroll-all-loops -finline-functions execution test
FAIL: gfortran.dg/nan_1.f90 -O3 -g execution test
FAIL: gfortran.dg/nan_1.f90 -Os execution test
FAIL: gfortran.dg/nan_2.f90 -O0 execution test
FAIL: gfortran.dg/nan_6.f90 -O0 execution test
FAIL: gfortran.dg/nan_6.f90 -O1 execution test
FAIL: gfortran.dg/nan_6.f90 -O2 execution test
FAIL: gfortran.dg/nan_6.f90 -O3 -fomit-frame-pointer execution test
FAIL: gfortran.dg/nan_6.f90 -O3 -fomit-frame-pointer -funroll-loops execution test
FAIL: gfortran.dg/nan_6.f90 -O3 -fomit-frame-pointer -funroll-all-loops -finline-functions execution test
FAIL: gfortran.dg/nan_6.f90 -O3 -g execution test
FAIL: gfortran.dg/nan_6.f90 -Os execution test
FAIL: gfortran.dg/nearest_1.f90 -O0 execution test
FAIL: gfortran.dg/nearest_1.f90 -O1 execution test
FAIL: gfortran.dg/nearest_1.f90 -O2 execution test
FAIL: gfortran.dg/nearest_1.f90 -O3 -fomit-frame-pointer execution test
FAIL: gfortran.dg/nearest_1.f90 -O3 -fomit-frame-pointer -funroll-loops execution test
FAIL: gfortran.dg/nearest_1.f90 -O3 -fomit-frame-pointer -funroll-all-loops -finline-functions execution test
FAIL: gfortran.dg/nearest_1.f90 -O3 -g execution test
FAIL: gfortran.dg/nearest_1.f90 -Os execution test
FAIL: gfortran.dg/nearest_3.f90 -O0 execution test
FAIL: gfortran.dg/nearest_3.f90 -O1 execution test
FAIL: gfortran.dg/nearest_3.f90 -O2 execution test
FAIL: gfortran.dg/nearest_3.f90 -O3 -fomit-frame-pointer execution test
FAIL: gfortran.dg/nearest_3.f90 -O3 -fomit-frame-pointer -funroll-loops execution test
FAIL: gfortran.dg/nearest_3.f90 -O3 -fomit-frame-pointer -funroll-all-loops -finline-functions execution test
FAIL: gfortran.dg/nearest_3.f90 -O3 -g execution test
FAIL: gfortran.dg/nearest_3.f90 -Os execution test
XPASS: gfortran.dg/nint_2.f90 -O0 execution test
FAIL: gfortran.dg/norm2_3.f90 -O0 execution test
FAIL: gfortran.dg/norm2_3.f90 -O1 execution test
FAIL: gfortran.dg/norm2_3.f90 -O2 execution test
FAIL: gfortran.dg/norm2_3.f90 -O3 -fomit-frame-pointer execution test
FAIL: gfortran.dg/norm2_3.f90 -O3 -fomit-frame-pointer -funroll-loops execution test
FAIL: gfortran.dg/norm2_3.f90 -O3 -fomit-frame-pointer -funroll-all-loops -finline-functions execution test
FAIL: gfortran.dg/norm2_3.f90 -O3 -g execution test
FAIL: gfortran.dg/norm2_3.f90 -Os execution test
FAIL: gfortran.dg/parameter_array_dummy.f90 -O0 output pattern test, is 1 aa
FAIL: gfortran.dg/parameter_array_dummy.f90 -O1 output pattern test, is 1 aa
FAIL: gfortran.dg/parameter_array_dummy.f90 -O2 output pattern test, is 1 aa
FAIL: gfortran.dg/parameter_array_dummy.f90 -O3 -fomit-frame-pointer output pattern test, is 1 aa
FAIL: gfortran.dg/parameter_array_dummy.f90 -O3 -fomit-frame-pointer -funroll-loops output pattern test, is 1 aa
FAIL: gfortran.dg/parameter_array_dummy.f90 -O3 -fomit-frame-pointer -funroll-all-loops -finline-functions output pattern test, is 1 aa
FAIL: gfortran.dg/parameter_array_dummy.f90 -O3 -g output pattern test, is 1 aa
FAIL: gfortran.dg/parameter_array_dummy.f90 -Os output pattern test, is 1 aa
FAIL: gfortran.dg/random_3.f90 -O3 -fomit-frame-pointer -funroll-loops execution test
FAIL: gfortran.dg/random_3.f90 -O3 -fomit-frame-pointer -funroll-all-loops -finline-functions execution test
FAIL: gfortran.dg/real_const_3.f90 -O0 execution test
FAIL: gfortran.dg/real_const_3.f90 -O1 execution test
FAIL: gfortran.dg/real_const_3.f90 -O2 execution test
FAIL: gfortran.dg/real_const_3.f90 -O3 -fomit-frame-pointer execution test
FAIL: gfortran.dg/real_const_3.f90 -O3 -fomit-frame-pointer -funroll-loops execution test
FAIL: gfortran.dg/real_const_3.f90 -O3 -fomit-frame-pointer -funroll-all-loops -finline-functions execution test
FAIL: gfortran.dg/real_const_3.f90 -O3 -g execution test
FAIL: gfortran.dg/real_const_3.f90 -Os execution test
FAIL: gfortran.dg/g77/f77-edit-apostrophe-out.f -O0 output pattern test, is abcde
FAIL: gfortran.dg/g77/f77-edit-apostrophe-out.f -O1 output pattern test, is abcde
FAIL: gfortran.dg/g77/f77-edit-apostrophe-out.f -O2 output pattern test, is abcde
FAIL: gfortran.dg/g77/f77-edit-apostrophe-out.f -O3 -fomit-frame-pointer output pattern test, is abcde
FAIL: gfortran.dg/g77/f77-edit-apostrophe-out.f -O3 -fomit-frame-pointer -funroll-loops output pattern test, is abcde
FAIL: gfortran.dg/g77/f77-edit-apostrophe-out.f -O3 -fomit-frame-pointer -funroll-all-loops -finline-functions output pattern test, is abcde
FAIL: gfortran.dg/g77/f77-edit-apostrophe-out.f -O3 -g output pattern test, is abcde
FAIL: gfortran.dg/g77/f77-edit-apostrophe-out.f -Os output pattern test, is abcde
FAIL: gfortran.dg/g77/f77-edit-colon-out.f -O0 output pattern test, is 123
FAIL: gfortran.dg/g77/f77-edit-colon-out.f -O1 output pattern test, is 123
FAIL: gfortran.dg/g77/f77-edit-colon-out.f -O2 output pattern test, is 123
FAIL: gfortran.dg/g77/f77-edit-colon-out.f -O3 -fomit-frame-pointer output pattern test, is 123
FAIL: gfortran.dg/g77/f77-edit-colon-out.f -O3 -fomit-frame-pointer -funroll-loops output pattern test, is 123
FAIL: gfortran.dg/g77/f77-edit-colon-out.f -O3 -fomit-frame-pointer -funroll-all-loops -finline-functions output pattern test, is 123
FAIL: gfortran.dg/g77/f77-edit-colon-out.f -O3 -g output pattern test, is 123
FAIL: gfortran.dg/g77/f77-edit-colon-out.f -Os output pattern test, is 123
FAIL: gfortran.dg/g77/f77-edit-h-out.f -O0 output pattern test, is 1
FAIL: gfortran.dg/g77/f77-edit-h-out.f -O1 output pattern test, is 1
FAIL: gfortran.dg/g77/f77-edit-h-out.f -O2 output pattern test, is 1
FAIL: gfortran.dg/g77/f77-edit-h-out.f -O3 -fomit-frame-pointer output pattern test, is 1
FAIL: gfortran.dg/g77/f77-edit-h-out.f -O3 -fomit-frame-pointer -funroll-loops output pattern test, is 1
FAIL: gfortran.dg/g77/f77-edit-h-out.f -O3 -fomit-frame-pointer -funroll-all-loops -finline-functions output pattern test, is 1
FAIL: gfortran.dg/g77/f77-edit-h-out.f -O3 -g output pattern test, is 1
FAIL: gfortran.dg/g77/f77-edit-h-out.f -Os output pattern test, is 1
FAIL: gfortran.dg/g77/f77-edit-i-out.f -O0 output pattern test, is 1
FAIL: gfortran.dg/g77/f77-edit-i-out.f -O1 output pattern test, is 1
FAIL: gfortran.dg/g77/f77-edit-i-out.f -O2 output pattern test, is 1
FAIL: gfortran.dg/g77/f77-edit-i-out.f -O3 -fomit-frame-pointer output pattern test, is 1
FAIL: gfortran.dg/g77/f77-edit-i-out.f -O3 -fomit-frame-pointer -funroll-loops output pattern test, is 1
FAIL: gfortran.dg/g77/f77-edit-i-out.f -O3 -fomit-frame-pointer -funroll-all-loops -finline-functions output pattern test, is 1
FAIL: gfortran.dg/g77/f77-edit-i-out.f -O3 -g output pattern test, is 1
FAIL: gfortran.dg/g77/f77-edit-i-out.f -Os output pattern test, is 1
FAIL: gfortran.dg/g77/f77-edit-s-out.f -O0 output pattern test, is +10 20
FAIL: gfortran.dg/g77/f77-edit-s-out.f -O1 output pattern test, is +10 20
FAIL: gfortran.dg/g77/f77-edit-s-out.f -O2 output pattern test, is +10 20
FAIL: gfortran.dg/g77/f77-edit-s-out.f -O3 -fomit-frame-pointer output pattern test, is +10 20
FAIL: gfortran.dg/g77/f77-edit-s-out.f -O3 -fomit-frame-pointer -funroll-loops output pattern test, is +10 20
FAIL: gfortran.dg/g77/f77-edit-s-out.f -O3 -fomit-frame-pointer -funroll-all-loops -finline-functions output pattern test, is +10 20
FAIL: gfortran.dg/g77/f77-edit-s-out.f -O3 -g output pattern test, is +10 20
FAIL: gfortran.dg/g77/f77-edit-s-out.f -Os output pattern test, is +10 20
FAIL: gfortran.dg/g77/f77-edit-slash-out.f -O0 output pattern test, is 123
FAIL: gfortran.dg/g77/f77-edit-slash-out.f -O1 output pattern test, is 123
FAIL: gfortran.dg/g77/f77-edit-slash-out.f -O2 output pattern test, is 123
FAIL: gfortran.dg/g77/f77-edit-slash-out.f -O3 -fomit-frame-pointer output pattern test, is 123
FAIL: gfortran.dg/g77/f77-edit-slash-out.f -O3 -fomit-frame-pointer -funroll-loops output pattern test, is 123
FAIL: gfortran.dg/g77/f77-edit-slash-out.f -O3 -fomit-frame-pointer -funroll-all-loops -finline-functions output pattern test, is 123
FAIL: gfortran.dg/g77/f77-edit-slash-out.f -O3 -g output pattern test, is 123
FAIL: gfortran.dg/g77/f77-edit-slash-out.f -Os output pattern test, is 123
FAIL: gfortran.dg/g77/f77-edit-t-out.f -O0 output pattern test, is 1234 8
FAIL: gfortran.dg/g77/f77-edit-t-out.f -O1 output pattern test, is 1234 8
FAIL: gfortran.dg/g77/f77-edit-t-out.f -O2 output pattern test, is 1234 8
FAIL: gfortran.dg/g77/f77-edit-t-out.f -O3 -fomit-frame-pointer output pattern test, is 1234 8
FAIL: gfortran.dg/g77/f77-edit-t-out.f -O3 -fomit-frame-pointer -funroll-loops output pattern test, is 1234 8
FAIL: gfortran.dg/g77/f77-edit-t-out.f -O3 -fomit-frame-pointer -funroll-all-loops -finline-functions output pattern test, is 1234 8
FAIL: gfortran.dg/g77/f77-edit-t-out.f -O3 -g output pattern test, is 1234 8
FAIL: gfortran.dg/g77/f77-edit-t-out.f -Os output pattern test, is 1234 8
FAIL: gfortran.dg/g77/f77-edit-x-out.f -O0 output pattern test, is 1 2 3
FAIL: gfortran.dg/g77/f77-edit-x-out.f -O1 output pattern test, is 1 2 3
FAIL: gfortran.dg/g77/f77-edit-x-out.f -O2 output pattern test, is 1 2 3
FAIL: gfortran.dg/g77/f77-edit-x-out.f -O3 -fomit-frame-pointer output pattern test, is 1 2 3
FAIL: gfortran.dg/g77/f77-edit-x-out.f -O3 -fomit-frame-pointer -funroll-loops output pattern test, is 1 2 3
FAIL: gfortran.dg/g77/f77-edit-x-out.f -O3 -fomit-frame-pointer -funroll-all-loops -finline-functions output pattern test, is 1 2 3
FAIL: gfortran.dg/g77/f77-edit-x-out.f -O3 -g output pattern test, is 1 2 3
FAIL: gfortran.dg/g77/f77-edit-x-out.f -Os output pattern test, is 1 2 3
WARNING: program timed out.
FAIL: gfortran.dg/graphite/pr42393.f90 -O (test for excess errors)
FAIL: gfortran.dg/ieee/ieee_1.F90 -O0 execution test
FAIL: gfortran.dg/ieee/ieee_1.F90 -O1 execution test
FAIL: gfortran.dg/ieee/ieee_1.F90 -O2 execution test
FAIL: gfortran.dg/ieee/ieee_1.F90 -O3 -fomit-frame-pointer execution test
FAIL: gfortran.dg/ieee/ieee_1.F90 -O3 -fomit-frame-pointer -funroll-loops execution test
FAIL: gfortran.dg/ieee/ieee_1.F90 -O3 -fomit-frame-pointer -funroll-all-loops -finline-functions execution test
FAIL: gfortran.dg/ieee/ieee_1.F90 -O3 -g execution test
FAIL: gfortran.dg/ieee/ieee_1.F90 -Os execution test
FAIL: gfortran.dg/ieee/ieee_2.f90 -O0 execution test
FAIL: gfortran.dg/ieee/ieee_2.f90 -O1 execution test
FAIL: gfortran.dg/ieee/ieee_2.f90 -O2 execution test
FAIL: gfortran.dg/ieee/ieee_2.f90 -O3 -fomit-frame-pointer execution test
FAIL: gfortran.dg/ieee/ieee_2.f90 -O3 -fomit-frame-pointer -funroll-loops execution test
FAIL: gfortran.dg/ieee/ieee_2.f90 -O3 -fomit-frame-pointer -funroll-all-loops -finline-functions execution test
FAIL: gfortran.dg/ieee/ieee_2.f90 -O3 -g execution test
FAIL: gfortran.dg/ieee/ieee_2.f90 -Os execution test
FAIL: gfortran.dg/ieee/ieee_3.f90 -O0 execution test
FAIL: gfortran.dg/ieee/ieee_3.f90 -O1 execution test
FAIL: gfortran.dg/ieee/ieee_3.f90 -O2 execution test
FAIL: gfortran.dg/ieee/ieee_3.f90 -O3 -fomit-frame-pointer execution test
FAIL: gfortran.dg/ieee/ieee_3.f90 -O3 -fomit-frame-pointer -funroll-loops execution test
FAIL: gfortran.dg/ieee/ieee_3.f90 -O3 -fomit-frame-pointer -funroll-all-loops -finline-functions execution test
FAIL: gfortran.dg/ieee/ieee_3.f90 -O3 -g execution test
FAIL: gfortran.dg/ieee/ieee_3.f90 -Os execution test
FAIL: gfortran.dg/ieee/ieee_4.f90 -O0 execution test
FAIL: gfortran.dg/ieee/ieee_4.f90 -O1 execution test
FAIL: gfortran.dg/ieee/ieee_4.f90 -O2 execution test
FAIL: gfortran.dg/ieee/ieee_4.f90 -O3 -fomit-frame-pointer execution test
FAIL: gfortran.dg/ieee/ieee_4.f90 -O3 -fomit-frame-pointer -funroll-loops execution test
FAIL: gfortran.dg/ieee/ieee_4.f90 -O3 -fomit-frame-pointer -funroll-all-loops -finline-functions execution test
FAIL: gfortran.dg/ieee/ieee_4.f90 -O3 -g execution test
FAIL: gfortran.dg/ieee/ieee_4.f90 -Os execution test
FAIL: gfortran.dg/ieee/ieee_6.f90 -O0 execution test
FAIL: gfortran.dg/ieee/ieee_6.f90 -O1 execution test
FAIL: gfortran.dg/ieee/ieee_6.f90 -O2 execution test
FAIL: gfortran.dg/ieee/ieee_6.f90 -O3 -fomit-frame-pointer execution test
FAIL: gfortran.dg/ieee/ieee_6.f90 -O3 -fomit-frame-pointer -funroll-loops execution test
FAIL: gfortran.dg/ieee/ieee_6.f90 -O3 -fomit-frame-pointer -funroll-all-loops -finline-functions execution test
FAIL: gfortran.dg/ieee/ieee_6.f90 -O3 -g execution test
FAIL: gfortran.dg/ieee/ieee_6.f90 -Os execution test
FAIL: gfortran.fortran-torture/execute/intrinsic_fraction_exponent.f90 execution, -O0
FAIL: gfortran.fortran-torture/execute/intrinsic_fraction_exponent.f90 execution, -O1
FAIL: gfortran.fortran-torture/execute/intrinsic_fraction_exponent.f90 execution, -O2
FAIL: gfortran.fortran-torture/execute/intrinsic_fraction_exponent.f90 execution, -O2 -fomit-frame-pointer -finline-functions
FAIL: gfortran.fortran-torture/execute/intrinsic_fraction_exponent.f90 execution, -O2 -fomit-frame-pointer -finline-functions -funroll-loops
FAIL: gfortran.fortran-torture/execute/intrinsic_fraction_exponent.f90 execution, -O2 -fbounds-check
FAIL: gfortran.fortran-torture/execute/intrinsic_fraction_exponent.f90 execution, -O3 -g
FAIL: gfortran.fortran-torture/execute/intrinsic_fraction_exponent.f90 execution, -Os
FAIL: gfortran.fortran-torture/execute/intrinsic_nearest.f90 execution, -O0
FAIL: gfortran.fortran-torture/execute/intrinsic_nearest.f90 execution, -O1
FAIL: gfortran.fortran-torture/execute/intrinsic_nearest.f90 execution, -O2
FAIL: gfortran.fortran-torture/execute/intrinsic_nearest.f90 execution, -O2 -fomit-frame-pointer -finline-functions
FAIL: gfortran.fortran-torture/execute/intrinsic_nearest.f90 execution, -O2 -fomit-frame-pointer -finline-functions -funroll-loops
FAIL: gfortran.fortran-torture/execute/intrinsic_nearest.f90 execution, -O2 -fbounds-check
FAIL: gfortran.fortran-torture/execute/intrinsic_nearest.f90 execution, -O3 -g
FAIL: gfortran.fortran-torture/execute/intrinsic_nearest.f90 execution, -Os
FAIL: gfortran.fortran-torture/execute/nan_inf_fmt.f90 execution, -O0
FAIL: gfortran.fortran-torture/execute/nan_inf_fmt.f90 execution, -O1
FAIL: gfortran.fortran-torture/execute/nan_inf_fmt.f90 execution, -O2
FAIL: gfortran.fortran-torture/execute/nan_inf_fmt.f90 execution, -O2 -fomit-frame-pointer -finline-functions
FAIL: gfortran.fortran-torture/execute/nan_inf_fmt.f90 execution, -O2 -fomit-frame-pointer -finline-functions -funroll-loops
FAIL: gfortran.fortran-torture/execute/nan_inf_fmt.f90 execution, -O2 -fbounds-check
FAIL: gfortran.fortran-torture/execute/nan_inf_fmt.f90 execution, -O3 -g
FAIL: gfortran.fortran-torture/execute/nan_inf_fmt.f90 execution, -Os
=== gfortran Summary ===
# of expected passes 45178
# of unexpected failures 410
# of unexpected successes 1
# of expected failures 68
# of unresolved testcases 8
# of unsupported tests 231
/home/b30502/e500v2/opt/freescale/XLMe500v2/obj_gcc/gcc/testsuite/gfortran/../../gfortran version 5.0.0 20140827 (Wed Aug 27 08:21:06 CDT 2014 build.sh rev=1031 s=FCtrunk XLMe500v2) (GCC)
Host is x86_64-unknown-linux-gnu
=== g++ tests ===
Running target perf3board122854
FAIL: c-c++-common/asan/global-overflow-1.c -O0 output pattern test, is =================================================================
FAIL: c-c++-common/asan/global-overflow-1.c -O1 output pattern test, is =================================================================
FAIL: c-c++-common/asan/global-overflow-1.c -O2 output pattern test, is =================================================================
FAIL: c-c++-common/asan/global-overflow-1.c -O3 -fomit-frame-pointer output pattern test, is =================================================================
FAIL: c-c++-common/asan/global-overflow-1.c -O3 -g output pattern test, is =================================================================
FAIL: c-c++-common/asan/global-overflow-1.c -Os output pattern test, is =================================================================
FAIL: c-c++-common/asan/global-overflow-1.c -O2 -flto -fno-use-linker-plugin -flto-partition=none output pattern test, is =================================================================
FAIL: c-c++-common/asan/global-overflow-1.c -O2 -flto -fuse-linker-plugin -fno-fat-lto-objects output pattern test, is =================================================================
FAIL: c-c++-common/asan/heap-overflow-1.c -O0 output pattern test, is sh: line 1: 14085 Aborted /tmp/heap-overflow-1.exe.14630, should match READ of size 1 at 0x[0-9a-f]+ thread T0.*(
FAIL: c-c++-common/asan/heap-overflow-1.c -O1 output pattern test, is sh: line 1: 14094 Aborted /tmp/heap-overflow-1.exe.14630, should match READ of size 1 at 0x[0-9a-f]+ thread T0.*(
FAIL: c-c++-common/asan/heap-overflow-1.c -O2 output pattern test, is sh: line 1: 14112 Aborted /tmp/heap-overflow-1.exe.14630, should match READ of size 1 at 0x[0-9a-f]+ thread T0.*(
FAIL: c-c++-common/asan/heap-overflow-1.c -O3 -fomit-frame-pointer output pattern test, is sh: line 1: 14121 Aborted /tmp/heap-overflow-1.exe.14630, should match READ of size 1 at 0x[0-9a-f]+ thread T0.*(
FAIL: c-c++-common/asan/heap-overflow-1.c -O3 -g output pattern test, is sh: line 1: 14137 Aborted /tmp/heap-overflow-1.exe.14630, should match READ of size 1 at 0x[0-9a-f]+ thread T0.*(
FAIL: c-c++-common/asan/heap-overflow-1.c -Os output pattern test, is sh: line 1: 14157 Aborted /tmp/heap-overflow-1.exe.14630, should match READ of size 1 at 0x[0-9a-f]+ thread T0.*(
FAIL: c-c++-common/asan/heap-overflow-1.c -O2 -flto -fno-use-linker-plugin -flto-partition=none output pattern test, is sh: line 1: 14172 Aborted /tmp/heap-overflow-1.exe.14630, should match READ of size 1 at 0x[0-9a-f]+ thread T0.*(
FAIL: c-c++-common/asan/heap-overflow-1.c -O2 -flto -fuse-linker-plugin -fno-fat-lto-objects output pattern test, is sh: line 1: 14184 Aborted /tmp/heap-overflow-1.exe.14630, should match READ of size 1 at 0x[0-9a-f]+ thread T0.*(
FAIL: c-c++-common/asan/memcmp-1.c -O0 output pattern test, is =================================================================
FAIL: c-c++-common/asan/memcmp-1.c -O1 output pattern test, is =================================================================
FAIL: c-c++-common/asan/memcmp-1.c -O2 output pattern test, is =================================================================
FAIL: c-c++-common/asan/memcmp-1.c -O3 -fomit-frame-pointer output pattern test, is =================================================================
FAIL: c-c++-common/asan/memcmp-1.c -O3 -g output pattern test, is =================================================================
FAIL: c-c++-common/asan/memcmp-1.c -Os output pattern test, is =================================================================
FAIL: c-c++-common/asan/memcmp-1.c -O2 -flto -fno-use-linker-plugin -flto-partition=none output pattern test, is =================================================================
FAIL: c-c++-common/asan/memcmp-1.c -O2 -flto -fuse-linker-plugin -fno-fat-lto-objects output pattern test, is =================================================================
FAIL: c-c++-common/asan/misalign-1.c -O0 output pattern test, is =================================================================
FAIL: c-c++-common/asan/misalign-1.c -O1 output pattern test, is =================================================================
FAIL: c-c++-common/asan/misalign-1.c -O2 output pattern test, is =================================================================
FAIL: c-c++-common/asan/misalign-1.c -O3 -fomit-frame-pointer output pattern test, is =================================================================
FAIL: c-c++-common/asan/misalign-1.c -O3 -g output pattern test, is =================================================================
FAIL: c-c++-common/asan/misalign-1.c -Os output pattern test, is =================================================================
FAIL: c-c++-common/asan/misalign-1.c -O2 -flto -fno-use-linker-plugin -flto-partition=none output pattern test, is =================================================================
FAIL: c-c++-common/asan/misalign-1.c -O2 -flto -fuse-linker-plugin -fno-fat-lto-objects output pattern test, is =================================================================
FAIL: c-c++-common/asan/misalign-2.c -O0 output pattern test, is =================================================================
FAIL: c-c++-common/asan/misalign-2.c -O1 output pattern test, is =================================================================
FAIL: c-c++-common/asan/misalign-2.c -O2 output pattern test, is =================================================================
FAIL: c-c++-common/asan/misalign-2.c -O3 -fomit-frame-pointer output pattern test, is =================================================================
FAIL: c-c++-common/asan/misalign-2.c -O3 -g output pattern test, is =================================================================
FAIL: c-c++-common/asan/misalign-2.c -Os output pattern test, is =================================================================
FAIL: c-c++-common/asan/misalign-2.c -O2 -flto -fno-use-linker-plugin -flto-partition=none output pattern test, is =================================================================
FAIL: c-c++-common/asan/misalign-2.c -O2 -flto -fuse-linker-plugin -fno-fat-lto-objects output pattern test, is =================================================================
FAIL: c-c++-common/asan/null-deref-1.c -O0 output pattern test, is ASAN:SIGSEGV
FAIL: c-c++-common/asan/null-deref-1.c -O1 output pattern test, is ASAN:SIGSEGV
FAIL: c-c++-common/asan/null-deref-1.c -O2 output pattern test, is ASAN:SIGSEGV
FAIL: c-c++-common/asan/null-deref-1.c -O3 -fomit-frame-pointer output pattern test, is ASAN:SIGSEGV
FAIL: c-c++-common/asan/null-deref-1.c -O3 -g output pattern test, is ASAN:SIGSEGV
FAIL: c-c++-common/asan/null-deref-1.c -Os output pattern test, is ASAN:SIGSEGV
FAIL: c-c++-common/asan/null-deref-1.c -O2 -flto -fno-use-linker-plugin -flto-partition=none output pattern test, is ASAN:SIGSEGV
FAIL: c-c++-common/asan/null-deref-1.c -O2 -flto -fuse-linker-plugin -fno-fat-lto-objects output pattern test, is ASAN:SIGSEGV
FAIL: c-c++-common/asan/pr62089.c -O0 output pattern test, is =================================================================
FAIL: c-c++-common/asan/pr62089.c -O1 output pattern test, is =================================================================
FAIL: c-c++-common/asan/pr62089.c -O2 output pattern test, is =================================================================
FAIL: c-c++-common/asan/pr62089.c -O3 -fomit-frame-pointer output pattern test, is =================================================================
FAIL: c-c++-common/asan/pr62089.c -O3 -g output pattern test, is =================================================================
FAIL: c-c++-common/asan/pr62089.c -Os output pattern test, is =================================================================
FAIL: c-c++-common/asan/pr62089.c -O2 -flto -fno-use-linker-plugin -flto-partition=none output pattern test, is =================================================================
FAIL: c-c++-common/asan/pr62089.c -O2 -flto -fuse-linker-plugin -fno-fat-lto-objects output pattern test, is =================================================================
FAIL: c-c++-common/asan/rlimit-mmap-test-1.c -O0 output pattern test, is sh: line 1: 16306 Aborted /tmp/rlimit-mmap-test-1.exe.14630, should match ERROR: Failed to mmap
FAIL: c-c++-common/asan/sanity-check-pure-c-1.c -O0 output pattern test, is sh: line 1: 16328 Aborted /tmp/sanity-check-pure-c-1.exe.14630, should match heap-use-after-free.*(
FAIL: c-c++-common/asan/sanity-check-pure-c-1.c -O1 output pattern test, is sh: line 1: 16355 Aborted /tmp/sanity-check-pure-c-1.exe.14630, should match heap-use-after-free.*(
FAIL: c-c++-common/asan/sanity-check-pure-c-1.c -O2 output pattern test, is sh: line 1: 16375 Aborted /tmp/sanity-check-pure-c-1.exe.14630, should match heap-use-after-free.*(
FAIL: c-c++-common/asan/sanity-check-pure-c-1.c -O3 -fomit-frame-pointer output pattern test, is sh: line 1: 16391 Aborted /tmp/sanity-check-pure-c-1.exe.14630, should match heap-use-after-free.*(
FAIL: c-c++-common/asan/sanity-check-pure-c-1.c -O3 -g output pattern test, is sh: line 1: 16415 Aborted /tmp/sanity-check-pure-c-1.exe.14630, should match heap-use-after-free.*(
FAIL: c-c++-common/asan/sanity-check-pure-c-1.c -Os output pattern test, is sh: line 1: 16433 Aborted /tmp/sanity-check-pure-c-1.exe.14630, should match heap-use-after-free.*(
FAIL: c-c++-common/asan/sanity-check-pure-c-1.c -O2 -flto -fno-use-linker-plugin -flto-partition=none output pattern test, is sh: line 1: 16459 Aborted /tmp/sanity-check-pure-c-1.exe.14630, should match heap-use-after-free.*(
FAIL: c-c++-common/asan/sanity-check-pure-c-1.c -O2 -flto -fuse-linker-plugin -fno-fat-lto-objects output pattern test, is sh: line 1: 16470 Aborted /tmp/sanity-check-pure-c-1.exe.14630, should match heap-use-after-free.*(
FAIL: c-c++-common/asan/stack-overflow-1.c -O0 output pattern test, is =================================================================
FAIL: c-c++-common/asan/stack-overflow-1.c -O1 output pattern test, is =================================================================
FAIL: c-c++-common/asan/stack-overflow-1.c -O2 output pattern test, is =================================================================
FAIL: c-c++-common/asan/stack-overflow-1.c -O3 -fomit-frame-pointer output pattern test, is =================================================================
FAIL: c-c++-common/asan/stack-overflow-1.c -O3 -g output pattern test, is =================================================================
FAIL: c-c++-common/asan/stack-overflow-1.c -Os output pattern test, is =================================================================
FAIL: c-c++-common/asan/stack-overflow-1.c -O2 -flto -fno-use-linker-plugin -flto-partition=none output pattern test, is =================================================================
FAIL: c-c++-common/asan/stack-overflow-1.c -O2 -flto -fuse-linker-plugin -fno-fat-lto-objects output pattern test, is =================================================================
FAIL: c-c++-common/asan/strlen-overflow-1.c -O0 output pattern test, is =================================================================
FAIL: c-c++-common/asan/strlen-overflow-1.c -O1 output pattern test, is =================================================================
FAIL: c-c++-common/asan/strlen-overflow-1.c -O2 output pattern test, is =================================================================
FAIL: c-c++-common/asan/strlen-overflow-1.c -O3 -fomit-frame-pointer output pattern test, is =================================================================
FAIL: c-c++-common/asan/strlen-overflow-1.c -O3 -fomit-frame-pointer -funroll-loops output pattern test, is =================================================================
FAIL: c-c++-common/asan/strlen-overflow-1.c -O3 -fomit-frame-pointer -funroll-all-loops -finline-functions output pattern test, is =================================================================
FAIL: c-c++-common/asan/strlen-overflow-1.c -O3 -g output pattern test, is =================================================================
FAIL: c-c++-common/asan/strlen-overflow-1.c -Os output pattern test, is =================================================================
FAIL: c-c++-common/asan/strncpy-overflow-1.c -O0 output pattern test, is sh: line 1: 17172 Aborted /tmp/strncpy-overflow-1.exe.14630, should match WRITE of size [0-9]* at 0x[0-9a-f]+ thread T0[^
FAIL: c-c++-common/asan/strncpy-overflow-1.c -O1 output pattern test, is sh: line 1: 17247 Aborted /tmp/strncpy-overflow-1.exe.14630, should match WRITE of size [0-9]* at 0x[0-9a-f]+ thread T0[^
FAIL: c-c++-common/asan/strncpy-overflow-1.c -O2 output pattern test, is sh: line 1: 17276 Aborted /tmp/strncpy-overflow-1.exe.14630, should match WRITE of size [0-9]* at 0x[0-9a-f]+ thread T0[^
FAIL: c-c++-common/asan/strncpy-overflow-1.c -O3 -fomit-frame-pointer output pattern test, is sh: line 1: 17297 Aborted /tmp/strncpy-overflow-1.exe.14630, should match WRITE of size [0-9]* at 0x[0-9a-f]+ thread T0[^
FAIL: c-c++-common/asan/strncpy-overflow-1.c -O3 -g output pattern test, is sh: line 1: 17317 Aborted /tmp/strncpy-overflow-1.exe.14630, should match WRITE of size [0-9]* at 0x[0-9a-f]+ thread T0[^
FAIL: c-c++-common/asan/strncpy-overflow-1.c -Os output pattern test, is sh: line 1: 17341 Aborted /tmp/strncpy-overflow-1.exe.14630, should match WRITE of size [0-9]* at 0x[0-9a-f]+ thread T0[^
FAIL: c-c++-common/asan/strncpy-overflow-1.c -O2 -flto -fno-use-linker-plugin -flto-partition=none output pattern test, is sh: line 1: 17375 Aborted /tmp/strncpy-overflow-1.exe.14630, should match WRITE of size [0-9]* at 0x[0-9a-f]+ thread T0[^
FAIL: c-c++-common/asan/strncpy-overflow-1.c -O2 -flto -fuse-linker-plugin -fno-fat-lto-objects output pattern test, is sh: line 1: 17407 Aborted /tmp/strncpy-overflow-1.exe.14630, should match WRITE of size [0-9]* at 0x[0-9a-f]+ thread T0[^
FAIL: c-c++-common/asan/use-after-free-1.c -O0 output pattern test, is sh: line 1: 17756 Aborted /tmp/use-after-free-1.exe.14630, should match ERROR: AddressSanitizer:? heap-use-after-free on address[^
FAIL: c-c++-common/asan/use-after-free-1.c -O1 output pattern test, is sh: line 1: 17787 Aborted /tmp/use-after-free-1.exe.14630, should match ERROR: AddressSanitizer:? heap-use-after-free on address[^
FAIL: c-c++-common/asan/use-after-free-1.c -O2 output pattern test, is sh: line 1: 17813 Aborted /tmp/use-after-free-1.exe.14630, should match ERROR: AddressSanitizer:? heap-use-after-free on address[^
FAIL: c-c++-common/asan/use-after-free-1.c -O3 -fomit-frame-pointer output pattern test, is sh: line 1: 17838 Aborted /tmp/use-after-free-1.exe.14630, should match ERROR: AddressSanitizer:? heap-use-after-free on address[^
FAIL: c-c++-common/asan/use-after-free-1.c -O3 -g output pattern test, is sh: line 1: 17875 Aborted /tmp/use-after-free-1.exe.14630, should match ERROR: AddressSanitizer:? heap-use-after-free on address[^
FAIL: c-c++-common/asan/use-after-free-1.c -Os output pattern test, is sh: line 1: 17904 Aborted /tmp/use-after-free-1.exe.14630, should match ERROR: AddressSanitizer:? heap-use-after-free on address[^
FAIL: c-c++-common/asan/use-after-free-1.c -O2 -flto -fno-use-linker-plugin -flto-partition=none output pattern test, is sh: line 1: 17933 Aborted /tmp/use-after-free-1.exe.14630, should match ERROR: AddressSanitizer:? heap-use-after-free on address[^
FAIL: c-c++-common/asan/use-after-free-1.c -O2 -flto -fuse-linker-plugin -fno-fat-lto-objects output pattern test, is sh: line 1: 17970 Aborted /tmp/use-after-free-1.exe.14630, should match ERROR: AddressSanitizer:? heap-use-after-free on address[^
FAIL: g++.dg/asan/deep-tail-call-1.C -O0 output pattern test, is =================================================================
FAIL: g++.dg/asan/deep-tail-call-1.C -O1 output pattern test, is =================================================================
FAIL: g++.dg/asan/deep-tail-call-1.C -O2 output pattern test, is =================================================================
FAIL: g++.dg/asan/deep-tail-call-1.C -O3 -fomit-frame-pointer output pattern test, is =================================================================
FAIL: g++.dg/asan/deep-tail-call-1.C -O3 -g output pattern test, is =================================================================
FAIL: g++.dg/asan/deep-tail-call-1.C -Os output pattern test, is =================================================================
FAIL: g++.dg/asan/deep-tail-call-1.C -O2 -flto -fno-use-linker-plugin -flto-partition=none output pattern test, is =================================================================
FAIL: g++.dg/asan/deep-tail-call-1.C -O2 -flto -fuse-linker-plugin -fno-fat-lto-objects output pattern test, is =================================================================
FAIL: g++.dg/asan/deep-thread-stack-1.C -O0 output pattern test, is sh: line 1: 18235 Aborted /tmp/deep-thread-stack-1.exe.14630, should match ERROR: AddressSanitizer: heap-use-after-free.*(
FAIL: g++.dg/asan/deep-thread-stack-1.C -O1 output pattern test, is sh: line 1: 18261 Aborted /tmp/deep-thread-stack-1.exe.14630, should match ERROR: AddressSanitizer: heap-use-after-free.*(
FAIL: g++.dg/asan/deep-thread-stack-1.C -O2 output pattern test, is sh: line 1: 18290 Aborted /tmp/deep-thread-stack-1.exe.14630, should match ERROR: AddressSanitizer: heap-use-after-free.*(
FAIL: g++.dg/asan/deep-thread-stack-1.C -O3 -fomit-frame-pointer output pattern test, is sh: line 1: 18309 Aborted /tmp/deep-thread-stack-1.exe.14630, should match ERROR: AddressSanitizer: heap-use-after-free.*(
FAIL: g++.dg/asan/deep-thread-stack-1.C -O3 -g output pattern test, is sh: line 1: 18332 Aborted /tmp/deep-thread-stack-1.exe.14630, should match ERROR: AddressSanitizer: heap-use-after-free.*(
FAIL: g++.dg/asan/deep-thread-stack-1.C -Os output pattern test, is sh: line 1: 18359 Aborted /tmp/deep-thread-stack-1.exe.14630, should match ERROR: AddressSanitizer: heap-use-after-free.*(
FAIL: g++.dg/asan/deep-thread-stack-1.C -O2 -flto -fno-use-linker-plugin -flto-partition=none output pattern test, is sh: line 1: 18388 Aborted /tmp/deep-thread-stack-1.exe.14630, should match ERROR: AddressSanitizer: heap-use-after-free.*(
FAIL: g++.dg/asan/deep-thread-stack-1.C -O2 -flto -fuse-linker-plugin -fno-fat-lto-objects output pattern test, is sh: line 1: 18411 Aborted /tmp/deep-thread-stack-1.exe.14630, should match ERROR: AddressSanitizer: heap-use-after-free.*(
FAIL: g++.dg/asan/interception-failure-test-1.C -O0 execution test
FAIL: g++.dg/asan/interception-failure-test-1.C -O1 execution test
FAIL: g++.dg/asan/interception-failure-test-1.C -O2 execution test
FAIL: g++.dg/asan/interception-failure-test-1.C -O3 -fomit-frame-pointer execution test
FAIL: g++.dg/asan/interception-failure-test-1.C -O3 -g execution test
FAIL: g++.dg/asan/interception-failure-test-1.C -Os execution test
FAIL: g++.dg/asan/interception-failure-test-1.C -O2 -flto -fno-use-linker-plugin -flto-partition=none execution test
FAIL: g++.dg/asan/interception-failure-test-1.C -O2 -flto -fuse-linker-plugin -fno-fat-lto-objects execution test
FAIL: g++.dg/asan/interception-malloc-test-1.C -O0 output pattern test, is malloc call
FAIL: g++.dg/asan/interception-malloc-test-1.C -O1 output pattern test, is malloc call
FAIL: g++.dg/asan/interception-malloc-test-1.C -O2 output pattern test, is malloc call
FAIL: g++.dg/asan/interception-malloc-test-1.C -O3 -fomit-frame-pointer output pattern test, is malloc call
FAIL: g++.dg/asan/interception-malloc-test-1.C -O3 -g output pattern test, is malloc call
FAIL: g++.dg/asan/interception-malloc-test-1.C -Os output pattern test, is malloc call
FAIL: g++.dg/asan/interception-malloc-test-1.C -O2 -flto -fno-use-linker-plugin -flto-partition=none output pattern test, is malloc call
FAIL: g++.dg/asan/interception-malloc-test-1.C -O2 -flto -fuse-linker-plugin -fno-fat-lto-objects output pattern test, is malloc call
FAIL: g++.dg/asan/interception-test-1.C -O0 output pattern test, is sh: line 1: 19312 Aborted /tmp/interception-test-1.exe.14630, should match my_strtol_interceptor.*(
FAIL: g++.dg/asan/interception-test-1.C -O1 output pattern test, is sh: line 1: 19339 Aborted /tmp/interception-test-1.exe.14630, should match my_strtol_interceptor.*(
FAIL: g++.dg/asan/interception-test-1.C -O2 output pattern test, is sh: line 1: 19368 Aborted /tmp/interception-test-1.exe.14630, should match my_strtol_interceptor.*(
FAIL: g++.dg/asan/interception-test-1.C -O3 -fomit-frame-pointer output pattern test, is sh: line 1: 19390 Aborted /tmp/interception-test-1.exe.14630, should match my_strtol_interceptor.*(
FAIL: g++.dg/asan/interception-test-1.C -O3 -g output pattern test, is sh: line 1: 19418 Aborted /tmp/interception-test-1.exe.14630, should match my_strtol_interceptor.*(
FAIL: g++.dg/asan/interception-test-1.C -Os output pattern test, is sh: line 1: 19437 Aborted /tmp/interception-test-1.exe.14630, should match my_strtol_interceptor.*(
FAIL: g++.dg/asan/interception-test-1.C -O2 -flto -fno-use-linker-plugin -flto-partition=none output pattern test, is sh: line 1: 19463 Aborted /tmp/interception-test-1.exe.14630, should match my_strtol_interceptor.*(
FAIL: g++.dg/asan/interception-test-1.C -O2 -flto -fuse-linker-plugin -fno-fat-lto-objects output pattern test, is sh: line 1: 19474 Aborted /tmp/interception-test-1.exe.14630, should match my_strtol_interceptor.*(
FAIL: g++.dg/asan/large-func-test-1.C -O0 output pattern test, is sh: line 1: 19495 Aborted /tmp/large-func-test-1.exe.14630, should match ERROR: AddressSanitizer:? heap-buffer-overflow on address[^
FAIL: g++.dg/asan/large-func-test-1.C -O1 output pattern test, is sh: line 1: 19517 Aborted /tmp/large-func-test-1.exe.14630, should match ERROR: AddressSanitizer:? heap-buffer-overflow on address[^
FAIL: g++.dg/asan/large-func-test-1.C -O2 output pattern test, is sh: line 1: 19528 Aborted /tmp/large-func-test-1.exe.14630, should match ERROR: AddressSanitizer:? heap-buffer-overflow on address[^
FAIL: g++.dg/asan/large-func-test-1.C -O3 -fomit-frame-pointer output pattern test, is sh: line 1: 19548 Aborted /tmp/large-func-test-1.exe.14630, should match ERROR: AddressSanitizer:? heap-buffer-overflow on address[^
FAIL: g++.dg/asan/large-func-test-1.C -O3 -g output pattern test, is sh: line 1: 19578 Aborted /tmp/large-func-test-1.exe.14630, should match ERROR: AddressSanitizer:? heap-buffer-overflow on address[^
FAIL: g++.dg/asan/large-func-test-1.C -Os output pattern test, is sh: line 1: 19596 Aborted /tmp/large-func-test-1.exe.14630, should match ERROR: AddressSanitizer:? heap-buffer-overflow on address[^
FAIL: g++.dg/asan/large-func-test-1.C -O2 -flto -fno-use-linker-plugin -flto-partition=none output pattern test, is sh: line 1: 19641 Aborted /tmp/large-func-test-1.exe.14630, should match ERROR: AddressSanitizer:? heap-buffer-overflow on address[^
FAIL: g++.dg/asan/large-func-test-1.C -O2 -flto -fuse-linker-plugin -fno-fat-lto-objects output pattern test, is sh: line 1: 19668 Aborted /tmp/large-func-test-1.exe.14630, should match ERROR: AddressSanitizer:? heap-buffer-overflow on address[^
FAIL: g++.dg/compat/eh/ctor1 cp_compat_x_tst.o-cp_compat_y_tst.o execute
FAIL: g++.dg/compat/eh/ctor2 cp_compat_x_tst.o-cp_compat_y_tst.o execute
FAIL: g++.dg/compat/eh/dtor1 cp_compat_x_tst.o-cp_compat_y_tst.o execute
FAIL: g++.dg/compat/eh/filter1 cp_compat_x_tst.o-cp_compat_y_tst.o execute
FAIL: g++.dg/compat/eh/filter2 cp_compat_x_tst.o-cp_compat_y_tst.o execute
FAIL: g++.dg/compat/eh/new1 cp_compat_x_tst.o-cp_compat_y_tst.o execute
FAIL: g++.dg/compat/eh/nrv1 cp_compat_x_tst.o-cp_compat_y_tst.o execute
FAIL: g++.dg/compat/eh/spec3 cp_compat_x_tst.o-cp_compat_y_tst.o execute
FAIL: g++.dg/compat/eh/template1 cp_compat_x_tst.o-cp_compat_y_tst.o execute
FAIL: g++.dg/compat/eh/unexpected1 cp_compat_x_tst.o-cp_compat_y_tst.o execute
FAIL: g++.dg/compat/init/array5 cp_compat_x_tst.o-cp_compat_y_tst.o execute
FAIL: c-c++-common/dfp/convert-bfp-10.c -std=c++98 execution test
FAIL: c-c++-common/dfp/convert-bfp-10.c -std=c++11 execution test
FAIL: c-c++-common/dfp/convert-bfp-10.c -std=c++1y execution test
FAIL: c-c++-common/dfp/convert-bfp-4.c -std=c++98 execution test
FAIL: c-c++-common/dfp/convert-bfp-4.c -std=c++11 execution test
FAIL: c-c++-common/dfp/convert-bfp-4.c -std=c++1y execution test
FAIL: c-c++-common/dfp/convert-bfp-5.c -std=c++98 execution test
FAIL: c-c++-common/dfp/convert-bfp-5.c -std=c++11 execution test
FAIL: c-c++-common/dfp/convert-bfp-5.c -std=c++1y execution test
FAIL: c-c++-common/dfp/convert-bfp-7.c -std=gnu++98 execution test
FAIL: c-c++-common/dfp/convert-bfp-7.c -std=gnu++11 execution test
FAIL: c-c++-common/dfp/convert-bfp-7.c -std=gnu++1y execution test
FAIL: c-c++-common/dfp/convert-bfp-9.c -std=gnu++98 execution test
FAIL: c-c++-common/dfp/convert-bfp-9.c -std=gnu++11 execution test
FAIL: c-c++-common/dfp/convert-bfp-9.c -std=gnu++1y execution test
FAIL: g++.dg/abi/forced.C -std=gnu++98 execution test
FAIL: g++.dg/abi/forced.C -std=gnu++11 execution test
FAIL: g++.dg/abi/forced.C -std=gnu++1y execution test
FAIL: g++.dg/abi/scoped1.C -std=gnu++11 execution test
FAIL: g++.dg/abi/scoped1.C -std=gnu++1y execution test
FAIL: g++.dg/cpp0x/bad_array_new1.C -std=c++11 execution test
FAIL: g++.dg/cpp0x/bad_array_new1.C -std=c++1y execution test
FAIL: g++.dg/cpp0x/bad_array_new2.C -std=c++11 execution test
FAIL: g++.dg/cpp0x/bad_array_new2.C -std=c++1y execution test
FAIL: g++.dg/cpp0x/inh-ctor12.C -std=c++11 execution test
FAIL: g++.dg/cpp0x/inh-ctor12.C -std=c++1y execution test
FAIL: g++.dg/cpp0x/lambda/lambda-eh2.C -std=gnu++11 execution test
FAIL: g++.dg/cpp0x/lambda/lambda-eh2.C -std=gnu++1y execution test
FAIL: g++.dg/cpp0x/noexcept03.C -std=gnu++11 execution test
FAIL: g++.dg/cpp0x/noexcept03.C -std=gnu++1y execution test
FAIL: g++.dg/cpp0x/noexcept04.C -std=c++11 execution test
FAIL: g++.dg/cpp0x/noexcept04.C -std=c++1y execution test
FAIL: g++.dg/cpp0x/noexcept06.C -std=c++11 execution test
FAIL: g++.dg/cpp0x/noexcept06.C -std=c++1y execution test
FAIL: g++.dg/cpp0x/noexcept07.C -std=c++11 execution test
FAIL: g++.dg/cpp0x/noexcept07.C -std=c++1y execution test
FAIL: g++.dg/cpp0x/nsdmi-eh1.C -std=c++11 execution test
FAIL: g++.dg/cpp0x/nsdmi-eh1.C -std=c++1y execution test
FAIL: g++.dg/cpp0x/nullptr21.C -std=c++11 execution test
FAIL: g++.dg/cpp0x/nullptr21.C -std=c++1y execution test
FAIL: g++.dg/cpp0x/range-for7.C -std=c++11 execution test
FAIL: g++.dg/cpp0x/range-for7.C -std=c++1y execution test
FAIL: g++.dg/cpp0x/static_assert9.C -std=c++11 (test for excess errors)
FAIL: g++.dg/cpp0x/static_assert9.C -std=c++1y (test for excess errors)
FAIL: g++.dg/cpp0x/variadic73.C -std=c++11 execution test
FAIL: g++.dg/cpp0x/variadic73.C -std=c++1y execution test
FAIL: g++.dg/cpp1y/vla3.C -std=c++1y execution test
FAIL: g++.dg/eh/alias1.C -std=gnu++98 execution test
FAIL: g++.dg/eh/alias1.C -std=gnu++11 execution test
FAIL: g++.dg/eh/alias1.C -std=gnu++1y execution test
FAIL: g++.dg/eh/anon1.C -std=c++98 execution test
FAIL: g++.dg/eh/anon1.C -std=c++11 execution test
FAIL: g++.dg/eh/anon1.C -std=c++1y execution test
FAIL: g++.dg/eh/cond1.C -std=c++98 execution test
FAIL: g++.dg/eh/cond1.C -std=c++11 execution test
FAIL: g++.dg/eh/cond1.C -std=c++1y execution test
FAIL: g++.dg/eh/cond4.C -std=c++98 execution test
FAIL: g++.dg/eh/cond4.C -std=c++11 execution test
FAIL: g++.dg/eh/cond4.C -std=c++1y execution test
FAIL: g++.dg/eh/cond5.C -std=c++98 execution test
FAIL: g++.dg/eh/cond5.C -std=c++11 execution test
FAIL: g++.dg/eh/cond5.C -std=c++1y execution test
FAIL: g++.dg/eh/cond6.C -std=c++98 execution test
FAIL: g++.dg/eh/cond6.C -std=c++11 execution test
FAIL: g++.dg/eh/cond6.C -std=c++1y execution test
FAIL: g++.dg/eh/crossjump1.C -std=gnu++98 execution test
FAIL: g++.dg/eh/crossjump1.C -std=gnu++11 execution test
FAIL: g++.dg/eh/crossjump1.C -std=gnu++1y execution test
FAIL: g++.dg/eh/ctor1.C -std=c++98 execution test
FAIL: g++.dg/eh/ctor1.C -std=c++11 execution test
FAIL: g++.dg/eh/ctor1.C -std=c++1y execution test
FAIL: g++.dg/eh/ctor2.C -std=c++98 execution test
FAIL: g++.dg/eh/ctor2.C -std=c++11 execution test
FAIL: g++.dg/eh/ctor2.C -std=c++1y execution test
FAIL: g++.dg/eh/defarg1.C -std=c++98 execution test
FAIL: g++.dg/eh/defarg1.C -std=c++11 execution test
FAIL: g++.dg/eh/defarg1.C -std=c++1y execution test
FAIL: g++.dg/eh/delayslot1.C -std=gnu++98 execution test
FAIL: g++.dg/eh/delayslot1.C -std=gnu++11 execution test
FAIL: g++.dg/eh/delayslot1.C -std=gnu++1y execution test
FAIL: g++.dg/eh/dtor1.C -std=c++98 execution test
FAIL: g++.dg/eh/dtor1.C -std=c++11 execution test
FAIL: g++.dg/eh/dtor1.C -std=c++1y execution test
FAIL: g++.dg/eh/dtor3.C -std=c++98 execution test
FAIL: g++.dg/eh/elide1.C -std=c++98 execution test
FAIL: g++.dg/eh/elide1.C -std=c++11 execution test
FAIL: g++.dg/eh/elide1.C -std=c++1y execution test
FAIL: g++.dg/eh/elide2.C -std=c++98 execution test
FAIL: g++.dg/eh/elide2.C -std=c++11 execution test
FAIL: g++.dg/eh/elide2.C -std=c++1y execution test
FAIL: g++.dg/eh/filter1.C -std=c++98 execution test
FAIL: g++.dg/eh/filter1.C -std=c++11 execution test
FAIL: g++.dg/eh/filter1.C -std=c++1y execution test
FAIL: g++.dg/eh/filter2.C -std=gnu++98 execution test
FAIL: g++.dg/eh/filter2.C -std=gnu++11 execution test
FAIL: g++.dg/eh/filter2.C -std=gnu++1y execution test
FAIL: g++.dg/eh/forced1.C -std=c++98 execution test
FAIL: g++.dg/eh/forced1.C -std=c++11 execution test
FAIL: g++.dg/eh/forced1.C -std=c++1y execution test
FAIL: g++.dg/eh/forced2.C -std=c++98 execution test
FAIL: g++.dg/eh/forced2.C -std=c++11 execution test
FAIL: g++.dg/eh/forced2.C -std=c++1y execution test
FAIL: g++.dg/eh/forced3.C -std=c++98 execution test
FAIL: g++.dg/eh/forced3.C -std=c++11 execution test
FAIL: g++.dg/eh/forced3.C -std=c++1y execution test
FAIL: g++.dg/eh/forced4.C -std=c++98 execution test
FAIL: g++.dg/eh/forced4.C -std=c++11 execution test
FAIL: g++.dg/eh/forced4.C -std=c++1y execution test
FAIL: g++.dg/eh/fp-regs.C -std=gnu++98 execution test
FAIL: g++.dg/eh/fp-regs.C -std=gnu++11 execution test
FAIL: g++.dg/eh/fp-regs.C -std=gnu++1y execution test
FAIL: g++.dg/eh/gcsec1.C -std=gnu++98 execution test
FAIL: g++.dg/eh/gcsec1.C -std=gnu++11 execution test
FAIL: g++.dg/eh/gcsec1.C -std=gnu++1y execution test
FAIL: g++.dg/eh/ia64-2.C -std=gnu++98 execution test
FAIL: g++.dg/eh/ia64-2.C -std=gnu++11 execution test
FAIL: g++.dg/eh/ia64-2.C -std=gnu++1y execution test
FAIL: g++.dg/eh/init-temp1.C -std=c++98 execution test
FAIL: g++.dg/eh/init-temp1.C -std=c++11 execution test
FAIL: g++.dg/eh/init-temp1.C -std=c++1y execution test
FAIL: g++.dg/eh/loop1.C -std=gnu++98 execution test
FAIL: g++.dg/eh/loop1.C -std=gnu++11 execution test
FAIL: g++.dg/eh/loop1.C -std=gnu++1y execution test
FAIL: g++.dg/eh/loop2.C -std=c++98 execution test
FAIL: g++.dg/eh/loop2.C -std=c++11 execution test
FAIL: g++.dg/eh/loop2.C -std=c++1y execution test
FAIL: g++.dg/eh/new1.C -std=c++98 execution test
FAIL: g++.dg/eh/new1.C -std=c++11 execution test
FAIL: g++.dg/eh/new1.C -std=c++1y execution test
FAIL: g++.dg/eh/omit-frame-pointer.C -std=gnu++98 execution test
FAIL: g++.dg/eh/omit-frame-pointer.C -std=gnu++11 execution test
FAIL: g++.dg/eh/omit-frame-pointer.C -std=gnu++1y execution test
FAIL: g++.dg/eh/omit-frame-pointer2.C -std=gnu++98 execution test
FAIL: g++.dg/eh/omit-frame-pointer2.C -std=gnu++11 execution test
FAIL: g++.dg/eh/omit-frame-pointer2.C -std=gnu++1y execution test
FAIL: g++.dg/eh/partial1.C -std=c++98 execution test
FAIL: g++.dg/eh/partial1.C -std=c++11 execution test
FAIL: g++.dg/eh/partial1.C -std=c++1y execution test
FAIL: g++.dg/eh/pr29166.C -std=c++98 execution test
FAIL: g++.dg/eh/pr29166.C -std=c++11 execution test
FAIL: g++.dg/eh/pr29166.C -std=c++1y execution test
FAIL: g++.dg/eh/registers1.C -std=gnu++98 execution test
FAIL: g++.dg/eh/registers1.C -std=gnu++11 execution test
FAIL: g++.dg/eh/registers1.C -std=gnu++1y execution test
FAIL: g++.dg/eh/simd-1.C -std=gnu++98 execution test
FAIL: g++.dg/eh/simd-1.C -std=gnu++11 execution test
FAIL: g++.dg/eh/simd-1.C -std=gnu++1y execution test
FAIL: g++.dg/eh/simd-2.C -std=gnu++98 execution test
FAIL: g++.dg/eh/simd-2.C -std=gnu++11 execution test
FAIL: g++.dg/eh/simd-2.C -std=gnu++1y execution test
FAIL: g++.dg/eh/simd-3.C -std=gnu++98 execution test
FAIL: g++.dg/eh/simd-3.C -std=gnu++11 execution test
FAIL: g++.dg/eh/simd-3.C -std=gnu++1y execution test
FAIL: g++.dg/eh/simd-5.C -std=gnu++98 execution test
FAIL: g++.dg/eh/simd-5.C -std=gnu++11 execution test
FAIL: g++.dg/eh/simd-5.C -std=gnu++1y execution test
FAIL: g++.dg/eh/spbp.C -std=gnu++98 execution test
FAIL: g++.dg/eh/spbp.C -std=gnu++11 execution test
FAIL: g++.dg/eh/spbp.C -std=gnu++1y execution test
FAIL: g++.dg/eh/spec10.C -std=gnu++98 execution test
FAIL: g++.dg/eh/spec10.C -std=gnu++11 execution test
FAIL: g++.dg/eh/spec10.C -std=gnu++1y execution test
FAIL: g++.dg/eh/spec3.C -std=c++98 execution test
FAIL: g++.dg/eh/spec3.C -std=c++11 execution test
FAIL: g++.dg/eh/spec3.C -std=c++1y execution test
FAIL: g++.dg/eh/spec7.C -std=gnu++98 execution test
FAIL: g++.dg/eh/spec7.C -std=gnu++11 execution test
FAIL: g++.dg/eh/spec7.C -std=gnu++1y execution test
FAIL: g++.dg/eh/spec9.C -std=c++98 execution test
FAIL: g++.dg/eh/spec9.C -std=c++11 execution test
FAIL: g++.dg/eh/spec9.C -std=c++1y execution test
FAIL: g++.dg/eh/synth2.C -std=c++98 execution test
FAIL: g++.dg/eh/synth2.C -std=c++11 execution test
FAIL: g++.dg/eh/synth2.C -std=c++1y execution test
FAIL: g++.dg/eh/template1.C -std=c++98 execution test
FAIL: g++.dg/eh/template1.C -std=c++11 execution test
FAIL: g++.dg/eh/template1.C -std=c++1y execution test
FAIL: g++.dg/eh/uncaught1.C -std=gnu++98 execution test
FAIL: g++.dg/eh/uncaught1.C -std=gnu++11 execution test
FAIL: g++.dg/eh/uncaught1.C -std=gnu++1y execution test
FAIL: g++.dg/eh/uncaught4.C -std=c++98 execution test
FAIL: g++.dg/eh/uncaught4.C -std=c++11 execution test
FAIL: g++.dg/eh/uncaught4.C -std=c++1y execution test
FAIL: g++.dg/eh/unexpected1.C -std=c++98 execution test
FAIL: g++.dg/eh/unexpected1.C -std=c++11 execution test
FAIL: g++.dg/eh/unexpected1.C -std=c++1y execution test
FAIL: g++.dg/eh/weak1.C -std=gnu++98 execution test
FAIL: g++.dg/eh/weak1.C -std=gnu++11 execution test
FAIL: g++.dg/eh/weak1.C -std=gnu++1y execution test
FAIL: g++.dg/ext/cleanup-10.C -std=gnu++98 execution test
FAIL: g++.dg/ext/cleanup-10.C -std=gnu++11 execution test
FAIL: g++.dg/ext/cleanup-10.C -std=gnu++1y execution test
FAIL: g++.dg/ext/cleanup-11.C -std=gnu++98 execution test
FAIL: g++.dg/ext/cleanup-11.C -std=gnu++11 execution test
FAIL: g++.dg/ext/cleanup-11.C -std=gnu++1y execution test
FAIL: g++.dg/ext/cleanup-5.C -std=gnu++98 execution test
FAIL: g++.dg/ext/cleanup-5.C -std=gnu++11 execution test
FAIL: g++.dg/ext/cleanup-5.C -std=gnu++1y execution test
FAIL: g++.dg/ext/cleanup-8.C -std=gnu++98 execution test
FAIL: g++.dg/ext/cleanup-8.C -std=gnu++11 execution test
FAIL: g++.dg/ext/cleanup-8.C -std=gnu++1y execution test
FAIL: g++.dg/ext/cleanup-9.C -std=gnu++98 execution test
FAIL: g++.dg/ext/cleanup-9.C -std=gnu++11 execution test
FAIL: g++.dg/ext/cleanup-9.C -std=gnu++1y execution test
FAIL: g++.dg/ext/spe1.C -std=gnu++98 (test for excess errors)
FAIL: g++.dg/ext/spe1.C -std=gnu++11 (test for excess errors)
FAIL: g++.dg/ext/spe1.C -std=gnu++1y (test for excess errors)
FAIL: g++.dg/init/array16.C -std=gnu++98 execution test
FAIL: g++.dg/init/array16.C -std=gnu++11 execution test
FAIL: g++.dg/init/array16.C -std=gnu++1y execution test
FAIL: g++.dg/init/array5.C -std=c++98 execution test
FAIL: g++.dg/init/array5.C -std=c++11 execution test
FAIL: g++.dg/init/array5.C -std=c++1y execution test
FAIL: g++.dg/init/ctor1.C -std=c++98 execution test
FAIL: g++.dg/init/ctor1.C -std=c++11 execution test
FAIL: g++.dg/init/ctor1.C -std=c++1y execution test
FAIL: g++.dg/init/new36.C -std=c++98 execution test
FAIL: g++.dg/init/new36.C -std=c++11 execution test
FAIL: g++.dg/init/new36.C -std=c++1y execution test
FAIL: g++.dg/init/new39.C -std=c++98 execution test
FAIL: g++.dg/init/new39.C -std=c++11 execution test
FAIL: g++.dg/init/new39.C -std=c++1y execution test
FAIL: g++.dg/init/new40.C execution test
FAIL: g++.dg/init/placement2.C -std=c++98 execution test
FAIL: g++.dg/init/placement2.C -std=c++11 execution test
FAIL: g++.dg/init/placement2.C -std=c++1y execution test
FAIL: g++.dg/init/ref9.C -std=c++98 execution test
FAIL: g++.dg/init/ref9.C -std=c++11 execution test
FAIL: g++.dg/init/ref9.C -std=c++1y execution test
FAIL: g++.dg/opt/eh2.C -std=gnu++98 execution test
FAIL: g++.dg/opt/eh2.C -std=gnu++11 execution test
FAIL: g++.dg/opt/eh2.C -std=gnu++1y execution test
FAIL: g++.dg/opt/eh3.C -std=gnu++98 execution test
FAIL: g++.dg/opt/eh3.C -std=gnu++11 execution test
FAIL: g++.dg/opt/eh3.C -std=gnu++1y execution test
FAIL: g++.dg/opt/eh4.C -std=gnu++98 execution test
FAIL: g++.dg/opt/eh4.C -std=gnu++11 execution test
FAIL: g++.dg/opt/eh4.C -std=gnu++1y execution test
FAIL: g++.dg/opt/pr23478.C -std=gnu++98 execution test
FAIL: g++.dg/opt/pr23478.C -std=gnu++11 execution test
FAIL: g++.dg/opt/pr23478.C -std=gnu++1y execution test
FAIL: g++.dg/rtti/repo1.C -std=gnu++98 (test for excess errors)
FAIL: g++.dg/rtti/repo1.C -std=gnu++11 (test for excess errors)
FAIL: g++.dg/rtti/repo1.C -std=gnu++1y (test for excess errors)
FAIL: g++.dg/rtti/typeid10.C -std=c++98 execution test
FAIL: g++.dg/rtti/typeid10.C -std=c++11 execution test
FAIL: g++.dg/rtti/typeid10.C -std=c++1y execution test
FAIL: g++.dg/lto/20081109 cp_lto_20081109_0.o-cp_lto_20081109_1.o execute -O0 -flto -flto-partition=none -fuse-linker-plugin
FAIL: g++.dg/lto/20081109 cp_lto_20081109_0.o-cp_lto_20081109_1.o execute -O2 -flto -flto-partition=none -fuse-linker-plugin -fno-fat-lto-objects
FAIL: g++.dg/lto/20081109 cp_lto_20081109_0.o-cp_lto_20081109_1.o execute -O0 -flto -flto-partition=1to1 -fno-use-linker-plugin
FAIL: g++.dg/lto/20081109 cp_lto_20081109_0.o-cp_lto_20081109_1.o execute -O2 -flto -flto-partition=1to1 -fno-use-linker-plugin
FAIL: g++.dg/lto/20081109 cp_lto_20081109_0.o-cp_lto_20081109_1.o execute -O0 -flto -fuse-linker-plugin -fno-fat-lto-objects
FAIL: g++.dg/lto/20081109 cp_lto_20081109_0.o-cp_lto_20081109_1.o execute -O2 -flto -fuse-linker-plugin
FAIL: g++.dg/plugin/attribute_plugin-test-1.C -fplugin=./attribute_plugin.so (test for warnings, line )
FAIL: g++.dg/plugin/attribute_plugin-test-1.C -fplugin=./attribute_plugin.so (test for warnings, line 7)
FAIL: g++.dg/plugin/attribute_plugin-test-1.C -fplugin=./attribute_plugin.so (test for warnings, line 7)
FAIL: g++.dg/plugin/attribute_plugin-test-1.C -fplugin=./attribute_plugin.so (test for warnings, line 16)
FAIL: g++.dg/plugin/attribute_plugin-test-1.C -fplugin=./attribute_plugin.so (test for excess errors)
FAIL: g++.dg/plugin/pragma_plugin-test-1.C -fplugin=./pragma_plugin.so (test for warnings, line )
FAIL: g++.dg/plugin/pragma_plugin-test-1.C -fplugin=./pragma_plugin.so (test for warnings, line 5)
FAIL: g++.dg/plugin/pragma_plugin-test-1.C -fplugin=./pragma_plugin.so (test for warnings, line 9)
FAIL: g++.dg/plugin/pragma_plugin-test-1.C -fplugin=./pragma_plugin.so (test for warnings, line 14)
FAIL: g++.dg/plugin/pragma_plugin-test-1.C -fplugin=./pragma_plugin.so (test for excess errors)
FAIL: g++.dg/plugin/self-assign-test-1.C -fplugin=./selfassign.so (test for warnings, line 10)
FAIL: g++.dg/plugin/self-assign-test-1.C -fplugin=./selfassign.so (test for warnings, line 13)
FAIL: g++.dg/plugin/self-assign-test-1.C -fplugin=./selfassign.so (test for warnings, line 26)
FAIL: g++.dg/plugin/self-assign-test-1.C -fplugin=./selfassign.so (test for warnings, line 27)
FAIL: g++.dg/plugin/self-assign-test-1.C -fplugin=./selfassign.so (test for warnings, line 33)
FAIL: g++.dg/plugin/self-assign-test-1.C -fplugin=./selfassign.so (test for warnings, line 34)
FAIL: g++.dg/plugin/self-assign-test-1.C -fplugin=./selfassign.so (test for warnings, line 40)
FAIL: g++.dg/plugin/self-assign-test-1.C -fplugin=./selfassign.so (test for warnings, line 41)
FAIL: g++.dg/plugin/self-assign-test-1.C -fplugin=./selfassign.so (test for warnings, line 42)
FAIL: g++.dg/plugin/self-assign-test-1.C -fplugin=./selfassign.so (test for warnings, line 43)
FAIL: g++.dg/plugin/self-assign-test-1.C -fplugin=./selfassign.so (test for warnings, line 44)
FAIL: g++.dg/plugin/self-assign-test-1.C -fplugin=./selfassign.so (test for warnings, line 46)
FAIL: g++.dg/plugin/self-assign-test-1.C -fplugin=./selfassign.so (test for warnings, line 47)
FAIL: g++.dg/plugin/self-assign-test-1.C -fplugin=./selfassign.so (test for excess errors)
FAIL: g++.dg/plugin/self-assign-test-2.C -fplugin=./selfassign.so (test for warnings, line 10)
FAIL: g++.dg/plugin/self-assign-test-2.C -fplugin=./selfassign.so (test for warnings, line 13)
FAIL: g++.dg/plugin/self-assign-test-2.C -fplugin=./selfassign.so (test for warnings, line 26)
FAIL: g++.dg/plugin/self-assign-test-2.C -fplugin=./selfassign.so (test for warnings, line 27)
FAIL: g++.dg/plugin/self-assign-test-2.C -fplugin=./selfassign.so (test for warnings, line 33)
FAIL: g++.dg/plugin/self-assign-test-2.C -fplugin=./selfassign.so (test for warnings, line 34)
FAIL: g++.dg/plugin/self-assign-test-2.C -fplugin=./selfassign.so (test for warnings, line 40)
FAIL: g++.dg/plugin/self-assign-test-2.C -fplugin=./selfassign.so (test for warnings, line 41)
FAIL: g++.dg/plugin/self-assign-test-2.C -fplugin=./selfassign.so (test for warnings, line 42)
FAIL: g++.dg/plugin/self-assign-test-2.C -fplugin=./selfassign.so (test for warnings, line 46)
FAIL: g++.dg/plugin/self-assign-test-2.C -fplugin=./selfassign.so (test for warnings, line 47)
FAIL: g++.dg/plugin/self-assign-test-2.C -fplugin=./selfassign.so (test for excess errors)
FAIL: g++.dg/plugin/self-assign-test-3.C -fplugin=./selfassign.so (test for excess errors)
FAIL: g++.dg/plugin/dumb-plugin-test-1.C -fplugin=./dumb_plugin.so (test for warnings, line 10)
FAIL: g++.dg/plugin/dumb-plugin-test-1.C -fplugin=./dumb_plugin.so (test for warnings, line 14)
FAIL: g++.dg/plugin/dumb-plugin-test-1.C -fplugin=./dumb_plugin.so (test for warnings, line 18)
FAIL: g++.dg/plugin/dumb-plugin-test-1.C -fplugin=./dumb_plugin.so (test for warnings, line 19)
FAIL: g++.dg/plugin/dumb-plugin-test-1.C -fplugin=./dumb_plugin.so (test for warnings, line 24)
FAIL: g++.dg/plugin/dumb-plugin-test-1.C -fplugin=./dumb_plugin.so (test for warnings, line 50)
FAIL: g++.dg/plugin/dumb-plugin-test-1.C -fplugin=./dumb_plugin.so (test for warnings, line 50)
FAIL: g++.dg/plugin/dumb-plugin-test-1.C -fplugin=./dumb_plugin.so (test for warnings, line 50)
FAIL: g++.dg/plugin/dumb-plugin-test-1.C -fplugin=./dumb_plugin.so (test for excess errors)
FAIL: g++.dg/plugin/header-plugin-test.C -fplugin=./header_plugin.so (internal compiler error)
FAIL: g++.dg/plugin/header-plugin-test.C -fplugin=./header_plugin.so (test for excess errors)
FAIL: g++.dg/plugin/decl-plugin-test.C -fplugin=./decl_plugin.so (test for warnings, line 1)
FAIL: g++.dg/plugin/decl-plugin-test.C -fplugin=./decl_plugin.so (test for warnings, line 2)
FAIL: g++.dg/plugin/decl-plugin-test.C -fplugin=./decl_plugin.so (test for warnings, line 6)
FAIL: g++.dg/plugin/decl-plugin-test.C -fplugin=./decl_plugin.so (test for warnings, line 10)
FAIL: g++.dg/plugin/decl-plugin-test.C -fplugin=./decl_plugin.so (test for warnings, line 13)
FAIL: g++.dg/plugin/decl-plugin-test.C -fplugin=./decl_plugin.so (test for warnings, line 17)
FAIL: g++.dg/plugin/decl-plugin-test.C -fplugin=./decl_plugin.so (test for warnings, line 18)
FAIL: g++.dg/plugin/decl-plugin-test.C -fplugin=./decl_plugin.so (test for warnings, line 20)
FAIL: g++.dg/plugin/decl-plugin-test.C -fplugin=./decl_plugin.so (test for warnings, line 24)
FAIL: g++.dg/plugin/decl-plugin-test.C -fplugin=./decl_plugin.so (test for warnings, line 26)
FAIL: g++.dg/plugin/decl-plugin-test.C -fplugin=./decl_plugin.so (test for excess errors)
FAIL: g++.dg/tls/thread_local4.C -std=gnu++11 execution test
FAIL: g++.dg/tls/thread_local4.C -std=gnu++1y execution test
FAIL: g++.dg/tls/thread_local4g.C -std=gnu++11 execution test
FAIL: g++.dg/tls/thread_local4g.C -std=gnu++1y execution test
FAIL: c-c++-common/torture/complex-sign-add.c -O0 execution test
FAIL: c-c++-common/torture/complex-sign-add.c -O1 execution test
FAIL: c-c++-common/torture/complex-sign-add.c -O2 execution test
FAIL: c-c++-common/torture/complex-sign-add.c -O3 -fomit-frame-pointer execution test
FAIL: c-c++-common/torture/complex-sign-add.c -O3 -fomit-frame-pointer -funroll-loops execution test
FAIL: c-c++-common/torture/complex-sign-add.c -O3 -fomit-frame-pointer -funroll-all-loops -finline-functions execution test
FAIL: c-c++-common/torture/complex-sign-add.c -O3 -g execution test
FAIL: c-c++-common/torture/complex-sign-add.c -Os execution test
FAIL: c-c++-common/torture/complex-sign-add.c -O2 -flto -fno-use-linker-plugin -flto-partition=none execution test
FAIL: c-c++-common/torture/complex-sign-add.c -O2 -flto -fuse-linker-plugin -fno-fat-lto-objects execution test
FAIL: c-c++-common/torture/complex-sign-mixed-add.c -O0 execution test
FAIL: c-c++-common/torture/complex-sign-mixed-add.c -O1 execution test
FAIL: c-c++-common/torture/complex-sign-mixed-add.c -O2 execution test
FAIL: c-c++-common/torture/complex-sign-mixed-add.c -O3 -fomit-frame-pointer execution test
FAIL: c-c++-common/torture/complex-sign-mixed-add.c -O3 -fomit-frame-pointer -funroll-loops execution test
FAIL: c-c++-common/torture/complex-sign-mixed-add.c -O3 -fomit-frame-pointer -funroll-all-loops -finline-functions execution test
FAIL: c-c++-common/torture/complex-sign-mixed-add.c -O3 -g execution test
FAIL: c-c++-common/torture/complex-sign-mixed-add.c -Os execution test
FAIL: c-c++-common/torture/complex-sign-mixed-add.c -O2 -flto -fno-use-linker-plugin -flto-partition=none execution test
FAIL: c-c++-common/torture/complex-sign-mixed-add.c -O2 -flto -fuse-linker-plugin -fno-fat-lto-objects execution test
FAIL: c-c++-common/torture/complex-sign-mixed-div.c -O3 -fomit-frame-pointer -funroll-loops execution test
FAIL: c-c++-common/torture/complex-sign-mixed-div.c -O3 -fomit-frame-pointer -funroll-all-loops -finline-functions execution test
FAIL: c-c++-common/torture/complex-sign-mixed-mul.c -O3 -fomit-frame-pointer -funroll-loops execution test
FAIL: c-c++-common/torture/complex-sign-mixed-mul.c -O3 -fomit-frame-pointer -funroll-all-loops -finline-functions execution test
FAIL: c-c++-common/torture/complex-sign-mixed-sub.c -O0 execution test
FAIL: c-c++-common/torture/complex-sign-mixed-sub.c -O1 execution test
FAIL: c-c++-common/torture/complex-sign-mixed-sub.c -O2 execution test
FAIL: c-c++-common/torture/complex-sign-mixed-sub.c -O3 -fomit-frame-pointer execution test
FAIL: c-c++-common/torture/complex-sign-mixed-sub.c -O3 -fomit-frame-pointer -funroll-loops execution test
FAIL: c-c++-common/torture/complex-sign-mixed-sub.c -O3 -fomit-frame-pointer -funroll-all-loops -finline-functions execution test
FAIL: c-c++-common/torture/complex-sign-mixed-sub.c -O3 -g execution test
FAIL: c-c++-common/torture/complex-sign-mixed-sub.c -Os execution test
FAIL: c-c++-common/torture/complex-sign-mixed-sub.c -O2 -flto -fno-use-linker-plugin -flto-partition=none execution test
FAIL: c-c++-common/torture/complex-sign-mixed-sub.c -O2 -flto -fuse-linker-plugin -fno-fat-lto-objects execution test
FAIL: c-c++-common/torture/complex-sign-mul-minus-one.c -O0 execution test
FAIL: c-c++-common/torture/complex-sign-mul-minus-one.c -O1 execution test
FAIL: c-c++-common/torture/complex-sign-mul-minus-one.c -O2 execution test
FAIL: c-c++-common/torture/complex-sign-mul-minus-one.c -O3 -fomit-frame-pointer execution test
FAIL: c-c++-common/torture/complex-sign-mul-minus-one.c -O3 -fomit-frame-pointer -funroll-loops execution test
FAIL: c-c++-common/torture/complex-sign-mul-minus-one.c -O3 -fomit-frame-pointer -funroll-all-loops -finline-functions execution test
FAIL: c-c++-common/torture/complex-sign-mul-minus-one.c -O3 -g execution test
FAIL: c-c++-common/torture/complex-sign-mul-minus-one.c -Os execution test
FAIL: c-c++-common/torture/complex-sign-mul-minus-one.c -O2 -flto -fno-use-linker-plugin -flto-partition=none execution test
FAIL: c-c++-common/torture/complex-sign-mul-minus-one.c -O2 -flto -fuse-linker-plugin -fno-fat-lto-objects execution test
FAIL: c-c++-common/torture/complex-sign-mul-one.c -O0 execution test
FAIL: c-c++-common/torture/complex-sign-mul-one.c -O1 execution test
FAIL: c-c++-common/torture/complex-sign-mul-one.c -O2 execution test
FAIL: c-c++-common/torture/complex-sign-mul-one.c -O3 -fomit-frame-pointer execution test
FAIL: c-c++-common/torture/complex-sign-mul-one.c -O3 -fomit-frame-pointer -funroll-loops execution test
FAIL: c-c++-common/torture/complex-sign-mul-one.c -O3 -fomit-frame-pointer -funroll-all-loops -finline-functions execution test
FAIL: c-c++-common/torture/complex-sign-mul-one.c -O3 -g execution test
FAIL: c-c++-common/torture/complex-sign-mul-one.c -Os execution test
FAIL: c-c++-common/torture/complex-sign-mul-one.c -O2 -flto -fno-use-linker-plugin -flto-partition=none execution test
FAIL: c-c++-common/torture/complex-sign-mul-one.c -O2 -flto -fuse-linker-plugin -fno-fat-lto-objects execution test
FAIL: c-c++-common/torture/complex-sign-mul.c -O0 execution test
FAIL: c-c++-common/torture/complex-sign-mul.c -O1 execution test
FAIL: c-c++-common/torture/complex-sign-mul.c -O2 execution test
FAIL: c-c++-common/torture/complex-sign-mul.c -O3 -fomit-frame-pointer execution test
FAIL: c-c++-common/torture/complex-sign-mul.c -O3 -fomit-frame-pointer -funroll-loops execution test
FAIL: c-c++-common/torture/complex-sign-mul.c -O3 -fomit-frame-pointer -funroll-all-loops -finline-functions execution test
FAIL: c-c++-common/torture/complex-sign-mul.c -O3 -g execution test
FAIL: c-c++-common/torture/complex-sign-mul.c -Os execution test
FAIL: c-c++-common/torture/complex-sign-mul.c -O2 -flto -fno-use-linker-plugin -flto-partition=none execution test
FAIL: c-c++-common/torture/complex-sign-mul.c -O2 -flto -fuse-linker-plugin -fno-fat-lto-objects execution test
FAIL: c-c++-common/torture/complex-sign-sub.c -O0 execution test
FAIL: c-c++-common/torture/complex-sign-sub.c -O1 execution test
FAIL: c-c++-common/torture/complex-sign-sub.c -O2 execution test
FAIL: c-c++-common/torture/complex-sign-sub.c -O3 -fomit-frame-pointer execution test
FAIL: c-c++-common/torture/complex-sign-sub.c -O3 -fomit-frame-pointer -funroll-loops execution test
FAIL: c-c++-common/torture/complex-sign-sub.c -O3 -fomit-frame-pointer -funroll-all-loops -finline-functions execution test
FAIL: c-c++-common/torture/complex-sign-sub.c -O3 -g execution test
FAIL: c-c++-common/torture/complex-sign-sub.c -Os execution test
FAIL: c-c++-common/torture/complex-sign-sub.c -O2 -flto -fno-use-linker-plugin -flto-partition=none execution test
FAIL: c-c++-common/torture/complex-sign-sub.c -O2 -flto -fuse-linker-plugin -fno-fat-lto-objects execution test
FAIL: g++.dg/torture/pr49115.C -O0 execution test
FAIL: g++.dg/torture/pr49115.C -O1 execution test
FAIL: g++.dg/torture/pr49115.C -O2 execution test
FAIL: g++.dg/torture/pr49115.C -O3 -fomit-frame-pointer execution test
FAIL: g++.dg/torture/pr49115.C -O3 -g execution test
FAIL: g++.dg/torture/pr49115.C -Os execution test
FAIL: g++.dg/torture/pr49115.C -O2 -flto -fno-use-linker-plugin -flto-partition=none execution test
FAIL: g++.dg/torture/pr49115.C -O2 -flto -fuse-linker-plugin -fno-fat-lto-objects execution test
FAIL: g++.dg/torture/pr60750.C -O0 execution test
FAIL: g++.dg/torture/pr60750.C -O1 execution test
FAIL: g++.dg/torture/pr60750.C -O2 execution test
FAIL: g++.dg/torture/pr60750.C -O3 -fomit-frame-pointer execution test
FAIL: g++.dg/torture/pr60750.C -O3 -g execution test
FAIL: g++.dg/torture/pr60750.C -Os execution test
FAIL: g++.dg/torture/pr60750.C -O2 -flto -fno-use-linker-plugin -flto-partition=none execution test
FAIL: g++.dg/torture/pr60750.C -O2 -flto -fuse-linker-plugin -fno-fat-lto-objects execution test
FAIL: g++.dg/torture/type-generic-1.C -O0 execution test
FAIL: g++.dg/torture/type-generic-1.C -O1 execution test
FAIL: g++.dg/torture/type-generic-1.C -O2 execution test
FAIL: g++.dg/torture/type-generic-1.C -O3 -fomit-frame-pointer execution test
FAIL: g++.dg/torture/type-generic-1.C -O3 -g execution test
FAIL: g++.dg/torture/type-generic-1.C -Os execution test
FAIL: g++.dg/torture/type-generic-1.C -O2 -flto -fno-use-linker-plugin -flto-partition=none execution test
FAIL: g++.dg/torture/type-generic-1.C -O2 -flto -fuse-linker-plugin -fno-fat-lto-objects execution test
FAIL: g++.dg/torture/stackalign/eh-alloca-1.C -O0 execution test
FAIL: g++.dg/torture/stackalign/eh-alloca-1.C -O0 -fpic execution test
FAIL: g++.dg/torture/stackalign/eh-alloca-1.C -O1 execution test
FAIL: g++.dg/torture/stackalign/eh-alloca-1.C -O1 -fpic execution test
FAIL: g++.dg/torture/stackalign/eh-alloca-1.C -O2 execution test
FAIL: g++.dg/torture/stackalign/eh-alloca-1.C -O2 -fpic execution test
FAIL: g++.dg/torture/stackalign/eh-alloca-1.C -O3 -fomit-frame-pointer execution test
FAIL: g++.dg/torture/stackalign/eh-alloca-1.C -O3 -fomit-frame-pointer -fpic execution test
FAIL: g++.dg/torture/stackalign/eh-alloca-1.C -O3 -g execution test
FAIL: g++.dg/torture/stackalign/eh-alloca-1.C -O3 -g -fpic execution test
FAIL: g++.dg/torture/stackalign/eh-alloca-1.C -Os execution test
FAIL: g++.dg/torture/stackalign/eh-alloca-1.C -Os -fpic execution test
FAIL: g++.dg/torture/stackalign/eh-alloca-1.C -O2 -flto -fno-use-linker-plugin -flto-partition=none execution test
FAIL: g++.dg/torture/stackalign/eh-alloca-1.C -O2 -flto -fno-use-linker-plugin -flto-partition=none -fpic execution test
FAIL: g++.dg/torture/stackalign/eh-alloca-1.C -O2 -flto -fuse-linker-plugin -fno-fat-lto-objects execution test
FAIL: g++.dg/torture/stackalign/eh-alloca-1.C -O2 -flto -fuse-linker-plugin -fno-fat-lto-objects -fpic execution test
FAIL: g++.dg/torture/stackalign/eh-global-1.C -O0 execution test
FAIL: g++.dg/torture/stackalign/eh-global-1.C -O0 -fpic execution test
FAIL: g++.dg/torture/stackalign/eh-global-1.C -O1 execution test
FAIL: g++.dg/torture/stackalign/eh-global-1.C -O1 -fpic execution test
FAIL: g++.dg/torture/stackalign/eh-global-1.C -O2 execution test
FAIL: g++.dg/torture/stackalign/eh-global-1.C -O2 -fpic execution test
FAIL: g++.dg/torture/stackalign/eh-global-1.C -O3 -fomit-frame-pointer execution test
FAIL: g++.dg/torture/stackalign/eh-global-1.C -O3 -fomit-frame-pointer -fpic execution test
FAIL: g++.dg/torture/stackalign/eh-global-1.C -O3 -g execution test
FAIL: g++.dg/torture/stackalign/eh-global-1.C -O3 -g -fpic execution test
FAIL: g++.dg/torture/stackalign/eh-global-1.C -Os execution test
FAIL: g++.dg/torture/stackalign/eh-global-1.C -Os -fpic execution test
FAIL: g++.dg/torture/stackalign/eh-global-1.C -O2 -flto -fno-use-linker-plugin -flto-partition=none execution test
FAIL: g++.dg/torture/stackalign/eh-global-1.C -O2 -flto -fno-use-linker-plugin -flto-partition=none -fpic execution test
FAIL: g++.dg/torture/stackalign/eh-global-1.C -O2 -flto -fuse-linker-plugin -fno-fat-lto-objects execution test
FAIL: g++.dg/torture/stackalign/eh-global-1.C -O2 -flto -fuse-linker-plugin -fno-fat-lto-objects -fpic execution test
FAIL: g++.dg/torture/stackalign/eh-inline-1.C -O0 execution test
FAIL: g++.dg/torture/stackalign/eh-inline-1.C -O0 -fpic execution test
FAIL: g++.dg/torture/stackalign/eh-inline-1.C -O1 execution test
FAIL: g++.dg/torture/stackalign/eh-inline-1.C -O1 -fpic execution test
FAIL: g++.dg/torture/stackalign/eh-inline-1.C -O2 execution test
FAIL: g++.dg/torture/stackalign/eh-inline-1.C -O2 -fpic execution test
FAIL: g++.dg/torture/stackalign/eh-inline-1.C -O3 -fomit-frame-pointer execution test
FAIL: g++.dg/torture/stackalign/eh-inline-1.C -O3 -fomit-frame-pointer -fpic execution test
FAIL: g++.dg/torture/stackalign/eh-inline-1.C -O3 -g execution test
FAIL: g++.dg/torture/stackalign/eh-inline-1.C -O3 -g -fpic execution test
FAIL: g++.dg/torture/stackalign/eh-inline-1.C -Os execution test
FAIL: g++.dg/torture/stackalign/eh-inline-1.C -Os -fpic execution test
FAIL: g++.dg/torture/stackalign/eh-inline-1.C -O2 -flto -fno-use-linker-plugin -flto-partition=none execution test
FAIL: g++.dg/torture/stackalign/eh-inline-1.C -O2 -flto -fno-use-linker-plugin -flto-partition=none -fpic execution test
FAIL: g++.dg/torture/stackalign/eh-inline-1.C -O2 -flto -fuse-linker-plugin -fno-fat-lto-objects execution test
FAIL: g++.dg/torture/stackalign/eh-inline-1.C -O2 -flto -fuse-linker-plugin -fno-fat-lto-objects -fpic execution test
FAIL: g++.dg/torture/stackalign/eh-inline-2.C -O0 execution test
FAIL: g++.dg/torture/stackalign/eh-inline-2.C -O0 -fpic execution test
FAIL: g++.dg/torture/stackalign/eh-inline-2.C -O1 execution test
FAIL: g++.dg/torture/stackalign/eh-inline-2.C -O1 -fpic execution test
FAIL: g++.dg/torture/stackalign/eh-inline-2.C -O2 execution test
FAIL: g++.dg/torture/stackalign/eh-inline-2.C -O2 -fpic execution test
FAIL: g++.dg/torture/stackalign/eh-inline-2.C -O3 -fomit-frame-pointer execution test
FAIL: g++.dg/torture/stackalign/eh-inline-2.C -O3 -fomit-frame-pointer -fpic execution test
FAIL: g++.dg/torture/stackalign/eh-inline-2.C -O3 -g execution test
FAIL: g++.dg/torture/stackalign/eh-inline-2.C -O3 -g -fpic execution test
FAIL: g++.dg/torture/stackalign/eh-inline-2.C -Os execution test
FAIL: g++.dg/torture/stackalign/eh-inline-2.C -Os -fpic execution test
FAIL: g++.dg/torture/stackalign/eh-inline-2.C -O2 -flto -fno-use-linker-plugin -flto-partition=none execution test
FAIL: g++.dg/torture/stackalign/eh-inline-2.C -O2 -flto -fno-use-linker-plugin -flto-partition=none -fpic execution test
FAIL: g++.dg/torture/stackalign/eh-inline-2.C -O2 -flto -fuse-linker-plugin -fno-fat-lto-objects execution test
FAIL: g++.dg/torture/stackalign/eh-inline-2.C -O2 -flto -fuse-linker-plugin -fno-fat-lto-objects -fpic execution test
FAIL: g++.dg/torture/stackalign/eh-vararg-1.C -O0 execution test
FAIL: g++.dg/torture/stackalign/eh-vararg-1.C -O0 -fpic execution test
FAIL: g++.dg/torture/stackalign/eh-vararg-1.C -O1 execution test
FAIL: g++.dg/torture/stackalign/eh-vararg-1.C -O1 -fpic execution test
FAIL: g++.dg/torture/stackalign/eh-vararg-1.C -O2 execution test
FAIL: g++.dg/torture/stackalign/eh-vararg-1.C -O2 -fpic execution test
FAIL: g++.dg/torture/stackalign/eh-vararg-1.C -O3 -fomit-frame-pointer execution test
FAIL: g++.dg/torture/stackalign/eh-vararg-1.C -O3 -fomit-frame-pointer -fpic execution test
FAIL: g++.dg/torture/stackalign/eh-vararg-1.C -O3 -g execution test
FAIL: g++.dg/torture/stackalign/eh-vararg-1.C -O3 -g -fpic execution test
FAIL: g++.dg/torture/stackalign/eh-vararg-1.C -Os execution test
FAIL: g++.dg/torture/stackalign/eh-vararg-1.C -Os -fpic execution test
FAIL: g++.dg/torture/stackalign/eh-vararg-1.C -O2 -flto -fno-use-linker-plugin -flto-partition=none execution test
FAIL: g++.dg/torture/stackalign/eh-vararg-1.C -O2 -flto -fno-use-linker-plugin -flto-partition=none -fpic execution test
FAIL: g++.dg/torture/stackalign/eh-vararg-1.C -O2 -flto -fuse-linker-plugin -fno-fat-lto-objects execution test
FAIL: g++.dg/torture/stackalign/eh-vararg-1.C -O2 -flto -fuse-linker-plugin -fno-fat-lto-objects -fpic execution test
FAIL: g++.dg/torture/stackalign/eh-vararg-2.C -O0 execution test
FAIL: g++.dg/torture/stackalign/eh-vararg-2.C -O0 -fpic execution test
FAIL: g++.dg/torture/stackalign/eh-vararg-2.C -O1 execution test
FAIL: g++.dg/torture/stackalign/eh-vararg-2.C -O1 -fpic execution test
FAIL: g++.dg/torture/stackalign/eh-vararg-2.C -O2 execution test
FAIL: g++.dg/torture/stackalign/eh-vararg-2.C -O2 -fpic execution test
FAIL: g++.dg/torture/stackalign/eh-vararg-2.C -O3 -fomit-frame-pointer execution test
FAIL: g++.dg/torture/stackalign/eh-vararg-2.C -O3 -fomit-frame-pointer -fpic execution test
FAIL: g++.dg/torture/stackalign/eh-vararg-2.C -O3 -g execution test
FAIL: g++.dg/torture/stackalign/eh-vararg-2.C -O3 -g -fpic execution test
FAIL: g++.dg/torture/stackalign/eh-vararg-2.C -Os execution test
FAIL: g++.dg/torture/stackalign/eh-vararg-2.C -Os -fpic execution test
FAIL: g++.dg/torture/stackalign/eh-vararg-2.C -O2 -flto -fno-use-linker-plugin -flto-partition=none execution test
FAIL: g++.dg/torture/stackalign/eh-vararg-2.C -O2 -flto -fno-use-linker-plugin -flto-partition=none -fpic execution test
FAIL: g++.dg/torture/stackalign/eh-vararg-2.C -O2 -flto -fuse-linker-plugin -fno-fat-lto-objects execution test
FAIL: g++.dg/torture/stackalign/eh-vararg-2.C -O2 -flto -fuse-linker-plugin -fno-fat-lto-objects -fpic execution test
FAIL: g++.dg/torture/stackalign/throw-1.C -O0 execution test
FAIL: g++.dg/torture/stackalign/throw-1.C -O0 -fpic execution test
FAIL: g++.dg/torture/stackalign/throw-1.C -O1 execution test
FAIL: g++.dg/torture/stackalign/throw-1.C -O1 -fpic execution test
FAIL: g++.dg/torture/stackalign/throw-1.C -O2 execution test
FAIL: g++.dg/torture/stackalign/throw-1.C -O2 -fpic execution test
FAIL: g++.dg/torture/stackalign/throw-1.C -O3 -fomit-frame-pointer execution test
FAIL: g++.dg/torture/stackalign/throw-1.C -O3 -fomit-frame-pointer -fpic execution test
FAIL: g++.dg/torture/stackalign/throw-1.C -O3 -fomit-frame-pointer -funroll-loops execution test
FAIL: g++.dg/torture/stackalign/throw-1.C -O3 -fomit-frame-pointer -funroll-loops -fpic execution test
FAIL: g++.dg/torture/stackalign/throw-1.C -O3 -fomit-frame-pointer -funroll-all-loops -finline-functions execution test
FAIL: g++.dg/torture/stackalign/throw-1.C -O3 -fomit-frame-pointer -funroll-all-loops -finline-functions -fpic execution test
FAIL: g++.dg/torture/stackalign/throw-1.C -O3 -g execution test
FAIL: g++.dg/torture/stackalign/throw-1.C -O3 -g -fpic execution test
FAIL: g++.dg/torture/stackalign/throw-1.C -Os execution test
FAIL: g++.dg/torture/stackalign/throw-1.C -Os -fpic execution test
FAIL: g++.dg/torture/stackalign/throw-1.C -O2 -flto -fno-use-linker-plugin -flto-partition=none execution test
FAIL: g++.dg/torture/stackalign/throw-1.C -O2 -flto -fno-use-linker-plugin -flto-partition=none -fpic execution test
FAIL: g++.dg/torture/stackalign/throw-1.C -O2 -flto -fuse-linker-plugin -fno-fat-lto-objects execution test
FAIL: g++.dg/torture/stackalign/throw-1.C -O2 -flto -fuse-linker-plugin -fno-fat-lto-objects -fpic execution test
FAIL: g++.dg/torture/stackalign/throw-2.C -O0 execution test
FAIL: g++.dg/torture/stackalign/throw-2.C -O0 -fpic execution test
FAIL: g++.dg/torture/stackalign/throw-2.C -O1 execution test
FAIL: g++.dg/torture/stackalign/throw-2.C -O1 -fpic execution test
FAIL: g++.dg/torture/stackalign/throw-2.C -O2 execution test
FAIL: g++.dg/torture/stackalign/throw-2.C -O2 -fpic execution test
FAIL: g++.dg/torture/stackalign/throw-2.C -O3 -fomit-frame-pointer execution test
FAIL: g++.dg/torture/stackalign/throw-2.C -O3 -fomit-frame-pointer -fpic execution test
FAIL: g++.dg/torture/stackalign/throw-2.C -O3 -fomit-frame-pointer -funroll-loops execution test
FAIL: g++.dg/torture/stackalign/throw-2.C -O3 -fomit-frame-pointer -funroll-loops -fpic execution test
FAIL: g++.dg/torture/stackalign/throw-2.C -O3 -fomit-frame-pointer -funroll-all-loops -finline-functions execution test
FAIL: g++.dg/torture/stackalign/throw-2.C -O3 -fomit-frame-pointer -funroll-all-loops -finline-functions -fpic execution test
FAIL: g++.dg/torture/stackalign/throw-2.C -O3 -g execution test
FAIL: g++.dg/torture/stackalign/throw-2.C -O3 -g -fpic execution test
FAIL: g++.dg/torture/stackalign/throw-2.C -Os execution test
FAIL: g++.dg/torture/stackalign/throw-2.C -Os -fpic execution test
FAIL: g++.dg/torture/stackalign/throw-2.C -O2 -flto -fno-use-linker-plugin -flto-partition=none execution test
FAIL: g++.dg/torture/stackalign/throw-2.C -O2 -flto -fno-use-linker-plugin -flto-partition=none -fpic execution test
FAIL: g++.dg/torture/stackalign/throw-2.C -O2 -flto -fuse-linker-plugin -fno-fat-lto-objects execution test
FAIL: g++.dg/torture/stackalign/throw-2.C -O2 -flto -fuse-linker-plugin -fno-fat-lto-objects -fpic execution test
FAIL: g++.dg/torture/stackalign/throw-3.C -O0 execution test
FAIL: g++.dg/torture/stackalign/throw-3.C -O0 -fpic execution test
FAIL: g++.dg/torture/stackalign/throw-3.C -O1 execution test
FAIL: g++.dg/torture/stackalign/throw-3.C -O1 -fpic execution test
FAIL: g++.dg/torture/stackalign/throw-3.C -O2 execution test
FAIL: g++.dg/torture/stackalign/throw-3.C -O2 -fpic execution test
FAIL: g++.dg/torture/stackalign/throw-3.C -O3 -fomit-frame-pointer execution test
FAIL: g++.dg/torture/stackalign/throw-3.C -O3 -fomit-frame-pointer -fpic execution test
FAIL: g++.dg/torture/stackalign/throw-3.C -O3 -fomit-frame-pointer -funroll-loops execution test
FAIL: g++.dg/torture/stackalign/throw-3.C -O3 -fomit-frame-pointer -funroll-loops -fpic execution test
FAIL: g++.dg/torture/stackalign/throw-3.C -O3 -fomit-frame-pointer -funroll-all-loops -finline-functions execution test
FAIL: g++.dg/torture/stackalign/throw-3.C -O3 -fomit-frame-pointer -funroll-all-loops -finline-functions -fpic execution test
FAIL: g++.dg/torture/stackalign/throw-3.C -O3 -g execution test
FAIL: g++.dg/torture/stackalign/throw-3.C -O3 -g -fpic execution test
FAIL: g++.dg/torture/stackalign/throw-3.C -Os execution test
FAIL: g++.dg/torture/stackalign/throw-3.C -Os -fpic execution test
FAIL: g++.dg/torture/stackalign/throw-3.C -O2 -flto -fno-use-linker-plugin -flto-partition=none execution test
FAIL: g++.dg/torture/stackalign/throw-3.C -O2 -flto -fno-use-linker-plugin -flto-partition=none -fpic execution test
FAIL: g++.dg/torture/stackalign/throw-3.C -O2 -flto -fuse-linker-plugin -fno-fat-lto-objects execution test
FAIL: g++.dg/torture/stackalign/throw-3.C -O2 -flto -fuse-linker-plugin -fno-fat-lto-objects -fpic execution test
FAIL: g++.dg/tree-prof/indir-call-prof-2.C execution, -fprofile-generate -D_PROFILE_GENERATE
UNRESOLVED: g++.dg/tree-prof/indir-call-prof-2.C compilation, -fprofile-use -D_PROFILE_USE
UNRESOLVED: g++.dg/tree-prof/indir-call-prof-2.C execution, -fprofile-use -D_PROFILE_USE
FAIL: g++.dg/tree-prof/partition1.C execution, -fprofile-generate -D_PROFILE_GENERATE
UNRESOLVED: g++.dg/tree-prof/partition1.C compilation, -fprofile-use -D_PROFILE_USE
UNRESOLVED: g++.dg/tree-prof/partition1.C execution, -fprofile-use -D_PROFILE_USE
FAIL: g++.dg/tree-prof/partition2.C execution, -fprofile-generate -D_PROFILE_GENERATE
UNRESOLVED: g++.dg/tree-prof/partition2.C compilation, -fprofile-use -D_PROFILE_USE
UNRESOLVED: g++.dg/tree-prof/partition2.C execution, -fprofile-use -D_PROFILE_USE
FAIL: g++.dg/tree-prof/pr51719.C execution, -fprofile-generate -D_PROFILE_GENERATE
UNRESOLVED: g++.dg/tree-prof/pr51719.C compilation, -fprofile-use -D_PROFILE_USE
UNRESOLVED: g++.dg/tree-prof/pr51719.C execution, -fprofile-use -D_PROFILE_USE
FAIL: g++.dg/tree-prof/pr57451.C execution, -fprofile-generate -D_PROFILE_GENERATE
UNRESOLVED: g++.dg/tree-prof/pr57451.C compilation, -fprofile-use -D_PROFILE_USE
UNRESOLVED: g++.dg/tree-prof/pr57451.C execution, -fprofile-use -D_PROFILE_USE
FAIL: g++.dg/ubsan/cxx1y-vla.C -O0 output pattern test, is sh: line 1: 10214 Aborted /tmp/cxx1y-vla.exe.14630, should match terminate called after throwing an instance
FAIL: g++.dg/ubsan/cxx1y-vla.C -O1 output pattern test, is sh: line 1: 10234 Aborted /tmp/cxx1y-vla.exe.14630, should match terminate called after throwing an instance
FAIL: g++.dg/ubsan/cxx1y-vla.C -O2 output pattern test, is sh: line 1: 10257 Aborted /tmp/cxx1y-vla.exe.14630, should match terminate called after throwing an instance
FAIL: g++.dg/ubsan/cxx1y-vla.C -O3 -fomit-frame-pointer output pattern test, is sh: line 1: 10288 Aborted /tmp/cxx1y-vla.exe.14630, should match terminate called after throwing an instance
FAIL: g++.dg/ubsan/cxx1y-vla.C -O3 -g output pattern test, is sh: line 1: 10324 Aborted /tmp/cxx1y-vla.exe.14630, should match terminate called after throwing an instance
FAIL: g++.dg/ubsan/cxx1y-vla.C -Os output pattern test, is sh: line 1: 10355 Aborted /tmp/cxx1y-vla.exe.14630, should match terminate called after throwing an instance
FAIL: g++.dg/ubsan/cxx1y-vla.C -O2 -flto -fno-use-linker-plugin -flto-partition=none output pattern test, is sh: line 1: 10389 Aborted /tmp/cxx1y-vla.exe.14630, should match terminate called after throwing an instance
FAIL: g++.dg/ubsan/cxx1y-vla.C -O2 -flto -fuse-linker-plugin -fno-fat-lto-objects output pattern test, is sh: line 1: 10427 Aborted /tmp/cxx1y-vla.exe.14630, should match terminate called after throwing an instance
FAIL: g++.dg/ubsan/null-1.C -O0 output pattern test, is /home/b30502/e500v2/opt/freescale/XLMe500v2/src_gcc/gcc/testsuite/g++.dg/ubsan/null-1.C:12:13: runtime error: reference binding to null pointer of type 'int'
FAIL: g++.dg/ubsan/null-1.C -O1 output pattern test, is /home/b30502/e500v2/opt/freescale/XLMe500v2/src_gcc/gcc/testsuite/g++.dg/ubsan/null-1.C:12:13: runtime error: reference binding to null pointer of type 'int'
FAIL: g++.dg/ubsan/null-1.C -O2 output pattern test, is /home/b30502/e500v2/opt/freescale/XLMe500v2/src_gcc/gcc/testsuite/g++.dg/ubsan/null-1.C:12:13: runtime error: reference binding to null pointer of type 'int'
FAIL: g++.dg/ubsan/null-1.C -O3 -fomit-frame-pointer output pattern test, is /home/b30502/e500v2/opt/freescale/XLMe500v2/src_gcc/gcc/testsuite/g++.dg/ubsan/null-1.C:12:13: runtime error: reference binding to null pointer of type 'int'
FAIL: g++.dg/ubsan/null-1.C -O3 -g output pattern test, is /home/b30502/e500v2/opt/freescale/XLMe500v2/src_gcc/gcc/testsuite/g++.dg/ubsan/null-1.C:12:13: runtime error: reference binding to null pointer of type 'int'
FAIL: g++.dg/ubsan/null-1.C -Os output pattern test, is /home/b30502/e500v2/opt/freescale/XLMe500v2/src_gcc/gcc/testsuite/g++.dg/ubsan/null-1.C:12:13: runtime error: reference binding to null pointer of type 'int'
FAIL: g++.dg/ubsan/null-1.C -O2 -flto -fno-use-linker-plugin -flto-partition=none output pattern test, is /home/b30502/e500v2/opt/freescale/XLMe500v2/src_gcc/gcc/testsuite/g++.dg/ubsan/null-1.C:12:13: runtime error: reference binding to null pointer of type 'int'
FAIL: g++.dg/ubsan/null-1.C -O2 -flto -fuse-linker-plugin -fno-fat-lto-objects output pattern test, is /home/b30502/e500v2/opt/freescale/XLMe500v2/src_gcc/gcc/testsuite/g++.dg/ubsan/null-1.C:12:13: runtime error: reference binding to null pointer of type 'int'
FAIL: g++.old-deja/g++.abi/cxa_vec.C -std=gnu++98 execution test
FAIL: g++.old-deja/g++.abi/cxa_vec.C -std=gnu++11 execution test
FAIL: g++.old-deja/g++.abi/cxa_vec.C -std=gnu++1y execution test
FAIL: g++.old-deja/g++.brendan/eh1.C -std=gnu++98 execution test
FAIL: g++.old-deja/g++.brendan/eh1.C -std=gnu++11 execution test
FAIL: g++.old-deja/g++.brendan/eh1.C -std=gnu++1y execution test
FAIL: g++.old-deja/g++.eh/badalloc1.C -std=c++98 execution test
FAIL: g++.old-deja/g++.eh/badalloc1.C -std=c++11 execution test
FAIL: g++.old-deja/g++.eh/badalloc1.C -std=c++1y execution test
FAIL: g++.old-deja/g++.eh/catch11.C -std=c++98 execution test
FAIL: g++.old-deja/g++.eh/catch11.C -std=c++11 execution test
FAIL: g++.old-deja/g++.eh/catch11.C -std=c++1y execution test
FAIL: g++.old-deja/g++.eh/catch12.C -std=c++98 execution test
FAIL: g++.old-deja/g++.eh/catch12.C -std=c++11 execution test
FAIL: g++.old-deja/g++.eh/catch12.C -std=c++1y execution test
FAIL: g++.old-deja/g++.eh/catch3.C -std=gnu++98 execution test
FAIL: g++.old-deja/g++.eh/catch3.C -std=gnu++11 execution test
FAIL: g++.old-deja/g++.eh/catch3.C -std=gnu++1y execution test
FAIL: g++.old-deja/g++.eh/catch3p.C -std=gnu++98 execution test
FAIL: g++.old-deja/g++.eh/catch3p.C -std=gnu++11 execution test
FAIL: g++.old-deja/g++.eh/catch3p.C -std=gnu++1y execution test
FAIL: g++.old-deja/g++.eh/catch4.C -std=gnu++98 execution test
FAIL: g++.old-deja/g++.eh/catch4.C -std=gnu++11 execution test
FAIL: g++.old-deja/g++.eh/catch4.C -std=gnu++1y execution test
FAIL: g++.old-deja/g++.eh/catch4p.C -std=gnu++98 execution test
FAIL: g++.old-deja/g++.eh/catch4p.C -std=gnu++11 execution test
FAIL: g++.old-deja/g++.eh/catch4p.C -std=gnu++1y execution test
FAIL: g++.old-deja/g++.eh/catch5.C -std=gnu++98 execution test
FAIL: g++.old-deja/g++.eh/catch5.C -std=gnu++11 execution test
FAIL: g++.old-deja/g++.eh/catch5.C -std=gnu++1y execution test
FAIL: g++.old-deja/g++.eh/catch5p.C -std=gnu++98 execution test
FAIL: g++.old-deja/g++.eh/catch5p.C -std=gnu++11 execution test
FAIL: g++.old-deja/g++.eh/catch5p.C -std=gnu++1y execution test
FAIL: g++.old-deja/g++.eh/catch6.C -std=gnu++98 execution test
FAIL: g++.old-deja/g++.eh/catch6.C -std=gnu++11 execution test
FAIL: g++.old-deja/g++.eh/catch6.C -std=gnu++1y execution test
FAIL: g++.old-deja/g++.eh/catch6p.C -std=gnu++98 execution test
FAIL: g++.old-deja/g++.eh/catch6p.C -std=gnu++11 execution test
FAIL: g++.old-deja/g++.eh/catch6p.C -std=gnu++1y execution test
FAIL: g++.old-deja/g++.eh/catch7.C -std=gnu++98 execution test
FAIL: g++.old-deja/g++.eh/catch7.C -std=gnu++11 execution test
FAIL: g++.old-deja/g++.eh/catch7.C -std=gnu++1y execution test
FAIL: g++.old-deja/g++.eh/catch7p.C -std=gnu++98 execution test
FAIL: g++.old-deja/g++.eh/catch7p.C -std=gnu++11 execution test
FAIL: g++.old-deja/g++.eh/catch7p.C -std=gnu++1y execution test
FAIL: g++.old-deja/g++.eh/catch8.C -std=gnu++98 execution test
FAIL: g++.old-deja/g++.eh/catch8.C -std=gnu++11 execution test
FAIL: g++.old-deja/g++.eh/catch8.C -std=gnu++1y execution test
FAIL: g++.old-deja/g++.eh/catch8p.C -std=gnu++98 execution test
FAIL: g++.old-deja/g++.eh/catch8p.C -std=gnu++11 execution test
FAIL: g++.old-deja/g++.eh/catch8p.C -std=gnu++1y execution test
FAIL: g++.old-deja/g++.eh/catch9.C -std=gnu++98 execution test
FAIL: g++.old-deja/g++.eh/catch9.C -std=gnu++11 execution test
FAIL: g++.old-deja/g++.eh/catch9.C -std=gnu++1y execution test
FAIL: g++.old-deja/g++.eh/catch9p.C -std=gnu++98 execution test
FAIL: g++.old-deja/g++.eh/catch9p.C -std=gnu++11 execution test
FAIL: g++.old-deja/g++.eh/catch9p.C -std=gnu++1y execution test
FAIL: g++.old-deja/g++.eh/catchptr1.C -std=c++98 execution test
FAIL: g++.old-deja/g++.eh/catchptr1.C -std=c++11 execution test
FAIL: g++.old-deja/g++.eh/catchptr1.C -std=c++1y execution test
FAIL: g++.old-deja/g++.eh/cleanup1.C -std=c++98 execution test
FAIL: g++.old-deja/g++.eh/cleanup1.C -std=c++11 execution test
FAIL: g++.old-deja/g++.eh/cleanup1.C -std=c++1y execution test
FAIL: g++.old-deja/g++.eh/cleanup2.C -std=c++98 execution test
FAIL: g++.old-deja/g++.eh/cleanup2.C -std=c++11 execution test
FAIL: g++.old-deja/g++.eh/cleanup2.C -std=c++1y execution test
FAIL: g++.old-deja/g++.eh/flow1.C -std=c++98 execution test
FAIL: g++.old-deja/g++.eh/flow1.C -std=c++11 execution test
FAIL: g++.old-deja/g++.eh/flow1.C -std=c++1y execution test
FAIL: g++.old-deja/g++.eh/fntry1.C -std=c++98 execution test
FAIL: g++.old-deja/g++.eh/fntry1.C -std=c++11 execution test
FAIL: g++.old-deja/g++.eh/fntry1.C -std=c++1y execution test
FAIL: g++.old-deja/g++.eh/ia64-1.C -std=gnu++98 execution test
FAIL: g++.old-deja/g++.eh/ia64-1.C -std=gnu++11 execution test
FAIL: g++.old-deja/g++.eh/ia64-1.C -std=gnu++1y execution test
FAIL: g++.old-deja/g++.eh/inline2.C -std=gnu++98 execution test
FAIL: g++.old-deja/g++.eh/inline2.C -std=gnu++11 execution test
FAIL: g++.old-deja/g++.eh/inline2.C -std=gnu++1y execution test
FAIL: g++.old-deja/g++.eh/new1.C -std=gnu++98 execution test
FAIL: g++.old-deja/g++.eh/new1.C -std=gnu++11 execution test
FAIL: g++.old-deja/g++.eh/new1.C -std=gnu++1y execution test
FAIL: g++.old-deja/g++.eh/new2.C -std=gnu++98 execution test
FAIL: g++.old-deja/g++.eh/new2.C -std=gnu++11 execution test
FAIL: g++.old-deja/g++.eh/new2.C -std=gnu++1y execution test
FAIL: g++.old-deja/g++.eh/pdel1.C -std=c++98 execution test
FAIL: g++.old-deja/g++.eh/pdel1.C -std=c++11 execution test
FAIL: g++.old-deja/g++.eh/pdel1.C -std=c++1y execution test
FAIL: g++.old-deja/g++.eh/pdel2.C -std=c++98 execution test
FAIL: g++.old-deja/g++.eh/pdel2.C -std=c++11 execution test
FAIL: g++.old-deja/g++.eh/pdel2.C -std=c++1y execution test
FAIL: g++.old-deja/g++.eh/ptr1.C -std=c++98 execution test
FAIL: g++.old-deja/g++.eh/ptr1.C -std=c++11 execution test
FAIL: g++.old-deja/g++.eh/ptr1.C -std=c++1y execution test
FAIL: g++.old-deja/g++.eh/ptrmem1.C -std=c++98 execution test
FAIL: g++.old-deja/g++.eh/ptrmem1.C -std=c++11 execution test
FAIL: g++.old-deja/g++.eh/ptrmem1.C -std=c++1y execution test
FAIL: g++.old-deja/g++.eh/rethrow1.C -std=c++98 execution test
FAIL: g++.old-deja/g++.eh/rethrow1.C -std=c++11 execution test
FAIL: g++.old-deja/g++.eh/rethrow1.C -std=c++1y execution test
FAIL: g++.old-deja/g++.eh/rethrow2.C -std=c++98 execution test
FAIL: g++.old-deja/g++.eh/rethrow2.C -std=c++11 execution test
FAIL: g++.old-deja/g++.eh/rethrow2.C -std=c++1y execution test
FAIL: g++.old-deja/g++.eh/rethrow3.C -std=c++98 execution test
FAIL: g++.old-deja/g++.eh/rethrow3.C -std=c++11 execution test
FAIL: g++.old-deja/g++.eh/rethrow3.C -std=c++1y execution test
FAIL: g++.old-deja/g++.eh/rethrow4.C -std=c++98 execution test
FAIL: g++.old-deja/g++.eh/rethrow4.C -std=c++11 execution test
FAIL: g++.old-deja/g++.eh/rethrow4.C -std=c++1y execution test
FAIL: g++.old-deja/g++.eh/rethrow5.C -std=c++98 execution test
FAIL: g++.old-deja/g++.eh/rethrow5.C -std=c++11 execution test
FAIL: g++.old-deja/g++.eh/rethrow5.C -std=c++1y execution test
FAIL: g++.old-deja/g++.eh/rethrow6.C -std=c++98 execution test
FAIL: g++.old-deja/g++.eh/rethrow6.C -std=c++11 execution test
FAIL: g++.old-deja/g++.eh/rethrow6.C -std=c++1y execution test
FAIL: g++.old-deja/g++.eh/spec1.C -std=c++98 execution test
FAIL: g++.old-deja/g++.eh/spec1.C -std=c++11 execution test
FAIL: g++.old-deja/g++.eh/spec1.C -std=c++1y execution test
FAIL: g++.old-deja/g++.eh/spec2.C -std=c++98 execution test
FAIL: g++.old-deja/g++.eh/spec2.C -std=c++11 execution test
FAIL: g++.old-deja/g++.eh/spec2.C -std=c++1y execution test
FAIL: g++.old-deja/g++.eh/spec3.C -std=c++98 execution test
FAIL: g++.old-deja/g++.eh/spec3.C -std=c++11 execution test
FAIL: g++.old-deja/g++.eh/spec3.C -std=c++1y execution test
FAIL: g++.old-deja/g++.eh/spec4.C -std=c++98 execution test
FAIL: g++.old-deja/g++.eh/spec4.C -std=c++11 execution test
FAIL: g++.old-deja/g++.eh/spec4.C -std=c++1y execution test
FAIL: g++.old-deja/g++.eh/terminate1.C -std=c++98 execution test
FAIL: g++.old-deja/g++.eh/terminate1.C -std=c++11 execution test
FAIL: g++.old-deja/g++.eh/terminate1.C -std=c++1y execution test
FAIL: g++.old-deja/g++.eh/terminate2.C -std=c++98 execution test
FAIL: g++.old-deja/g++.eh/terminate2.C -std=c++11 execution test
FAIL: g++.old-deja/g++.eh/terminate2.C -std=c++1y execution test
FAIL: g++.old-deja/g++.eh/tmpl1.C -std=c++98 execution test
FAIL: g++.old-deja/g++.eh/tmpl1.C -std=c++11 execution test
FAIL: g++.old-deja/g++.eh/tmpl1.C -std=c++1y execution test
FAIL: g++.old-deja/g++.eh/unwind1.C -std=c++98 execution test
FAIL: g++.old-deja/g++.eh/unwind1.C -std=c++11 execution test
FAIL: g++.old-deja/g++.eh/unwind1.C -std=c++1y execution test
FAIL: g++.old-deja/g++.eh/vbase1.C -std=c++98 execution test
FAIL: g++.old-deja/g++.eh/vbase1.C -std=c++11 execution test
FAIL: g++.old-deja/g++.eh/vbase1.C -std=c++1y execution test
FAIL: g++.old-deja/g++.eh/vbase2.C -std=c++98 execution test
FAIL: g++.old-deja/g++.eh/vbase2.C -std=c++11 execution test
FAIL: g++.old-deja/g++.eh/vbase2.C -std=c++1y execution test
FAIL: g++.old-deja/g++.eh/vbase4.C -std=c++98 execution test
FAIL: g++.old-deja/g++.eh/vbase4.C -std=c++11 execution test
FAIL: g++.old-deja/g++.eh/vbase4.C -std=c++1y execution test
FAIL: g++.old-deja/g++.martin/new1.C -std=c++98 execution test
FAIL: g++.old-deja/g++.martin/new1.C -std=c++11 execution test
FAIL: g++.old-deja/g++.martin/new1.C -std=c++1y execution test
FAIL: g++.old-deja/g++.mike/dyncast1.C -std=gnu++98 execution test
FAIL: g++.old-deja/g++.mike/dyncast1.C -std=gnu++11 execution test
FAIL: g++.old-deja/g++.mike/dyncast1.C -std=gnu++1y execution test
FAIL: g++.old-deja/g++.mike/dyncast2.C -std=gnu++98 execution test
FAIL: g++.old-deja/g++.mike/dyncast2.C -std=gnu++11 execution test
FAIL: g++.old-deja/g++.mike/dyncast2.C -std=gnu++1y execution test
FAIL: g++.old-deja/g++.mike/eh10.C -std=gnu++98 execution test
FAIL: g++.old-deja/g++.mike/eh10.C -std=gnu++11 execution test
FAIL: g++.old-deja/g++.mike/eh10.C -std=gnu++1y execution test
FAIL: g++.old-deja/g++.mike/eh12.C -std=gnu++98 execution test
FAIL: g++.old-deja/g++.mike/eh12.C -std=gnu++11 execution test
FAIL: g++.old-deja/g++.mike/eh12.C -std=gnu++1y execution test
FAIL: g++.old-deja/g++.mike/eh14.C -std=gnu++98 execution test
FAIL: g++.old-deja/g++.mike/eh14.C -std=gnu++11 execution test
FAIL: g++.old-deja/g++.mike/eh14.C -std=gnu++1y execution test
FAIL: g++.old-deja/g++.mike/eh16.C -std=gnu++98 execution test
FAIL: g++.old-deja/g++.mike/eh16.C -std=gnu++11 execution test
FAIL: g++.old-deja/g++.mike/eh16.C -std=gnu++1y execution test
FAIL: g++.old-deja/g++.mike/eh17.C -std=gnu++98 execution test
FAIL: g++.old-deja/g++.mike/eh17.C -std=gnu++11 execution test
FAIL: g++.old-deja/g++.mike/eh17.C -std=gnu++1y execution test
FAIL: g++.old-deja/g++.mike/eh18.C -std=gnu++98 execution test
FAIL: g++.old-deja/g++.mike/eh18.C -std=gnu++11 execution test
FAIL: g++.old-deja/g++.mike/eh18.C -std=gnu++1y execution test
FAIL: g++.old-deja/g++.mike/eh2.C -std=gnu++98 execution test
FAIL: g++.old-deja/g++.mike/eh2.C -std=gnu++11 execution test
FAIL: g++.old-deja/g++.mike/eh2.C -std=gnu++1y execution test
FAIL: g++.old-deja/g++.mike/eh21.C -std=gnu++98 execution test
FAIL: g++.old-deja/g++.mike/eh21.C -std=gnu++11 execution test
FAIL: g++.old-deja/g++.mike/eh21.C -std=gnu++1y execution test
FAIL: g++.old-deja/g++.mike/eh23.C -std=gnu++98 execution test
FAIL: g++.old-deja/g++.mike/eh23.C -std=gnu++11 execution test
FAIL: g++.old-deja/g++.mike/eh23.C -std=gnu++1y execution test
FAIL: g++.old-deja/g++.mike/eh24.C -std=gnu++98 execution test
FAIL: g++.old-deja/g++.mike/eh24.C -std=gnu++11 execution test
FAIL: g++.old-deja/g++.mike/eh24.C -std=gnu++1y execution test
FAIL: g++.old-deja/g++.mike/eh25.C -std=gnu++98 execution test
FAIL: g++.old-deja/g++.mike/eh25.C -std=gnu++11 execution test
FAIL: g++.old-deja/g++.mike/eh25.C -std=gnu++1y execution test
FAIL: g++.old-deja/g++.mike/eh26.C -std=gnu++98 execution test
FAIL: g++.old-deja/g++.mike/eh26.C -std=gnu++11 execution test
FAIL: g++.old-deja/g++.mike/eh26.C -std=gnu++1y execution test
FAIL: g++.old-deja/g++.mike/eh27.C -std=gnu++98 execution test
FAIL: g++.old-deja/g++.mike/eh27.C -std=gnu++11 execution test
FAIL: g++.old-deja/g++.mike/eh27.C -std=gnu++1y execution test
FAIL: g++.old-deja/g++.mike/eh28.C -std=gnu++98 execution test
FAIL: g++.old-deja/g++.mike/eh28.C -std=gnu++11 execution test
FAIL: g++.old-deja/g++.mike/eh28.C -std=gnu++1y execution test
FAIL: g++.old-deja/g++.mike/eh29.C -std=gnu++98 execution test
FAIL: g++.old-deja/g++.mike/eh29.C -std=gnu++11 execution test
FAIL: g++.old-deja/g++.mike/eh29.C -std=gnu++1y execution test
FAIL: g++.old-deja/g++.mike/eh3.C -std=gnu++98 execution test
FAIL: g++.old-deja/g++.mike/eh3.C -std=gnu++11 execution test
FAIL: g++.old-deja/g++.mike/eh3.C -std=gnu++1y execution test
FAIL: g++.old-deja/g++.mike/eh31.C -std=gnu++98 execution test
FAIL: g++.old-deja/g++.mike/eh31.C -std=gnu++11 execution test
FAIL: g++.old-deja/g++.mike/eh31.C -std=gnu++1y execution test
FAIL: g++.old-deja/g++.mike/eh33.C -std=gnu++98 execution test
FAIL: g++.old-deja/g++.mike/eh33.C -std=gnu++11 execution test
FAIL: g++.old-deja/g++.mike/eh33.C -std=gnu++1y execution test
FAIL: g++.old-deja/g++.mike/eh34.C -std=c++98 execution test
FAIL: g++.old-deja/g++.mike/eh34.C -std=c++11 execution test
FAIL: g++.old-deja/g++.mike/eh34.C -std=c++1y execution test
FAIL: g++.old-deja/g++.mike/eh35.C -std=gnu++98 execution test
FAIL: g++.old-deja/g++.mike/eh35.C -std=gnu++11 execution test
FAIL: g++.old-deja/g++.mike/eh35.C -std=gnu++1y execution test
FAIL: g++.old-deja/g++.mike/eh36.C -std=gnu++98 execution test
FAIL: g++.old-deja/g++.mike/eh36.C -std=gnu++11 execution test
FAIL: g++.old-deja/g++.mike/eh36.C -std=gnu++1y execution test
FAIL: g++.old-deja/g++.mike/eh37.C -std=gnu++98 execution test
FAIL: g++.old-deja/g++.mike/eh37.C -std=gnu++11 execution test
FAIL: g++.old-deja/g++.mike/eh37.C -std=gnu++1y execution test
FAIL: g++.old-deja/g++.mike/eh38.C -std=gnu++98 execution test
FAIL: g++.old-deja/g++.mike/eh38.C -std=gnu++11 execution test
FAIL: g++.old-deja/g++.mike/eh38.C -std=gnu++1y execution test
FAIL: g++.old-deja/g++.mike/eh39.C -std=gnu++98 execution test
FAIL: g++.old-deja/g++.mike/eh39.C -std=gnu++11 execution test
FAIL: g++.old-deja/g++.mike/eh39.C -std=gnu++1y execution test
FAIL: g++.old-deja/g++.mike/eh40.C -std=gnu++98 execution test
FAIL: g++.old-deja/g++.mike/eh40.C -std=gnu++11 execution test
FAIL: g++.old-deja/g++.mike/eh40.C -std=gnu++1y execution test
FAIL: g++.old-deja/g++.mike/eh41.C -std=gnu++98 execution test
FAIL: g++.old-deja/g++.mike/eh41.C -std=gnu++11 execution test
FAIL: g++.old-deja/g++.mike/eh41.C -std=gnu++1y execution test
FAIL: g++.old-deja/g++.mike/eh42.C -std=gnu++98 execution test
FAIL: g++.old-deja/g++.mike/eh42.C -std=gnu++11 execution test
FAIL: g++.old-deja/g++.mike/eh42.C -std=gnu++1y execution test
FAIL: g++.old-deja/g++.mike/eh44.C -std=gnu++98 execution test
FAIL: g++.old-deja/g++.mike/eh44.C -std=gnu++11 execution test
FAIL: g++.old-deja/g++.mike/eh44.C -std=gnu++1y execution test
FAIL: g++.old-deja/g++.mike/eh47.C -std=gnu++98 execution test
FAIL: g++.old-deja/g++.mike/eh47.C -std=gnu++11 execution test
FAIL: g++.old-deja/g++.mike/eh47.C -std=gnu++1y execution test
FAIL: g++.old-deja/g++.mike/eh48.C -std=gnu++98 execution test
FAIL: g++.old-deja/g++.mike/eh48.C -std=gnu++11 execution test
FAIL: g++.old-deja/g++.mike/eh48.C -std=gnu++1y execution test
FAIL: g++.old-deja/g++.mike/eh49.C -std=gnu++98 execution test
FAIL: g++.old-deja/g++.mike/eh49.C -std=gnu++11 execution test
FAIL: g++.old-deja/g++.mike/eh49.C -std=gnu++1y execution test
FAIL: g++.old-deja/g++.mike/eh5.C -std=gnu++98 execution test
FAIL: g++.old-deja/g++.mike/eh5.C -std=gnu++11 execution test
FAIL: g++.old-deja/g++.mike/eh5.C -std=gnu++1y execution test
FAIL: g++.old-deja/g++.mike/eh50.C -std=gnu++98 execution test
FAIL: g++.old-deja/g++.mike/eh50.C -std=gnu++11 execution test
FAIL: g++.old-deja/g++.mike/eh50.C -std=gnu++1y execution test
FAIL: g++.old-deja/g++.mike/eh51.C -std=gnu++98 execution test
FAIL: g++.old-deja/g++.mike/eh51.C -std=gnu++11 execution test
FAIL: g++.old-deja/g++.mike/eh51.C -std=gnu++1y execution test
FAIL: g++.old-deja/g++.mike/eh55.C -std=gnu++98 execution test
FAIL: g++.old-deja/g++.mike/eh55.C -std=gnu++11 execution test
FAIL: g++.old-deja/g++.mike/eh55.C -std=gnu++1y execution test
FAIL: g++.old-deja/g++.mike/eh6.C -std=gnu++98 execution test
FAIL: g++.old-deja/g++.mike/eh6.C -std=gnu++11 execution test
FAIL: g++.old-deja/g++.mike/eh6.C -std=gnu++1y execution test
FAIL: g++.old-deja/g++.mike/eh8.C -std=gnu++98 execution test
FAIL: g++.old-deja/g++.mike/eh8.C -std=gnu++11 execution test
FAIL: g++.old-deja/g++.mike/eh8.C -std=gnu++1y execution test
FAIL: g++.old-deja/g++.mike/p7912.C -std=gnu++98 execution test
FAIL: g++.old-deja/g++.mike/p7912.C -std=gnu++11 execution test
FAIL: g++.old-deja/g++.mike/p7912.C -std=gnu++1y execution test
FAIL: g++.old-deja/g++.mike/p9706.C -std=gnu++98 execution test
FAIL: g++.old-deja/g++.mike/p9706.C -std=gnu++11 execution test
FAIL: g++.old-deja/g++.mike/p9706.C -std=gnu++1y execution test
FAIL: g++.old-deja/g++.oliva/delete3.C -std=c++98 execution test
FAIL: g++.old-deja/g++.oliva/delete3.C -std=c++11 execution test
FAIL: g++.old-deja/g++.oliva/delete3.C -std=c++1y execution test
FAIL: g++.old-deja/g++.oliva/new1.C -std=c++98 execution test
FAIL: g++.old-deja/g++.oliva/new1.C -std=c++11 execution test
FAIL: g++.old-deja/g++.oliva/new1.C -std=c++1y execution test
FAIL: g++.old-deja/g++.other/array1.C -std=c++98 execution test
FAIL: g++.old-deja/g++.other/array1.C -std=c++11 execution test
FAIL: g++.old-deja/g++.other/array1.C -std=c++1y execution test
FAIL: g++.old-deja/g++.other/eh3.C -std=gnu++98 execution test
FAIL: g++.old-deja/g++.other/eh3.C -std=gnu++11 execution test
FAIL: g++.old-deja/g++.other/eh3.C -std=gnu++1y execution test
FAIL: g++.old-deja/g++.other/init7.C -std=c++98 execution test
FAIL: g++.old-deja/g++.other/init7.C -std=c++11 execution test
FAIL: g++.old-deja/g++.other/init7.C -std=c++1y execution test
FAIL: g++.old-deja/g++.other/new7.C -std=c++98 execution test
FAIL: g++.old-deja/g++.other/new7.C -std=c++11 execution test
FAIL: g++.old-deja/g++.other/new7.C -std=c++1y execution test
FAIL: g++.old-deja/g++.other/singleton.C -std=c++98 execution test
FAIL: g++.old-deja/g++.other/singleton.C -std=c++11 execution test
FAIL: g++.old-deja/g++.other/singleton.C -std=c++1y execution test
FAIL: g++.old-deja/g++.other/vbase2.C -std=c++98 execution test
FAIL: g++.old-deja/g++.other/vbase2.C -std=c++11 execution test
FAIL: g++.old-deja/g++.other/vbase2.C -std=c++1y execution test
FAIL: g++.old-deja/g++.pt/fntry1.C -std=c++98 execution test
FAIL: g++.old-deja/g++.pt/fntry1.C -std=c++11 execution test
FAIL: g++.old-deja/g++.pt/fntry1.C -std=c++1y execution test
FAIL: g++.old-deja/g++.robertl/eb31.C -std=c++98 execution test
FAIL: g++.old-deja/g++.robertl/eb31.C -std=c++11 execution test
FAIL: g++.old-deja/g++.robertl/eb31.C -std=c++1y execution test
FAIL: g++.old-deja/g++.robertl/eb50.C -std=c++98 execution test
FAIL: g++.old-deja/g++.robertl/eb50.C -std=c++11 execution test
FAIL: g++.old-deja/g++.robertl/eb50.C -std=c++1y execution test
FAIL: g++.old-deja/g++.robertl/eb66.C -std=c++98 execution test
FAIL: g++.old-deja/g++.robertl/eb66.C -std=c++11 execution test
FAIL: g++.old-deja/g++.robertl/eb66.C -std=c++1y execution test
FAIL: g++.old-deja/g++.robertl/eb88.C -std=gnu++98 execution test
FAIL: g++.old-deja/g++.robertl/eb88.C -std=gnu++11 execution test
FAIL: g++.old-deja/g++.robertl/eb88.C -std=gnu++1y execution test
FAIL: g++.old-deja/g++.robertl/eh990323-1.C -std=c++98 execution test
FAIL: g++.old-deja/g++.robertl/eh990323-1.C -std=c++11 execution test
FAIL: g++.old-deja/g++.robertl/eh990323-1.C -std=c++1y execution test
FAIL: g++.old-deja/g++.robertl/eh990323-2.C -std=c++98 execution test
FAIL: g++.old-deja/g++.robertl/eh990323-2.C -std=c++11 execution test
FAIL: g++.old-deja/g++.robertl/eh990323-2.C -std=c++1y execution test
FAIL: g++.old-deja/g++.robertl/eh990323-3.C -std=c++98 execution test
FAIL: g++.old-deja/g++.robertl/eh990323-3.C -std=c++11 execution test
FAIL: g++.old-deja/g++.robertl/eh990323-3.C -std=c++1y execution test
FAIL: g++.old-deja/g++.robertl/eh990323-4.C -std=c++98 execution test
FAIL: g++.old-deja/g++.robertl/eh990323-4.C -std=c++11 execution test
FAIL: g++.old-deja/g++.robertl/eh990323-4.C -std=c++1y execution test
FAIL: g++.old-deja/g++.robertl/eh990323-5.C -std=c++98 execution test
FAIL: g++.old-deja/g++.robertl/eh990323-5.C -std=c++11 execution test
FAIL: g++.old-deja/g++.robertl/eh990323-5.C -std=c++1y execution test
FAIL: g++.old-deja/g++.robertl/ice990323-2.C -std=c++98 execution test
FAIL: g++.old-deja/g++.robertl/ice990323-2.C -std=c++11 execution test
FAIL: g++.old-deja/g++.robertl/ice990323-2.C -std=c++1y execution test
=== g++ Summary ===
# of expected passes 80846
# of unexpected failures 1077
# of expected failures 266
# of unresolved testcases 10
# of unsupported tests 3470
/home/b30502/e500v2/opt/freescale/XLMe500v2/obj_gcc/gcc/testsuite/g++/../../xg++ version 5.0.0 20140827 (Wed Aug 27 08:21:06 CDT 2014 build.sh rev=1031 s=FCtrunk XLMe500v2) (GCC)
Compiler version: 5.0.0 20140827 (Wed Aug 27 08:21:06 CDT 2014 build.sh rev=1031 s=FCtrunk XLMe500v2) (GCC)
Platform: powerpc-unknown-linux-gnuspe
configure flags: --target=powerpc-unknown-linux-gnuspe --with-long-double-128 --enable-poison-system-directories --with-gnu-as --with-gnu-ld --disable-libstdcxx-pch --disable-libssp --disable-libmudflap --disable-bootstrap --disable-libquadmath --disable-nls --enable-symvers=gnu --enable-__cxa_atexit --enable-threads --prefix=/opt/freescale/gcc-5.0.x-XMe500v2-linuxspe/i686-linux --with-sysroot=/opt/freescale/gcc-5.0.x-XMe500v2-linuxspe/i686-linux/powerpc-unknown-linux-gnuspe/libc --with-build-sysroot=/home/b30502/e500v2//opt/freescale/gcc-5.0.x-XMe500v2-linuxspe/i686-linux/powerpc-unknown-linux-gnuspe/libc --with-build-time-tools=/home/b30502/e500v2//opt/freescale/gcc-5.0.x-XMe500v2-linuxspe/i686-linux/powerpc-unknown-linux-gnuspe/bin --enable-languages=c,c++,fortran --with-cpu=8548 --enable-e500_double --with-host-libstdcxx='-static-libgcc -static -Wl,-Bstatic,-lstdc++ -lm' --with-gmp=/home/b30502/e500v2//opt/freescale/XLMe500v2/linux_host_libs/usr --with-mpfr=/home/b30502/e500v2//opt/freescale/XLMe500v2/linux_host_libs/usr --with-mpc=/home/b30502/e500v2//opt/freescale/XLMe500v2/linux_host_libs/usr --with-ppl=/home/b30502/e500v2//opt/freescale/XLMe500v2/linux_host_libs/usr --with-isl=/home/b30502/e500v2//opt/freescale/XLMe500v2/linux_host_libs/usr --with-cloog=/home/b30502/e500v2//opt/freescale/XLMe500v2/linux_host_libs/usr --enable-cloog-backend=isl