This is the mail archive of the gcc-testresults@gcc.gnu.org mailing list for the GCC project.


Index Nav: [Date Index] [Subject Index] [Author Index] [Thread Index]
Message Nav: [Date Prev] [Date Next] [Thread Prev] [Thread Next]
Other format: [Raw text]

FW: Results for 5.0.0 20140827 (experimental) (GCC) testsuite on x86_64-unknown-linux-gnu




________________________________________
From: Jenkins
Sent: Wednesday, August 27, 2014 9:23:20 PM (UTC-08:00) Pacific Time (US & Canada)
To: apinski@cavium.com
Subject: Results for 5.0.0 20140827 (experimental) (GCC) testsuite on x86_64-unknown-linux-gnu

Native configuration is x86_64-unknown-linux-gnu

                === gcc tests ===


Running target unix//-m32
FAIL: c-c++-common/asan/pr62089.c   -O0  output pattern test, is =================================================================
FAIL: c-c++-common/asan/pr62089.c   -O1  output pattern test, is =================================================================
FAIL: c-c++-common/asan/pr62089.c   -O2  output pattern test, is =================================================================
FAIL: c-c++-common/asan/pr62089.c   -O3 -fomit-frame-pointer  output pattern test, is =================================================================
FAIL: c-c++-common/asan/pr62089.c   -O3 -g  output pattern test, is =================================================================
FAIL: c-c++-common/asan/pr62089.c   -O2 -flto -flto-partition=none  output pattern test, is =================================================================
FAIL: c-c++-common/asan/pr62089.c   -O2 -flto  output pattern test, is =================================================================
FAIL: gcc.dg/torture/tls/run-ld.c   -O1  -pie -fpie  execution test
FAIL: gcc.dg/torture/tls/run-ld.c   -O2  -pie -fpie  execution test
FAIL: gcc.dg/torture/tls/run-ld.c   -O3 -fomit-frame-pointer  -pie -fpie  execution test
FAIL: gcc.dg/torture/tls/run-ld.c   -O3 -g  -pie -fpie  execution test
FAIL: gcc.dg/torture/tls/run-ld.c   -Os  -pie -fpie  execution test
FAIL: gcc.dg/torture/tls/run-ld.c   -O1  -pie -fPIE  execution test
FAIL: gcc.dg/torture/tls/run-ld.c   -O2  -pie -fPIE  execution test
FAIL: gcc.dg/torture/tls/run-ld.c   -O3 -fomit-frame-pointer  -pie -fPIE  execution test
FAIL: gcc.dg/torture/tls/run-ld.c   -O3 -g  -pie -fPIE  execution test
FAIL: gcc.dg/torture/tls/run-ld.c   -Os  -pie -fPIE  execution test
FAIL: gcc.target/i386/pr49095.c scan-assembler-not test[lq]

                === gcc Summary for unix//-m32 ===

# of expected passes            103455
# of unexpected failures        18
# of expected failures          245
# of unsupported tests          1935

Running target unix//-m64
FAIL: gcc.target/i386/pr56114.c (test for excess errors)

                === gcc Summary for unix//-m64 ===

# of expected passes            104224
# of unexpected failures        1
# of expected failures          247
# of unsupported tests          2158

                === gcc Summary ===

# of expected passes            207679
# of unexpected failures        19
# of expected failures          492
# of unsupported tests          4093
/home/jenkins/workspace/GCCupstream/objdir/gcc/xgcc  version 5.0.0 20140827 (experimental) (GCC)

                === gfortran tests ===


Running target unix//-m32

                === gfortran Summary for unix//-m32 ===

# of expected passes            46173
# of expected failures          38
# of unsupported tests          219

Running target unix//-m64

                === gfortran Summary for unix//-m64 ===

# of expected passes            46462
# of expected failures          38
# of unsupported tests          79

                === gfortran Summary ===

# of expected passes            92635
# of expected failures          76
# of unsupported tests          298
/home/jenkins/workspace/GCCupstream/objdir/gcc/testsuite/gfortran/../../gfortran  version 5.0.0 20140827 (experimental) (GCC)

                === g++ tests ===


Running target unix//-m32
FAIL: c-c++-common/asan/pr62089.c   -O0  output pattern test, is =================================================================
FAIL: c-c++-common/asan/pr62089.c   -O1  output pattern test, is =================================================================
FAIL: c-c++-common/asan/pr62089.c   -O2  output pattern test, is =================================================================
FAIL: c-c++-common/asan/pr62089.c   -O3 -fomit-frame-pointer  output pattern test, is =================================================================
FAIL: c-c++-common/asan/pr62089.c   -O3 -g  output pattern test, is =================================================================
FAIL: c-c++-common/asan/pr62089.c   -Os  output pattern test, is =================================================================
FAIL: c-c++-common/asan/pr62089.c   -O2 -flto -flto-partition=none  output pattern test, is =================================================================
FAIL: c-c++-common/asan/pr62089.c   -O2 -flto  output pattern test, is =================================================================
FAIL: g++.dg/cpp0x/static_assert9.C  -std=c++11 (test for excess errors)
FAIL: g++.dg/cpp0x/static_assert9.C  -std=c++1y (test for excess errors)
FAIL: g++.dg/other/anon5.C  -std=gnu++98 (test for excess errors)
FAIL: g++.dg/other/anon5.C  -std=gnu++11 (test for excess errors)
FAIL: g++.dg/other/anon5.C  -std=gnu++1y (test for excess errors)
FAIL: g++.dg/other/pr59492.C  -std=gnu++98 (test for excess errors)
FAIL: g++.dg/other/pr59492.C  -std=gnu++11 (test for excess errors)
FAIL: g++.dg/other/pr59492.C  -std=gnu++1y (test for excess errors)

                === g++ Summary for unix//-m32 ===

# of expected passes            86858
# of unexpected failures        16
# of expected failures          269
# of unsupported tests          2933

Running target unix//-m64
FAIL: g++.dg/cpp0x/static_assert9.C  -std=c++11 (test for excess errors)
FAIL: g++.dg/cpp0x/static_assert9.C  -std=c++1y (test for excess errors)
FAIL: g++.dg/other/anon5.C  -std=gnu++98 (test for excess errors)
FAIL: g++.dg/other/anon5.C  -std=gnu++11 (test for excess errors)
FAIL: g++.dg/other/anon5.C  -std=gnu++1y (test for excess errors)
FAIL: g++.dg/ubsan/align-3.C   -Os  execution test

                === g++ Summary for unix//-m64 ===

# of expected passes            88410
# of unexpected failures        6
# of expected failures          269
# of unsupported tests          3180

                === g++ Summary ===

# of expected passes            175268
# of unexpected failures        22
# of expected failures          538
# of unsupported tests          6113
/home/jenkins/workspace/GCCupstream/objdir/gcc/testsuite/g++/../../xg++  version 5.0.0 20140827 (experimental) (GCC)

                === objc tests ===


Running target unix//-m32

                === objc Summary for unix//-m32 ===

# of expected passes            3004
# of expected failures          6
# of unsupported tests          74

Running target unix//-m64

                === objc Summary for unix//-m64 ===

# of expected passes            3004
# of expected failures          6
# of unsupported tests          74

                === objc Summary ===

# of expected passes            6008
# of expected failures          12
# of unsupported tests          148
/home/jenkins/workspace/GCCupstream/objdir/gcc/xgcc  version 5.0.0 20140827 (experimental) (GCC)

                === boehm-gc tests ===


Running target unix//-m32

                === boehm-gc Summary for unix//-m32 ===

# of expected passes            12
# of unsupported tests          1

Running target unix//-m64

                === boehm-gc Summary for unix//-m64 ===

# of expected passes            12
# of unsupported tests          1

                === boehm-gc Summary ===

# of expected passes            24
# of unsupported tests          2
                === libatomic tests ===


Running target unix//-m32

                === libatomic Summary for unix//-m32 ===

# of expected passes            44
# of unsupported tests          5

Running target unix//-m64

                === libatomic Summary for unix//-m64 ===

# of expected passes            54

                === libatomic Summary ===

# of expected passes            98
# of unsupported tests          5
                === libffi tests ===


Running target unix//-m32

                === libffi Summary for unix//-m32 ===

# of expected passes            1819
# of unsupported tests          55

Running target unix//-m64

                === libffi Summary for unix//-m64 ===

# of expected passes            1819
# of unsupported tests          55

                === libffi Summary ===

# of expected passes            3638
# of unsupported tests          110
                === libgomp tests ===


Running target unix//-m32

                === libgomp Summary for unix//-m32 ===

# of expected passes            3196
# of unsupported tests          35

Running target unix//-m64

                === libgomp Summary for unix//-m64 ===

# of expected passes            3196
# of unsupported tests          35

                === libgomp Summary ===

# of expected passes            6392
# of unsupported tests          70
                === libitm tests ===


Running target unix//-m32

                === libitm Summary for unix//-m32 ===

# of expected passes            26
# of expected failures          3
# of unsupported tests          1

Running target unix//-m64

                === libitm Summary for unix//-m64 ===

# of expected passes            26
# of expected failures          3
# of unsupported tests          1

                === libitm Summary ===

# of expected passes            52
# of expected failures          6
# of unsupported tests          2
                === libjava tests ===


Running target unix//-m32
FAIL: geterrorname run
FAIL: getmethodname run

                === libjava Summary for unix//-m32 ===

# of expected passes            2580
# of unexpected failures        2
# of expected failures          4
# of untested testcases         2

Running target unix//-m64
FAIL: geterrorname run
FAIL: getmethodname run

                === libjava Summary for unix//-m64 ===

# of expected passes            2580
# of unexpected failures        2
# of expected failures          4
# of untested testcases         2

                === libjava Summary ===

# of expected passes            5160
# of unexpected failures        4
# of expected failures          8
# of untested testcases         4
                === libstdc++ tests ===


Running target unix//-m32

                === libstdc++ Summary for unix//-m32 ===

# of expected passes            9432
# of expected failures          69
# of unsupported tests          533

Running target unix//-m64

                === libstdc++ Summary for unix//-m64 ===

# of expected passes            9424
# of expected failures          69
# of unsupported tests          537

                === libstdc++ Summary ===

# of expected passes            18856
# of expected failures          138
# of unsupported tests          1070

Compiler version: 5.0.0 20140827 (experimental) (GCC)
Platform: x86_64-unknown-linux-gnu
configure flags: --prefix=/home/jenkins/workspace/GCCupstream/objdir/install


Index Nav: [Date Index] [Subject Index] [Author Index] [Thread Index]
Message Nav: [Date Prev] [Date Next] [Thread Prev] [Thread Next]