This is the mail archive of the
gcc-testresults@gcc.gnu.org
mailing list for the GCC project.
Results for 5.0.0 20140822 (experimental) [trunk revision 214311] (GCC) testsuite on i386-pc-solaris2.11
- From: Rainer Orth <ro at CeBiTec dot Uni-Bielefeld dot DE>
- To: gcc-testresults at gcc dot gnu dot org
- Date: Sat, 23 Aug 2014 21:50:39 +0200 (MEST)
- Subject: Results for 5.0.0 20140822 (experimental) [trunk revision 214311] (GCC) testsuite on i386-pc-solaris2.11
- Authentication-results: sourceware.org; auth=none
LAST_UPDATED: Fri Aug 22 11:33:25 UTC 2014 (revision 214311)
=== acats tests ===
FAIL: c37215f
FAIL: c37215h
FAIL: c94020a
FAIL: c980001
FAIL: cc3019b
FAIL: ce2102l
FAIL: ce2102m
FAIL: ce3102d
FAIL: ce3905l
FAIL: cxa5a09
FAIL: cxg2003
=== acats Summary ===
# of expected passes 2309
# of unexpected failures 11
Native configuration is i386-pc-solaris2.11
=== g++ tests ===
Running target unix
FAIL: g++.dg/cilk-plus/CK/catch_exc.cc -O1 -fcilkplus execution test
FAIL: g++.dg/cilk-plus/CK/catch_exc.cc -O3 -fcilkplus execution test
FAIL: g++.dg/cilk-plus/CK/catch_exc.cc -g -fcilkplus execution test
FAIL: g++.dg/cilk-plus/CK/catch_exc.cc -g -O2 -fcilkplus execution test
FAIL: g++.dg/compat/eh/new1 cp_compat_x_tst.o-cp_compat_y_tst.o execute
FAIL: g++.dg/compat/eh/template1 cp_compat_x_tst.o-cp_compat_y_tst.o execute
FAIL: g++.dg/compat/init/array5 cp_compat_x_tst.o-cp_compat_y_tst.o execute
FAIL: g++.dg/cpp0x/inh-ctor12.C -std=c++11 execution test
FAIL: g++.dg/cpp0x/inh-ctor12.C -std=c++1y execution test
FAIL: g++.dg/cpp0x/noexcept03.C -std=gnu++11 execution test
FAIL: g++.dg/cpp0x/noexcept03.C -std=gnu++1y execution test
FAIL: g++.dg/cpp0x/nsdmi-eh1.C -std=c++11 execution test
FAIL: g++.dg/cpp0x/nsdmi-eh1.C -std=c++1y execution test
FAIL: g++.dg/cpp0x/static_assert9.C -std=c++11 (test for excess errors)
FAIL: g++.dg/cpp0x/static_assert9.C -std=c++1y (test for excess errors)
FAIL: g++.dg/cpp0x/variadic73.C -std=c++11 execution test
FAIL: g++.dg/cpp0x/variadic73.C -std=c++1y execution test
FAIL: g++.dg/eh/ctor1.C -std=c++98 execution test
FAIL: g++.dg/eh/ctor1.C -std=c++11 execution test
FAIL: g++.dg/eh/ctor1.C -std=c++1y execution test
FAIL: g++.dg/eh/ctor2.C -std=c++98 execution test
FAIL: g++.dg/eh/ctor2.C -std=c++11 execution test
FAIL: g++.dg/eh/ctor2.C -std=c++1y execution test
FAIL: g++.dg/eh/dtor3.C -std=c++98 execution test
FAIL: g++.dg/eh/elide1.C -std=c++98 execution test
FAIL: g++.dg/eh/elide1.C -std=c++11 execution test
FAIL: g++.dg/eh/elide1.C -std=c++1y execution test
FAIL: g++.dg/eh/elide2.C -std=c++98 execution test
FAIL: g++.dg/eh/elide2.C -std=c++11 execution test
FAIL: g++.dg/eh/elide2.C -std=c++1y execution test
FAIL: g++.dg/eh/init-temp1.C -std=c++98 execution test
FAIL: g++.dg/eh/init-temp1.C -std=c++11 execution test
FAIL: g++.dg/eh/init-temp1.C -std=c++1y execution test
FAIL: g++.dg/eh/new1.C -std=c++98 execution test
FAIL: g++.dg/eh/new1.C -std=c++11 execution test
FAIL: g++.dg/eh/new1.C -std=c++1y execution test
FAIL: g++.dg/eh/partial1.C -std=c++98 execution test
FAIL: g++.dg/eh/partial1.C -std=c++11 execution test
FAIL: g++.dg/eh/partial1.C -std=c++1y execution test
FAIL: g++.dg/eh/spec7.C -std=gnu++98 execution test
FAIL: g++.dg/eh/spec7.C -std=gnu++11 execution test
FAIL: g++.dg/eh/spec7.C -std=gnu++1y execution test
FAIL: g++.dg/eh/synth2.C -std=c++98 execution test
FAIL: g++.dg/eh/synth2.C -std=c++11 execution test
FAIL: g++.dg/eh/synth2.C -std=c++1y execution test
FAIL: g++.dg/eh/template1.C -std=c++98 execution test
FAIL: g++.dg/eh/template1.C -std=c++11 execution test
FAIL: g++.dg/eh/template1.C -std=c++1y execution test
FAIL: g++.dg/eh/uncaught4.C -std=c++98 execution test
FAIL: g++.dg/eh/uncaught4.C -std=c++11 execution test
FAIL: g++.dg/eh/uncaught4.C -std=c++1y execution test
FAIL: g++.dg/init/array5.C -std=c++98 execution test
FAIL: g++.dg/init/array5.C -std=c++11 execution test
FAIL: g++.dg/init/array5.C -std=c++1y execution test
FAIL: g++.dg/init/cleanup3.C -std=c++98 scan-assembler-not _tcf
FAIL: g++.dg/init/cleanup3.C -std=c++11 scan-assembler-not _tcf
FAIL: g++.dg/init/cleanup3.C -std=c++1y scan-assembler-not _tcf
FAIL: g++.dg/init/new39.C -std=c++98 execution test
FAIL: g++.dg/init/new39.C -std=c++11 execution test
FAIL: g++.dg/init/new39.C -std=c++1y execution test
FAIL: g++.dg/init/new40.C execution test
FAIL: g++.dg/init/placement2.C -std=c++98 execution test
FAIL: g++.dg/init/placement2.C -std=c++11 execution test
FAIL: g++.dg/init/placement2.C -std=c++1y execution test
FAIL: g++.dg/init/ref9.C -std=c++98 execution test
FAIL: g++.dg/init/ref9.C -std=c++11 execution test
FAIL: g++.dg/init/ref9.C -std=c++1y execution test
FAIL: g++.dg/rtti/typeid10.C -std=c++98 execution test
FAIL: g++.dg/rtti/typeid10.C -std=c++11 execution test
FAIL: g++.dg/rtti/typeid10.C -std=c++1y execution test
FAIL: g++.dg/gcov/gcov-7.C -std=gnu++98 execution test
FAIL: g++.dg/gcov/gcov-7.C -std=gnu++98 gcov failed: gcov-7.C.gov does not exist
FAIL: g++.dg/gcov/gcov-7.C -std=gnu++11 execution test
FAIL: g++.dg/gcov/gcov-7.C -std=gnu++11 gcov failed: gcov-7.C.gov does not exist
FAIL: g++.dg/gcov/gcov-7.C -std=gnu++1y execution test
FAIL: g++.dg/gcov/gcov-7.C -std=gnu++1y gcov failed: gcov-7.C.gov does not exist
FAIL: g++.dg/lto/20100302 cp_lto_20100302_0.o-cp_lto_20100302_1.o link, -flto -fabi-version=2
UNRESOLVED: g++.dg/lto/20100302 cp_lto_20100302_0.o-cp_lto_20100302_1.o execute -flto -fabi-version=2
FAIL: g++.dg/tls/thread_local-order1.C -std=c++11 execution test
FAIL: g++.dg/tls/thread_local-order1.C -std=c++1y execution test
FAIL: g++.dg/tls/thread_local3g.C -std=gnu++11 execution test
FAIL: g++.dg/tls/thread_local3g.C -std=gnu++1y execution test
FAIL: g++.dg/tls/thread_local4g.C -std=gnu++11 execution test
FAIL: g++.dg/tls/thread_local4g.C -std=gnu++1y execution test
FAIL: g++.dg/tls/thread_local5g.C -std=gnu++11 execution test
FAIL: g++.dg/tls/thread_local5g.C -std=gnu++1y execution test
FAIL: g++.dg/tls/thread_local6g.C -std=c++11 execution test
FAIL: g++.dg/tls/thread_local6g.C -std=c++1y execution test
FAIL: g++.dg/torture/pr46367.C -O1 (internal compiler error)
FAIL: g++.dg/torture/pr46367.C -O1 (test for excess errors)
FAIL: g++.dg/torture/pr46367.C -Os (internal compiler error)
FAIL: g++.dg/torture/pr46367.C -Os (test for excess errors)
FAIL: g++.old-deja/g++.eh/cleanup1.C -std=c++98 execution test
FAIL: g++.old-deja/g++.eh/cleanup1.C -std=c++11 execution test
FAIL: g++.old-deja/g++.eh/cleanup1.C -std=c++1y execution test
FAIL: g++.old-deja/g++.eh/fntry1.C -std=c++98 execution test
FAIL: g++.old-deja/g++.eh/fntry1.C -std=c++11 execution test
FAIL: g++.old-deja/g++.eh/fntry1.C -std=c++1y execution test
FAIL: g++.old-deja/g++.eh/pdel1.C -std=c++98 execution test
FAIL: g++.old-deja/g++.eh/pdel1.C -std=c++11 execution test
FAIL: g++.old-deja/g++.eh/pdel1.C -std=c++1y execution test
FAIL: g++.old-deja/g++.eh/pdel2.C -std=c++98 execution test
FAIL: g++.old-deja/g++.eh/pdel2.C -std=c++11 execution test
FAIL: g++.old-deja/g++.eh/pdel2.C -std=c++1y execution test
FAIL: g++.old-deja/g++.eh/rethrow6.C -std=c++98 execution test
FAIL: g++.old-deja/g++.eh/rethrow6.C -std=c++11 execution test
FAIL: g++.old-deja/g++.eh/rethrow6.C -std=c++1y execution test
FAIL: g++.old-deja/g++.eh/tmpl1.C -std=c++98 execution test
FAIL: g++.old-deja/g++.eh/tmpl1.C -std=c++11 execution test
FAIL: g++.old-deja/g++.eh/tmpl1.C -std=c++1y execution test
FAIL: g++.old-deja/g++.eh/vbase1.C -std=c++98 execution test
FAIL: g++.old-deja/g++.eh/vbase1.C -std=c++11 execution test
FAIL: g++.old-deja/g++.eh/vbase1.C -std=c++1y execution test
FAIL: g++.old-deja/g++.eh/vbase2.C -std=c++98 execution test
FAIL: g++.old-deja/g++.eh/vbase2.C -std=c++11 execution test
FAIL: g++.old-deja/g++.eh/vbase2.C -std=c++1y execution test
FAIL: g++.old-deja/g++.martin/new1.C -std=c++98 execution test
FAIL: g++.old-deja/g++.martin/new1.C -std=c++11 execution test
FAIL: g++.old-deja/g++.martin/new1.C -std=c++1y execution test
FAIL: g++.old-deja/g++.mike/eh16.C -std=gnu++98 execution test
FAIL: g++.old-deja/g++.mike/eh16.C -std=gnu++11 execution test
FAIL: g++.old-deja/g++.mike/eh16.C -std=gnu++1y execution test
FAIL: g++.old-deja/g++.mike/eh17.C -std=gnu++98 execution test
FAIL: g++.old-deja/g++.mike/eh17.C -std=gnu++11 execution test
FAIL: g++.old-deja/g++.mike/eh17.C -std=gnu++1y execution test
FAIL: g++.old-deja/g++.mike/eh29.C -std=gnu++98 execution test
FAIL: g++.old-deja/g++.mike/eh29.C -std=gnu++11 execution test
FAIL: g++.old-deja/g++.mike/eh29.C -std=gnu++1y execution test
FAIL: g++.old-deja/g++.mike/eh3.C -std=gnu++98 execution test
FAIL: g++.old-deja/g++.mike/eh3.C -std=gnu++11 execution test
FAIL: g++.old-deja/g++.mike/eh3.C -std=gnu++1y execution test
FAIL: g++.old-deja/g++.mike/eh39.C -std=gnu++98 execution test
FAIL: g++.old-deja/g++.mike/eh39.C -std=gnu++11 execution test
FAIL: g++.old-deja/g++.mike/eh39.C -std=gnu++1y execution test
FAIL: g++.old-deja/g++.mike/eh40.C -std=gnu++98 execution test
FAIL: g++.old-deja/g++.mike/eh40.C -std=gnu++11 execution test
FAIL: g++.old-deja/g++.mike/eh40.C -std=gnu++1y execution test
FAIL: g++.old-deja/g++.mike/eh41.C -std=gnu++98 execution test
FAIL: g++.old-deja/g++.mike/eh41.C -std=gnu++11 execution test
FAIL: g++.old-deja/g++.mike/eh41.C -std=gnu++1y execution test
FAIL: g++.old-deja/g++.mike/eh44.C -std=gnu++98 execution test
FAIL: g++.old-deja/g++.mike/eh44.C -std=gnu++11 execution test
FAIL: g++.old-deja/g++.mike/eh44.C -std=gnu++1y execution test
FAIL: g++.old-deja/g++.mike/eh5.C -std=gnu++98 execution test
FAIL: g++.old-deja/g++.mike/eh5.C -std=gnu++11 execution test
FAIL: g++.old-deja/g++.mike/eh5.C -std=gnu++1y execution test
FAIL: g++.old-deja/g++.mike/eh50.C -std=gnu++98 execution test
FAIL: g++.old-deja/g++.mike/eh50.C -std=gnu++11 execution test
FAIL: g++.old-deja/g++.mike/eh50.C -std=gnu++1y execution test
FAIL: g++.old-deja/g++.mike/eh51.C -std=gnu++98 execution test
FAIL: g++.old-deja/g++.mike/eh51.C -std=gnu++11 execution test
FAIL: g++.old-deja/g++.mike/eh51.C -std=gnu++1y execution test
FAIL: g++.old-deja/g++.oliva/delete3.C -std=c++98 execution test
FAIL: g++.old-deja/g++.oliva/delete3.C -std=c++11 execution test
FAIL: g++.old-deja/g++.oliva/delete3.C -std=c++1y execution test
FAIL: g++.old-deja/g++.oliva/new1.C -std=c++98 execution test
FAIL: g++.old-deja/g++.oliva/new1.C -std=c++11 execution test
FAIL: g++.old-deja/g++.oliva/new1.C -std=c++1y execution test
FAIL: g++.old-deja/g++.other/array1.C -std=c++98 execution test
FAIL: g++.old-deja/g++.other/array1.C -std=c++11 execution test
FAIL: g++.old-deja/g++.other/array1.C -std=c++1y execution test
FAIL: g++.old-deja/g++.other/init5.C -std=c++98 execution test
FAIL: g++.old-deja/g++.other/init5.C -std=c++11 execution test
FAIL: g++.old-deja/g++.other/init5.C -std=c++1y execution test
FAIL: g++.old-deja/g++.other/init7.C -std=c++98 execution test
FAIL: g++.old-deja/g++.other/init7.C -std=c++11 execution test
FAIL: g++.old-deja/g++.other/init7.C -std=c++1y execution test
FAIL: g++.old-deja/g++.other/new7.C -std=c++98 execution test
FAIL: g++.old-deja/g++.other/new7.C -std=c++11 execution test
FAIL: g++.old-deja/g++.other/new7.C -std=c++1y execution test
FAIL: g++.old-deja/g++.other/singleton.C -std=c++98 execution test
FAIL: g++.old-deja/g++.other/singleton.C -std=c++11 execution test
FAIL: g++.old-deja/g++.other/singleton.C -std=c++1y execution test
FAIL: g++.old-deja/g++.pt/fntry1.C -std=c++98 execution test
FAIL: g++.old-deja/g++.pt/fntry1.C -std=c++11 execution test
FAIL: g++.old-deja/g++.pt/fntry1.C -std=c++1y execution test
=== g++ Summary for unix ===
# of expected passes 81190
# of unexpected failures 175
# of expected failures 443
# of unresolved testcases 1
# of unsupported tests 2874
Running target unix/-m64
FAIL: g++.dg/compat/eh/new1 cp_compat_x_tst.o-cp_compat_y_tst.o execute
FAIL: g++.dg/compat/eh/template1 cp_compat_x_tst.o-cp_compat_y_tst.o execute
FAIL: g++.dg/compat/init/array5 cp_compat_x_tst.o-cp_compat_y_tst.o execute
FAIL: g++.dg/cpp0x/inh-ctor12.C -std=c++11 execution test
FAIL: g++.dg/cpp0x/inh-ctor12.C -std=c++1y execution test
FAIL: g++.dg/cpp0x/noexcept03.C -std=gnu++11 execution test
FAIL: g++.dg/cpp0x/noexcept03.C -std=gnu++1y execution test
FAIL: g++.dg/cpp0x/nsdmi-eh1.C -std=c++11 execution test
FAIL: g++.dg/cpp0x/nsdmi-eh1.C -std=c++1y execution test
FAIL: g++.dg/cpp0x/static_assert9.C -std=c++11 (test for excess errors)
FAIL: g++.dg/cpp0x/static_assert9.C -std=c++1y (test for excess errors)
FAIL: g++.dg/cpp0x/variadic73.C -std=c++11 execution test
FAIL: g++.dg/cpp0x/variadic73.C -std=c++1y execution test
FAIL: g++.dg/eh/ctor1.C -std=c++98 execution test
FAIL: g++.dg/eh/ctor1.C -std=c++11 execution test
FAIL: g++.dg/eh/ctor1.C -std=c++1y execution test
FAIL: g++.dg/eh/ctor2.C -std=c++98 execution test
FAIL: g++.dg/eh/ctor2.C -std=c++11 execution test
FAIL: g++.dg/eh/ctor2.C -std=c++1y execution test
FAIL: g++.dg/eh/dtor3.C -std=c++98 execution test
FAIL: g++.dg/eh/elide1.C -std=c++98 execution test
FAIL: g++.dg/eh/elide1.C -std=c++11 execution test
FAIL: g++.dg/eh/elide1.C -std=c++1y execution test
FAIL: g++.dg/eh/elide2.C -std=c++98 execution test
FAIL: g++.dg/eh/elide2.C -std=c++11 execution test
FAIL: g++.dg/eh/elide2.C -std=c++1y execution test
FAIL: g++.dg/eh/init-temp1.C -std=c++98 execution test
FAIL: g++.dg/eh/init-temp1.C -std=c++11 execution test
FAIL: g++.dg/eh/init-temp1.C -std=c++1y execution test
FAIL: g++.dg/eh/new1.C -std=c++98 execution test
FAIL: g++.dg/eh/new1.C -std=c++11 execution test
FAIL: g++.dg/eh/new1.C -std=c++1y execution test
FAIL: g++.dg/eh/partial1.C -std=c++98 execution test
FAIL: g++.dg/eh/partial1.C -std=c++11 execution test
FAIL: g++.dg/eh/partial1.C -std=c++1y execution test
FAIL: g++.dg/eh/spec7.C -std=gnu++98 execution test
FAIL: g++.dg/eh/spec7.C -std=gnu++11 execution test
FAIL: g++.dg/eh/spec7.C -std=gnu++1y execution test
FAIL: g++.dg/eh/synth2.C -std=c++98 execution test
FAIL: g++.dg/eh/synth2.C -std=c++11 execution test
FAIL: g++.dg/eh/synth2.C -std=c++1y execution test
FAIL: g++.dg/eh/template1.C -std=c++98 execution test
FAIL: g++.dg/eh/template1.C -std=c++11 execution test
FAIL: g++.dg/eh/template1.C -std=c++1y execution test
FAIL: g++.dg/eh/uncaught4.C -std=c++98 execution test
FAIL: g++.dg/eh/uncaught4.C -std=c++11 execution test
FAIL: g++.dg/eh/uncaught4.C -std=c++1y execution test
FAIL: g++.dg/init/array5.C -std=c++98 execution test
FAIL: g++.dg/init/array5.C -std=c++11 execution test
FAIL: g++.dg/init/array5.C -std=c++1y execution test
FAIL: g++.dg/init/cleanup3.C -std=c++98 scan-assembler-not _tcf
FAIL: g++.dg/init/cleanup3.C -std=c++11 scan-assembler-not _tcf
FAIL: g++.dg/init/cleanup3.C -std=c++1y scan-assembler-not _tcf
FAIL: g++.dg/init/new39.C -std=c++98 execution test
FAIL: g++.dg/init/new39.C -std=c++11 execution test
FAIL: g++.dg/init/new39.C -std=c++1y execution test
FAIL: g++.dg/init/new40.C execution test
FAIL: g++.dg/init/placement2.C -std=c++98 execution test
FAIL: g++.dg/init/placement2.C -std=c++11 execution test
FAIL: g++.dg/init/placement2.C -std=c++1y execution test
FAIL: g++.dg/init/ref9.C -std=c++98 execution test
FAIL: g++.dg/init/ref9.C -std=c++11 execution test
FAIL: g++.dg/init/ref9.C -std=c++1y execution test
FAIL: g++.dg/rtti/typeid10.C -std=c++98 execution test
FAIL: g++.dg/rtti/typeid10.C -std=c++11 execution test
FAIL: g++.dg/rtti/typeid10.C -std=c++1y execution test
FAIL: g++.dg/warn/pr33160.C -std=gnu++98 (test for excess errors)
FAIL: g++.dg/gcov/gcov-7.C -std=gnu++98 execution test
FAIL: g++.dg/gcov/gcov-7.C -std=gnu++98 gcov failed: gcov-7.C.gov does not exist
FAIL: g++.dg/gcov/gcov-7.C -std=gnu++11 execution test
FAIL: g++.dg/gcov/gcov-7.C -std=gnu++11 gcov failed: gcov-7.C.gov does not exist
FAIL: g++.dg/gcov/gcov-7.C -std=gnu++1y execution test
FAIL: g++.dg/gcov/gcov-7.C -std=gnu++1y gcov failed: gcov-7.C.gov does not exist
FAIL: g++.dg/lto/20100302 cp_lto_20100302_0.o-cp_lto_20100302_1.o link, -flto -fabi-version=2
UNRESOLVED: g++.dg/lto/20100302 cp_lto_20100302_0.o-cp_lto_20100302_1.o execute -flto -fabi-version=2
FAIL: g++.dg/tls/thread_local-order1.C -std=c++11 execution test
FAIL: g++.dg/tls/thread_local-order1.C -std=c++1y execution test
FAIL: g++.dg/tls/thread_local3g.C -std=gnu++11 execution test
FAIL: g++.dg/tls/thread_local3g.C -std=gnu++1y execution test
FAIL: g++.dg/tls/thread_local4g.C -std=gnu++11 execution test
FAIL: g++.dg/tls/thread_local4g.C -std=gnu++1y execution test
FAIL: g++.dg/tls/thread_local5g.C -std=gnu++11 execution test
FAIL: g++.dg/tls/thread_local5g.C -std=gnu++1y execution test
FAIL: g++.dg/tls/thread_local6g.C -std=c++11 execution test
FAIL: g++.dg/tls/thread_local6g.C -std=c++1y execution test
FAIL: g++.dg/torture/pr46367.C -O1 (internal compiler error)
FAIL: g++.dg/torture/pr46367.C -O1 (test for excess errors)
FAIL: g++.dg/torture/pr46367.C -Os (internal compiler error)
FAIL: g++.dg/torture/pr46367.C -Os (test for excess errors)
FAIL: g++.old-deja/g++.eh/cleanup1.C -std=c++98 execution test
FAIL: g++.old-deja/g++.eh/cleanup1.C -std=c++11 execution test
FAIL: g++.old-deja/g++.eh/cleanup1.C -std=c++1y execution test
FAIL: g++.old-deja/g++.eh/fntry1.C -std=c++98 execution test
FAIL: g++.old-deja/g++.eh/fntry1.C -std=c++11 execution test
FAIL: g++.old-deja/g++.eh/fntry1.C -std=c++1y execution test
FAIL: g++.old-deja/g++.eh/pdel1.C -std=c++98 execution test
FAIL: g++.old-deja/g++.eh/pdel1.C -std=c++11 execution test
FAIL: g++.old-deja/g++.eh/pdel1.C -std=c++1y execution test
FAIL: g++.old-deja/g++.eh/pdel2.C -std=c++98 execution test
FAIL: g++.old-deja/g++.eh/pdel2.C -std=c++11 execution test
FAIL: g++.old-deja/g++.eh/pdel2.C -std=c++1y execution test
FAIL: g++.old-deja/g++.eh/rethrow6.C -std=c++98 execution test
FAIL: g++.old-deja/g++.eh/rethrow6.C -std=c++11 execution test
FAIL: g++.old-deja/g++.eh/rethrow6.C -std=c++1y execution test
FAIL: g++.old-deja/g++.eh/tmpl1.C -std=c++98 execution test
FAIL: g++.old-deja/g++.eh/tmpl1.C -std=c++11 execution test
FAIL: g++.old-deja/g++.eh/tmpl1.C -std=c++1y execution test
FAIL: g++.old-deja/g++.eh/vbase1.C -std=c++98 execution test
FAIL: g++.old-deja/g++.eh/vbase1.C -std=c++11 execution test
FAIL: g++.old-deja/g++.eh/vbase1.C -std=c++1y execution test
FAIL: g++.old-deja/g++.eh/vbase2.C -std=c++98 execution test
FAIL: g++.old-deja/g++.eh/vbase2.C -std=c++11 execution test
FAIL: g++.old-deja/g++.eh/vbase2.C -std=c++1y execution test
FAIL: g++.old-deja/g++.martin/new1.C -std=c++98 execution test
FAIL: g++.old-deja/g++.martin/new1.C -std=c++11 execution test
FAIL: g++.old-deja/g++.martin/new1.C -std=c++1y execution test
FAIL: g++.old-deja/g++.mike/eh16.C -std=gnu++98 execution test
FAIL: g++.old-deja/g++.mike/eh16.C -std=gnu++11 execution test
FAIL: g++.old-deja/g++.mike/eh16.C -std=gnu++1y execution test
FAIL: g++.old-deja/g++.mike/eh17.C -std=gnu++98 execution test
FAIL: g++.old-deja/g++.mike/eh17.C -std=gnu++11 execution test
FAIL: g++.old-deja/g++.mike/eh17.C -std=gnu++1y execution test
FAIL: g++.old-deja/g++.mike/eh29.C -std=gnu++98 execution test
FAIL: g++.old-deja/g++.mike/eh29.C -std=gnu++11 execution test
FAIL: g++.old-deja/g++.mike/eh29.C -std=gnu++1y execution test
FAIL: g++.old-deja/g++.mike/eh3.C -std=gnu++98 execution test
FAIL: g++.old-deja/g++.mike/eh3.C -std=gnu++11 execution test
FAIL: g++.old-deja/g++.mike/eh3.C -std=gnu++1y execution test
FAIL: g++.old-deja/g++.mike/eh39.C -std=gnu++98 execution test
FAIL: g++.old-deja/g++.mike/eh39.C -std=gnu++11 execution test
FAIL: g++.old-deja/g++.mike/eh39.C -std=gnu++1y execution test
FAIL: g++.old-deja/g++.mike/eh40.C -std=gnu++98 execution test
FAIL: g++.old-deja/g++.mike/eh40.C -std=gnu++11 execution test
FAIL: g++.old-deja/g++.mike/eh40.C -std=gnu++1y execution test
FAIL: g++.old-deja/g++.mike/eh41.C -std=gnu++98 execution test
FAIL: g++.old-deja/g++.mike/eh41.C -std=gnu++11 execution test
FAIL: g++.old-deja/g++.mike/eh41.C -std=gnu++1y execution test
FAIL: g++.old-deja/g++.mike/eh44.C -std=gnu++98 execution test
FAIL: g++.old-deja/g++.mike/eh44.C -std=gnu++11 execution test
FAIL: g++.old-deja/g++.mike/eh44.C -std=gnu++1y execution test
FAIL: g++.old-deja/g++.mike/eh5.C -std=gnu++98 execution test
FAIL: g++.old-deja/g++.mike/eh5.C -std=gnu++11 execution test
FAIL: g++.old-deja/g++.mike/eh5.C -std=gnu++1y execution test
FAIL: g++.old-deja/g++.mike/eh50.C -std=gnu++98 execution test
FAIL: g++.old-deja/g++.mike/eh50.C -std=gnu++11 execution test
FAIL: g++.old-deja/g++.mike/eh50.C -std=gnu++1y execution test
FAIL: g++.old-deja/g++.mike/eh51.C -std=gnu++98 execution test
FAIL: g++.old-deja/g++.mike/eh51.C -std=gnu++11 execution test
FAIL: g++.old-deja/g++.mike/eh51.C -std=gnu++1y execution test
FAIL: g++.old-deja/g++.oliva/delete3.C -std=c++98 execution test
FAIL: g++.old-deja/g++.oliva/delete3.C -std=c++11 execution test
FAIL: g++.old-deja/g++.oliva/delete3.C -std=c++1y execution test
FAIL: g++.old-deja/g++.oliva/new1.C -std=c++98 execution test
FAIL: g++.old-deja/g++.oliva/new1.C -std=c++11 execution test
FAIL: g++.old-deja/g++.oliva/new1.C -std=c++1y execution test
FAIL: g++.old-deja/g++.other/array1.C -std=c++98 execution test
FAIL: g++.old-deja/g++.other/array1.C -std=c++11 execution test
FAIL: g++.old-deja/g++.other/array1.C -std=c++1y execution test
FAIL: g++.old-deja/g++.other/init5.C -std=c++98 execution test
FAIL: g++.old-deja/g++.other/init5.C -std=c++11 execution test
FAIL: g++.old-deja/g++.other/init5.C -std=c++1y execution test
FAIL: g++.old-deja/g++.other/init7.C -std=c++98 execution test
FAIL: g++.old-deja/g++.other/init7.C -std=c++11 execution test
FAIL: g++.old-deja/g++.other/init7.C -std=c++1y execution test
FAIL: g++.old-deja/g++.other/new7.C -std=c++98 execution test
FAIL: g++.old-deja/g++.other/new7.C -std=c++11 execution test
FAIL: g++.old-deja/g++.other/new7.C -std=c++1y execution test
FAIL: g++.old-deja/g++.other/reload1.C -std=c++98 (test for excess errors)
WARNING: g++.old-deja/g++.other/reload1.C -std=c++98 compilation failed to produce executable
FAIL: g++.old-deja/g++.other/singleton.C -std=c++98 execution test
FAIL: g++.old-deja/g++.other/singleton.C -std=c++11 execution test
FAIL: g++.old-deja/g++.other/singleton.C -std=c++1y execution test
FAIL: g++.old-deja/g++.pt/fntry1.C -std=c++98 execution test
FAIL: g++.old-deja/g++.pt/fntry1.C -std=c++11 execution test
FAIL: g++.old-deja/g++.pt/fntry1.C -std=c++1y execution test
FAIL: g++.old-deja/g++.pt/repo1.C -std=gnu++11 (test for excess errors)
ERROR: g++.old-deja/g++.pt/repo1.C -std=gnu++11: error executing dg-final: couldn't fork child process: not enough memory
UNRESOLVED: g++.old-deja/g++.pt/repo1.C -std=gnu++11: error executing dg-final: couldn't fork child process: not enough memory
FAIL: g++.old-deja/g++.pt/repo1.C -std=gnu++1y (test for excess errors)
ERROR: g++.old-deja/g++.pt/repo1.C -std=gnu++1y: error executing dg-final: couldn't fork child process: not enough memory
UNRESOLVED: g++.old-deja/g++.pt/repo1.C -std=gnu++1y: error executing dg-final: couldn't fork child process: not enough memory
FAIL: g++.old-deja/g++.pt/repo2.C -std=gnu++98 (test for excess errors)
FAIL: g++.old-deja/g++.pt/repo2.C -std=gnu++11 (test for excess errors)
FAIL: g++.old-deja/g++.pt/repo2.C -std=gnu++1y (test for excess errors)
=== g++ Summary for unix/-m64 ===
# of expected passes 82491
# of unexpected failures 178
# of expected failures 443
# of unresolved testcases 3
# of unsupported tests 3153
=== g++ Summary ===
# of expected passes 163681
# of unexpected failures 353
# of expected failures 886
# of unresolved testcases 4
# of unsupported tests 6027
/var/gcc/regression/trunk/11-gcc-gld/build/gcc/testsuite/g++/../../xg++ version 5.0.0 20140822 (experimental) [trunk revision 214311] (GCC)
=== gcc tests ===
Running target unix
FAIL: gcc.dg/unroll_1.c (test for warnings, line 14)
FAIL: gcc.dg/unroll_1.c (test for warnings, line 24)
FAIL: gcc.dg/graphite/vect-pr43423.c scan-tree-dump-times vect "vectorized 2 loops" 1
FAIL: gcc.target/i386/pr49095.c scan-assembler-not test[lq]
=== gcc Summary for unix ===
# of expected passes 102583
# of unexpected failures 4
# of expected failures 250
# of unsupported tests 1674
Running target unix/-m64
FAIL: gcc.dg/unroll_1.c (test for warnings, line 14)
FAIL: gcc.dg/unroll_1.c (test for warnings, line 24)
FAIL: gcc.dg/graphite/vect-pr43423.c scan-tree-dump-times vect "vectorized 2 loops" 1
FAIL: gcc.dg/torture/pr49603.c -O3 -fomit-frame-pointer -funroll-all-loops -finline-functions (test for excess errors)
FAIL: gcc.dg/torture/pr58670.c -O2 (test for excess errors)
WARNING: gcc.dg/torture/pr58670.c -O2 compilation failed to produce executable
FAIL: gcc.dg/torture/pr58670.c -O3 -fomit-frame-pointer (test for excess errors)
WARNING: gcc.dg/torture/pr58670.c -O3 -fomit-frame-pointer compilation failed to produce executable
FAIL: gcc.dg/torture/pr58670.c -O3 -g (test for excess errors)
WARNING: gcc.dg/torture/pr58670.c -O3 -g compilation failed to produce executable
FAIL: gcc.dg/torture/pr58670.c -Os (test for excess errors)
WARNING: gcc.dg/torture/pr58670.c -Os compilation failed to produce executable
FAIL: gcc.dg/torture/pr58670.c -O2 -flto -fno-use-linker-plugin -flto-partition=none (test for excess errors)
WARNING: gcc.dg/torture/pr58670.c -O2 -flto -fno-use-linker-plugin -flto-partition=none compilation failed to produce executable
FAIL: gcc.dg/torture/pr58670.c -O2 -flto -fuse-linker-plugin -fno-fat-lto-objects (test for excess errors)
WARNING: gcc.dg/torture/pr58670.c -O2 -flto -fuse-linker-plugin -fno-fat-lto-objects compilation failed to produce executable
FAIL: gcc.dg/torture/pr58779.c -O0 (test for excess errors)
WARNING: gcc.dg/torture/pr58779.c -O0 compilation failed to produce executable
ERROR: gcc.dg/tree-ssa/20030807-9.c: error executing dg-final: couldn't fork child process: resource temporarily unavailable
UNRESOLVED: gcc.dg/tree-ssa/20030807-9.c: error executing dg-final: couldn't fork child process: resource temporarily unavailable
FAIL: gcc.dg/tree-ssa/20030808-1.c (test for excess errors)
UNRESOLVED: gcc.dg/tree-ssa/20030808-1.c scan-tree-dump-times cddce2 "->code" 0
UNRESOLVED: gcc.dg/tree-ssa/20030808-1.c scan-tree-dump-times cddce2 "if " 0
FAIL: gcc.dg/tree-ssa/20030814-1.c (test for excess errors)
UNRESOLVED: gcc.dg/tree-ssa/20030814-1.c scan-tree-dump-times dom2 "\\\\*blah" 1
FAIL: gcc.dg/tree-ssa/20030814-2.c (test for excess errors)
UNRESOLVED: gcc.dg/tree-ssa/20030814-2.c scan-tree-dump-times dom2 "if " 0
FAIL: gcc.dg/tree-ssa/20030814-3.c (test for excess errors)
UNRESOLVED: gcc.dg/tree-ssa/20030814-3.c scan-tree-dump-times dom2 "if " 1
FAIL: gcc.dg/tree-ssa/20030814-4.c (test for excess errors)
UNRESOLVED: gcc.dg/tree-ssa/20030814-4.c scan-tree-dump-times dom2 "pointer_alias_set" 1
UNRESOLVED: gcc.dg/tree-ssa/20030814-4.c scan-tree-dump-times optimized "set = -1" 0
FAIL: gcc.dg/tree-ssa/20030814-5.c (test for excess errors)
UNRESOLVED: gcc.dg/tree-ssa/20030814-5.c scan-tree-dump-times dom2 "pointer_alias_set" 1
UNRESOLVED: gcc.dg/tree-ssa/20030814-5.c scan-tree-dump-times optimized "set = -1" 0
FAIL: gcc.dg/tree-ssa/20030814-6.c (test for excess errors)
UNRESOLVED: gcc.dg/tree-ssa/20030814-6.c scan-tree-dump-times dom2 "common.code" 1
FAIL: gcc.dg/tree-ssa/20030814-7.c (test for excess errors)
UNRESOLVED: gcc.dg/tree-ssa/20030814-7.c scan-tree-dump-times dom2 "\\\\(current_function_decl\\\\)" 0
FAIL: gcc.dg/tree-ssa/20030820-1.c (test for excess errors)
FAIL: gcc.dg/tree-ssa/20030820-2.c (test for excess errors)
FAIL: gcc.dg/tree-ssa/20030821-1.c (test for excess errors)
UNRESOLVED: gcc.dg/tree-ssa/20030821-1.c scan-tree-dump-times optimized "dont_remove \\\\(\\\\)" 1
UNRESOLVED: gcc.dg/tree-ssa/20030821-1.c scan-tree-dump-times optimized "goto &x" 0
FAIL: gcc.dg/tree-ssa/20030824-1.c (test for excess errors)
UNRESOLVED: gcc.dg/tree-ssa/20030824-1.c scan-tree-dump-times optimized "[xy]_..D. \\\\+ [xy]_..D." 1
FAIL: gcc.misc-tests/linkage.c link
FAIL: gcc.target/i386/pr58218.c (test for excess errors)
FAIL: gcc.target/i386/pr61599-1.c (test for excess errors)
WARNING: gcc.target/i386/pr61599-1.c compilation failed to produce executable
=== gcc Summary for unix/-m64 ===
# of expected passes 103093
# of unexpected failures 26
# of expected failures 251
# of unresolved testcases 15
# of unsupported tests 1928
=== gcc Summary ===
# of expected passes 205676
# of unexpected failures 30
# of expected failures 501
# of unresolved testcases 15
# of unsupported tests 3602
/var/gcc/regression/trunk/11-gcc-gld/build/gcc/xgcc version 5.0.0 20140822 (experimental) [trunk revision 214311] (GCC)
=== gfortran tests ===
Running target unix
WARNING: program timed out.
FAIL: gfortran.dg/graphite/pr42393.f90 -O (test for excess errors)
=== gfortran Summary for unix ===
# of expected passes 46244
# of unexpected failures 1
# of expected failures 52
# of unsupported tests 240
Running target unix/-m64
WARNING: program timed out.
FAIL: gfortran.dg/graphite/pr42393.f90 -O (test for excess errors)
=== gfortran Summary for unix/-m64 ===
# of expected passes 46561
# of unexpected failures 1
# of expected failures 52
# of unsupported tests 80
=== gfortran Summary ===
# of expected passes 92805
# of unexpected failures 2
# of expected failures 104
# of unsupported tests 320
/var/gcc/regression/trunk/11-gcc-gld/build/gcc/testsuite/gfortran/../../gfortran version 5.0.0 20140822 (experimental) [trunk revision 214311] (GCC)
=== gnat tests ===
Running target unix
FAIL: gnat.dg/weak2.adb (test for excess errors)
=== gnat Summary for unix ===
# of expected passes 1247
# of unexpected failures 1
# of expected failures 18
# of unsupported tests 7
Running target unix/-m64
FAIL: gnat.dg/weak2.adb (test for excess errors)
=== gnat Summary for unix/-m64 ===
# of expected passes 1247
# of unexpected failures 1
# of expected failures 18
# of unsupported tests 7
=== gnat Summary ===
# of expected passes 2494
# of unexpected failures 2
# of expected failures 36
# of unsupported tests 14
/var/gcc/regression/trunk/11-gcc-gld/build/gcc/gnatmake version 5.0.0 20140822 (experimental) [trunk revision 214311]
=== go tests ===
Running target unix
=== go Summary for unix ===
# of expected passes 7367
# of expected failures 1
# of untested testcases 9
# of unsupported tests 2
Running target unix/-m64
FAIL: go.test/test/fixedbugs/issue4348.go -O (test for excess errors)
FAIL: go.test/test/fixedbugs/issue5162.go execution
FAIL: go.test/test/fixedbugs/issue6036.go -O (internal compiler error)
FAIL: go.test/test/fixedbugs/issue6036.go -O (test for excess errors)
=== go Summary for unix/-m64 ===
# of expected passes 7243
# of unexpected failures 4
# of expected failures 1
# of untested testcases 9
# of unsupported tests 1
=== go Summary ===
# of expected passes 14610
# of unexpected failures 4
# of expected failures 2
# of untested testcases 18
# of unsupported tests 3
/var/gcc/regression/trunk/11-gcc-gld/build/gcc/testsuite/go/../../gccgo version 5.0.0 20140822 (experimental) [trunk revision 214311] (GCC)
=== obj-c++ tests ===
Running target unix
=== obj-c++ Summary for unix ===
# of expected passes 1447
# of expected failures 2
# of unsupported tests 86
Running target unix/-m64
=== obj-c++ Summary for unix/-m64 ===
# of expected passes 1439
# of expected failures 10
# of unsupported tests 86
=== obj-c++ Summary ===
# of expected passes 2886
# of expected failures 12
# of unsupported tests 172
/var/gcc/regression/trunk/11-gcc-gld/build/gcc/testsuite/obj-c++/../../xg++ version 5.0.0 20140822 (experimental) [trunk revision 214311] (GCC)
=== objc tests ===
Running target unix
=== objc Summary for unix ===
# of expected passes 3004
# of expected failures 6
# of unsupported tests 74
Running target unix/-m64
=== objc Summary for unix/-m64 ===
# of expected passes 3004
# of expected failures 6
# of unsupported tests 74
=== objc Summary ===
# of expected passes 6008
# of expected failures 12
# of unsupported tests 148
/var/gcc/regression/trunk/11-gcc-gld/build/gcc/xgcc version 5.0.0 20140822 (experimental) [trunk revision 214311] (GCC)
=== boehm-gc tests ===
Running target unix
=== boehm-gc Summary for unix ===
# of expected passes 12
# of unsupported tests 1
Running target unix/-m64
=== boehm-gc Summary for unix/-m64 ===
# of expected passes 12
# of unsupported tests 1
=== boehm-gc Summary ===
# of expected passes 24
# of unsupported tests 2
=== libatomic tests ===
Running target unix
=== libatomic Summary for unix ===
# of expected passes 44
# of unsupported tests 5
Running target unix/-m64
=== libatomic Summary for unix/-m64 ===
# of expected passes 54
=== libatomic Summary ===
# of expected passes 98
# of unsupported tests 5
=== libffi tests ===
Running target unix
=== libffi Summary for unix ===
# of expected passes 1819
# of unsupported tests 55
Running target unix/-m64
FAIL: libffi.special/unwindtest.cc -shared-libgcc -lstdc++ execution test
FAIL: libffi.special/unwindtest_ffi_call.cc -shared-libgcc -lstdc++ execution test
FAIL: libffi.special/unwindtest.cc -shared-libgcc -lstdc++ execution test
FAIL: libffi.special/unwindtest_ffi_call.cc -shared-libgcc -lstdc++ execution test
FAIL: libffi.special/unwindtest.cc -shared-libgcc -lstdc++ execution test
FAIL: libffi.special/unwindtest_ffi_call.cc -shared-libgcc -lstdc++ execution test
FAIL: libffi.special/unwindtest.cc -shared-libgcc -lstdc++ execution test
FAIL: libffi.special/unwindtest_ffi_call.cc -shared-libgcc -lstdc++ execution test
=== libffi Summary for unix/-m64 ===
# of expected passes 1803
# of unexpected failures 8
# of unsupported tests 55
=== libffi Summary ===
# of expected passes 3622
# of unexpected failures 8
# of unsupported tests 110
=== libgo tests ===
Running target unix
FAIL: fmt
FAIL: net
FAIL: runtime
FAIL: log/syslog
FAIL: net/http
FAIL: runtime/pprof
FAIL: text/template
=== libgo Summary for unix ===
# of expected passes 116
# of unexpected failures 7
Running target unix/-m64
FAIL: bufio
FAIL: fmt
FAIL: reflect
FAIL: go/printer
FAIL: log/syslog
FAIL: text/template
FAIL: text/template/parse
=== libgo Summary for unix/-m64 ===
# of expected passes 116
# of unexpected failures 7
=== libgo Summary ===
# of expected passes 232
# of unexpected failures 14
/var/gcc/regression/trunk/11-gcc-gld/build/./gcc/gccgo version 5.0.0 20140822 (experimental) [trunk revision 214311] (GCC)
=== libgomp tests ===
Running target unix
=== libgomp Summary for unix ===
# of expected passes 3271
# of unsupported tests 22
Running target unix/-m64
=== libgomp Summary for unix/-m64 ===
# of expected passes 3271
# of unsupported tests 22
=== libgomp Summary ===
# of expected passes 6542
# of unsupported tests 44
=== libitm tests ===
Running target unix
=== libitm Summary for unix ===
# of expected passes 26
# of expected failures 3
# of unsupported tests 1
Running target unix/-m64
=== libitm Summary for unix/-m64 ===
# of expected passes 26
# of expected failures 3
# of unsupported tests 1
=== libitm Summary ===
# of expected passes 52
# of expected failures 6
# of unsupported tests 2
=== libjava tests ===
Running target unix
FAIL: TestClosureGC run
FAIL: libjava.jar/TestClosureGC.jar execution - gij test
FAIL: libjava.jar/simple.jar execution - gij test
FAIL: PR15133 execution - gij test
FAIL: PR18116 execution - gij test
FAIL: PR28178 execution - gij test
FAIL: bytebuffer execution - gij test
FAIL: calls execution - gij test
FAIL: cxxtest execution - gij test
FAIL: directbuffer execution - gij test
FAIL: field execution - gij test
FAIL: final_method execution - gij test
FAIL: findclass execution - gij test
FAIL: findclass2 execution - gij test
FAIL: iface execution - gij test
FAIL: init execution - gij test
FAIL: invoke execution - gij test
FAIL: jniutf execution - gij test
FAIL: martin execution - gij test
FAIL: noclass execution - gij test
FAIL: overload execution - gij test
FAIL: pr11951 execution - gij test
FAIL: pr18278 execution - gij test
FAIL: pr23739 execution - gij test
FAIL: register execution - gij test
FAIL: register2 execution - gij test
FAIL: simple_int execution - gij test
FAIL: throwit execution - gij test
FAIL: virtual execution - gij test
FAIL: PR16923 run
FAIL: pr29812 execution - gij test
FAIL: getargssize run
FAIL: getlocalvartable run
FAIL: getstacktrace run
FAIL: ExtraClassLoader execution - source compiled test
FAIL: ExtraClassLoader -findirect-dispatch execution - source compiled test
FAIL: ExtraClassLoader -O3 execution - source compiled test
FAIL: ExtraClassLoader -O3 -findirect-dispatch execution - source compiled test
FAIL: FileHandleGcTest execution - source compiled test
FAIL: FileHandleGcTest -findirect-dispatch execution - source compiled test
FAIL: FileHandleGcTest -O3 execution - source compiled test
FAIL: FileHandleGcTest -O3 -findirect-dispatch execution - source compiled test
FAIL: InterfaceDispatch execution - source compiled test
FAIL: InterfaceDispatch -findirect-dispatch execution - source compiled test
FAIL: InterfaceDispatch -O3 execution - source compiled test
FAIL: InterfaceDispatch -O3 -findirect-dispatch execution - source compiled test
FAIL: InvokeInterface -O3 -findirect-dispatch execution - source compiled test
FAIL: ProxyTest execution - source compiled test
FAIL: ProxyTest -findirect-dispatch execution - source compiled test
FAIL: ProxyTest -O3 execution - source compiled test
FAIL: ProxyTest -O3 -findirect-dispatch execution - source compiled test
FAIL: StringBuffer_1 execution - source compiled test
FAIL: StringBuffer_1 -findirect-dispatch execution - source compiled test
FAIL: StringBuffer_1 -O3 execution - source compiled test
FAIL: StringBuffer_1 -O3 -findirect-dispatch execution - source compiled test
FAIL: TestProxy execution - source compiled test
FAIL: TestProxy -findirect-dispatch execution - source compiled test
FAIL: TestProxy -O3 execution - source compiled test
FAIL: TestProxy -O3 -findirect-dispatch execution - source compiled test
FAIL: initexc execution - source compiled test
FAIL: initexc -findirect-dispatch execution - source compiled test
FAIL: initexc -O3 execution - source compiled test
FAIL: initexc -O3 -findirect-dispatch execution - source compiled test
FAIL: invokethrow execution - source compiled test
FAIL: invokethrow -findirect-dispatch execution - source compiled test
FAIL: invokethrow -O3 execution - source compiled test
FAIL: invokethrow -O3 -findirect-dispatch execution - source compiled test
FAIL: md5test execution - source compiled test
FAIL: md5test -findirect-dispatch execution - source compiled test
FAIL: md5test -O3 execution - source compiled test
FAIL: md5test -O3 -findirect-dispatch execution - source compiled test
FAIL: pr21785 execution - source compiled test
FAIL: pr21785 -findirect-dispatch execution - source compiled test
FAIL: pr21785 -O3 execution - source compiled test
FAIL: pr21785 -O3 -findirect-dispatch execution - source compiled test
FAIL: pr26990 execution - source compiled test
FAIL: pr26990 -findirect-dispatch execution - source compiled test
FAIL: pr26990 -O3 execution - source compiled test
FAIL: pr26990 -O3 -findirect-dispatch execution - source compiled test
FAIL: shatest execution - source compiled test
FAIL: shatest -findirect-dispatch execution - source compiled test
FAIL: shatest -O3 execution - source compiled test
FAIL: shatest -O3 -findirect-dispatch execution - source compiled test
FAIL: TestEarlyGC execution - source compiled test
FAIL: TestLeak execution - source compiled test
FAIL: TestMultiple execution - source compiled test
FAIL: TestParent execution - source compiled test
=== libjava Summary for unix ===
# of expected passes 2413
# of unexpected failures 87
# of expected failures 4
# of untested testcases 87
Running target unix/-m64
WARNING: program timed out.
FAIL: noclass execution - gij test
WARNING: program timed out.
FAIL: pr11951 run
WARNING: program timed out.
FAIL: throwit execution - gij test
FAIL: pr29812 execution - gij test
WARNING: program timed out.
FAIL: ExtraClassLoader execution - source compiled test
WARNING: program timed out.
FAIL: ExtraClassLoader -findirect-dispatch execution - source compiled test
WARNING: program timed out.
FAIL: ExtraClassLoader -O3 execution - source compiled test
WARNING: program timed out.
FAIL: ExtraClassLoader -O3 -findirect-dispatch execution - source compiled test
WARNING: program timed out.
FAIL: invokethrow execution - source compiled test
WARNING: program timed out.
FAIL: invokethrow -findirect-dispatch execution - source compiled test
WARNING: program timed out.
FAIL: invokethrow -O3 execution - source compiled test
WARNING: program timed out.
ERROR: tcl error sourcing /vol/gcc/src/hg/trunk/local/libjava/testsuite/libjava.lang/lang.exp.
ERROR: couldn't fork child process: not enough memory
FAIL: resource compilation dummy.class
ERROR: tcl error sourcing /vol/gcc/src/hg/trunk/local/libjava/testsuite/libjava.mauve/mauve.exp.
ERROR: child killed: kill signal
=== libjava Summary for unix/-m64 ===
# of expected passes 2020
# of unexpected failures 12
# of untested testcases 11
=== libjava Summary ===
# of expected passes 4433
# of unexpected failures 99
# of expected failures 4
# of untested testcases 98
=== libstdc++ tests ===
Running target unix
FAIL: libstdc++-abi/abi_check
FAIL: 18_support/bad_alloc/cons_virtual_derivation.cc execution test
FAIL: 18_support/bad_cast/cons_virtual_derivation.cc execution test
FAIL: 18_support/bad_exception/cons_virtual_derivation.cc execution test
FAIL: 18_support/bad_typeid/cons_virtual_derivation.cc execution test
FAIL: 18_support/exception_ptr/rethrow_exception.cc execution test
FAIL: 18_support/nested_exception/rethrow_if_nested.cc execution test
FAIL: 19_diagnostics/logic_error/cons_virtual_derivation.cc execution test
FAIL: 19_diagnostics/runtime_error/cons_virtual_derivation.cc execution test
FAIL: 19_diagnostics/system_error/cons_virtual_derivation.cc execution test
FAIL: 20_util/bad_function_call/cons_virtual_derivation.cc execution test
FAIL: 20_util/shared_ptr/cons/weak_ptr_expired.cc execution test
FAIL: 20_util/shared_ptr/thread/default_weaktoshared.cc execution test
FAIL: 20_util/shared_ptr/thread/mutex_weaktoshared.cc execution test
FAIL: 21_strings/basic_string/cons/char/1.cc execution test
FAIL: 21_strings/basic_string/cons/char/3.cc execution test
FAIL: 21_strings/basic_string/cons/wchar_t/1.cc execution test
FAIL: 21_strings/basic_string/cons/wchar_t/3.cc execution test
FAIL: 21_strings/basic_string/element_access/char/1.cc execution test
FAIL: 21_strings/basic_string/element_access/wchar_t/1.cc execution test
FAIL: 21_strings/basic_string/inserters_extractors/pod/10081-in.cc execution test
FAIL: 21_strings/basic_string/modifiers/append/char/1.cc execution test
FAIL: 21_strings/basic_string/modifiers/append/wchar_t/1.cc execution test
FAIL: 21_strings/basic_string/modifiers/insert/char/1.cc execution test
FAIL: 21_strings/basic_string/modifiers/insert/wchar_t/1.cc execution test
FAIL: 21_strings/basic_string/numeric_conversions/char/stod.cc execution test
FAIL: 21_strings/basic_string/numeric_conversions/char/stof.cc execution test
FAIL: 21_strings/basic_string/numeric_conversions/char/stoi.cc execution test
FAIL: 21_strings/basic_string/numeric_conversions/char/stol.cc execution test
FAIL: 21_strings/basic_string/numeric_conversions/char/stold.cc execution test
FAIL: 21_strings/basic_string/numeric_conversions/char/stoll.cc execution test
FAIL: 21_strings/basic_string/numeric_conversions/char/stoul.cc execution test
FAIL: 21_strings/basic_string/numeric_conversions/char/stoull.cc execution test
FAIL: 21_strings/basic_string/numeric_conversions/wchar_t/stod.cc execution test
FAIL: 21_strings/basic_string/numeric_conversions/wchar_t/stof.cc execution test
FAIL: 21_strings/basic_string/numeric_conversions/wchar_t/stoi.cc execution test
FAIL: 21_strings/basic_string/numeric_conversions/wchar_t/stol.cc execution test
FAIL: 21_strings/basic_string/numeric_conversions/wchar_t/stold.cc execution test
FAIL: 21_strings/basic_string/numeric_conversions/wchar_t/stoll.cc execution test
FAIL: 21_strings/basic_string/numeric_conversions/wchar_t/stoul.cc execution test
FAIL: 21_strings/basic_string/numeric_conversions/wchar_t/stoull.cc execution test
FAIL: 21_strings/basic_string/requirements/exception/propagation_consistent.cc execution test
FAIL: 22_locale/global_templates/1.cc execution test
FAIL: 22_locale/numpunct/members/pod/2.cc execution test
FAIL: 23_containers/bitset/to_ulong/1.cc execution test
FAIL: 23_containers/deque/capacity/29134-2.cc execution test
FAIL: 23_containers/deque/cons/2.cc execution test
FAIL: 23_containers/deque/requirements/exception/basic.cc execution test
FAIL: 23_containers/deque/requirements/exception/propagation_consistent.cc execution test
FAIL: 23_containers/forward_list/requirements/exception/basic.cc execution test
FAIL: 23_containers/forward_list/requirements/exception/propagation_consistent.cc execution test
FAIL: 23_containers/list/modifiers/3.cc execution test
FAIL: 23_containers/list/modifiers/insert/25288.cc execution test
FAIL: 23_containers/list/requirements/exception/basic.cc execution test
FAIL: 23_containers/list/requirements/exception/propagation_consistent.cc execution test
FAIL: 23_containers/map/requirements/exception/basic.cc execution test
FAIL: 23_containers/map/requirements/exception/propagation_consistent.cc execution test
FAIL: 23_containers/multimap/requirements/exception/basic.cc execution test
FAIL: 23_containers/multimap/requirements/exception/propagation_consistent.cc execution test
FAIL: 23_containers/multiset/requirements/exception/basic.cc execution test
FAIL: 23_containers/multiset/requirements/exception/propagation_consistent.cc execution test
FAIL: 23_containers/set/requirements/exception/basic.cc execution test
FAIL: 23_containers/set/requirements/exception/propagation_consistent.cc execution test
FAIL: 23_containers/unordered_map/dr761.cc execution test
FAIL: 23_containers/unordered_map/requirements/exception/basic.cc execution test
FAIL: 23_containers/unordered_map/requirements/exception/propagation_consistent.cc execution test
FAIL: 23_containers/unordered_multimap/requirements/exception/basic.cc execution test
FAIL: 23_containers/unordered_multimap/requirements/exception/propagation_consistent.cc execution test
FAIL: 23_containers/unordered_multiset/insert/hash_policy.cc execution test
FAIL: 23_containers/unordered_multiset/requirements/exception/basic.cc execution test
FAIL: 23_containers/unordered_multiset/requirements/exception/propagation_consistent.cc execution test
FAIL: 23_containers/unordered_set/insert/hash_policy.cc execution test
FAIL: 23_containers/unordered_set/max_load_factor/robustness.cc execution test
FAIL: 23_containers/unordered_set/requirements/exception/basic.cc execution test
FAIL: 23_containers/unordered_set/requirements/exception/propagation_consistent.cc execution test
FAIL: 23_containers/vector/bool/modifiers/insert/31370.cc execution test
FAIL: 23_containers/vector/capacity/2.cc execution test
FAIL: 23_containers/vector/capacity/29134-2.cc execution test
FAIL: 23_containers/vector/capacity/resize/1.cc execution test
FAIL: 23_containers/vector/cons/4.cc execution test
FAIL: 23_containers/vector/requirements/exception/basic.cc execution test
FAIL: 23_containers/vector/requirements/exception/propagation_consistent.cc execution test
FAIL: 25_algorithms/stable_partition/mem_check.cc execution test
FAIL: 25_algorithms/stable_sort/mem_check.cc execution test
FAIL: 27_io/basic_filebuf/cons/wchar_t/10132-1.cc execution test
FAIL: 27_io/basic_filebuf/overflow/char/13858.cc execution test
FAIL: 27_io/basic_filebuf/overflow/char/9182-2.cc execution test
FAIL: 27_io/basic_filebuf/overflow/wchar_t/13858.cc execution test
FAIL: 27_io/basic_filebuf/seekoff/wchar_t/3.cc execution test
FAIL: 27_io/basic_filebuf/seekpos/wchar_t/1.cc execution test
FAIL: 27_io/basic_filebuf/sync/char/9182-1.cc execution test
FAIL: 27_io/basic_filebuf/underflow/wchar_t/11544-1.cc execution test
FAIL: 27_io/basic_filebuf/underflow/wchar_t/11544-2.cc execution test
FAIL: 27_io/basic_filebuf/underflow/wchar_t/11603.cc execution test
FAIL: 27_io/basic_ios/copyfmt/char/1.cc execution test
FAIL: 27_io/basic_ios/exceptions/char/1.cc execution test
FAIL: 27_io/basic_ios/exceptions/char/2.cc execution test
FAIL: 27_io/basic_ios/imbue/14072.cc execution test
FAIL: 27_io/basic_istream/exceptions/char/9561.cc execution test
FAIL: 27_io/basic_istream/exceptions/wchar_t/9561.cc execution test
FAIL: 27_io/basic_istream/extractors_arithmetic/char/exceptions_badbit_throw.cc execution test
FAIL: 27_io/basic_istream/extractors_arithmetic/char/exceptions_failbit.cc execution test
FAIL: 27_io/basic_istream/extractors_arithmetic/char/exceptions_failbit_throw.cc execution test
FAIL: 27_io/basic_istream/extractors_arithmetic/pod/3983-1.cc execution test
FAIL: 27_io/basic_istream/extractors_arithmetic/wchar_t/exceptions_badbit_throw.cc execution test
FAIL: 27_io/basic_istream/extractors_arithmetic/wchar_t/exceptions_failbit.cc execution test
FAIL: 27_io/basic_istream/extractors_arithmetic/wchar_t/exceptions_failbit_throw.cc execution test
FAIL: 27_io/basic_istream/extractors_character/pod/3983-2.cc execution test
FAIL: 27_io/basic_istream/extractors_other/char/error_failbit.cc execution test
FAIL: 27_io/basic_istream/extractors_other/char/exceptions_badbit_throw.cc execution test
FAIL: 27_io/basic_istream/extractors_other/char/exceptions_failbit_throw.cc execution test
FAIL: 27_io/basic_istream/extractors_other/char/exceptions_null.cc execution test
FAIL: 27_io/basic_istream/extractors_other/pod/3983-3.cc execution test
FAIL: 27_io/basic_istream/extractors_other/wchar_t/error_failbit.cc execution test
FAIL: 27_io/basic_istream/extractors_other/wchar_t/exceptions_badbit_throw.cc execution test
FAIL: 27_io/basic_istream/extractors_other/wchar_t/exceptions_failbit_throw.cc execution test
FAIL: 27_io/basic_istream/extractors_other/wchar_t/exceptions_null.cc execution test
FAIL: 27_io/basic_istream/seekg/char/exceptions_badbit_throw.cc execution test
FAIL: 27_io/basic_istream/seekg/wchar_t/exceptions_badbit_throw.cc execution test
FAIL: 27_io/basic_istream/sentry/char/12297.cc execution test
FAIL: 27_io/basic_istream/sentry/pod/1.cc execution test
FAIL: 27_io/basic_istream/sentry/wchar_t/12297.cc execution test
FAIL: 27_io/basic_istream/tellg/char/exceptions_badbit_throw.cc execution test
FAIL: 27_io/basic_istream/tellg/wchar_t/exceptions_badbit_throw.cc execution test
FAIL: 27_io/basic_ofstream/pthread2.cc execution test
FAIL: 27_io/basic_ostream/exceptions/char/9561.cc execution test
FAIL: 27_io/basic_ostream/exceptions/wchar_t/9561.cc execution test
FAIL: 27_io/basic_ostream/flush/char/exceptions_badbit_throw.cc execution test
FAIL: 27_io/basic_ostream/flush/wchar_t/exceptions_badbit_throw.cc execution test
FAIL: 27_io/basic_ostream/inserters_arithmetic/char/9555-oa.cc execution test
FAIL: 27_io/basic_ostream/inserters_arithmetic/char/exceptions_badbit_throw.cc execution test
FAIL: 27_io/basic_ostream/inserters_arithmetic/char/exceptions_failbit_throw.cc execution test
FAIL: 27_io/basic_ostream/inserters_arithmetic/pod/23875.cc execution test
FAIL: 27_io/basic_ostream/inserters_arithmetic/wchar_t/9555-oa.cc execution test
FAIL: 27_io/basic_ostream/inserters_arithmetic/wchar_t/exceptions_badbit_throw.cc execution test
FAIL: 27_io/basic_ostream/inserters_arithmetic/wchar_t/exceptions_failbit_throw.cc execution test
FAIL: 27_io/basic_ostream/inserters_character/char/9555-oc.cc execution test
FAIL: 27_io/basic_ostream/inserters_character/wchar_t/9555-oc.cc execution test
FAIL: 27_io/basic_ostream/inserters_other/char/5.cc execution test
FAIL: 27_io/basic_ostream/inserters_other/char/error_failbit.cc execution test
FAIL: 27_io/basic_ostream/inserters_other/char/exceptions_badbit_throw.cc execution test
FAIL: 27_io/basic_ostream/inserters_other/char/exceptions_failbit_throw.cc execution test
FAIL: 27_io/basic_ostream/inserters_other/char/exceptions_null.cc execution test
FAIL: 27_io/basic_ostream/inserters_other/wchar_t/5.cc execution test
FAIL: 27_io/basic_ostream/inserters_other/wchar_t/error_failbit.cc execution test
FAIL: 27_io/basic_ostream/inserters_other/wchar_t/exceptions_badbit_throw.cc execution test
FAIL: 27_io/basic_ostream/inserters_other/wchar_t/exceptions_failbit_throw.cc execution test
FAIL: 27_io/basic_ostream/inserters_other/wchar_t/exceptions_null.cc execution test
FAIL: 27_io/basic_ostream/put/char/1.cc execution test
FAIL: 27_io/basic_ostream/put/wchar_t/1.cc execution test
FAIL: 27_io/basic_ostream/seekp/char/exceptions_badbit_throw.cc execution test
FAIL: 27_io/basic_ostream/seekp/wchar_t/exceptions_badbit_throw.cc execution test
FAIL: 27_io/basic_ostream/tellp/char/exceptions_badbit_throw.cc execution test
FAIL: 27_io/basic_ostream/tellp/wchar_t/exceptions_badbit_throw.cc execution test
FAIL: 27_io/basic_ostream/write/char/1.cc execution test
FAIL: 27_io/basic_ostream/write/wchar_t/1.cc execution test
FAIL: 27_io/ios_base/failure/cons_virtual_derivation.cc execution test
FAIL: 27_io/objects/char/6.cc execution test
FAIL: 27_io/objects/wchar_t/6.cc execution test
FAIL: 28_regex/algorithms/regex_match/basic/empty_range.cc execution test
FAIL: 28_regex/algorithms/regex_match/ecma/char/61601.cc execution test
FAIL: 28_regex/algorithms/regex_match/ecma/char/backref.cc execution test
FAIL: 28_regex/algorithms/regex_match/ecma/char/hex.cc execution test
FAIL: 28_regex/basic_regex/ctors/basic/string_range_01_02_03.cc execution test
FAIL: 28_regex/basic_regex/ctors/extended/string_range_01_02_03.cc execution test
FAIL: 30_threads/condition_variable_any/50862.cc execution test
FAIL: 30_threads/future/cons/move_assign.cc execution test
FAIL: 30_threads/future/members/get2.cc execution test
FAIL: 30_threads/lock/4.cc execution test
FAIL: 30_threads/packaged_task/members/invoke4.cc execution test
FAIL: 30_threads/packaged_task/members/reset.cc execution test
FAIL: 30_threads/promise/members/set_exception2.cc execution test
FAIL: 30_threads/shared_future/cons/assign.cc execution test
FAIL: 30_threads/shared_future/cons/move_assign.cc execution test
FAIL: 30_threads/shared_future/members/get2.cc execution test
FAIL: 30_threads/try_lock/4.cc execution test
FAIL: experimental/any/misc/any_cast.cc execution test
FAIL: experimental/optional/assignment/1.cc execution test
FAIL: experimental/optional/assignment/2.cc execution test
FAIL: experimental/optional/assignment/3.cc execution test
FAIL: experimental/optional/assignment/4.cc execution test
FAIL: ext/array_allocator/check_allocate_max_size.cc execution test
FAIL: ext/bitmap_allocator/check_allocate_max_size.cc execution test
FAIL: ext/concurrence_lock_error/cons_virtual_derivation.cc execution test
FAIL: ext/concurrence_unlock_error/cons_virtual_derivation.cc execution test
FAIL: ext/enc_filebuf/char/13189.cc execution test
FAIL: ext/enc_filebuf/wchar_t/13189.cc execution test
FAIL: ext/forced_error/cons_virtual_derivation.cc execution test
FAIL: ext/malloc_allocator/check_allocate_max_size.cc execution test
FAIL: ext/mt_allocator/check_allocate_max_size.cc execution test
FAIL: ext/new_allocator/check_allocate_max_size.cc execution test
FAIL: ext/pb_ds/example/hash_illegal_resize.cc execution test
FAIL: ext/pb_ds/example/tree_join.cc execution test
FAIL: ext/pb_ds/regression/hash_map_rand.cc execution test
FAIL: ext/pb_ds/regression/hash_set_rand.cc execution test
FAIL: ext/pb_ds/regression/list_update_map_rand.cc execution test
FAIL: ext/pb_ds/regression/list_update_set_rand.cc execution test
FAIL: ext/pb_ds/regression/priority_queue_rand.cc execution test
FAIL: ext/pb_ds/regression/tree_map_rand.cc execution test
FAIL: ext/pb_ds/regression/tree_set_rand.cc execution test
FAIL: ext/pb_ds/regression/trie_map_rand.cc execution test
FAIL: ext/pb_ds/regression/trie_set_rand.cc execution test
FAIL: ext/pool_allocator/check_allocate_max_size.cc execution test
FAIL: ext/throw_allocator/check_allocate_max_size.cc execution test
FAIL: ext/throw_allocator/check_deallocate_null.cc execution test
FAIL: ext/vstring/requirements/exception/propagation_consistent.cc execution test
FAIL: tr1/2_general_utilities/enable_shared_from_this/not_shared.cc execution test
FAIL: tr1/2_general_utilities/enable_shared_from_this/not_shared2.cc execution test
FAIL: tr1/2_general_utilities/enable_shared_from_this/not_shared3.cc execution test
FAIL: tr1/2_general_utilities/shared_ptr/cons/weak_ptr_expired.cc execution test
FAIL: tr1/2_general_utilities/shared_ptr/thread/default_weaktoshared.cc execution test
FAIL: tr1/2_general_utilities/shared_ptr/thread/mutex_weaktoshared.cc execution test
=== libstdc++ Summary for unix ===
# of expected passes 8902
# of unexpected failures 212
# of expected failures 69
# of unsupported tests 593
Running target unix/-m64
FAIL: libstdc++-abi/abi_check
FAIL: 18_support/bad_alloc/cons_virtual_derivation.cc execution test
FAIL: 18_support/bad_cast/cons_virtual_derivation.cc execution test
FAIL: 18_support/bad_exception/cons_virtual_derivation.cc execution test
FAIL: 18_support/bad_typeid/cons_virtual_derivation.cc execution test
FAIL: 18_support/exception_ptr/rethrow_exception.cc execution test
FAIL: 18_support/nested_exception/rethrow_if_nested.cc execution test
FAIL: 19_diagnostics/logic_error/cons_virtual_derivation.cc execution test
FAIL: 19_diagnostics/runtime_error/cons_virtual_derivation.cc execution test
FAIL: 19_diagnostics/system_error/cons_virtual_derivation.cc execution test
FAIL: 20_util/bad_function_call/cons_virtual_derivation.cc execution test
FAIL: 20_util/shared_ptr/cons/weak_ptr_expired.cc execution test
FAIL: 20_util/shared_ptr/thread/default_weaktoshared.cc execution test
FAIL: 20_util/shared_ptr/thread/mutex_weaktoshared.cc execution test
FAIL: 21_strings/basic_string/cons/char/1.cc execution test
FAIL: 21_strings/basic_string/cons/char/3.cc execution test
FAIL: 21_strings/basic_string/cons/wchar_t/1.cc execution test
FAIL: 21_strings/basic_string/cons/wchar_t/3.cc execution test
FAIL: 21_strings/basic_string/element_access/char/1.cc execution test
FAIL: 21_strings/basic_string/element_access/wchar_t/1.cc execution test
FAIL: 21_strings/basic_string/inserters_extractors/pod/10081-in.cc execution test
FAIL: 21_strings/basic_string/modifiers/append/char/1.cc execution test
FAIL: 21_strings/basic_string/modifiers/append/wchar_t/1.cc execution test
FAIL: 21_strings/basic_string/modifiers/insert/char/1.cc execution test
FAIL: 21_strings/basic_string/modifiers/insert/wchar_t/1.cc execution test
FAIL: 21_strings/basic_string/numeric_conversions/char/stod.cc execution test
FAIL: 21_strings/basic_string/numeric_conversions/char/stof.cc execution test
FAIL: 21_strings/basic_string/numeric_conversions/char/stoi.cc execution test
FAIL: 21_strings/basic_string/numeric_conversions/char/stol.cc execution test
FAIL: 21_strings/basic_string/numeric_conversions/char/stold.cc execution test
FAIL: 21_strings/basic_string/numeric_conversions/char/stoll.cc execution test
FAIL: 21_strings/basic_string/numeric_conversions/char/stoul.cc execution test
FAIL: 21_strings/basic_string/numeric_conversions/char/stoull.cc execution test
FAIL: 21_strings/basic_string/numeric_conversions/wchar_t/stod.cc execution test
FAIL: 21_strings/basic_string/numeric_conversions/wchar_t/stof.cc execution test
FAIL: 21_strings/basic_string/numeric_conversions/wchar_t/stoi.cc execution test
FAIL: 21_strings/basic_string/numeric_conversions/wchar_t/stol.cc execution test
FAIL: 21_strings/basic_string/numeric_conversions/wchar_t/stold.cc execution test
FAIL: 21_strings/basic_string/numeric_conversions/wchar_t/stoll.cc execution test
FAIL: 21_strings/basic_string/numeric_conversions/wchar_t/stoul.cc execution test
FAIL: 21_strings/basic_string/numeric_conversions/wchar_t/stoull.cc execution test
FAIL: 21_strings/basic_string/requirements/exception/propagation_consistent.cc execution test
FAIL: 22_locale/global_templates/1.cc execution test
FAIL: 22_locale/numpunct/members/pod/2.cc execution test
FAIL: 23_containers/bitset/to_ulong/1.cc execution test
FAIL: 23_containers/deque/capacity/29134-2.cc execution test
FAIL: 23_containers/deque/cons/2.cc execution test
FAIL: 23_containers/deque/requirements/exception/basic.cc execution test
FAIL: 23_containers/deque/requirements/exception/propagation_consistent.cc execution test
FAIL: 23_containers/forward_list/requirements/exception/basic.cc execution test
FAIL: 23_containers/forward_list/requirements/exception/propagation_consistent.cc execution test
FAIL: 23_containers/list/modifiers/3.cc execution test
FAIL: 23_containers/list/modifiers/insert/25288.cc execution test
FAIL: 23_containers/list/requirements/exception/basic.cc execution test
FAIL: 23_containers/list/requirements/exception/propagation_consistent.cc execution test
FAIL: 23_containers/map/requirements/exception/basic.cc execution test
FAIL: 23_containers/map/requirements/exception/propagation_consistent.cc execution test
FAIL: 23_containers/multimap/requirements/exception/basic.cc execution test
FAIL: 23_containers/multimap/requirements/exception/propagation_consistent.cc execution test
FAIL: 23_containers/multiset/requirements/exception/basic.cc execution test
FAIL: 23_containers/multiset/requirements/exception/propagation_consistent.cc execution test
FAIL: 23_containers/set/requirements/exception/basic.cc execution test
FAIL: 23_containers/set/requirements/exception/propagation_consistent.cc execution test
FAIL: 23_containers/unordered_map/dr761.cc execution test
FAIL: 23_containers/unordered_map/requirements/exception/basic.cc execution test
FAIL: 23_containers/unordered_map/requirements/exception/propagation_consistent.cc execution test
FAIL: 23_containers/unordered_multimap/requirements/exception/basic.cc execution test
FAIL: 23_containers/unordered_multimap/requirements/exception/propagation_consistent.cc execution test
FAIL: 23_containers/unordered_multiset/insert/hash_policy.cc execution test
FAIL: 23_containers/unordered_multiset/requirements/exception/basic.cc execution test
FAIL: 23_containers/unordered_multiset/requirements/exception/propagation_consistent.cc execution test
FAIL: 23_containers/unordered_set/insert/hash_policy.cc execution test
FAIL: 23_containers/unordered_set/max_load_factor/robustness.cc execution test
FAIL: 23_containers/unordered_set/requirements/exception/basic.cc execution test
FAIL: 23_containers/unordered_set/requirements/exception/propagation_consistent.cc execution test
FAIL: 23_containers/vector/bool/modifiers/insert/31370.cc execution test
FAIL: 23_containers/vector/capacity/2.cc execution test
FAIL: 23_containers/vector/capacity/29134-2.cc execution test
FAIL: 23_containers/vector/capacity/resize/1.cc execution test
FAIL: 23_containers/vector/cons/4.cc execution test
FAIL: 23_containers/vector/requirements/exception/basic.cc execution test
FAIL: 23_containers/vector/requirements/exception/propagation_consistent.cc execution test
FAIL: 25_algorithms/stable_partition/mem_check.cc execution test
FAIL: 25_algorithms/stable_sort/mem_check.cc execution test
FAIL: 27_io/basic_filebuf/cons/wchar_t/10132-1.cc execution test
FAIL: 27_io/basic_filebuf/overflow/char/13858.cc execution test
FAIL: 27_io/basic_filebuf/overflow/char/9182-2.cc execution test
FAIL: 27_io/basic_filebuf/overflow/wchar_t/13858.cc execution test
FAIL: 27_io/basic_filebuf/seekoff/wchar_t/3.cc execution test
FAIL: 27_io/basic_filebuf/seekpos/wchar_t/1.cc execution test
FAIL: 27_io/basic_filebuf/sync/char/9182-1.cc execution test
FAIL: 27_io/basic_filebuf/underflow/wchar_t/11544-1.cc execution test
FAIL: 27_io/basic_filebuf/underflow/wchar_t/11544-2.cc execution test
FAIL: 27_io/basic_filebuf/underflow/wchar_t/11603.cc execution test
FAIL: 27_io/basic_ios/copyfmt/char/1.cc execution test
FAIL: 27_io/basic_ios/exceptions/char/1.cc execution test
FAIL: 27_io/basic_ios/exceptions/char/2.cc execution test
FAIL: 27_io/basic_ios/imbue/14072.cc execution test
FAIL: 27_io/basic_istream/exceptions/char/9561.cc execution test
FAIL: 27_io/basic_istream/exceptions/wchar_t/9561.cc execution test
FAIL: 27_io/basic_istream/extractors_arithmetic/char/exceptions_badbit_throw.cc execution test
FAIL: 27_io/basic_istream/extractors_arithmetic/char/exceptions_failbit.cc execution test
FAIL: 27_io/basic_istream/extractors_arithmetic/char/exceptions_failbit_throw.cc execution test
FAIL: 27_io/basic_istream/extractors_arithmetic/pod/3983-1.cc execution test
FAIL: 27_io/basic_istream/extractors_arithmetic/wchar_t/exceptions_badbit_throw.cc execution test
FAIL: 27_io/basic_istream/extractors_arithmetic/wchar_t/exceptions_failbit.cc execution test
FAIL: 27_io/basic_istream/extractors_arithmetic/wchar_t/exceptions_failbit_throw.cc execution test
FAIL: 27_io/basic_istream/extractors_character/pod/3983-2.cc execution test
FAIL: 27_io/basic_istream/extractors_other/char/error_failbit.cc execution test
FAIL: 27_io/basic_istream/extractors_other/char/exceptions_badbit_throw.cc execution test
FAIL: 27_io/basic_istream/extractors_other/char/exceptions_failbit_throw.cc execution test
FAIL: 27_io/basic_istream/extractors_other/char/exceptions_null.cc execution test
FAIL: 27_io/basic_istream/extractors_other/pod/3983-3.cc execution test
FAIL: 27_io/basic_istream/extractors_other/wchar_t/error_failbit.cc execution test
FAIL: 27_io/basic_istream/extractors_other/wchar_t/exceptions_badbit_throw.cc execution test
FAIL: 27_io/basic_istream/extractors_other/wchar_t/exceptions_failbit_throw.cc execution test
FAIL: 27_io/basic_istream/extractors_other/wchar_t/exceptions_null.cc execution test
FAIL: 27_io/basic_istream/seekg/char/exceptions_badbit_throw.cc execution test
FAIL: 27_io/basic_istream/seekg/wchar_t/exceptions_badbit_throw.cc execution test
FAIL: 27_io/basic_istream/sentry/char/12297.cc execution test
FAIL: 27_io/basic_istream/sentry/pod/1.cc execution test
FAIL: 27_io/basic_istream/sentry/wchar_t/12297.cc execution test
FAIL: 27_io/basic_istream/tellg/char/exceptions_badbit_throw.cc execution test
FAIL: 27_io/basic_istream/tellg/wchar_t/exceptions_badbit_throw.cc execution test
FAIL: 27_io/basic_ostream/exceptions/char/9561.cc execution test
FAIL: 27_io/basic_ostream/exceptions/wchar_t/9561.cc execution test
FAIL: 27_io/basic_ostream/flush/char/exceptions_badbit_throw.cc execution test
FAIL: 27_io/basic_ostream/flush/wchar_t/exceptions_badbit_throw.cc execution test
FAIL: 27_io/basic_ostream/inserters_arithmetic/char/9555-oa.cc execution test
FAIL: 27_io/basic_ostream/inserters_arithmetic/char/exceptions_badbit_throw.cc execution test
FAIL: 27_io/basic_ostream/inserters_arithmetic/char/exceptions_failbit_throw.cc execution test
FAIL: 27_io/basic_ostream/inserters_arithmetic/pod/23875.cc execution test
FAIL: 27_io/basic_ostream/inserters_arithmetic/wchar_t/9555-oa.cc execution test
FAIL: 27_io/basic_ostream/inserters_arithmetic/wchar_t/exceptions_badbit_throw.cc execution test
FAIL: 27_io/basic_ostream/inserters_arithmetic/wchar_t/exceptions_failbit_throw.cc execution test
FAIL: 27_io/basic_ostream/inserters_character/char/9555-oc.cc execution test
FAIL: 27_io/basic_ostream/inserters_character/wchar_t/9555-oc.cc execution test
FAIL: 27_io/basic_ostream/inserters_other/char/5.cc execution test
FAIL: 27_io/basic_ostream/inserters_other/char/error_failbit.cc execution test
FAIL: 27_io/basic_ostream/inserters_other/char/exceptions_badbit_throw.cc execution test
FAIL: 27_io/basic_ostream/inserters_other/char/exceptions_failbit_throw.cc execution test
FAIL: 27_io/basic_ostream/inserters_other/char/exceptions_null.cc execution test
FAIL: 27_io/basic_ostream/inserters_other/wchar_t/5.cc execution test
FAIL: 27_io/basic_ostream/inserters_other/wchar_t/error_failbit.cc execution test
FAIL: 27_io/basic_ostream/inserters_other/wchar_t/exceptions_badbit_throw.cc execution test
FAIL: 27_io/basic_ostream/inserters_other/wchar_t/exceptions_failbit_throw.cc execution test
FAIL: 27_io/basic_ostream/inserters_other/wchar_t/exceptions_null.cc execution test
FAIL: 27_io/basic_ostream/put/char/1.cc execution test
FAIL: 27_io/basic_ostream/put/wchar_t/1.cc execution test
FAIL: 27_io/basic_ostream/seekp/char/exceptions_badbit_throw.cc execution test
FAIL: 27_io/basic_ostream/seekp/wchar_t/exceptions_badbit_throw.cc execution test
FAIL: 27_io/basic_ostream/tellp/char/exceptions_badbit_throw.cc execution test
FAIL: 27_io/basic_ostream/tellp/wchar_t/exceptions_badbit_throw.cc execution test
FAIL: 27_io/basic_ostream/write/char/1.cc execution test
FAIL: 27_io/basic_ostream/write/wchar_t/1.cc execution test
FAIL: 27_io/ios_base/failure/cons_virtual_derivation.cc execution test
FAIL: 27_io/objects/char/6.cc execution test
FAIL: 27_io/objects/wchar_t/6.cc execution test
FAIL: 28_regex/algorithms/regex_match/basic/empty_range.cc execution test
FAIL: 28_regex/algorithms/regex_match/ecma/char/61601.cc execution test
FAIL: 28_regex/algorithms/regex_match/ecma/char/backref.cc execution test
FAIL: 28_regex/algorithms/regex_match/ecma/char/hex.cc execution test
FAIL: 28_regex/basic_regex/ctors/basic/string_range_01_02_03.cc execution test
FAIL: 28_regex/basic_regex/ctors/extended/string_range_01_02_03.cc execution test
FAIL: 30_threads/condition_variable_any/50862.cc execution test
FAIL: 30_threads/future/cons/move_assign.cc execution test
FAIL: 30_threads/future/members/get2.cc execution test
FAIL: 30_threads/lock/4.cc execution test
FAIL: 30_threads/packaged_task/members/invoke4.cc execution test
FAIL: 30_threads/packaged_task/members/reset.cc execution test
FAIL: 30_threads/promise/members/set_exception2.cc execution test
FAIL: 30_threads/shared_future/cons/assign.cc execution test
FAIL: 30_threads/shared_future/cons/move_assign.cc execution test
FAIL: 30_threads/shared_future/members/get2.cc execution test
FAIL: 30_threads/try_lock/4.cc execution test
FAIL: experimental/any/misc/any_cast.cc execution test
FAIL: experimental/optional/assignment/1.cc execution test
FAIL: experimental/optional/assignment/2.cc execution test
FAIL: experimental/optional/assignment/3.cc execution test
FAIL: experimental/optional/assignment/4.cc execution test
FAIL: ext/array_allocator/check_allocate_max_size.cc execution test
FAIL: ext/bitmap_allocator/check_allocate_max_size.cc execution test
FAIL: ext/concurrence_lock_error/cons_virtual_derivation.cc execution test
FAIL: ext/concurrence_unlock_error/cons_virtual_derivation.cc execution test
FAIL: ext/enc_filebuf/char/13189.cc execution test
FAIL: ext/enc_filebuf/wchar_t/13189.cc execution test
FAIL: ext/forced_error/cons_virtual_derivation.cc execution test
FAIL: ext/malloc_allocator/check_allocate_max_size.cc execution test
FAIL: ext/mt_allocator/check_allocate_max_size.cc execution test
FAIL: ext/new_allocator/check_allocate_max_size.cc execution test
FAIL: ext/pb_ds/example/hash_illegal_resize.cc execution test
FAIL: ext/pb_ds/example/tree_join.cc execution test
FAIL: ext/pb_ds/regression/hash_map_rand.cc execution test
FAIL: ext/pb_ds/regression/hash_set_rand.cc execution test
FAIL: ext/pb_ds/regression/list_update_map_rand.cc execution test
FAIL: ext/pb_ds/regression/list_update_set_rand.cc execution test
FAIL: ext/pb_ds/regression/priority_queue_rand.cc execution test
FAIL: ext/pb_ds/regression/tree_map_rand.cc execution test
FAIL: ext/pb_ds/regression/tree_set_rand.cc execution test
FAIL: ext/pb_ds/regression/trie_map_rand.cc execution test
FAIL: ext/pb_ds/regression/trie_set_rand.cc execution test
FAIL: ext/pool_allocator/check_allocate_max_size.cc execution test
FAIL: ext/throw_allocator/check_allocate_max_size.cc execution test
FAIL: ext/throw_allocator/check_deallocate_null.cc execution test
FAIL: ext/vstring/requirements/exception/propagation_consistent.cc execution test
FAIL: tr1/2_general_utilities/enable_shared_from_this/not_shared.cc execution test
FAIL: tr1/2_general_utilities/enable_shared_from_this/not_shared2.cc execution test
FAIL: tr1/2_general_utilities/enable_shared_from_this/not_shared3.cc execution test
FAIL: tr1/2_general_utilities/shared_ptr/cons/weak_ptr_expired.cc execution test
FAIL: tr1/2_general_utilities/shared_ptr/thread/default_weaktoshared.cc execution test
FAIL: tr1/2_general_utilities/shared_ptr/thread/mutex_weaktoshared.cc execution test
=== libstdc++ Summary for unix/-m64 ===
# of expected passes 8903
# of unexpected failures 211
# of expected failures 69
# of unsupported tests 593
=== libstdc++ Summary ===
# of expected passes 17805
# of unexpected failures 423
# of expected failures 138
# of unsupported tests 1186
Compiler version: 5.0.0 20140822 (experimental) [trunk revision 214311] (GCC)
Platform: i386-pc-solaris2.11
configure flags: --prefix=/vol/gcc --target=i386-pc-solaris2.11 --enable-objc-gc --enable-libmudflap --with-ld=/vol/gcc/bin/gld-2.24 --with-gnu-ld --with-gmp-include=/vol/gcc/include --with-gmp-lib=/vol/gcc/lib --with-mpfr-include=/vol/gcc/include --with-mpfr-lib=/vol/gcc/lib --with-mpc-include=/vol/gcc/include --with-mpc-lib=/vol/gcc/lib --enable-languages=all,ada,obj-c++,go --with-isl-include=/vol/gcc/include --with-isl-lib=/vol/gcc/lib --with-cloog-include=/vol/gcc/include --with-cloog-lib=/vol/gcc/lib --enable-cloog-backend=isl
BOOT_CFLAGS=-g -O2