This is the mail archive of the gcc-testresults@gcc.gnu.org mailing list for the GCC project.


Index Nav: [Date Index] [Subject Index] [Author Index] [Thread Index]
Message Nav: [Date Prev] [Date Next] [Thread Prev] [Thread Next]
Other format: [Raw text]

Results for 5.0.0 20140823 (experimental) [trunk revision 214394] (GCC) testsuite on powerpc64le-unknown-linux-gnu


Linux 3.13.0-27-generic ppc64le
GNU C Library (Ubuntu EGLIBC 2.19-0ubuntu6) stable release version 2.19
GNU ld (GNU Binutils for Ubuntu) 2.24
GNU assembler (GNU Binutils for Ubuntu) 2.24
GNU Make 3.81

DejaGnu:
	Expect version is	5.45
	Tcl version is		8.6
	Framework version is	1.5

64-bit

LAST_UPDATED: Sat Aug 23 04:28:15 UTC 2014 (revision 214394)

Native configuration is powerpc64le-unknown-linux-gnu

		=== gcc tests ===


Running target unix
FAIL: gcc.dg/atomic/c11-atomic-exec-5.c   -O0  execution test
FAIL: gcc.dg/atomic/c11-atomic-exec-5.c   -O1  execution test
FAIL: gcc.dg/atomic/c11-atomic-exec-5.c   -O2  execution test
FAIL: gcc.dg/atomic/c11-atomic-exec-5.c   -O3 -fomit-frame-pointer  execution test
FAIL: gcc.dg/atomic/c11-atomic-exec-5.c   -O3 -fomit-frame-pointer -funroll-loops  execution test
FAIL: gcc.dg/atomic/c11-atomic-exec-5.c   -O3 -fomit-frame-pointer -funroll-all-loops -finline-functions  execution test
FAIL: gcc.dg/atomic/c11-atomic-exec-5.c   -O3 -g  execution test
FAIL: gcc.dg/atomic/c11-atomic-exec-5.c   -Os  execution test
FAIL: gcc.dg/atomic/c11-atomic-exec-5.c   -O2 -flto -fno-use-linker-plugin -flto-partition=none  execution test
FAIL: gcc.dg/atomic/c11-atomic-exec-5.c   -O2 -flto -fuse-linker-plugin -fno-fat-lto-objects  execution test
FAIL: gcc.dg/and-1.c scan-assembler-not nand
FAIL: gcc.dg/ftrapv-1.c execution test
FAIL: gcc.dg/ftrapv-2.c execution test
FAIL: gcc.dg/noncompile/920507-1.c   -O1  (internal compiler error)
FAIL: gcc.dg/noncompile/920507-1.c   -O1  (test for excess errors)
FAIL: gcc.dg/noncompile/920507-1.c   -O2  (internal compiler error)
FAIL: gcc.dg/noncompile/920507-1.c   -O2  (test for excess errors)
FAIL: gcc.dg/noncompile/920507-1.c   -O3 -fomit-frame-pointer  (internal compiler error)
FAIL: gcc.dg/noncompile/920507-1.c   -O3 -fomit-frame-pointer  (test for excess errors)
FAIL: gcc.dg/noncompile/920507-1.c   -O3 -g  (internal compiler error)
FAIL: gcc.dg/noncompile/920507-1.c   -O3 -g  (test for excess errors)
FAIL: gcc.dg/noncompile/920507-1.c   -Os  (internal compiler error)
FAIL: gcc.dg/noncompile/920507-1.c   -Os  (test for excess errors)
FAIL: gcc.dg/noncompile/920507-1.c   -O2 -flto -fno-use-linker-plugin -flto-partition=none  (internal compiler error)
FAIL: gcc.dg/noncompile/920507-1.c   -O2 -flto -fno-use-linker-plugin -flto-partition=none  (test for excess errors)
FAIL: gcc.dg/noncompile/920507-1.c   -O2 -flto -fuse-linker-plugin -fno-fat-lto-objects  (internal compiler error)
FAIL: gcc.dg/noncompile/920507-1.c   -O2 -flto -fuse-linker-plugin -fno-fat-lto-objects  (test for excess errors)
FAIL: gcc.dg/simulate-thread/atomic-other-short.c   -O0 -g  thread simulation test
FAIL: gcc.dg/simulate-thread/atomic-other-short.c   -O2 -g  thread simulation test
FAIL: gcc.dg/simulate-thread/atomic-other-short.c   -O3 -g  thread simulation test
FAIL: gcc.dg/tree-ssa/ivopts-lt-2.c scan-tree-dump-times ivopts "PHI" 1
FAIL: gcc.dg/tree-ssa/ivopts-lt-2.c scan-tree-dump-times ivopts "PHI <p_" 1
FAIL: gcc.dg/tree-ssa/ivopts-lt-2.c scan-tree-dump-times ivopts "p_[0-9]* <" 1
FAIL: gcc.dg/vect/costmodel/ppc/costmodel-bb-slp-9a.c scan-tree-dump-times slp2 "basic block vectorized using SLP" 1
FAIL: gcc.dg/vect/no-vfa-vect-depend-2.c scan-tree-dump-times vect "vectorized 1 loops" 1
FAIL: gcc.dg/vect/no-vfa-vect-depend-3.c scan-tree-dump-times vect "vectorized 1 loops" 4

		=== gcc Summary ===

# of expected passes		96118
# of unexpected failures	36
# of expected failures		227
# of unsupported tests		1510
/home/gccbuild/build/nightly/build-gcc-trunk/gcc/xgcc  version 5.0.0 20140823 (experimental) [trunk revision 214394] (GCC) 

		=== gfortran tests ===


Running target unix
FAIL: gfortran.dg/bessel_7.f90   -O0  execution test
FAIL: gfortran.dg/bessel_7.f90   -O1  execution test
FAIL: gfortran.dg/bessel_7.f90   -O2  execution test
FAIL: gfortran.dg/bessel_7.f90   -O3 -fomit-frame-pointer  execution test
FAIL: gfortran.dg/bessel_7.f90   -O3 -fomit-frame-pointer -funroll-loops  execution test
FAIL: gfortran.dg/bessel_7.f90   -O3 -fomit-frame-pointer -funroll-all-loops -finline-functions  execution test
FAIL: gfortran.dg/bessel_7.f90   -O3 -g  execution test
FAIL: gfortran.dg/bessel_7.f90   -Os  execution test

		=== gfortran Summary ===

# of expected passes		46400
# of unexpected failures	8
# of expected failures		54
# of unsupported tests		92
/home/gccbuild/build/nightly/build-gcc-trunk/gcc/testsuite/gfortran/../../gfortran  version 5.0.0 20140823 (experimental) [trunk revision 214394] (GCC) 

		=== g++ tests ===


Running target unix
FAIL: g++.dg/cpp0x/static_assert9.C  -std=c++11 (test for excess errors)
FAIL: g++.dg/cpp0x/static_assert9.C  -std=c++1y (test for excess errors)
FAIL: g++.dg/cpp1y/vla-initlist1.C  -std=c++1y execution test
XPASS: g++.dg/tls/thread_local-order2.C  -std=c++11 execution test
XPASS: g++.dg/tls/thread_local-order2.C  -std=c++1y execution test

		=== g++ Summary ===

# of expected passes		81631
# of unexpected failures	3
# of unexpected successes	2
# of expected failures		273
# of unsupported tests		3092
/home/gccbuild/build/nightly/build-gcc-trunk/gcc/testsuite/g++/../../xg++  version 5.0.0 20140823 (experimental) [trunk revision 214394] (GCC) 

		=== go tests ===


Running target unix
FAIL: go.test/test/fixedbugs/bug168.go execution,  -O2 -g 
FAIL: go.test/test/ken/cplx2.go execution,  -O2 -g 
FAIL: go.test/test/recover.go execution,  -O2 -g 

		=== go Summary ===

# of expected passes		7241
# of unexpected failures	3
# of expected failures		1
# of untested testcases		10
# of unsupported tests		3
/home/gccbuild/build/nightly/build-gcc-trunk/gcc/testsuite/go/../../gccgo  version 5.0.0 20140823 (experimental) [trunk revision 214394] (GCC) 

		=== obj-c++ tests ===


Running target unix

		=== obj-c++ Summary ===

# of expected passes		1439
# of expected failures		10
# of unsupported tests		86
/home/gccbuild/build/nightly/build-gcc-trunk/gcc/testsuite/obj-c++/../../xg++  version 5.0.0 20140823 (experimental) [trunk revision 214394] (GCC) 

		=== objc tests ===


Running target unix

		=== objc Summary ===

# of expected passes		3010
# of unsupported tests		74
/home/gccbuild/build/nightly/build-gcc-trunk/gcc/xgcc  version 5.0.0 20140823 (experimental) [trunk revision 214394] (GCC) 

		=== boehm-gc tests ===


Running target unix

		=== boehm-gc Summary ===

# of expected passes		12
# of unsupported tests		1
		=== libatomic tests ===


Running target unix

		=== libatomic Summary ===

# of expected passes		54
		=== libffi tests ===


Running target unix

		=== libffi Summary ===

# of expected passes		1819
# of unsupported tests		55
		=== libgo tests ===


Running target unix
FAIL: bufio
FAIL: bytes
FAIL: errors
FAIL: expvar
FAIL: flag
FAIL: fmt
FAIL: html
FAIL: image
FAIL: io
FAIL: log
FAIL: math
FAIL: mime
FAIL: net
FAIL: os
FAIL: path
FAIL: reflect
FAIL: regexp
FAIL: runtime
FAIL: sort
FAIL: strconv
FAIL: strings
FAIL: sync
FAIL: syscall
FAIL: time
FAIL: unicode
FAIL: archive/tar
FAIL: archive/zip
FAIL: compress/bzip2
FAIL: compress/flate
FAIL: compress/gzip
FAIL: compress/lzw
FAIL: compress/zlib
FAIL: container/heap
FAIL: container/list
FAIL: container/ring
FAIL: crypto/aes
FAIL: crypto/cipher
FAIL: crypto/des
FAIL: crypto/dsa
FAIL: crypto/ecdsa
FAIL: crypto/elliptic
FAIL: crypto/hmac
FAIL: crypto/md5
FAIL: crypto/rand
FAIL: crypto/rc4
FAIL: crypto/rsa
FAIL: crypto/sha1
FAIL: crypto/sha256
FAIL: crypto/sha512
FAIL: crypto/subtle
FAIL: crypto/tls
FAIL: crypto/x509
FAIL: database/sql
FAIL: database/sql/driver
FAIL: debug/dwarf
FAIL: debug/elf
FAIL: debug/macho
FAIL: debug/pe
FAIL: debug/plan9obj
FAIL: encoding/ascii85
FAIL: encoding/asn1
FAIL: encoding/base32
FAIL: encoding/base64
FAIL: encoding/binary
FAIL: encoding/csv
FAIL: encoding/gob
FAIL: encoding/hex
FAIL: encoding/json
FAIL: encoding/pem
FAIL: encoding/xml
FAIL: exp/proxy
FAIL: exp/terminal
FAIL: html/template
FAIL: go/ast
FAIL: go/doc
FAIL: go/format
FAIL: go/parser
FAIL: go/printer
FAIL: go/scanner
FAIL: go/token
FAIL: hash/adler32
FAIL: hash/crc32
FAIL: hash/crc64
FAIL: hash/fnv
FAIL: image/color
FAIL: image/draw
FAIL: image/jpeg
FAIL: image/png
FAIL: index/suffixarray
FAIL: io/ioutil
FAIL: log/syslog
FAIL: math/big
FAIL: math/cmplx
FAIL: math/rand
FAIL: mime/multipart
FAIL: net/http
FAIL: net/http/cgi
FAIL: net/http/cookiejar
FAIL: net/http/fcgi
FAIL: net/http/httptest
FAIL: net/http/httputil
FAIL: net/mail
FAIL: net/rpc
FAIL: net/smtp
FAIL: net/textproto
FAIL: net/url
FAIL: net/rpc/jsonrpc
FAIL: old/regexp
FAIL: old/template
FAIL: os/exec
FAIL: os/signal
FAIL: os/user
FAIL: path/filepath
FAIL: regexp/syntax
FAIL: runtime/pprof
FAIL: sync/atomic
FAIL: text/scanner
FAIL: text/tabwriter
FAIL: text/template
FAIL: text/template/parse
FAIL: testing/quick
FAIL: unicode/utf16
FAIL: unicode/utf8

		=== libgo Summary ===

# of unexpected failures	123
/home/gccbuild/build/nightly/build-gcc-trunk/./gcc/gccgo version 5.0.0 20140823 (experimental) [trunk revision 214394] (GCC)

		=== libgomp tests ===


Running target unix

		=== libgomp Summary ===

# of expected passes		3194
# of unsupported tests		36
		=== libitm tests ===


Running target unix

		=== libitm Summary ===

# of expected passes		26
# of expected failures		3
# of unsupported tests		1
		=== libjava tests ===


Running target unix

		=== libjava Summary ===

# of expected passes		2582
# of expected failures		4
		=== libstdc++ tests ===


Running target unix

		=== libstdc++ Summary ===

# of expected passes		9846
# of expected failures		69
# of unsupported tests		397

Compiler version: 5.0.0 20140823 (experimental) [trunk revision 214394] (GCC) 
Platform: powerpc64le-unknown-linux-gnu
configure flags: --prefix=/opt/gcc-nightly/trunk --with-as=/usr/bin/as --with-ld=/usr/bin/ld --enable-languages=c,c++,fortran,objc,obj-c++,java,go --with-cpu=power8 --enable-lto --disable-multilib --disable-libsanitizer --enable-decimal-float --with-long-double-128

		=== Test Framework Summary ===

# of expected passes		2531


Index Nav: [Date Index] [Subject Index] [Author Index] [Thread Index]
Message Nav: [Date Prev] [Date Next] [Thread Prev] [Thread Next]