This is the mail archive of the gcc-testresults@gcc.gnu.org mailing list for the GCC project.


Index Nav: [Date Index] [Subject Index] [Author Index] [Thread Index]
Message Nav: [Date Prev] [Date Next] [Thread Prev] [Thread Next]
Other format: [Raw text]

Results for 4.8.4 20140822 (prerelease) [4.8 branch revision 214311] (GCC) testsuite on x86_64-apple-darwin13.3.0


LAST_UPDATED: Updated Fri Aug 22 12:40:49 CEST 2014 to revision 214311.

		=== acats tests ===

		=== acats Summary ===
# of expected passes		2320
# of unexpected failures	0
Native configuration is x86_64-apple-darwin13.3.0

		=== g++ tests ===


Running target unix/-m32
UNRESOLVED: g++.dg/ext/label13.C -std=gnu++98 compilation failed to produce executable
UNRESOLVED: g++.dg/ext/label13.C -std=gnu++11 compilation failed to produce executable
FAIL: g++.dg/tree-prof/pr59255.C compilation,  -fprofile-generate
UNRESOLVED: g++.dg/tree-prof/pr59255.C execution,    -fprofile-generate
UNRESOLVED: g++.dg/tree-prof/pr59255.C compilation,  -fprofile-use
UNRESOLVED: g++.dg/tree-prof/pr59255.C execution,    -fprofile-use

		=== g++ Summary for unix/-m32 ===

# of expected passes		51627
# of unexpected failures	1
# of expected failures		292
# of unresolved testcases	5
# of unsupported tests		831

Running target unix/-m64
UNRESOLVED: g++.dg/ext/label13.C -std=gnu++98 compilation failed to produce executable
UNRESOLVED: g++.dg/ext/label13.C -std=gnu++11 compilation failed to produce executable
FAIL: g++.dg/tree-prof/pr59255.C compilation,  -fprofile-generate
UNRESOLVED: g++.dg/tree-prof/pr59255.C execution,    -fprofile-generate
UNRESOLVED: g++.dg/tree-prof/pr59255.C compilation,  -fprofile-use
UNRESOLVED: g++.dg/tree-prof/pr59255.C execution,    -fprofile-use

		=== g++ Summary for unix/-m64 ===

# of expected passes		52417
# of unexpected failures	1
# of expected failures		292
# of unresolved testcases	5
# of unsupported tests		1057

		=== g++ Summary ===

# of expected passes		104044
# of unexpected failures	2
# of expected failures		584
# of unresolved testcases	10
# of unsupported tests		1888
/opt/gcc/4.8_build/gcc/testsuite/g++/../../xg++  version 4.8.4 20140822 (prerelease) [4.8 branch revision 214311] (GCC) 

		=== gcc tests ===


Running target unix/-m32
FAIL: c-c++-common/asan/strncpy-overflow-1.c  -O0  execution test
FAIL: gcc.dg/tree-prof/pr52027.c compilation,  -fprofile-use -D_PROFILE_USE
UNRESOLVED: gcc.dg/tree-prof/pr52027.c execution,    -fprofile-use -D_PROFILE_USE

		=== gcc Summary for unix/-m32 ===

# of expected passes		91532
# of unexpected failures	2
# of expected failures		261
# of unresolved testcases	1
# of unsupported tests		2163

Running target unix/-m64
FAIL: c-c++-common/asan/strncpy-overflow-1.c  -O0  execution test
FAIL: gcc.dg/tree-prof/pr34999.c compilation,  -fprofile-use -D_PROFILE_USE
UNRESOLVED: gcc.dg/tree-prof/pr34999.c execution,    -fprofile-use -D_PROFILE_USE
FAIL: gcc.dg/tree-prof/pr45354.c compilation,  -fprofile-use -D_PROFILE_USE
UNRESOLVED: gcc.dg/tree-prof/pr45354.c execution,    -fprofile-use -D_PROFILE_USE
FAIL: gcc.dg/tree-prof/pr50907.c compilation,  -fprofile-use -D_PROFILE_USE
UNRESOLVED: gcc.dg/tree-prof/pr50907.c execution,    -fprofile-use -D_PROFILE_USE
FAIL: gcc.dg/tree-prof/pr52027.c compilation,  -fprofile-use -D_PROFILE_USE
UNRESOLVED: gcc.dg/tree-prof/pr52027.c execution,    -fprofile-use -D_PROFILE_USE
FAIL: gcc.target/i386/pr49866.c (test for excess errors)

		=== gcc Summary for unix/-m64 ===

# of expected passes		91874
# of unexpected failures	6
# of expected failures		264
# of unresolved testcases	4
# of unsupported tests		2452

		=== gcc Summary ===

# of expected passes		183406
# of unexpected failures	8
# of expected failures		525
# of unresolved testcases	5
# of unsupported tests		4615
/opt/gcc/4.8_build/gcc/xgcc  version 4.8.4 20140822 (prerelease) [4.8 branch revision 214311] (GCC) 

		=== gfortran tests ===


Running target unix/-m32

		=== gfortran Summary for unix/-m32 ===

# of expected passes		43659
# of expected failures		56
# of unsupported tests		210

Running target unix/-m64

		=== gfortran Summary for unix/-m64 ===

# of expected passes		43946
# of expected failures		56
# of unsupported tests		72

		=== gfortran Summary ===

# of expected passes		87605
# of expected failures		112
# of unsupported tests		282
/opt/gcc/4.8_build/gcc/testsuite/gfortran/../../gfortran  version 4.8.4 20140822 (prerelease) [4.8 branch revision 214311] (GCC) 

		=== gnat tests ===


Running target unix/-m32

		=== gnat Summary for unix/-m32 ===

# of expected passes		1176
# of expected failures		17
# of unsupported tests		4

Running target unix/-m64

		=== gnat Summary for unix/-m64 ===

# of expected passes		1176
# of expected failures		17
# of unsupported tests		4

		=== gnat Summary ===

# of expected passes		2352
# of expected failures		34
# of unsupported tests		8
/opt/gcc/4.8_build/gcc/gnatmake version 4.8.4 20140822 (prerelease) [4.8 branch revision 214311]

		=== obj-c++ tests ===


Running target unix/-m32
FAIL: obj-c++.dg/cxx-ivars-3.mm -fnext-runtime execution test
FAIL: obj-c++.dg/gnu-api-2-objc.mm -fnext-runtime execution test

		=== obj-c++ Summary for unix/-m32 ===

# of expected passes		3157
# of unexpected failures	2
# of expected failures		2
# of unsupported tests		68

Running target unix/-m64
FAIL: obj-c++.dg/gnu-api-2-objc.mm -fnext-runtime execution test
FAIL: obj-c++.dg/try-catch-2.mm -fnext-runtime execution test
FAIL: obj-c++.dg/try-catch-9.mm -fnext-runtime execution test

		=== obj-c++ Summary for unix/-m64 ===

# of expected passes		3097
# of unexpected failures	3
# of expected failures		19
# of unsupported tests		74

		=== obj-c++ Summary ===

# of expected passes		6254
# of unexpected failures	5
# of expected failures		21
# of unsupported tests		142
/opt/gcc/4.8_build/gcc/testsuite/obj-c++/../../xg++  version 4.8.4 20140822 (prerelease) [4.8 branch revision 214311] (GCC) 

		=== objc tests ===


Running target unix/-m32
FAIL: objc.dg/call-super-2.m -fnext-runtime  (test for warnings, line 74)
FAIL: objc.dg/call-super-2.m -fnext-runtime  (test for warnings, line 104)
FAIL: objc.dg/gnu-api-2-objc.m -fnext-runtime execution test

		=== objc Summary for unix/-m32 ===

# of expected passes		6097
# of unexpected failures	3
# of expected failures		6
# of unsupported tests		85

Running target unix/-m64
FAIL: objc.dg/call-super-2.m -fnext-runtime  (test for warnings, line 74)
FAIL: objc.dg/call-super-2.m -fnext-runtime  (test for warnings, line 104)
FAIL: objc.dg/exceptions-2.m -fnext-runtime execution test
FAIL: objc.dg/gnu-api-2-objc.m -fnext-runtime execution test

		=== objc Summary for unix/-m64 ===

# of expected passes		5940
# of unexpected failures	4
# of expected failures		6
# of unsupported tests		91

		=== objc Summary ===

# of expected passes		12037
# of unexpected failures	7
# of expected failures		12
# of unsupported tests		176
/opt/gcc/4.8_build/gcc/xgcc  version 4.8.4 20140822 (prerelease) [4.8 branch revision 214311] (GCC) 

		=== boehm-gc tests ===


Running target unix/-m32

		=== boehm-gc Summary for unix/-m32 ===

# of expected passes		12
# of unsupported tests		1

Running target unix/-m64

		=== boehm-gc Summary for unix/-m64 ===

# of expected passes		12
# of unsupported tests		1

		=== boehm-gc Summary ===

# of expected passes		24
# of unsupported tests		2
		=== libatomic tests ===


Running target unix/-m32

		=== libatomic Summary for unix/-m32 ===

# of expected passes		44
# of unsupported tests		5

Running target unix/-m64

		=== libatomic Summary for unix/-m64 ===

# of expected passes		54

		=== libatomic Summary ===

# of expected passes		98
# of unsupported tests		5
		=== libffi tests ===


Running target unix/-m32

		=== libffi Summary for unix/-m32 ===

# of expected passes		1819
# of unsupported tests		55

Running target unix/-m64

		=== libffi Summary for unix/-m64 ===

# of expected passes		1819
# of unsupported tests		55

		=== libffi Summary ===

# of expected passes		3638
# of unsupported tests		110
		=== libgomp tests ===


Running target unix/-m32

		=== libgomp Summary for unix/-m32 ===

# of expected passes		3050
# of unsupported tests		3

Running target unix/-m64

		=== libgomp Summary for unix/-m64 ===

# of expected passes		3050
# of unsupported tests		3

		=== libgomp Summary ===

# of expected passes		6100
# of unsupported tests		6
		=== libitm tests ===


Running target unix/-m32

		=== libitm Summary for unix/-m32 ===

# of expected passes		26
# of expected failures		3
# of unsupported tests		1

Running target unix/-m64

		=== libitm Summary for unix/-m64 ===

# of expected passes		26
# of expected failures		3
# of unsupported tests		1

		=== libitm Summary ===

# of expected passes		52
# of expected failures		6
# of unsupported tests		2
		=== libjava tests ===


Running target unix/-m32

		=== libjava Summary for unix/-m32 ===

# of expected passes		2582
# of expected failures		4

Running target unix/-m64
FAIL: Throw_2 execution - source compiled test
FAIL: Throw_2 -findirect-dispatch execution - source compiled test
FAIL: Throw_2 -O3 execution - source compiled test
FAIL: Throw_2 -O3 -findirect-dispatch execution - source compiled test

		=== libjava Summary for unix/-m64 ===

# of expected passes		2574
# of unexpected failures	4
# of expected failures		4
# of untested testcases		4

		=== libjava Summary ===

# of expected passes		5156
# of unexpected failures	4
# of expected failures		8
# of untested testcases		4
		=== libstdc++ tests ===


Running target unix/-m32

		=== libstdc++ Summary for unix/-m32 ===

# of expected passes		8222
# of expected failures		45
# of unsupported tests		640

Running target unix/-m64

		=== libstdc++ Summary for unix/-m64 ===

# of expected passes		8220
# of expected failures		45
# of unsupported tests		641

		=== libstdc++ Summary ===

# of expected passes		16442
# of expected failures		90
# of unsupported tests		1281

Compiler version: 4.8.4 20140822 (prerelease) [4.8 branch revision 214311] (GCC) 
Platform: x86_64-apple-darwin13.3.0
configure flags: --prefix=/opt/gcc/gcc4.8w --enable-languages=c,c++,fortran,objc,obj-c++,ada,java,lto --with-gmp=/opt/mp --with-system-zlib --with-isl=/opt/mp --enable-lto --enable-plugin


Index Nav: [Date Index] [Subject Index] [Author Index] [Thread Index]
Message Nav: [Date Prev] [Date Next] [Thread Prev] [Thread Next]