This is the mail archive of the gcc-testresults@gcc.gnu.org mailing list for the GCC project.


Index Nav: [Date Index] [Subject Index] [Author Index] [Thread Index]
Message Nav: [Date Prev] [Date Next] [Thread Prev] [Thread Next]
Other format: [Raw text]

Results for 5.0.0 20140822 (experimental) [trunk revision 214311] (GCC) testsuite on i386-pc-solaris2.11


LAST_UPDATED: Fri Aug 22 11:33:25 UTC 2014 (revision 214311)

		=== acats tests ===

		=== acats Summary ===
# of expected passes		2320
# of unexpected failures	0
Native configuration is i386-pc-solaris2.11

		=== g++ tests ===


Running target unix
FAIL: g++.dg/cilk-plus/CK/catch_exc.cc  -O1 -fcilkplus execution test
FAIL: g++.dg/cilk-plus/CK/catch_exc.cc  -O3 -fcilkplus execution test
FAIL: g++.dg/cilk-plus/CK/catch_exc.cc  -g -fcilkplus execution test
FAIL: g++.dg/cilk-plus/CK/catch_exc.cc  -g -O2 -fcilkplus execution test
FAIL: g++.dg/cpp0x/static_assert9.C  -std=c++11 (test for excess errors)
FAIL: g++.dg/cpp0x/static_assert9.C  -std=c++1y (test for excess errors)
FAIL: g++.dg/torture/pr46367.C   -O1  (internal compiler error)
FAIL: g++.dg/torture/pr46367.C   -O1  (test for excess errors)
FAIL: g++.dg/torture/pr46367.C   -Os  (internal compiler error)
FAIL: g++.dg/torture/pr46367.C   -Os  (test for excess errors)

		=== g++ Summary for unix ===

# of expected passes		81286
# of unexpected failures	10
# of expected failures		443
# of unsupported tests		2899

Running target unix/-m64
FAIL: g++.dg/cpp0x/static_assert9.C  -std=c++11 (test for excess errors)
FAIL: g++.dg/cpp0x/static_assert9.C  -std=c++1y (test for excess errors)
FAIL: g++.dg/torture/pr46367.C   -O1  (internal compiler error)
FAIL: g++.dg/torture/pr46367.C   -O1  (test for excess errors)
FAIL: g++.dg/torture/pr46367.C   -Os  (internal compiler error)
FAIL: g++.dg/torture/pr46367.C   -Os  (test for excess errors)

		=== g++ Summary for unix/-m64 ===

# of expected passes		82595
# of unexpected failures	6
# of expected failures		443
# of unsupported tests		3178

		=== g++ Summary ===

# of expected passes		163881
# of unexpected failures	16
# of expected failures		886
# of unsupported tests		6077
/var/gcc/regression/trunk/11-gcc-gas/build/gcc/testsuite/g++/../../xg++  version 5.0.0 20140822 (experimental) [trunk revision 214311] (GCC) 

		=== gcc tests ===


Running target unix
FAIL: gcc.dg/unroll_1.c  (test for warnings, line 14)
FAIL: gcc.dg/unroll_1.c  (test for warnings, line 24)
FAIL: gcc.dg/graphite/vect-pr43423.c scan-tree-dump-times vect "vectorized 2 loops" 1
FAIL: gcc.target/i386/pr49095.c scan-assembler-not test[lq]

		=== gcc Summary for unix ===

# of expected passes		103446
# of unexpected failures	4
# of expected failures		250
# of unsupported tests		1273

Running target unix/-m64
FAIL: gcc.dg/unroll_1.c  (test for warnings, line 14)
FAIL: gcc.dg/unroll_1.c  (test for warnings, line 24)
FAIL: gcc.dg/graphite/vect-pr43423.c scan-tree-dump-times vect "vectorized 2 loops" 1

		=== gcc Summary for unix/-m64 ===

# of expected passes		104089
# of unexpected failures	3
# of expected failures		252
# of unsupported tests		1516

		=== gcc Summary ===

# of expected passes		207535
# of unexpected failures	7
# of expected failures		502
# of unsupported tests		2789
/var/gcc/regression/trunk/11-gcc-gas/build/gcc/xgcc  version 5.0.0 20140822 (experimental) [trunk revision 214311] (GCC) 

		=== gfortran tests ===


Running target unix
WARNING: program timed out.
FAIL: gfortran.dg/graphite/pr42393.f90   -O  (test for excess errors)

		=== gfortran Summary for unix ===

# of expected passes		46260
# of unexpected failures	1
# of expected failures		52
# of unsupported tests		224

Running target unix/-m64
WARNING: program timed out.
FAIL: gfortran.dg/graphite/pr42393.f90   -O  (test for excess errors)

		=== gfortran Summary for unix/-m64 ===

# of expected passes		46563
# of unexpected failures	1
# of expected failures		52
# of unsupported tests		78

		=== gfortran Summary ===

# of expected passes		92823
# of unexpected failures	2
# of expected failures		104
# of unsupported tests		302
/var/gcc/regression/trunk/11-gcc-gas/build/gcc/testsuite/gfortran/../../gfortran  version 5.0.0 20140822 (experimental) [trunk revision 214311] (GCC) 

		=== gnat tests ===


Running target unix
FAIL: gnat.dg/weak2.adb (test for excess errors)

		=== gnat Summary for unix ===

# of expected passes		1247
# of unexpected failures	1
# of expected failures		18
# of unsupported tests		7

Running target unix/-m64
FAIL: gnat.dg/weak2.adb (test for excess errors)

		=== gnat Summary for unix/-m64 ===

# of expected passes		1247
# of unexpected failures	1
# of expected failures		18
# of unsupported tests		7

		=== gnat Summary ===

# of expected passes		2494
# of unexpected failures	2
# of expected failures		36
# of unsupported tests		14
/var/gcc/regression/trunk/11-gcc-gas/build/gcc/gnatmake version 5.0.0 20140822 (experimental) [trunk revision 214311]

		=== go tests ===


Running target unix
FAIL: go.test/test/64bit.go execution
FAIL: go.test/test/append.go execution,  -O2 -g 
FAIL: go.test/test/args.go execution,  -O2 -g 
FAIL: go.test/test/blank.go execution,  -O2 -g 
FAIL: go.test/test/bom.go execution
FAIL: go.test/test/chan/doubleselect.go execution,  -O2 -g 
FAIL: go.test/test/chan/fifo.go execution,  -O2 -g 
FAIL: go.test/test/chan/goroutines.go execution,  -O2 -g 
FAIL: go.test/test/chan/powser1.go execution,  -O2 -g 
FAIL: go.test/test/chan/powser2.go execution,  -O2 -g 
FAIL: go.test/test/chan/select5.go execution
FAIL: go.test/test/char_lit.go execution,  -O2 -g 
FAIL: go.test/test/closedchan.go execution,  -O2 -g 
FAIL: go.test/test/cmp.go execution,  -O2 -g 
FAIL: go.test/test/cmplxdivide.go
FAIL: go.test/test/const.go execution,  -O2 -g 
FAIL: go.test/test/const3.go execution,  -O2 -g 
FAIL: go.test/test/copy.go execution,  -O2 -g 
FAIL: go.test/test/crlf.go execution
FAIL: go.test/test/defer.go execution,  -O2 -g 
FAIL: go.test/test/divide.go execution,  -O2 -g 
FAIL: go.test/test/env.go execution,  -O2 -g 
FAIL: go.test/test/fixedbugs/bug006.go execution,  -O2 -g 
FAIL: go.test/test/fixedbugs/bug027.go execution,  -O2 -g 
FAIL: go.test/test/fixedbugs/bug059.go execution,  -O2 -g 
FAIL: go.test/test/fixedbugs/bug060.go execution,  -O2 -g 
FAIL: go.test/test/fixedbugs/bug070.go execution,  -O2 -g 
FAIL: go.test/test/fixedbugs/bug120.go execution,  -O2 -g 
FAIL: go.test/test/fixedbugs/bug130.go execution,  -O2 -g 
FAIL: go.test/test/fixedbugs/bug141.go execution,  -O2 -g 
FAIL: go.test/test/fixedbugs/bug154.go execution,  -O2 -g 
FAIL: go.test/test/fixedbugs/bug159.go execution,  -O2 -g 
FAIL: go.test/test/fixedbugs/bug160.dir/y.go execution,  -O2 -g 
FAIL: go.test/test/fixedbugs/bug184.go execution,  -O2 -g 
FAIL: go.test/test/fixedbugs/bug187.go execution,  -O2 -g 
FAIL: go.test/test/fixedbugs/bug206.go execution
FAIL: go.test/test/fixedbugs/bug207.go execution,  -O2 -g 
FAIL: go.test/test/fixedbugs/bug237.go execution,  -O2 -g 
FAIL: go.test/test/fixedbugs/bug257.go execution,  -O2 -g 
FAIL: go.test/test/fixedbugs/bug259.go execution,  -O2 -g 
FAIL: go.test/test/fixedbugs/bug260.go execution,  -O2 -g 
FAIL: go.test/test/fixedbugs/bug265.go execution,  -O2 -g 
FAIL: go.test/test/fixedbugs/bug271.go execution,  -O2 -g 
FAIL: go.test/test/fixedbugs/bug295.go execution,  -O2 -g 
FAIL: go.test/test/fixedbugs/bug321.go execution,  -O2 -g 
FAIL: go.test/test/fixedbugs/bug346.go execution,  -O2 -g 
FAIL: go.test/test/fixedbugs/bug364.go execution,  -O2 -g 
FAIL: go.test/test/fixedbugs/bug369.go
FAIL: go.test/test/fixedbugs/bug402.go execution,  -O2 -g 
FAIL: go.test/test/fixedbugs/bug414.dir/prog.go execution,  -O2 -g 
FAIL: go.test/test/fixedbugs/bug424.dir/main.go execution,  -O2 -g 
FAIL: go.test/test/fixedbugs/bug447.go execution
FAIL: go.test/test/fixedbugs/bug449.go execution
FAIL: go.test/test/fixedbugs/bug470.go execution,  -O2 -g 
FAIL: go.test/test/fixedbugs/issue4562.go execution,  -O2 -g 
FAIL: go.test/test/fixedbugs/issue4618.go execution,  -O2 -g 
FAIL: go.test/test/fixedbugs/issue4620.go execution,  -O2 -g 
FAIL: go.test/test/fixedbugs/issue4667.go execution,  -O2 -g 
FAIL: go.test/test/fixedbugs/issue4909b.go execution
FAIL: go.test/test/fixedbugs/issue5162.go execution
FAIL: go.test/test/fixedbugs/issue5809.go execution,  -O2 -g 
FAIL: go.test/test/fixedbugs/issue5856.go execution,  -O2 -g 
FAIL: go.test/test/fixedbugs/issue5963.go execution,  -O2 -g 
FAIL: go.test/test/gc2.go execution,  -O2 -g 
FAIL: go.test/test/index0.go execution
FAIL: go.test/test/index1.go execution
FAIL: go.test/test/index2.go execution
FAIL: go.test/test/initialize.go execution,  -O2 -g 
FAIL: go.test/test/int_lit.go execution,  -O2 -g 
FAIL: go.test/test/interface/embed.go execution,  -O2 -g 
FAIL: go.test/test/interface/struct.go execution,  -O2 -g 
FAIL: go.test/test/ken/chan.go execution,  -O2 -g 
FAIL: go.test/test/ken/cplx4.go execution,  -O2 -g 
FAIL: go.test/test/ken/rob2.go execution,  -O2 -g 
FAIL: go.test/test/map.go execution,  -O2 -g 
FAIL: go.test/test/mapnan.go execution,  -O2 -g 
FAIL: go.test/test/nil.go execution,  -O2 -g 
FAIL: go.test/test/nul1.go execution
FAIL: go.test/test/recover.go execution,  -O2 -g 
FAIL: go.test/test/rename.go execution,  -O2 -g 
FAIL: go.test/test/reorder.go execution,  -O2 -g 
FAIL: go.test/test/slice3.go execution
FAIL: go.test/test/string_lit.go execution,  -O2 -g 
FAIL: go.test/test/stringrange.go execution,  -O2 -g 
FAIL: go.test/test/switch.go execution,  -O2 -g 
FAIL: go.test/test/typeswitch.go execution,  -O2 -g 
FAIL: go.test/test/typeswitch1.go execution,  -O2 -g 
FAIL: go.test/test/zerodivide.go execution,  -O2 -g 

		=== go Summary for unix ===

# of expected passes		3049
# of unexpected failures	88
# of expected failures		1
# of untested testcases		10
# of unsupported tests		2

Running target unix/-m64
FAIL: go.test/test/64bit.go execution
FAIL: go.test/test/append.go execution,  -O2 -g 
FAIL: go.test/test/args.go execution,  -O2 -g 
FAIL: go.test/test/blank.go execution,  -O2 -g 
FAIL: go.test/test/bom.go execution
FAIL: go.test/test/chan/doubleselect.go execution,  -O2 -g 
FAIL: go.test/test/chan/fifo.go execution,  -O2 -g 
FAIL: go.test/test/chan/goroutines.go execution,  -O2 -g 
FAIL: go.test/test/chan/powser1.go execution,  -O2 -g 
FAIL: go.test/test/chan/powser2.go execution,  -O2 -g 
FAIL: go.test/test/chan/select5.go execution
FAIL: go.test/test/char_lit.go execution,  -O2 -g 
FAIL: go.test/test/closedchan.go execution,  -O2 -g 
FAIL: go.test/test/cmp.go execution,  -O2 -g 
FAIL: go.test/test/cmplxdivide.go
FAIL: go.test/test/const.go execution,  -O2 -g 
FAIL: go.test/test/const3.go execution,  -O2 -g 
FAIL: go.test/test/copy.go execution,  -O2 -g 
FAIL: go.test/test/crlf.go execution
FAIL: go.test/test/defer.go execution,  -O2 -g 
FAIL: go.test/test/divide.go execution,  -O2 -g 
FAIL: go.test/test/env.go execution,  -O2 -g 
FAIL: go.test/test/fixedbugs/bug006.go execution,  -O2 -g 
FAIL: go.test/test/fixedbugs/bug027.go execution,  -O2 -g 
FAIL: go.test/test/fixedbugs/bug059.go execution,  -O2 -g 
FAIL: go.test/test/fixedbugs/bug060.go execution,  -O2 -g 
FAIL: go.test/test/fixedbugs/bug070.go execution,  -O2 -g 
FAIL: go.test/test/fixedbugs/bug120.go execution,  -O2 -g 
FAIL: go.test/test/fixedbugs/bug130.go execution,  -O2 -g 
FAIL: go.test/test/fixedbugs/bug141.go execution,  -O2 -g 
FAIL: go.test/test/fixedbugs/bug154.go execution,  -O2 -g 
FAIL: go.test/test/fixedbugs/bug159.go execution,  -O2 -g 
FAIL: go.test/test/fixedbugs/bug160.dir/y.go execution,  -O2 -g 
FAIL: go.test/test/fixedbugs/bug184.go execution,  -O2 -g 
FAIL: go.test/test/fixedbugs/bug187.go execution,  -O2 -g 
FAIL: go.test/test/fixedbugs/bug206.go execution
FAIL: go.test/test/fixedbugs/bug207.go execution,  -O2 -g 
FAIL: go.test/test/fixedbugs/bug237.go execution,  -O2 -g 
FAIL: go.test/test/fixedbugs/bug257.go execution,  -O2 -g 
FAIL: go.test/test/fixedbugs/bug259.go execution,  -O2 -g 
FAIL: go.test/test/fixedbugs/bug260.go execution,  -O2 -g 
FAIL: go.test/test/fixedbugs/bug265.go execution,  -O2 -g 
FAIL: go.test/test/fixedbugs/bug271.go execution,  -O2 -g 
FAIL: go.test/test/fixedbugs/bug295.go execution,  -O2 -g 
FAIL: go.test/test/fixedbugs/bug321.go execution,  -O2 -g 
FAIL: go.test/test/fixedbugs/bug346.go execution,  -O2 -g 
FAIL: go.test/test/fixedbugs/bug364.go execution,  -O2 -g 
FAIL: go.test/test/fixedbugs/bug369.go
FAIL: go.test/test/fixedbugs/bug402.go execution,  -O2 -g 
FAIL: go.test/test/fixedbugs/bug414.dir/prog.go execution,  -O2 -g 
FAIL: go.test/test/fixedbugs/bug424.dir/main.go execution,  -O2 -g 
FAIL: go.test/test/fixedbugs/bug447.go execution
FAIL: go.test/test/fixedbugs/bug449.go execution
FAIL: go.test/test/fixedbugs/bug470.go execution,  -O2 -g 
FAIL: go.test/test/fixedbugs/issue4348.go   -O  (test for excess errors)
FAIL: go.test/test/fixedbugs/issue4562.go execution,  -O2 -g 
FAIL: go.test/test/fixedbugs/issue4618.go execution,  -O2 -g 
FAIL: go.test/test/fixedbugs/issue4620.go execution,  -O2 -g 
FAIL: go.test/test/fixedbugs/issue4667.go execution,  -O2 -g 
FAIL: go.test/test/fixedbugs/issue4909b.go execution
FAIL: go.test/test/fixedbugs/issue5162.go execution
FAIL: go.test/test/fixedbugs/issue5809.go execution,  -O2 -g 
FAIL: go.test/test/fixedbugs/issue5856.go execution,  -O2 -g 
FAIL: go.test/test/fixedbugs/issue5963.go execution,  -O2 -g 
FAIL: go.test/test/fixedbugs/issue6036.go   -O  (internal compiler error)
FAIL: go.test/test/fixedbugs/issue6036.go   -O  (test for excess errors)
FAIL: go.test/test/gc2.go execution,  -O2 -g 
FAIL: go.test/test/index0.go execution
FAIL: go.test/test/index1.go execution
FAIL: go.test/test/index2.go execution
FAIL: go.test/test/initialize.go execution,  -O2 -g 
FAIL: go.test/test/int_lit.go execution,  -O2 -g 
FAIL: go.test/test/interface/embed.go execution,  -O2 -g 
FAIL: go.test/test/interface/struct.go execution,  -O2 -g 
FAIL: go.test/test/ken/chan.go execution,  -O2 -g 
FAIL: go.test/test/ken/cplx4.go execution,  -O2 -g 
FAIL: go.test/test/ken/rob2.go execution,  -O2 -g 
FAIL: go.test/test/map.go execution,  -O2 -g 
FAIL: go.test/test/mapnan.go execution,  -O2 -g 
FAIL: go.test/test/nil.go execution,  -O2 -g 
FAIL: go.test/test/nul1.go execution
FAIL: go.test/test/recover.go execution,  -O2 -g 
FAIL: go.test/test/rename.go execution,  -O2 -g 
FAIL: go.test/test/reorder.go execution,  -O2 -g 
FAIL: go.test/test/slice3.go execution
FAIL: go.test/test/string_lit.go execution,  -O2 -g 
FAIL: go.test/test/stringrange.go execution,  -O2 -g 
FAIL: go.test/test/switch.go execution,  -O2 -g 
FAIL: go.test/test/typeswitch.go execution,  -O2 -g 
FAIL: go.test/test/typeswitch1.go execution,  -O2 -g 
FAIL: go.test/test/zerodivide.go execution,  -O2 -g 

		=== go Summary for unix/-m64 ===

# of expected passes		3048
# of unexpected failures	91
# of expected failures		1
# of untested testcases		10
# of unsupported tests		1

		=== go Summary ===

# of expected passes		6097
# of unexpected failures	179
# of expected failures		2
# of untested testcases		20
# of unsupported tests		3
		=== obj-c++ tests ===


Running target unix

		=== obj-c++ Summary for unix ===

# of expected passes		1447
# of expected failures		2
# of unsupported tests		86

Running target unix/-m64

		=== obj-c++ Summary for unix/-m64 ===

# of expected passes		1439
# of expected failures		10
# of unsupported tests		86

		=== obj-c++ Summary ===

# of expected passes		2886
# of expected failures		12
# of unsupported tests		172
/var/gcc/regression/trunk/11-gcc-gas/build/gcc/testsuite/obj-c++/../../xg++  version 5.0.0 20140822 (experimental) [trunk revision 214311] (GCC) 

		=== objc tests ===


Running target unix

		=== objc Summary for unix ===

# of expected passes		3004
# of expected failures		6
# of unsupported tests		74

Running target unix/-m64

		=== objc Summary for unix/-m64 ===

# of expected passes		3004
# of expected failures		6
# of unsupported tests		74

		=== objc Summary ===

# of expected passes		6008
# of expected failures		12
# of unsupported tests		148
/var/gcc/regression/trunk/11-gcc-gas/build/gcc/xgcc  version 5.0.0 20140822 (experimental) [trunk revision 214311] (GCC) 

		=== boehm-gc tests ===


Running target unix

		=== boehm-gc Summary for unix ===

# of expected passes		12
# of unsupported tests		1

Running target unix/-m64

		=== boehm-gc Summary for unix/-m64 ===

# of expected passes		12
# of unsupported tests		1

		=== boehm-gc Summary ===

# of expected passes		24
# of unsupported tests		2
		=== libatomic tests ===


Running target unix

		=== libatomic Summary for unix ===

# of expected passes		44
# of unsupported tests		5

Running target unix/-m64

		=== libatomic Summary for unix/-m64 ===

# of expected passes		54

		=== libatomic Summary ===

# of expected passes		98
# of unsupported tests		5
		=== libffi tests ===


Running target unix

		=== libffi Summary for unix ===

# of expected passes		1819
# of unsupported tests		55

Running target unix/-m64

		=== libffi Summary for unix/-m64 ===

# of expected passes		1819
# of unsupported tests		55

		=== libffi Summary ===

# of expected passes		3638
# of unsupported tests		110
		=== libgo tests ===


Running target unix
FAIL: bufio
FAIL: bytes
FAIL: errors
FAIL: expvar
FAIL: flag
FAIL: fmt
FAIL: html
FAIL: image
FAIL: io
FAIL: log
FAIL: math
FAIL: mime
FAIL: net
FAIL: os
FAIL: path
FAIL: reflect
FAIL: regexp
FAIL: runtime
FAIL: sort
FAIL: strconv
FAIL: strings
FAIL: sync
FAIL: syscall
FAIL: time
FAIL: unicode
FAIL: archive/tar
FAIL: archive/zip
FAIL: compress/bzip2
FAIL: compress/flate
FAIL: compress/gzip
FAIL: compress/lzw
FAIL: compress/zlib
FAIL: container/heap
FAIL: container/list
FAIL: container/ring
FAIL: crypto/aes
FAIL: crypto/cipher
FAIL: crypto/des
FAIL: crypto/dsa
FAIL: crypto/ecdsa
FAIL: crypto/elliptic
FAIL: crypto/hmac
FAIL: crypto/md5
FAIL: crypto/rand
FAIL: crypto/rc4
FAIL: crypto/rsa
FAIL: crypto/sha1
FAIL: crypto/sha256
FAIL: crypto/sha512
FAIL: crypto/subtle
FAIL: crypto/tls
FAIL: crypto/x509
FAIL: database/sql
FAIL: database/sql/driver
FAIL: debug/dwarf
FAIL: debug/elf
FAIL: debug/macho
FAIL: debug/pe
FAIL: debug/plan9obj
FAIL: encoding/ascii85
FAIL: encoding/asn1
FAIL: encoding/base32
FAIL: encoding/base64
FAIL: encoding/binary
FAIL: encoding/csv
FAIL: encoding/gob
FAIL: encoding/hex
FAIL: encoding/json
FAIL: encoding/pem
FAIL: encoding/xml
FAIL: exp/proxy
FAIL: exp/terminal
FAIL: html/template
FAIL: go/ast
FAIL: go/doc
FAIL: go/format
FAIL: go/parser
FAIL: go/printer
FAIL: go/scanner
FAIL: go/token
FAIL: hash/adler32
FAIL: hash/crc32
FAIL: hash/crc64
FAIL: hash/fnv
FAIL: image/color
FAIL: image/draw
FAIL: image/jpeg
FAIL: image/png
FAIL: index/suffixarray
FAIL: io/ioutil
FAIL: log/syslog
FAIL: math/big
FAIL: math/cmplx
FAIL: math/rand
FAIL: mime/multipart
FAIL: net/http
FAIL: net/http/cgi
FAIL: net/http/cookiejar
FAIL: net/http/fcgi
FAIL: net/http/httptest
FAIL: net/http/httputil
FAIL: net/mail
FAIL: net/rpc
FAIL: net/smtp
FAIL: net/textproto
FAIL: net/url
FAIL: net/rpc/jsonrpc
FAIL: old/regexp
FAIL: old/template
FAIL: os/exec
FAIL: os/signal
FAIL: os/user
FAIL: path/filepath
FAIL: regexp/syntax
FAIL: runtime/pprof
FAIL: sync/atomic
FAIL: text/scanner
FAIL: text/tabwriter
FAIL: text/template
FAIL: text/template/parse
FAIL: testing/quick
FAIL: unicode/utf16
FAIL: unicode/utf8

		=== libgo Summary for unix ===

# of unexpected failures	123

Running target unix/-m64
FAIL: bufio
FAIL: bytes
FAIL: errors
FAIL: expvar
FAIL: flag
FAIL: fmt
FAIL: html
FAIL: image
FAIL: io
FAIL: log
FAIL: math
FAIL: mime
FAIL: net
FAIL: os
FAIL: path
FAIL: reflect
FAIL: regexp
FAIL: runtime
FAIL: sort
FAIL: strconv
FAIL: strings
FAIL: sync
FAIL: syscall
FAIL: time
FAIL: unicode
FAIL: archive/tar
FAIL: archive/zip
FAIL: compress/bzip2
FAIL: compress/flate
FAIL: compress/gzip
FAIL: compress/lzw
FAIL: compress/zlib
FAIL: container/heap
FAIL: container/list
FAIL: container/ring
FAIL: crypto/aes
FAIL: crypto/cipher
FAIL: crypto/des
FAIL: crypto/dsa
FAIL: crypto/ecdsa
FAIL: crypto/elliptic
FAIL: crypto/hmac
FAIL: crypto/md5
FAIL: crypto/rand
FAIL: crypto/rc4
FAIL: crypto/rsa
FAIL: crypto/sha1
FAIL: crypto/sha256
FAIL: crypto/sha512
FAIL: crypto/subtle
FAIL: crypto/tls
FAIL: crypto/x509
FAIL: database/sql
FAIL: database/sql/driver
FAIL: debug/dwarf
FAIL: debug/elf
FAIL: debug/macho
FAIL: debug/pe
FAIL: debug/plan9obj
FAIL: encoding/ascii85
FAIL: encoding/asn1
FAIL: encoding/base32
FAIL: encoding/base64
FAIL: encoding/binary
FAIL: encoding/csv
FAIL: encoding/gob
FAIL: encoding/hex
FAIL: encoding/json
FAIL: encoding/pem
FAIL: encoding/xml
FAIL: exp/proxy
FAIL: exp/terminal
FAIL: html/template
FAIL: go/ast
FAIL: go/doc
FAIL: go/format
FAIL: go/parser
FAIL: go/printer
FAIL: go/scanner
FAIL: go/token
FAIL: hash/adler32
FAIL: hash/crc32
FAIL: hash/crc64
FAIL: hash/fnv
FAIL: image/color
FAIL: image/draw
FAIL: image/jpeg
FAIL: image/png
FAIL: index/suffixarray
FAIL: io/ioutil
FAIL: log/syslog
FAIL: math/big
FAIL: math/cmplx
FAIL: math/rand
FAIL: mime/multipart
FAIL: net/http
FAIL: net/http/cgi
FAIL: net/http/cookiejar
FAIL: net/http/fcgi
FAIL: net/http/httptest
FAIL: net/http/httputil
FAIL: net/mail
FAIL: net/rpc
FAIL: net/smtp
FAIL: net/textproto
FAIL: net/url
FAIL: net/rpc/jsonrpc
FAIL: old/regexp
FAIL: old/template
FAIL: os/exec
FAIL: os/signal
FAIL: os/user
FAIL: path/filepath
FAIL: regexp/syntax
FAIL: runtime/pprof
FAIL: sync/atomic
FAIL: text/scanner
FAIL: text/tabwriter
FAIL: text/template
FAIL: text/template/parse
FAIL: testing/quick
FAIL: unicode/utf16
FAIL: unicode/utf8

		=== libgo Summary for unix/-m64 ===

# of unexpected failures	123

		=== libgo Summary ===

# of unexpected failures	246
/var/gcc/regression/trunk/11-gcc-gas/build/./gcc/gccgo version 5.0.0 20140822 (experimental) [trunk revision 214311] (GCC)

		=== libgomp tests ===


Running target unix

		=== libgomp Summary for unix ===

# of expected passes		3271
# of unsupported tests		22

Running target unix/-m64

		=== libgomp Summary for unix/-m64 ===

# of expected passes		3271
# of unsupported tests		22

		=== libgomp Summary ===

# of expected passes		6542
# of unsupported tests		44
		=== libitm tests ===


Running target unix

		=== libitm Summary for unix ===

# of expected passes		26
# of expected failures		3
# of unsupported tests		1

Running target unix/-m64

		=== libitm Summary for unix/-m64 ===

# of expected passes		26
# of expected failures		3
# of unsupported tests		1

		=== libitm Summary ===

# of expected passes		52
# of expected failures		6
# of unsupported tests		2
		=== libjava tests ===


Running target unix

		=== libjava Summary for unix ===

# of expected passes		2582
# of expected failures		4

Running target unix/-m64

		=== libjava Summary for unix/-m64 ===

# of expected passes		2582
# of expected failures		4

		=== libjava Summary ===

# of expected passes		5164
# of expected failures		8
		=== libstdc++ tests ===


Running target unix
FAIL: 27_io/basic_ofstream/pthread2.cc execution test
FAIL: 30_threads/condition_variable_any/50862.cc execution test

		=== libstdc++ Summary for unix ===

# of expected passes		9100
# of unexpected failures	2
# of expected failures		69
# of unsupported tests		599

Running target unix/-m64
FAIL: 30_threads/condition_variable_any/50862.cc execution test

		=== libstdc++ Summary for unix/-m64 ===

# of expected passes		9101
# of unexpected failures	1
# of expected failures		69
# of unsupported tests		599

		=== libstdc++ Summary ===

# of expected passes		18201
# of unexpected failures	3
# of expected failures		138
# of unsupported tests		1198

Compiler version: 5.0.0 20140822 (experimental) [trunk revision 214311] (GCC) 
Platform: i386-pc-solaris2.11
configure flags: --prefix=/vol/gcc --target=i386-pc-solaris2.11 --enable-objc-gc --enable-libmudflap --with-as=/vol/gcc/bin/gas-2.24 --with-gnu-as --with-gmp-include=/vol/gcc/include --with-gmp-lib=/vol/gcc/lib --with-mpfr-include=/vol/gcc/include --with-mpfr-lib=/vol/gcc/lib --with-mpc-include=/vol/gcc/include --with-mpc-lib=/vol/gcc/lib --enable-languages=all,ada,obj-c++,go --with-isl-include=/vol/gcc/include --with-isl-lib=/vol/gcc/lib --with-cloog-include=/vol/gcc/include --with-cloog-lib=/vol/gcc/lib --enable-cloog-backend=isl
BOOT_CFLAGS=-g -O2


Index Nav: [Date Index] [Subject Index] [Author Index] [Thread Index]
Message Nav: [Date Prev] [Date Next] [Thread Prev] [Thread Next]