This is the mail archive of the gcc-testresults@gcc.gnu.org mailing list for the GCC project.


Index Nav: [Date Index] [Subject Index] [Author Index] [Thread Index]
Message Nav: [Date Prev] [Date Next] [Thread Prev] [Thread Next]
Other format: [Raw text]

Results for 4.9.2 20140820 (prerelease) testsuite on powerpc64-unknown-linux-gnu


LAST_UPDATED: Obtained from SVN: branches/gcc-4_9-branch revision 214244

		=== acats tests ===

		=== acats Summary ===
# of expected passes		2320
# of unexpected failures	0
Native configuration is powerpc64-unknown-linux-gnu

		=== g++ tests ===


Running target unix

		=== g++ Summary ===

# of expected passes		78507
# of expected failures		443
# of unsupported tests		3005
/mnt/archive/objdir49/gcc/testsuite/g++/../../xg++  version 4.9.2 20140820 (prerelease) (GCC) 

		=== gcc tests ===


Running target unix
FAIL: gcc.c-torture/compile/pr60655-2.c  -O3 -g  (test for excess errors)
FAIL: gcc.dg/atomic/c11-atomic-exec-5.c  -O0  execution test
FAIL: gcc.dg/atomic/c11-atomic-exec-5.c  -O1  execution test
FAIL: gcc.dg/atomic/c11-atomic-exec-5.c  -O2  execution test
FAIL: gcc.dg/atomic/c11-atomic-exec-5.c  -O3 -fomit-frame-pointer  execution test
FAIL: gcc.dg/atomic/c11-atomic-exec-5.c  -O3 -fomit-frame-pointer -funroll-loops  execution test
FAIL: gcc.dg/atomic/c11-atomic-exec-5.c  -O3 -fomit-frame-pointer -funroll-all-loops -finline-functions  execution test
FAIL: gcc.dg/atomic/c11-atomic-exec-5.c  -O3 -g  execution test
FAIL: gcc.dg/atomic/c11-atomic-exec-5.c  -Os  execution test
FAIL: gcc.dg/and-1.c scan-assembler-not nand
FAIL: gcc.dg/binop-xor1.c scan-tree-dump-times optimized "\\\\^" 1
XPASS: gcc.dg/guality/example.c  -O0  execution test
XPASS: gcc.dg/guality/example.c  -O1  execution test
XPASS: gcc.dg/guality/example.c  -O2  execution test
XPASS: gcc.dg/guality/guality.c  -O0  execution test
XPASS: gcc.dg/guality/guality.c  -O1  execution test
XPASS: gcc.dg/guality/guality.c  -O2  execution test
XPASS: gcc.dg/guality/guality.c  -O3 -fomit-frame-pointer  execution test
XPASS: gcc.dg/guality/guality.c  -O3 -g  execution test
XPASS: gcc.dg/guality/guality.c  -Os  execution test
XPASS: gcc.dg/guality/inline-params.c  -O2  execution test
XPASS: gcc.dg/guality/inline-params.c  -O3 -fomit-frame-pointer  execution test
XPASS: gcc.dg/guality/inline-params.c  -O3 -g  execution test
XPASS: gcc.dg/guality/inline-params.c  -Os  execution test
FAIL: gcc.dg/guality/pr36728-1.c  -O1  line 16 arg6 == 6
FAIL: gcc.dg/guality/pr36728-1.c  -O1  line 16 arg7 == 30
FAIL: gcc.dg/guality/pr36728-1.c  -O1  line 18 arg5 == 5
FAIL: gcc.dg/guality/pr36728-1.c  -O1  line 18 arg6 == 6
FAIL: gcc.dg/guality/pr36728-1.c  -O1  line 18 arg7 == 30
FAIL: gcc.dg/guality/pr36728-1.c  -O2  line 16 arg6 == 6
FAIL: gcc.dg/guality/pr36728-1.c  -O2  line 18 arg1 == 1
FAIL: gcc.dg/guality/pr36728-1.c  -O2  line 18 arg5 == 5
FAIL: gcc.dg/guality/pr36728-1.c  -O2  line 18 arg6 == 6
FAIL: gcc.dg/guality/pr36728-1.c  -O2  line 18 arg7 == 30
FAIL: gcc.dg/guality/pr36728-1.c  -O3 -fomit-frame-pointer  line 16 arg6 == 6
FAIL: gcc.dg/guality/pr36728-1.c  -O3 -fomit-frame-pointer  line 18 arg1 == 1
FAIL: gcc.dg/guality/pr36728-1.c  -O3 -fomit-frame-pointer  line 18 arg5 == 5
FAIL: gcc.dg/guality/pr36728-1.c  -O3 -fomit-frame-pointer  line 18 arg6 == 6
FAIL: gcc.dg/guality/pr36728-1.c  -O3 -fomit-frame-pointer  line 18 arg7 == 30
FAIL: gcc.dg/guality/pr36728-1.c  -O3 -g  line 16 arg6 == 6
FAIL: gcc.dg/guality/pr36728-1.c  -O3 -g  line 18 arg1 == 1
FAIL: gcc.dg/guality/pr36728-1.c  -O3 -g  line 18 arg5 == 5
FAIL: gcc.dg/guality/pr36728-1.c  -O3 -g  line 18 arg6 == 6
FAIL: gcc.dg/guality/pr36728-1.c  -O3 -g  line 18 arg7 == 30
FAIL: gcc.dg/guality/pr36728-1.c  -Os  line 16 arg5 == 5
FAIL: gcc.dg/guality/pr36728-1.c  -Os  line 16 arg6 == 6
FAIL: gcc.dg/guality/pr36728-1.c  -Os  line 16 arg7 == 30
FAIL: gcc.dg/guality/pr36728-1.c  -Os  line 18 arg1 == 1
FAIL: gcc.dg/guality/pr36728-1.c  -Os  line 18 arg5 == 5
FAIL: gcc.dg/guality/pr36728-1.c  -Os  line 18 arg6 == 6
FAIL: gcc.dg/guality/pr36728-1.c  -Os  line 18 arg7 == 30
FAIL: gcc.dg/guality/pr36728-2.c  -O1  line 16 arg7 == 30
FAIL: gcc.dg/guality/pr36728-2.c  -O1  line 18 arg6 == 6
FAIL: gcc.dg/guality/pr36728-2.c  -O1  line 18 arg7 == 30
FAIL: gcc.dg/guality/pr36728-2.c  -O2  line 16 arg6 == 6
FAIL: gcc.dg/guality/pr36728-2.c  -O2  line 18 arg6 == 6
FAIL: gcc.dg/guality/pr36728-2.c  -O2  line 18 arg7 == 30
FAIL: gcc.dg/guality/pr36728-2.c  -O3 -fomit-frame-pointer  line 16 arg6 == 6
FAIL: gcc.dg/guality/pr36728-2.c  -O3 -fomit-frame-pointer  line 18 arg6 == 6
FAIL: gcc.dg/guality/pr36728-2.c  -O3 -fomit-frame-pointer  line 18 arg7 == 30
FAIL: gcc.dg/guality/pr36728-2.c  -O3 -g  line 16 arg6 == 6
FAIL: gcc.dg/guality/pr36728-2.c  -O3 -g  line 18 arg6 == 6
FAIL: gcc.dg/guality/pr36728-2.c  -O3 -g  line 18 arg7 == 30
FAIL: gcc.dg/guality/pr36728-2.c  -Os  line 16 arg6 == 6
FAIL: gcc.dg/guality/pr36728-2.c  -Os  line 16 arg7 == 30
FAIL: gcc.dg/guality/pr36728-2.c  -Os  line 18 arg6 == 6
FAIL: gcc.dg/guality/pr36728-2.c  -Os  line 18 arg7 == 30
FAIL: gcc.dg/guality/pr36728-2.c  -Os  line 18 y == 2
FAIL: gcc.dg/guality/pr36728-3.c  -O1  line 14 arg6 == 6
FAIL: gcc.dg/guality/pr36728-3.c  -O1  line 14 arg7 == 30
FAIL: gcc.dg/guality/pr36728-3.c  -O1  line 16 arg6 == 6
FAIL: gcc.dg/guality/pr36728-3.c  -O1  line 16 arg7 == 30
FAIL: gcc.dg/guality/pr36728-3.c  -O2  line 14 arg6 == 6
FAIL: gcc.dg/guality/pr36728-3.c  -O2  line 14 arg7 == 30
FAIL: gcc.dg/guality/pr36728-3.c  -O2  line 16 arg6 == 6
FAIL: gcc.dg/guality/pr36728-3.c  -O2  line 16 arg7 == 30
FAIL: gcc.dg/guality/pr36728-3.c  -O3 -fomit-frame-pointer  line 14 arg6 == 6
FAIL: gcc.dg/guality/pr36728-3.c  -O3 -fomit-frame-pointer  line 14 arg7 == 30
FAIL: gcc.dg/guality/pr36728-3.c  -O3 -fomit-frame-pointer  line 16 arg6 == 6
FAIL: gcc.dg/guality/pr36728-3.c  -O3 -fomit-frame-pointer  line 16 arg7 == 30
FAIL: gcc.dg/guality/pr36728-3.c  -O3 -g  line 14 arg6 == 6
FAIL: gcc.dg/guality/pr36728-3.c  -O3 -g  line 14 arg7 == 30
FAIL: gcc.dg/guality/pr36728-3.c  -O3 -g  line 16 arg6 == 6
FAIL: gcc.dg/guality/pr36728-3.c  -O3 -g  line 16 arg7 == 30
FAIL: gcc.dg/guality/pr36728-3.c  -Os  line 14 arg6 == 6
FAIL: gcc.dg/guality/pr36728-3.c  -Os  line 14 arg7 == 30
FAIL: gcc.dg/guality/pr36728-3.c  -Os  line 16 arg6 == 6
FAIL: gcc.dg/guality/pr36728-3.c  -Os  line 16 arg7 == 30
FAIL: gcc.dg/guality/pr36728-4.c  -O1  line 14 arg7 == 30
FAIL: gcc.dg/guality/pr36728-4.c  -O1  line 16 arg7 == 30
FAIL: gcc.dg/guality/pr36728-4.c  -O2  line 14 arg7 == 30
FAIL: gcc.dg/guality/pr36728-4.c  -O2  line 16 arg7 == 30
FAIL: gcc.dg/guality/pr36728-4.c  -O3 -fomit-frame-pointer  line 14 arg7 == 30
FAIL: gcc.dg/guality/pr36728-4.c  -O3 -fomit-frame-pointer  line 16 arg7 == 30
FAIL: gcc.dg/guality/pr36728-4.c  -O3 -g  line 14 arg7 == 30
FAIL: gcc.dg/guality/pr36728-4.c  -O3 -g  line 16 arg7 == 30
FAIL: gcc.dg/guality/pr36728-4.c  -Os  line 14 arg7 == 30
FAIL: gcc.dg/guality/pr36728-4.c  -Os  line 16 arg7 == 30
XPASS: gcc.dg/guality/pr41353-1.c  -O0  line 28 j == 28 + 37
XPASS: gcc.dg/guality/pr41447-1.c  -O0  execution test
XPASS: gcc.dg/guality/pr41447-1.c  -O1  execution test
XPASS: gcc.dg/guality/pr41447-1.c  -O2  execution test
XPASS: gcc.dg/guality/pr41447-1.c  -O3 -fomit-frame-pointer  execution test
XPASS: gcc.dg/guality/pr41447-1.c  -O3 -g  execution test
XPASS: gcc.dg/guality/pr41447-1.c  -Os  execution test
XPASS: gcc.dg/guality/pr41616-1.c  -O0  execution test
XPASS: gcc.dg/guality/pr41616-1.c  -O1  execution test
XPASS: gcc.dg/guality/pr41616-1.c  -O2  execution test
XPASS: gcc.dg/guality/pr41616-1.c  -O3 -fomit-frame-pointer  execution test
XPASS: gcc.dg/guality/pr41616-1.c  -O3 -g  execution test
XPASS: gcc.dg/guality/pr41616-1.c  -Os  execution test
FAIL: gcc.dg/guality/pr54200.c  -O1  line 20 z == 3
FAIL: gcc.dg/guality/pr54200.c  -O2  line 20 z == 3
FAIL: gcc.dg/guality/pr54200.c  -O3 -fomit-frame-pointer  line 20 z == 3
FAIL: gcc.dg/guality/pr54200.c  -O3 -g  line 20 z == 3
FAIL: gcc.dg/guality/pr54200.c  -Os  line 20 z == 3
FAIL: gcc.dg/guality/pr54693-2.c  -O2  line 21 z == 30 - 3 * i
FAIL: gcc.dg/guality/pr54693-2.c  -O3 -fomit-frame-pointer  line 21 z == 30 - 3 * i
FAIL: gcc.dg/guality/pr54693-2.c  -O3 -g  line 21 z == 30 - 3 * i
FAIL: gcc.dg/guality/pr54693-2.c  -Os  line 21 y == 20 - 2 * i
FAIL: gcc.dg/guality/pr54693-2.c  -Os  line 21 z == 30 - 3 * i
FAIL: gcc.dg/guality/pr54970.c  -O1  line 15 a[0] == 1
FAIL: gcc.dg/guality/pr54970.c  -O1  line 20 a[0] == 1
FAIL: gcc.dg/guality/pr54970.c  -O1  line 25 a[0] == 1
FAIL: gcc.dg/guality/pr54970.c  -O1  line 31 *p == 6
FAIL: gcc.dg/guality/pr54970.c  -O1  line 31 *q == 5
FAIL: gcc.dg/guality/pr54970.c  -O1  line 36 *p == 26
FAIL: gcc.dg/guality/pr54970.c  -O1  line 36 *q == 5
FAIL: gcc.dg/guality/pr54970.c  -O1  line 45 *p == 26
FAIL: gcc.dg/guality/pr54970.c  -O1  line 45 p[-1] == 25
FAIL: gcc.dg/guality/pr54970.c  -O1  line 45 p[-2] == 4
FAIL: gcc.dg/guality/pr54970.c  -O1  line 45 q[-1] == 4
FAIL: gcc.dg/guality/pr54970.c  -O1  line 45 q[1] == 26
FAIL: gcc.dg/guality/pr54970.c  -O1  line 45 *q == 25
FAIL: gcc.dg/guality/pr54970.c  -O2  line 15 a[0] == 1
FAIL: gcc.dg/guality/pr54970.c  -O2  line 20 a[0] == 1
FAIL: gcc.dg/guality/pr54970.c  -O2  line 25 a[0] == 1
FAIL: gcc.dg/guality/pr54970.c  -O2  line 31 *p == 6
FAIL: gcc.dg/guality/pr54970.c  -O2  line 31 *q == 5
FAIL: gcc.dg/guality/pr54970.c  -O2  line 36 *p == 26
FAIL: gcc.dg/guality/pr54970.c  -O2  line 36 *q == 5
FAIL: gcc.dg/guality/pr54970.c  -O2  line 45 *p == 26
FAIL: gcc.dg/guality/pr54970.c  -O2  line 45 p[-1] == 25
FAIL: gcc.dg/guality/pr54970.c  -O2  line 45 p[-2] == 4
FAIL: gcc.dg/guality/pr54970.c  -O2  line 45 q[-1] == 4
FAIL: gcc.dg/guality/pr54970.c  -O2  line 45 q[1] == 26
FAIL: gcc.dg/guality/pr54970.c  -O2  line 45 *q == 25
FAIL: gcc.dg/guality/pr54970.c  -O3 -fomit-frame-pointer  line 15 a[0] == 1
FAIL: gcc.dg/guality/pr54970.c  -O3 -fomit-frame-pointer  line 20 a[0] == 1
FAIL: gcc.dg/guality/pr54970.c  -O3 -fomit-frame-pointer  line 25 a[0] == 1
FAIL: gcc.dg/guality/pr54970.c  -O3 -fomit-frame-pointer  line 31 *p == 6
FAIL: gcc.dg/guality/pr54970.c  -O3 -fomit-frame-pointer  line 31 *q == 5
FAIL: gcc.dg/guality/pr54970.c  -O3 -fomit-frame-pointer  line 36 *p == 26
FAIL: gcc.dg/guality/pr54970.c  -O3 -fomit-frame-pointer  line 36 *q == 5
FAIL: gcc.dg/guality/pr54970.c  -O3 -fomit-frame-pointer  line 45 *p == 26
FAIL: gcc.dg/guality/pr54970.c  -O3 -fomit-frame-pointer  line 45 p[-1] == 25
FAIL: gcc.dg/guality/pr54970.c  -O3 -fomit-frame-pointer  line 45 p[-2] == 4
FAIL: gcc.dg/guality/pr54970.c  -O3 -fomit-frame-pointer  line 45 q[-1] == 4
FAIL: gcc.dg/guality/pr54970.c  -O3 -fomit-frame-pointer  line 45 q[1] == 26
FAIL: gcc.dg/guality/pr54970.c  -O3 -fomit-frame-pointer  line 45 *q == 25
FAIL: gcc.dg/guality/pr54970.c  -O3 -g  line 15 a[0] == 1
FAIL: gcc.dg/guality/pr54970.c  -O3 -g  line 20 a[0] == 1
FAIL: gcc.dg/guality/pr54970.c  -O3 -g  line 25 a[0] == 1
FAIL: gcc.dg/guality/pr54970.c  -O3 -g  line 31 *p == 6
FAIL: gcc.dg/guality/pr54970.c  -O3 -g  line 31 *q == 5
FAIL: gcc.dg/guality/pr54970.c  -O3 -g  line 36 *p == 26
FAIL: gcc.dg/guality/pr54970.c  -O3 -g  line 36 *q == 5
FAIL: gcc.dg/guality/pr54970.c  -O3 -g  line 45 *p == 26
FAIL: gcc.dg/guality/pr54970.c  -O3 -g  line 45 p[-1] == 25
FAIL: gcc.dg/guality/pr54970.c  -O3 -g  line 45 p[-2] == 4
FAIL: gcc.dg/guality/pr54970.c  -O3 -g  line 45 q[-1] == 4
FAIL: gcc.dg/guality/pr54970.c  -O3 -g  line 45 q[1] == 26
FAIL: gcc.dg/guality/pr54970.c  -O3 -g  line 45 *q == 25
FAIL: gcc.dg/guality/pr54970.c  -Os  line 15 a[0] == 1
FAIL: gcc.dg/guality/pr54970.c  -Os  line 20 a[0] == 1
FAIL: gcc.dg/guality/pr54970.c  -Os  line 25 a[0] == 1
FAIL: gcc.dg/guality/pr54970.c  -Os  line 31 *p == 6
FAIL: gcc.dg/guality/pr54970.c  -Os  line 31 *q == 5
FAIL: gcc.dg/guality/pr54970.c  -Os  line 36 *p == 26
FAIL: gcc.dg/guality/pr54970.c  -Os  line 36 *q == 5
FAIL: gcc.dg/guality/pr54970.c  -Os  line 45 *p == 26
FAIL: gcc.dg/guality/pr54970.c  -Os  line 45 p[-1] == 25
FAIL: gcc.dg/guality/pr54970.c  -Os  line 45 p[-2] == 4
FAIL: gcc.dg/guality/pr54970.c  -Os  line 45 q[-1] == 4
FAIL: gcc.dg/guality/pr54970.c  -Os  line 45 q[1] == 26
FAIL: gcc.dg/guality/pr54970.c  -Os  line 45 *q == 25
FAIL: gcc.dg/guality/sra-1.c  -O1  line 43 a.j == 14
FAIL: gcc.dg/guality/sra-1.c  -O2  line 43 a.j == 14
FAIL: gcc.dg/guality/sra-1.c  -O3 -fomit-frame-pointer  line 43 a.j == 14
FAIL: gcc.dg/guality/sra-1.c  -O3 -g  line 43 a.j == 14
FAIL: gcc.dg/guality/sra-1.c  -Os  line 43 a.j == 14
FAIL: gcc.dg/tree-prof/crossmodule-indircall-1a.c compilation,  -fprofile-generate -D_PROFILE_GENERATE
UNRESOLVED: gcc.dg/tree-prof/crossmodule-indircall-1a.c execution,    -fprofile-generate -D_PROFILE_GENERATE
UNRESOLVED: gcc.dg/tree-prof/crossmodule-indircall-1a.c compilation,  -fprofile-use -D_PROFILE_USE
UNRESOLVED: gcc.dg/tree-prof/crossmodule-indircall-1a.c execution,    -fprofile-use -D_PROFILE_USE
FAIL: gcc.dg/tree-ssa/loop-19.c scan-tree-dump-times optimized "MEM.(base: &|symbol: )a," 2
FAIL: gcc.dg/tree-ssa/loop-19.c scan-tree-dump-times optimized "MEM.(base: &|symbol: )c," 2
FAIL: gcc.dg/tree-ssa/sra-12.c scan-tree-dump-times release_ssa "l;" 0
FAIL: gcc.dg/tree-ssa/ssa-dom-thread-4.c scan-tree-dump-times dom1 "Threaded" 3
FAIL: gcc.dg/tree-ssa/vrp47.c scan-tree-dump-times vrp1 "[xy][^ ]* !=" 0
FAIL: gcc.dg/vect/costmodel/ppc/costmodel-bb-slp-9a.c scan-tree-dump-times slp "basic block vectorized using SLP" 1
FAIL: gcc.dg/vect/no-vfa-vect-depend-2.c scan-tree-dump-times vect "vectorized 1 loops" 1
FAIL: gcc.dg/vect/no-vfa-vect-depend-3.c scan-tree-dump-times vect "vectorized 1 loops" 4
FAIL: gcc.dg/vmx/extract-vsx-be-order.c  -O0  execution test
FAIL: gcc.dg/vmx/extract-vsx.c  -O0  execution test
FAIL: gcc.dg/vmx/insert-vsx-be-order.c  -O0  execution test
FAIL: gcc.dg/vmx/insert-vsx-be-order.c  -O1  execution test
FAIL: gcc.dg/vmx/insert-vsx-be-order.c  -O2  execution test
FAIL: gcc.dg/vmx/insert-vsx-be-order.c  -O3 -fomit-frame-pointer  execution test
FAIL: gcc.dg/vmx/insert-vsx-be-order.c  -O3 -g  execution test
FAIL: gcc.dg/vmx/insert-vsx-be-order.c  -Os  execution test
FAIL: gcc.dg/vmx/insert-vsx.c  -O0  execution test
FAIL: gcc.dg/vmx/insert-vsx.c  -O1  execution test
FAIL: gcc.dg/vmx/insert-vsx.c  -O2  execution test
FAIL: gcc.dg/vmx/insert-vsx.c  -O3 -fomit-frame-pointer  execution test
FAIL: gcc.dg/vmx/insert-vsx.c  -O3 -g  execution test
FAIL: gcc.dg/vmx/insert-vsx.c  -Os  execution test
FAIL: gcc.dg/vmx/ld-vsx-be-order.c  -O0  execution test
FAIL: gcc.dg/vmx/ld-vsx-be-order.c  -O1  execution test
FAIL: gcc.dg/vmx/ld-vsx-be-order.c  -O2  execution test
FAIL: gcc.dg/vmx/ld-vsx-be-order.c  -O3 -fomit-frame-pointer  execution test
FAIL: gcc.dg/vmx/ld-vsx-be-order.c  -O3 -fomit-frame-pointer -funroll-loops  execution test
FAIL: gcc.dg/vmx/ld-vsx-be-order.c  -O3 -fomit-frame-pointer -funroll-all-loops -finline-functions  execution test
FAIL: gcc.dg/vmx/ld-vsx-be-order.c  -O3 -g  execution test
FAIL: gcc.dg/vmx/ld-vsx-be-order.c  -Os  execution test
FAIL: gcc.dg/vmx/ld-vsx.c  -O0  execution test
FAIL: gcc.dg/vmx/ld-vsx.c  -O1  execution test
FAIL: gcc.dg/vmx/ld-vsx.c  -O2  execution test
FAIL: gcc.dg/vmx/ld-vsx.c  -O3 -fomit-frame-pointer  execution test
FAIL: gcc.dg/vmx/ld-vsx.c  -O3 -fomit-frame-pointer -funroll-loops  execution test
FAIL: gcc.dg/vmx/ld-vsx.c  -O3 -fomit-frame-pointer -funroll-all-loops -finline-functions  execution test
FAIL: gcc.dg/vmx/ld-vsx.c  -O3 -g  execution test
FAIL: gcc.dg/vmx/ld-vsx.c  -Os  execution test
FAIL: gcc.dg/vmx/ldl-vsx-be-order.c  -O0  execution test
FAIL: gcc.dg/vmx/ldl-vsx-be-order.c  -O1  execution test
FAIL: gcc.dg/vmx/ldl-vsx-be-order.c  -O2  execution test
FAIL: gcc.dg/vmx/ldl-vsx-be-order.c  -O3 -fomit-frame-pointer  execution test
FAIL: gcc.dg/vmx/ldl-vsx-be-order.c  -O3 -fomit-frame-pointer -funroll-loops  execution test
FAIL: gcc.dg/vmx/ldl-vsx-be-order.c  -O3 -fomit-frame-pointer -funroll-all-loops -finline-functions  execution test
FAIL: gcc.dg/vmx/ldl-vsx-be-order.c  -O3 -g  execution test
FAIL: gcc.dg/vmx/ldl-vsx-be-order.c  -Os  execution test
FAIL: gcc.dg/vmx/ldl-vsx.c  -O0  execution test
FAIL: gcc.dg/vmx/ldl-vsx.c  -O1  execution test
FAIL: gcc.dg/vmx/ldl-vsx.c  -O2  execution test
FAIL: gcc.dg/vmx/ldl-vsx.c  -O3 -fomit-frame-pointer  execution test
FAIL: gcc.dg/vmx/ldl-vsx.c  -O3 -fomit-frame-pointer -funroll-loops  execution test
FAIL: gcc.dg/vmx/ldl-vsx.c  -O3 -fomit-frame-pointer -funroll-all-loops -finline-functions  execution test
FAIL: gcc.dg/vmx/ldl-vsx.c  -O3 -g  execution test
FAIL: gcc.dg/vmx/ldl-vsx.c  -Os  execution test
FAIL: gcc.dg/vmx/merge-vsx-be-order.c  -O0  execution test
FAIL: gcc.dg/vmx/merge-vsx-be-order.c  -O1  execution test
FAIL: gcc.dg/vmx/merge-vsx-be-order.c  -O2  execution test
FAIL: gcc.dg/vmx/merge-vsx-be-order.c  -O3 -fomit-frame-pointer  execution test
FAIL: gcc.dg/vmx/merge-vsx-be-order.c  -O3 -g  execution test
FAIL: gcc.dg/vmx/merge-vsx-be-order.c  -Os  execution test
FAIL: gcc.dg/vmx/merge-vsx.c  -O0  execution test
FAIL: gcc.dg/vmx/merge-vsx.c  -O1  execution test
FAIL: gcc.dg/vmx/merge-vsx.c  -O2  execution test
FAIL: gcc.dg/vmx/merge-vsx.c  -O3 -fomit-frame-pointer  execution test
FAIL: gcc.dg/vmx/merge-vsx.c  -O3 -g  execution test
FAIL: gcc.dg/vmx/merge-vsx.c  -Os  execution test
FAIL: gcc.dg/vmx/splat-vsx-be-order.c  -O0  execution test
FAIL: gcc.dg/vmx/splat-vsx-be-order.c  -O1  execution test
FAIL: gcc.dg/vmx/splat-vsx-be-order.c  -O2  execution test
FAIL: gcc.dg/vmx/splat-vsx-be-order.c  -O3 -fomit-frame-pointer  execution test
FAIL: gcc.dg/vmx/splat-vsx-be-order.c  -O3 -g  execution test
FAIL: gcc.dg/vmx/splat-vsx-be-order.c  -Os  execution test
FAIL: gcc.dg/vmx/splat-vsx.c  -O0  execution test
FAIL: gcc.dg/vmx/splat-vsx.c  -O1  execution test
FAIL: gcc.dg/vmx/splat-vsx.c  -O2  execution test
FAIL: gcc.dg/vmx/splat-vsx.c  -O3 -fomit-frame-pointer  execution test
FAIL: gcc.dg/vmx/splat-vsx.c  -O3 -g  execution test
FAIL: gcc.dg/vmx/splat-vsx.c  -Os  execution test
FAIL: gcc.dg/vmx/st-vsx-be-order.c  -O0  execution test
FAIL: gcc.dg/vmx/st-vsx-be-order.c  -O1  execution test
FAIL: gcc.dg/vmx/st-vsx-be-order.c  -O2  execution test
FAIL: gcc.dg/vmx/st-vsx-be-order.c  -O3 -fomit-frame-pointer  execution test
FAIL: gcc.dg/vmx/st-vsx-be-order.c  -O3 -fomit-frame-pointer -funroll-loops  execution test
FAIL: gcc.dg/vmx/st-vsx-be-order.c  -O3 -fomit-frame-pointer -funroll-all-loops -finline-functions  execution test
FAIL: gcc.dg/vmx/st-vsx-be-order.c  -O3 -g  execution test
FAIL: gcc.dg/vmx/st-vsx-be-order.c  -Os  execution test
FAIL: gcc.dg/vmx/st-vsx.c  -O0  execution test
FAIL: gcc.dg/vmx/st-vsx.c  -O1  execution test
FAIL: gcc.dg/vmx/st-vsx.c  -O2  execution test
FAIL: gcc.dg/vmx/st-vsx.c  -O3 -fomit-frame-pointer  execution test
FAIL: gcc.dg/vmx/st-vsx.c  -O3 -fomit-frame-pointer -funroll-loops  execution test
FAIL: gcc.dg/vmx/st-vsx.c  -O3 -fomit-frame-pointer -funroll-all-loops -finline-functions  execution test
FAIL: gcc.dg/vmx/st-vsx.c  -O3 -g  execution test
FAIL: gcc.dg/vmx/st-vsx.c  -Os  execution test
FAIL: gcc.dg/vmx/stl-vsx-be-order.c  -O0  execution test
FAIL: gcc.dg/vmx/stl-vsx-be-order.c  -O1  execution test
FAIL: gcc.dg/vmx/stl-vsx-be-order.c  -O2  execution test
FAIL: gcc.dg/vmx/stl-vsx-be-order.c  -O3 -fomit-frame-pointer  execution test
FAIL: gcc.dg/vmx/stl-vsx-be-order.c  -O3 -fomit-frame-pointer -funroll-loops  execution test
FAIL: gcc.dg/vmx/stl-vsx-be-order.c  -O3 -fomit-frame-pointer -funroll-all-loops -finline-functions  execution test
FAIL: gcc.dg/vmx/stl-vsx-be-order.c  -O3 -g  execution test
FAIL: gcc.dg/vmx/stl-vsx-be-order.c  -Os  execution test
FAIL: gcc.dg/vmx/stl-vsx.c  -O0  execution test
FAIL: gcc.dg/vmx/stl-vsx.c  -O1  execution test
FAIL: gcc.dg/vmx/stl-vsx.c  -O2  execution test
FAIL: gcc.dg/vmx/stl-vsx.c  -O3 -fomit-frame-pointer  execution test
FAIL: gcc.dg/vmx/stl-vsx.c  -O3 -fomit-frame-pointer -funroll-loops  execution test
FAIL: gcc.dg/vmx/stl-vsx.c  -O3 -fomit-frame-pointer -funroll-all-loops -finline-functions  execution test
FAIL: gcc.dg/vmx/stl-vsx.c  -O3 -g  execution test
FAIL: gcc.dg/vmx/stl-vsx.c  -Os  execution test
FAIL: gcc.target/powerpc/405-dlmzb-strlen-1.c scan-assembler dlmzb\\\\. 
FAIL: gcc.target/powerpc/440-dlmzb-strlen-1.c scan-assembler dlmzb\\\\. 
FAIL: gcc.target/powerpc/pr53199.c scan-assembler-times lwbrx 6
FAIL: gcc.target/powerpc/pr53199.c scan-assembler-times stwbrx 6

		=== gcc Summary ===

# of expected passes		79932
# of unexpected failures	280
# of unexpected successes	26
# of expected failures		179
# of unresolved testcases	3
# of unsupported tests		1469
/mnt/archive/objdir49/gcc/xgcc  version 4.9.2 20140820 (prerelease) (GCC) 

		=== gfortran tests ===


Running target unix
FAIL: gfortran.dg/bessel_6.f90  -O0  execution test
FAIL: gfortran.dg/bessel_6.f90  -O1  execution test
FAIL: gfortran.dg/bessel_6.f90  -O2  execution test
FAIL: gfortran.dg/bessel_6.f90  -O3 -fomit-frame-pointer  execution test
FAIL: gfortran.dg/bessel_6.f90  -O3 -fomit-frame-pointer -funroll-loops  execution test
FAIL: gfortran.dg/bessel_6.f90  -O3 -fomit-frame-pointer -funroll-all-loops -finline-functions  execution test
FAIL: gfortran.dg/bessel_6.f90  -O3 -g  execution test
FAIL: gfortran.dg/bessel_6.f90  -Os  execution test
FAIL: gfortran.dg/default_format_denormal_2.f90  -O0  execution test
FAIL: gfortran.dg/default_format_denormal_2.f90  -O1  execution test
FAIL: gfortran.dg/default_format_denormal_2.f90  -O2  execution test
FAIL: gfortran.dg/default_format_denormal_2.f90  -O3 -fomit-frame-pointer  execution test
FAIL: gfortran.dg/default_format_denormal_2.f90  -O3 -fomit-frame-pointer -funroll-loops  execution test
FAIL: gfortran.dg/default_format_denormal_2.f90  -O3 -fomit-frame-pointer -funroll-all-loops -finline-functions  execution test
FAIL: gfortran.dg/default_format_denormal_2.f90  -O3 -g  execution test
FAIL: gfortran.dg/default_format_denormal_2.f90  -Os  execution test
FAIL: gfortran.dg/erf_3.F90  -O0  execution test
FAIL: gfortran.dg/erf_3.F90  -O1  execution test
FAIL: gfortran.dg/erf_3.F90  -O2  execution test
FAIL: gfortran.dg/erf_3.F90  -O3 -fomit-frame-pointer  execution test
FAIL: gfortran.dg/erf_3.F90  -O3 -fomit-frame-pointer -funroll-loops  execution test
FAIL: gfortran.dg/erf_3.F90  -O3 -fomit-frame-pointer -funroll-all-loops -finline-functions  execution test
FAIL: gfortran.dg/erf_3.F90  -O3 -g  execution test
FAIL: gfortran.dg/erf_3.F90  -Os  execution test
XPASS: gfortran.dg/nint_2.f90  -O0  execution test

		=== gfortran Summary ===

# of expected passes		45298
# of unexpected failures	24
# of unexpected successes	1
# of expected failures		54
# of unsupported tests		246
/mnt/archive/objdir49/gcc/testsuite/gfortran/../../gfortran  version 4.9.2 20140820 (prerelease) (GCC) 

		=== gnat tests ===


Running target unix

		=== gnat Summary ===

# of expected passes		1217
# of expected failures		18
# of unsupported tests		11
/mnt/archive/objdir49/gcc/gnatmake version 4.9.2 20140820 (prerelease)

		=== libatomic tests ===


Running target unix

		=== libatomic Summary ===

# of expected passes		44
# of unsupported tests		5
		=== libgomp tests ===


Running target unix

		=== libgomp Summary ===

# of expected passes		3192
# of unsupported tests		36
		=== libitm tests ===


Running target unix

		=== libitm Summary ===

# of expected passes		26
# of expected failures		3
# of unsupported tests		1
		=== libstdc++ tests ===


Running target unix
FAIL: libstdc++-abi/abi_check

		=== libstdc++ Summary ===

# of expected passes		10008
# of unexpected failures	1
# of expected failures		41
# of unsupported tests		234

Compiler version: 4.9.2 20140820 (prerelease) 
Platform: powerpc64-unknown-linux-gnu
configure flags: --prefix=/mnt/archive/install49 --with-gmp=/home/mikpe/pkgs/linux-ppc64/gmp-5.1.3 --with-mpfr=/home/mikpe/pkgs/linux-ppc64/mpfr-3.1.2 --with-mpc=/home/mikpe/pkgs/linux-ppc64/mpc-1.0.2 --disable-plugin --disable-lto --disable-nls --enable-threads=posix --with-cpu=default32 --enable-checking=release --disable-libmudflap --enable-linker-build-id --enable-languages=c,c++,fortran,ada --disable-libsanitizer
BOOT_CFLAGS=-g -O2


Index Nav: [Date Index] [Subject Index] [Author Index] [Thread Index]
Message Nav: [Date Prev] [Date Next] [Thread Prev] [Thread Next]