This is the mail archive of the gcc-testresults@gcc.gnu.org mailing list for the GCC project.


Index Nav: [Date Index] [Subject Index] [Author Index] [Thread Index]
Message Nav: [Date Prev] [Date Next] [Thread Prev] [Thread Next]
Other format: [Raw text]

Results for 4.9.2 20140820 (prerelease) [gcc-4_9-branch revision 214209] (GCC) testsuite on powerpc64-unknown-linux-gnu


Linux 2.6.16.60-0.83.2-ppc64 ppc64
GNU C Library stable release version 2.4 (20110922)
GNU ld (GNU Binutils) 2.21.1
GNU assembler (GNU Binutils) 2.21.1
GNU Make 3.80

DejaGnu:
	Expect version is	5.43.0
	Tcl version is		8.4
	Framework version is	1.4.4

32-bit biarch default32

LAST_UPDATED: Wed Aug 20 02:05:52 UTC 2014 (revision 214209)

Native configuration is powerpc64-unknown-linux-gnu

		=== gcc tests ===


Running target unix/-m32
FAIL: gcc.c-torture/compile/pr60655-2.c  -O3 -g  (test for excess errors)
FAIL: gcc.dg/atomic/c11-atomic-exec-5.c  -O0  execution test
FAIL: gcc.dg/atomic/c11-atomic-exec-5.c  -O1  execution test
FAIL: gcc.dg/atomic/c11-atomic-exec-5.c  -O2  execution test
FAIL: gcc.dg/atomic/c11-atomic-exec-5.c  -O3 -fomit-frame-pointer  execution test
FAIL: gcc.dg/atomic/c11-atomic-exec-5.c  -O3 -fomit-frame-pointer -funroll-loops  execution test
FAIL: gcc.dg/atomic/c11-atomic-exec-5.c  -O3 -fomit-frame-pointer -funroll-all-loops -finline-functions  execution test
FAIL: gcc.dg/atomic/c11-atomic-exec-5.c  -O3 -g  execution test
FAIL: gcc.dg/atomic/c11-atomic-exec-5.c  -Os  execution test
FAIL: gcc.dg/atomic/c11-atomic-exec-5.c  -O2 -flto -fno-use-linker-plugin -flto-partition=none  execution test
FAIL: gcc.dg/atomic/c11-atomic-exec-5.c  -O2 -flto -fuse-linker-plugin -fno-fat-lto-objects  execution test
FAIL: gcc.dg/and-1.c scan-assembler-not nand
FAIL: gcc.dg/binop-xor1.c scan-tree-dump-times optimized "\\\\^" 1
FAIL: gcc.dg/cproj-fails-with-broken-glibc.c execution test
FAIL: gcc.dg/tree-ssa/loop-19.c scan-tree-dump-times optimized "MEM.(base: &|symbol: )a," 2
FAIL: gcc.dg/tree-ssa/loop-19.c scan-tree-dump-times optimized "MEM.(base: &|symbol: )c," 2
FAIL: gcc.dg/tree-ssa/sra-12.c scan-tree-dump-times release_ssa "l;" 0
FAIL: gcc.dg/tree-ssa/ssa-dom-thread-4.c scan-tree-dump-times dom1 "Threaded" 3
FAIL: gcc.dg/tree-ssa/vrp47.c scan-tree-dump-times vrp1 "[xy][^ ]* !=" 0
FAIL: gcc.dg/vect/costmodel/ppc/costmodel-bb-slp-9a.c scan-tree-dump-times slp "basic block vectorized using SLP" 1
FAIL: gcc.dg/vect/no-vfa-vect-depend-2.c scan-tree-dump-times vect "vectorized 1 loops" 1
FAIL: gcc.dg/vect/no-vfa-vect-depend-3.c scan-tree-dump-times vect "vectorized 1 loops" 4
FAIL: gcc.target/powerpc/405-dlmzb-strlen-1.c scan-assembler dlmzb\\\\. 
FAIL: gcc.target/powerpc/440-dlmzb-strlen-1.c scan-assembler dlmzb\\\\. 
FAIL: gcc.target/powerpc/pr53199.c scan-assembler-times lwbrx 6
FAIL: gcc.target/powerpc/pr53199.c scan-assembler-times stwbrx 6

		=== gcc Summary for unix/-m32 ===

# of expected passes		91684
# of unexpected failures	26
# of expected failures		217
# of unsupported tests		1559

Running target unix/-m64
FAIL: gcc.dg/atomic/c11-atomic-exec-5.c  -O0  execution test
FAIL: gcc.dg/atomic/c11-atomic-exec-5.c  -O1  execution test
FAIL: gcc.dg/atomic/c11-atomic-exec-5.c  -O2  execution test
FAIL: gcc.dg/atomic/c11-atomic-exec-5.c  -O3 -fomit-frame-pointer  execution test
FAIL: gcc.dg/atomic/c11-atomic-exec-5.c  -O3 -fomit-frame-pointer -funroll-loops  execution test
FAIL: gcc.dg/atomic/c11-atomic-exec-5.c  -O3 -fomit-frame-pointer -funroll-all-loops -finline-functions  execution test
FAIL: gcc.dg/atomic/c11-atomic-exec-5.c  -O3 -g  execution test
FAIL: gcc.dg/atomic/c11-atomic-exec-5.c  -Os  execution test
FAIL: gcc.dg/atomic/c11-atomic-exec-5.c  -O2 -flto -fno-use-linker-plugin -flto-partition=none  execution test
FAIL: gcc.dg/atomic/c11-atomic-exec-5.c  -O2 -flto -fuse-linker-plugin -fno-fat-lto-objects  execution test
FAIL: gcc.dg/and-1.c scan-assembler-not nand
FAIL: gcc.dg/binop-xor1.c scan-tree-dump-times optimized "\\\\^" 1
FAIL: gcc.dg/cproj-fails-with-broken-glibc.c execution test
FAIL: gcc.dg/pr44194-1.c scan-rtl-dump dse1 "global deletions = (2|3)"
FAIL: gcc.dg/sms-4.c scan-rtl-dump-times sms "SMS succeeded" 1
FAIL: gcc.dg/torture/pr53366-1.c  -O3 -fomit-frame-pointer -funroll-loops  execution test
FAIL: gcc.dg/torture/pr53366-1.c  -O3 -fomit-frame-pointer -funroll-all-loops -finline-functions  execution test
FAIL: gcc.dg/tree-ssa/loop-19.c scan-tree-dump-times optimized "MEM.(base: &|symbol: )a," 2
FAIL: gcc.dg/tree-ssa/loop-19.c scan-tree-dump-times optimized "MEM.(base: &|symbol: )c," 2
FAIL: gcc.dg/tree-ssa/ssa-dom-thread-4.c scan-tree-dump-times dom1 "Threaded" 3
FAIL: gcc.dg/tree-ssa/vrp47.c scan-tree-dump-times vrp1 "[xy][^ ]* !=" 0
FAIL: gcc.dg/vect/costmodel/ppc/costmodel-bb-slp-9a.c scan-tree-dump-times slp "basic block vectorized using SLP" 1
FAIL: gcc.dg/vect/no-vfa-vect-depend-2.c scan-tree-dump-times vect "vectorized 1 loops" 1
FAIL: gcc.dg/vect/no-vfa-vect-depend-3.c scan-tree-dump-times vect "vectorized 1 loops" 4

		=== gcc Summary for unix/-m64 ===

# of expected passes		92462
# of unexpected failures	24
# of expected failures		230
# of unsupported tests		1576

		=== gcc Summary ===

# of expected passes		184146
# of unexpected failures	50
# of expected failures		447
# of unsupported tests		3135
/home/gccbuild/build/nightly/build-gcc-4.9/gcc/xgcc  version 4.9.2 20140820 (prerelease) [gcc-4_9-branch revision 214209] (GCC) 

		=== gfortran tests ===


Running target unix/-m32

		=== gfortran Summary for unix/-m32 ===

# of expected passes		45030
# of expected failures		55
# of unsupported tests		254

Running target unix/-m64
FAIL: gfortran.dg/bound_2.f90  -O0  execution test
FAIL: gfortran.dg/bound_7.f90  -O0  execution test
FAIL: gfortran.dg/coarray_16.f90  -O0  execution test

		=== gfortran Summary for unix/-m64 ===

# of expected passes		45354
# of unexpected failures	3
# of expected failures		55
# of unsupported tests		93

		=== gfortran Summary ===

# of expected passes		90384
# of unexpected failures	3
# of expected failures		110
# of unsupported tests		347
/home/gccbuild/build/nightly/build-gcc-4.9/gcc/testsuite/gfortran/../../gfortran  version 4.9.2 20140820 (prerelease) [gcc-4_9-branch revision 214209] (GCC) 

		=== g++ tests ===


Running target unix/-m32
FAIL: g++.dg/cpp0x/lambda/lambda-template13.C -std=c++11  scan-assembler _ZN8functionC1IZN1CIiE3fooIiEEvT_S_Ed_UlvE_EET_
FAIL: g++.dg/cpp0x/lambda/lambda-template13.C -std=c++1y  scan-assembler _ZN8functionC1IZN1CIiE3fooIiEEvT_S_Ed_UlvE_EET_

		=== g++ Summary for unix/-m32 ===

# of expected passes		80375
# of unexpected failures	2
# of expected failures		445
# of unsupported tests		3036

Running target unix/-m64
FAIL: g++.dg/cpp0x/lambda/lambda-template13.C -std=c++11  scan-assembler _ZN8functionC1IZN1CIiE3fooIiEEvT_S_Ed_UlvE_EET_
FAIL: g++.dg/cpp0x/lambda/lambda-template13.C -std=c++1y  scan-assembler _ZN8functionC1IZN1CIiE3fooIiEEvT_S_Ed_UlvE_EET_

		=== g++ Summary for unix/-m64 ===

# of expected passes		82202
# of unexpected failures	2
# of expected failures		445
# of unsupported tests		3053

		=== g++ Summary ===

# of expected passes		162577
# of unexpected failures	4
# of expected failures		890
# of unsupported tests		6089
/home/gccbuild/build/nightly/build-gcc-4.9/gcc/testsuite/g++/../../xg++  version 4.9.2 20140820 (prerelease) [gcc-4_9-branch revision 214209] (GCC) 

		=== go tests ===


Running target unix/-m32
FAIL: go.test/test/ken/cplx2.go execution,  -O2 -g 
FAIL: go.test/test/recover.go execution,  -O2 -g 

		=== go Summary for unix/-m32 ===

# of expected passes		7366
# of unexpected failures	2
# of expected failures		1
# of untested testcases		10
# of unsupported tests		3

Running target unix/-m64
FAIL: go.test/test/64bit.go execution
FAIL: go.test/test/fixedbugs/issue4348.go  -O  (test for excess errors)
FAIL: go.test/test/ken/cplx2.go execution,  -O2 -g 
FAIL: go.test/test/recover.go execution,  -O2 -g 

		=== go Summary for unix/-m64 ===

# of expected passes		7242
# of unexpected failures	4
# of expected failures		1
# of untested testcases		10
# of unsupported tests		3

		=== go Summary ===

# of expected passes		14608
# of unexpected failures	6
# of expected failures		2
# of untested testcases		20
# of unsupported tests		6
/home/gccbuild/build/nightly/build-gcc-4.9/gcc/testsuite/go/../../gccgo  version 4.9.2 20140820 (prerelease) [gcc-4_9-branch revision 214209] (GCC) 

		=== obj-c++ tests ===


Running target unix/-m32

		=== obj-c++ Summary for unix/-m32 ===

# of expected passes		1449
# of expected failures		2
# of unsupported tests		86

Running target unix/-m64

		=== obj-c++ Summary for unix/-m64 ===

# of expected passes		1441
# of expected failures		10
# of unsupported tests		86

		=== obj-c++ Summary ===

# of expected passes		2890
# of expected failures		12
# of unsupported tests		172
/home/gccbuild/build/nightly/build-gcc-4.9/gcc/testsuite/obj-c++/../../xg++  version 4.9.2 20140820 (prerelease) [gcc-4_9-branch revision 214209] (GCC) 

		=== objc tests ===


Running target unix/-m32

		=== objc Summary for unix/-m32 ===

# of expected passes		2994
# of unsupported tests		74

Running target unix/-m64

		=== objc Summary for unix/-m64 ===

# of expected passes		2994
# of unsupported tests		74

		=== objc Summary ===

# of expected passes		5988
# of unsupported tests		148
/home/gccbuild/build/nightly/build-gcc-4.9/gcc/xgcc  version 4.9.2 20140820 (prerelease) [gcc-4_9-branch revision 214209] (GCC) 

		=== libatomic tests ===


Running target unix/-m32

		=== libatomic Summary for unix/-m32 ===

# of expected passes		44
# of unsupported tests		5

Running target unix/-m64

		=== libatomic Summary for unix/-m64 ===

# of expected passes		54

		=== libatomic Summary ===

# of expected passes		98
# of unsupported tests		5
		=== libffi tests ===


Running target unix/-m32

		=== libffi Summary for unix/-m32 ===

# of expected passes		1819
# of unsupported tests		55

Running target unix/-m64

		=== libffi Summary for unix/-m64 ===

# of expected passes		1819
# of unsupported tests		55

		=== libffi Summary ===

# of expected passes		3638
# of unsupported tests		110
		=== libgo tests ===


Running target unix
FAIL: math
FAIL: os
FAIL: runtime
FAIL: crypto/tls
FAIL: crypto/x509
FAIL: sync/atomic

		=== libgo Summary for unix ===

# of expected passes		116
# of unexpected failures	6

Running target unix/-m64
FAIL: bufio
FAIL: fmt
FAIL: image
FAIL: math
FAIL: mime
FAIL: net
FAIL: os
FAIL: reflect
FAIL: runtime
FAIL: strconv
FAIL: strings
FAIL: syscall
FAIL: time
FAIL: unicode
FAIL: compress/flate
FAIL: crypto/rand
FAIL: crypto/tls
FAIL: crypto/x509
FAIL: database/sql
FAIL: go/ast
FAIL: image/jpeg
FAIL: net/http
FAIL: net/http/cgi
FAIL: net/http/cookiejar
FAIL: os/exec
FAIL: os/signal
FAIL: regexp/syntax
FAIL: sync/atomic
FAIL: testing/quick

		=== libgo Summary for unix/-m64 ===

# of expected passes		93
# of unexpected failures	29

		=== libgo Summary ===

# of expected passes		209
# of unexpected failures	35
/home/gccbuild/build/nightly/build-gcc-4.9/./gcc/gccgo version 4.9.2 20140820 (prerelease) [gcc-4_9-branch revision 214209] (GCC)

		=== libgomp tests ===


Running target unix/-m32
FAIL: libgomp.fortran/target7.f90  -O0  execution test
FAIL: libgomp.fortran/target7.f90  -O1  execution test
FAIL: libgomp.fortran/target7.f90  -O2  execution test
FAIL: libgomp.fortran/target7.f90  -O3 -fomit-frame-pointer  execution test
FAIL: libgomp.fortran/target7.f90  -O3 -fomit-frame-pointer -funroll-loops  execution test
FAIL: libgomp.fortran/target7.f90  -O3 -fomit-frame-pointer -funroll-all-loops -finline-functions  execution test
FAIL: libgomp.fortran/target7.f90  -Os  execution test
FAIL: libgomp.fortran/target8.f90  -O0  execution test
FAIL: libgomp.fortran/target8.f90  -O1  execution test
FAIL: libgomp.fortran/target8.f90  -O2  execution test
FAIL: libgomp.fortran/target8.f90  -O3 -fomit-frame-pointer  execution test
FAIL: libgomp.fortran/target8.f90  -O3 -fomit-frame-pointer -funroll-loops  execution test
FAIL: libgomp.fortran/target8.f90  -O3 -fomit-frame-pointer -funroll-all-loops -finline-functions  execution test
FAIL: libgomp.fortran/target8.f90  -O3 -g  execution test
FAIL: libgomp.fortran/target8.f90  -Os  execution test

		=== libgomp Summary for unix/-m32 ===

# of expected passes		3177
# of unexpected failures	15
# of unsupported tests		36

Running target unix/-m64
WARNING: program timed out.
FAIL: libgomp.fortran/jacobi.f  -O3 -fomit-frame-pointer -funroll-loops  execution test
WARNING: program timed out.
FAIL: libgomp.fortran/jacobi.f  -O3 -fomit-frame-pointer -funroll-all-loops -finline-functions  execution test

		=== libgomp Summary for unix/-m64 ===

# of expected passes		3190
# of unexpected failures	2
# of unsupported tests		36

		=== libgomp Summary ===

# of expected passes		6367
# of unexpected failures	17
# of unsupported tests		72
		=== libitm tests ===


Running target unix/-m32

		=== libitm Summary for unix/-m32 ===

# of expected passes		26
# of expected failures		3
# of unsupported tests		1

Running target unix/-m64

		=== libitm Summary for unix/-m64 ===

# of expected passes		26
# of expected failures		3
# of unsupported tests		1

		=== libitm Summary ===

# of expected passes		52
# of expected failures		6
# of unsupported tests		2
		=== libstdc++ tests ===


Running target unix/-m32
FAIL: libstdc++-abi/abi_check

		=== libstdc++ Summary for unix/-m32 ===

# of expected passes		9917
# of unexpected failures	1
# of expected failures		41
# of unsupported tests		243

Running target unix/-m64

		=== libstdc++ Summary for unix/-m64 ===

# of expected passes		9918
# of expected failures		41
# of unsupported tests		243

		=== libstdc++ Summary ===

# of expected passes		19835
# of unexpected failures	1
# of expected failures		82
# of unsupported tests		486

Compiler version: 4.9.2 20140820 (prerelease) [gcc-4_9-branch revision 214209] (GCC) 
Platform: powerpc64-unknown-linux-gnu
configure flags: --prefix=/opt/gcc-nightly/4.9 --build=powerpc64-linux --host=powerpc64-linux --target=powerpc64-linux --with-cpu=default32 --with-as=/opt/gcc-nightly/binutils-2.21.1/bin/as --with-ld=/opt/gcc-nightly/binutils-2.21.1/bin/ld --enable-threads=posix --enable-shared --enable-__cxa_atexit --enable-languages=c,c++,fortran,objc,obj-c++,go --with-long-double-128 --enable-secureplt --enable-checking --disable-alsa --enable-decimal-float --with-gmp=/opt/gcc-nightly/gcc-host-libs --with-mpfr=/opt/gcc-nightly/gcc-host-libs --with-mpc=/opt/gcc-nightly/gcc-host-libs --with-libelf=/opt/gcc-nightly/gcc-host-libs --without-ppl --without-cloog --disable-libsanitizer


Index Nav: [Date Index] [Subject Index] [Author Index] [Thread Index]
Message Nav: [Date Prev] [Date Next] [Thread Prev] [Thread Next]