This is the mail archive of the gcc-testresults@gcc.gnu.org mailing list for the GCC project.


Index Nav: [Date Index] [Subject Index] [Author Index] [Thread Index]
Message Nav: [Date Prev] [Date Next] [Thread Prev] [Thread Next]
Other format: [Raw text]

Results for 5.0.0 20140814 (experimental) [trunk revision 213969] (GCC) testsuite on powerpc-ibm-aix7.1.0.0


LAST_UPDATED: Thu Aug 14 15:48:18 UTC 2014 (revision 213969)

Native configuration is powerpc-ibm-aix7.1.0.0

		=== g++ tests ===


Running target unix
XPASS: g++.dg/debug/pr56294.C -gxcoff1 (test for excess errors)
XPASS: g++.dg/debug/pr56294.C -gxcoff (test for excess errors)
XPASS: g++.dg/debug/pr56294.C -gxcoff3 (test for excess errors)
XPASS: g++.dg/debug/pr56294.C -gxcoff+1 (test for excess errors)
XPASS: g++.dg/debug/pr56294.C -gxcoff+ (test for excess errors)
XPASS: g++.dg/debug/pr56294.C -gxcoff+3 (test for excess errors)
XPASS: g++.dg/debug/pr56819.C -gxcoff1 (test for excess errors)
XPASS: g++.dg/debug/pr56819.C -gxcoff (test for excess errors)
XPASS: g++.dg/debug/pr56819.C -gxcoff3 (test for excess errors)
XPASS: g++.dg/debug/pr56819.C -gxcoff+1 (test for excess errors)
XPASS: g++.dg/debug/pr56819.C -gxcoff+ (test for excess errors)
XPASS: g++.dg/debug/pr56819.C -gxcoff+3 (test for excess errors)
FAIL: g++.dg/abi/anon1.C  -std=c++98  scan-assembler-not globl
FAIL: g++.dg/abi/anon1.C  -std=c++11  scan-assembler-not globl
FAIL: g++.dg/abi/anon1.C  -std=c++1y  scan-assembler-not globl
FAIL: g++.dg/cpp/ucn-1.C  -std=gnu++11 (test for excess errors)
FAIL: g++.dg/cpp/ucn-1.C  -std=gnu++1y (test for excess errors)
FAIL: g++.dg/cpp0x/static_assert9.C  -std=c++11 (test for excess errors)
FAIL: g++.dg/cpp0x/static_assert9.C  -std=c++1y (test for excess errors)
FAIL: g++.dg/cpp1y/auto-fn24.C  -std=gnu++1y (internal compiler error)
FAIL: g++.dg/cpp1y/auto-fn24.C  -std=gnu++1y (test for excess errors)
FAIL: g++.dg/cpp1y/pr58708.C  -std=c++1y (test for excess errors)
WARNING: g++.dg/cpp1y/pr58708.C  -std=c++1y compilation failed to produce executable
FAIL: g++.dg/ext/alignof2.C  -std=c++98 execution test
FAIL: g++.dg/ext/alignof2.C  -std=c++11 execution test
FAIL: g++.dg/ext/alignof2.C  -std=c++1y execution test
XPASS: g++.dg/ext/visibility/anon1.C  -std=c++98 (test for excess errors)
FAIL: g++.dg/ext/visibility/anon1.C  -std=c++98  scan-assembler-not globl.*_ZN.*1fEv
XPASS: g++.dg/ext/visibility/anon1.C  -std=c++11 (test for excess errors)
FAIL: g++.dg/ext/visibility/anon1.C  -std=c++11  scan-assembler-not globl.*_ZN.*1fEv
XPASS: g++.dg/ext/visibility/anon1.C  -std=c++1y (test for excess errors)
FAIL: g++.dg/ext/visibility/anon1.C  -std=c++1y  scan-assembler-not globl.*_ZN.*1fEv
FAIL: g++.dg/ext/visibility/anon2.C  -std=c++98  scan-assembler-not globl.*_Z1fv
FAIL: g++.dg/ext/visibility/anon2.C  -std=c++11  scan-assembler-not globl.*_Z1fv
FAIL: g++.dg/ext/visibility/anon2.C  -std=c++1y  scan-assembler-not globl.*_Z1fv
FAIL: g++.dg/init/new40.C   execution test
FAIL: g++.dg/init/ref15.C  -std=c++98 execution test
FAIL: g++.dg/init/ref15.C  -std=c++11 execution test
FAIL: g++.dg/init/ref15.C  -std=c++1y execution test
UNRESOLVED: g++.dg/ipa/devirt-37.C  -std=gnu++98  scan-tree-dump fre2 "Determined dynamic type."
UNRESOLVED: g++.dg/ipa/devirt-37.C  -std=gnu++98  scan-tree-dump fre2 "Checking vtbl store:"
UNRESOLVED: g++.dg/ipa/devirt-37.C  -std=gnu++98  scan-tree-dump fre2 "Function call may change dynamic type:extcall"
UNRESOLVED: g++.dg/ipa/devirt-37.C  -std=gnu++98  scan-tree-dump fre2 "converting indirect call to function virtual void"
UNRESOLVED: g++.dg/ipa/devirt-37.C  -std=gnu++11  scan-tree-dump fre2 "Determined dynamic type."
UNRESOLVED: g++.dg/ipa/devirt-37.C  -std=gnu++11  scan-tree-dump fre2 "Checking vtbl store:"
UNRESOLVED: g++.dg/ipa/devirt-37.C  -std=gnu++11  scan-tree-dump fre2 "Function call may change dynamic type:extcall"
UNRESOLVED: g++.dg/ipa/devirt-37.C  -std=gnu++11  scan-tree-dump fre2 "converting indirect call to function virtual void"
UNRESOLVED: g++.dg/ipa/devirt-37.C  -std=gnu++1y  scan-tree-dump fre2 "Determined dynamic type."
UNRESOLVED: g++.dg/ipa/devirt-37.C  -std=gnu++1y  scan-tree-dump fre2 "Checking vtbl store:"
UNRESOLVED: g++.dg/ipa/devirt-37.C  -std=gnu++1y  scan-tree-dump fre2 "Function call may change dynamic type:extcall"
UNRESOLVED: g++.dg/ipa/devirt-37.C  -std=gnu++1y  scan-tree-dump fre2 "converting indirect call to function virtual void"
FAIL: g++.dg/template/linkage1.C  -std=c++11  scan-assembler-not (weak|glob)[^\\n]*_Z3fooIXadL_ZL11static_funcvEEEvv
FAIL: g++.dg/template/linkage1.C  -std=c++1y  scan-assembler-not (weak|glob)[^\\n]*_Z3fooIXadL_ZL11static_funcvEEEvv
FAIL: g++.dg/gomp/tls-5.C  -std=c++11  scan-assembler-not \\\\.data
FAIL: g++.dg/gomp/tls-5.C  -std=c++1y  scan-assembler-not \\\\.data
XPASS: g++.dg/tls/thread_local-order2.C  -std=c++11 execution test
XPASS: g++.dg/tls/thread_local-order2.C  -std=c++1y execution test
FAIL: g++.dg/tls/thread_local1.C  -std=c++11  scan-assembler-not .comm
FAIL: g++.dg/tls/thread_local1.C  -std=c++1y  scan-assembler-not .comm
FAIL: g++.dg/tls/thread_local3.C  -std=gnu++11 execution test
FAIL: g++.dg/tls/thread_local3.C  -std=gnu++1y execution test
FAIL: g++.dg/tls/thread_local3g.C  -std=gnu++11 execution test
FAIL: g++.dg/tls/thread_local3g.C  -std=gnu++1y execution test
FAIL: g++.dg/tls/thread_local4.C  -std=gnu++11 execution test
FAIL: g++.dg/tls/thread_local4.C  -std=gnu++1y execution test
FAIL: g++.dg/tls/thread_local4g.C  -std=gnu++11 execution test
FAIL: g++.dg/tls/thread_local4g.C  -std=gnu++1y execution test
FAIL: g++.dg/tls/thread_local5.C  -std=gnu++11 execution test
FAIL: g++.dg/tls/thread_local5.C  -std=gnu++1y execution test
FAIL: g++.dg/tls/thread_local5g.C  -std=gnu++11 execution test
FAIL: g++.dg/tls/thread_local5g.C  -std=gnu++1y execution test
FAIL: g++.dg/tls/thread_local7.C  -std=c++11  scan-assembler-not \\\\.data
FAIL: g++.dg/tls/thread_local7.C  -std=c++1y  scan-assembler-not \\\\.data
FAIL: g++.dg/tls/thread_local7g.C  -std=c++11  scan-assembler-not \\\\.data
FAIL: g++.dg/tls/thread_local7g.C  -std=c++1y  scan-assembler-not \\\\.data
FAIL: g++.dg/tree-prof/pr57451.C compilation,  -fprofile-use -D_PROFILE_USE
UNRESOLVED: g++.dg/tree-prof/pr57451.C execution,    -fprofile-use -D_PROFILE_USE
FAIL: g++.old-deja/g++.other/init18.C  -std=c++98 execution test
FAIL: g++.old-deja/g++.other/init18.C  -std=c++11 execution test
FAIL: g++.old-deja/g++.other/init18.C  -std=c++1y execution test
FAIL: g++.old-deja/g++.other/init19.C  -std=c++98 execution test
FAIL: g++.old-deja/g++.other/init19.C  -std=c++11 execution test
FAIL: g++.old-deja/g++.other/init19.C  -std=c++1y execution test
FAIL: g++.old-deja/g++.pt/static11.C  -std=c++98 execution test
FAIL: g++.old-deja/g++.pt/static11.C  -std=c++11 execution test
FAIL: g++.old-deja/g++.pt/static11.C  -std=c++1y execution test

		=== g++ Summary ===

# of expected passes		72858
# of unexpected failures	55
# of unexpected successes	17
# of expected failures		493
# of unresolved testcases	13
# of unsupported tests		3294
/tmp/20140814/gcc/testsuite/g++/../../xg++  version 5.0.0 20140814 (experimental) [trunk revision 213969] (GCC) 

		=== gcc tests ===


Running target unix
FAIL: gcc.dg/autopar/pr46799.c (test for excess errors)
FAIL: gcc.dg/cpp/assert4.c (test for excess errors)
FAIL: gcc.dg/cpp/trad/include.c (test for excess errors)
FAIL: gcc.dg/asm-names.c scan-assembler-not ____frob14
FAIL: gcc.dg/pr61868.c (test for excess errors)
UNRESOLVED: gcc.dg/pr61868.c scan-assembler .gnu.lto.*.12345
FAIL: gcc.dg/noncompile/920507-1.c   -O1  (internal compiler error)
FAIL: gcc.dg/noncompile/920507-1.c   -O1  (test for excess errors)
FAIL: gcc.dg/noncompile/920507-1.c   -O2  (internal compiler error)
FAIL: gcc.dg/noncompile/920507-1.c   -O2  (test for excess errors)
FAIL: gcc.dg/noncompile/920507-1.c   -O3 -fomit-frame-pointer  (internal compiler error)
FAIL: gcc.dg/noncompile/920507-1.c   -O3 -fomit-frame-pointer  (test for excess errors)
FAIL: gcc.dg/noncompile/920507-1.c   -O3 -g  (internal compiler error)
FAIL: gcc.dg/noncompile/920507-1.c   -O3 -g  (test for excess errors)
FAIL: gcc.dg/noncompile/920507-1.c   -Os  (internal compiler error)
FAIL: gcc.dg/noncompile/920507-1.c   -Os  (test for excess errors)
FAIL: gcc.dg/torture/pr43017.c   -Os  execution test
XPASS: gcc.dg/torture/pr59166.c   -O0  (test for excess errors)
FAIL: gcc.dg/torture/pr61964.c   -Os  execution test
FAIL: gcc.dg/tree-ssa/loop-19.c scan-tree-dump-times optimized "MEM.(base: &|symbol: )a," 2
FAIL: gcc.dg/tree-ssa/loop-19.c scan-tree-dump-times optimized "MEM.(base: &|symbol: )c," 2
FAIL: gcc.dg/tree-ssa/sra-12.c scan-tree-dump-times release_ssa "l;" 0
FAIL: gcc.dg/vect/costmodel/ppc/costmodel-bb-slp-9a.c scan-tree-dump-times slp2 "basic block vectorized using SLP" 1
FAIL: gcc.dg/vect/no-vfa-vect-depend-2.c scan-tree-dump-times vect "vectorized 1 loops" 1
FAIL: gcc.dg/vect/no-vfa-vect-depend-3.c scan-tree-dump-times vect "vectorized 1 loops" 4
FAIL: gcc.dg/vect/no-scevccp-outer-6-global.c scan-tree-dump-times vect "OUTER LOOP VECTORIZED." 1
FAIL: gcc.dg/vmx/ld-be-order.c   -O0  execution test
FAIL: gcc.dg/vmx/ld-vsx-be-order.c   -O0  execution test
FAIL: gcc.dg/vmx/ld-vsx.c   -O0  execution test
FAIL: gcc.dg/vmx/ld.c   -O0  execution test
FAIL: gcc.dg/vmx/lde-be-order.c   -O0  execution test
FAIL: gcc.dg/vmx/lde.c   -O0  execution test
FAIL: gcc.dg/vmx/ldl-be-order.c   -O0  execution test
FAIL: gcc.dg/vmx/ldl-vsx-be-order.c   -O0  execution test
FAIL: gcc.dg/vmx/ldl-vsx.c   -O0  execution test
FAIL: gcc.dg/vmx/ldl.c   -O0  execution test
FAIL: gcc.dg/vmx/st-be-order.c   -O0  execution test
FAIL: gcc.dg/vmx/st-vsx-be-order.c   -O0  execution test
FAIL: gcc.dg/vmx/st-vsx.c   -O0  execution test
FAIL: gcc.dg/vmx/st.c   -O0  execution test
FAIL: gcc.dg/vmx/ste-be-order.c   -O0  execution test
FAIL: gcc.dg/vmx/stl-be-order.c   -O0  execution test
FAIL: gcc.dg/vmx/stl-vsx-be-order.c   -O0  execution test
FAIL: gcc.dg/vmx/stl-vsx.c   -O0  execution test
FAIL: gcc.dg/vmx/stl.c   -O0  execution test
FAIL: gcc.dg/vmx/varargs-4.c   -O0  execution test
FAIL: gcc.target/powerpc/pr53199.c scan-assembler-times lwbrx 6
FAIL: gcc.target/powerpc/pr53199.c scan-assembler-times stwbrx 6

		=== gcc Summary ===

# of expected passes		74875
# of unexpected failures	46
# of unexpected successes	1
# of expected failures		204
# of unresolved testcases	1
# of unsupported tests		1462
/tmp/20140814/gcc/xgcc  version 5.0.0 20140814 (experimental) [trunk revision 213969] (GCC) 

		=== gfortran tests ===


Running target unix
FAIL: gfortran.dg/bind_c_array_params_2.f90   -O   scan-assembler-times [ \\t][\$,_0-9]*myBindC 1

		=== gfortran Summary ===

# of expected passes		45183
# of unexpected failures	1
# of expected failures		55
# of unsupported tests		403
/tmp/20140814/gcc/testsuite/gfortran/../../gfortran  version 5.0.0 20140814 (experimental) [trunk revision 213969] (GCC) 

		=== objc tests ===


Running target unix
FAIL: objc.dg-struct-layout-encoding-1/t026_main.m execution test

		=== objc Summary ===

# of expected passes		2897
# of unexpected failures	1
# of expected failures		10
# of unsupported tests		65
/tmp/20140814/gcc/xgcc  version 5.0.0 20140814 (experimental) [trunk revision 213969] (GCC) 

		=== libatomic tests ===


Running target unix

		=== libatomic Summary ===

# of expected passes		44
# of unsupported tests		5
		=== libgomp tests ===


Running target unix
FAIL: libgomp.fortran/omp_workshare1.f   -O  execution test
FAIL: libgomp.fortran/omp_workshare2.f   -O  execution test
WARNING: program timed out.
FAIL: libgomp.fortran/recursion1.f90   -O0  execution test
FAIL: libgomp.fortran/recursion1.f90   -O1  execution test
FAIL: libgomp.fortran/recursion1.f90   -O2  execution test
WARNING: program timed out.
FAIL: libgomp.fortran/recursion1.f90   -O3 -fomit-frame-pointer  execution test
WARNING: program timed out.
FAIL: libgomp.fortran/recursion1.f90   -O3 -fomit-frame-pointer -funroll-loops  execution test
FAIL: libgomp.fortran/recursion1.f90   -O3 -fomit-frame-pointer -funroll-all-loops -finline-functions  execution test
FAIL: libgomp.fortran/recursion1.f90   -O3 -g  execution test
WARNING: program timed out.
FAIL: libgomp.fortran/recursion1.f90   -Os  execution test

		=== libgomp Summary ===

# of expected passes		3180
# of unexpected failures	10
# of unsupported tests		38
		=== libstdc++ tests ===


Running target unix
FAIL: 18_support/50594.cc execution test
FAIL: 20_util/tuple/comparison_operators/overloaded.cc (test for excess errors)
FAIL: 20_util/tuple/creation_functions/tuple_cat.cc (test for excess errors)
WARNING: 20_util/tuple/creation_functions/tuple_cat.cc compilation failed to produce executable
FAIL: 21_strings/basic_string/inserters_extractors/wchar_t/28277.cc execution test
FAIL: 23_containers/vector/profile/vector.cc execution test
FAIL: 26_numerics/headers/cmath/c99_classification_macros_c.cc (test for excess errors)
FAIL: 27_io/basic_ostream/inserters_character/wchar_t/28277-3.cc execution test
FAIL: 27_io/basic_ostream/inserters_character/wchar_t/28277-4.cc execution test
FAIL: 27_io/ios_base/storage/11584.cc execution test
FAIL: 27_io/objects/char/7.cc execution test
FAIL: 27_io/objects/wchar_t/7.cc execution test
FAIL: ext/mt_allocator/check_new.cc execution test
FAIL: ext/pool_allocator/check_new.cc execution test
FAIL: ext/vstring/inserters_extractors/wchar_t/28277.cc execution test

		=== libstdc++ Summary ===

# of expected passes		8522
# of unexpected failures	14
# of expected failures		68
# of unsupported tests		625

Compiler version: 5.0.0 20140814 (experimental) [trunk revision 213969] (GCC) 
Platform: powerpc-ibm-aix7.1.0.0
configure flags: --prefix=/gsa/yktgsa/home/e/d/edelsohn/install/powerpc-ibm-aix7.1.0.0-20140814 --disable-werror --enable-languages=c,c++,fortran,objc --with-gmp=/gsa/yktgsa/home/e/d/edelsohn/install --with-mpfr=/gsa/yktgsa/home/e/d/edelsohn/install --with-cloog=no --with-ppl=no --with-libiconv-prefix=/gsa/yktgsa/home/e/d/edelsohn/install --disable-libstdcxx-pch --enable-__cxa_atexit


Index Nav: [Date Index] [Subject Index] [Author Index] [Thread Index]
Message Nav: [Date Prev] [Date Next] [Thread Prev] [Thread Next]