This is the mail archive of the gcc-testresults@gcc.gnu.org mailing list for the GCC project.


Index Nav: [Date Index] [Subject Index] [Author Index] [Thread Index]
Message Nav: [Date Prev] [Date Next] [Thread Prev] [Thread Next]
Other format: [Raw text]

Results for 4.10.0-alpha20140812 20140813 (experimental) [trunk revision 213896] (Gentoo 4.10.0_alpha20140812) testsuite on x86_64-pc-linux-gnu


David Kredba ( nheghathivhistha at gmail dot com )


LAST_UPDATED: Wed Aug 13 08:12:39 UTC 2014 (revision 213896)

		=== acats tests ===

		=== acats Summary ===
# of expected passes		2320
# of unexpected failures	0
Native configuration is x86_64-pc-linux-gnu

		=== g++ tests ===


Running target unix
FAIL: g++.dg/cpp0x/static_assert9.C  -std=c++11 (test for excess errors)
FAIL: g++.dg/cpp0x/static_assert9.C  -std=c++1y (test for excess errors)
UNRESOLVED: g++.dg/ipa/devirt-37.C  -std=gnu++98  scan-tree-dump fre2 "Determined dynamic type."
UNRESOLVED: g++.dg/ipa/devirt-37.C  -std=gnu++98  scan-tree-dump fre2 "Checking vtbl store:"
UNRESOLVED: g++.dg/ipa/devirt-37.C  -std=gnu++98  scan-tree-dump fre2 "Function call may change dynamic type:extcall"
UNRESOLVED: g++.dg/ipa/devirt-37.C  -std=gnu++98  scan-tree-dump fre2 "converting indirect call to function virtual void"
UNRESOLVED: g++.dg/ipa/devirt-37.C  -std=gnu++11  scan-tree-dump fre2 "Determined dynamic type."
UNRESOLVED: g++.dg/ipa/devirt-37.C  -std=gnu++11  scan-tree-dump fre2 "Checking vtbl store:"
UNRESOLVED: g++.dg/ipa/devirt-37.C  -std=gnu++11  scan-tree-dump fre2 "Function call may change dynamic type:extcall"
UNRESOLVED: g++.dg/ipa/devirt-37.C  -std=gnu++11  scan-tree-dump fre2 "converting indirect call to function virtual void"
UNRESOLVED: g++.dg/ipa/devirt-37.C  -std=gnu++1y  scan-tree-dump fre2 "Determined dynamic type."
UNRESOLVED: g++.dg/ipa/devirt-37.C  -std=gnu++1y  scan-tree-dump fre2 "Checking vtbl store:"
UNRESOLVED: g++.dg/ipa/devirt-37.C  -std=gnu++1y  scan-tree-dump fre2 "Function call may change dynamic type:extcall"
UNRESOLVED: g++.dg/ipa/devirt-37.C  -std=gnu++1y  scan-tree-dump fre2 "converting indirect call to function virtual void"
FAIL: g++.dg/guality/pr55665.C   -O2  line 23 p == 40
FAIL: g++.dg/guality/pr55665.C   -O3 -fomit-frame-pointer  line 23 p == 40
FAIL: g++.dg/guality/pr55665.C   -O3 -g  line 23 p == 40
FAIL: g++.dg/plugin/attribute_plugin.c compilation
FAIL: g++.dg/plugin/pragma_plugin.c compilation
FAIL: g++.dg/plugin/selfassign.c compilation
FAIL: g++.dg/plugin/dumb_plugin.c compilation
FAIL: g++.dg/plugin/header_plugin.c compilation
FAIL: g++.dg/plugin/decl_plugin.c compilation
XPASS: g++.dg/tls/thread_local-order2.C  -std=c++11 execution test
XPASS: g++.dg/tls/thread_local-order2.C  -std=c++1y execution test

		=== g++ Summary ===

# of expected passes		87824
# of unexpected failures	11
# of unexpected successes	2
# of expected failures		441
# of unresolved testcases	12
# of unsupported tests		3130
/var/tmp/portage/sys-devel/gcc-4.10.0_alpha20140812/work/build/gcc/testsuite/g++/../../xg++  version 4.10.0-alpha20140812 20140813 (experimental) [trunk revision 213896] (Gentoo 4.10.0_alpha20140812) 

		=== gcc tests ===


Running target unix
XPASS: gcc.dg/guality/example.c   -O0  execution test
XPASS: gcc.dg/guality/example.c   -O1  execution test
XPASS: gcc.dg/guality/example.c   -O2  execution test
XPASS: gcc.dg/guality/example.c   -O2 -flto -fno-use-linker-plugin -flto-partition=none  execution test
XPASS: gcc.dg/guality/guality.c   -O0  execution test
XPASS: gcc.dg/guality/guality.c   -O1  execution test
XPASS: gcc.dg/guality/guality.c   -O2  execution test
XPASS: gcc.dg/guality/guality.c   -O3 -fomit-frame-pointer  execution test
XPASS: gcc.dg/guality/guality.c   -O3 -g  execution test
XPASS: gcc.dg/guality/guality.c   -Os  execution test
XPASS: gcc.dg/guality/guality.c   -O2 -flto -fno-use-linker-plugin -flto-partition=none  execution test
XPASS: gcc.dg/guality/guality.c   -O2 -flto -fuse-linker-plugin -fno-fat-lto-objects  execution test
XPASS: gcc.dg/guality/inline-params.c   -O2  execution test
XPASS: gcc.dg/guality/inline-params.c   -O3 -fomit-frame-pointer  execution test
XPASS: gcc.dg/guality/inline-params.c   -O3 -g  execution test
XPASS: gcc.dg/guality/inline-params.c   -Os  execution test
XPASS: gcc.dg/guality/inline-params.c   -O2 -flto -fno-use-linker-plugin -flto-partition=none  execution test
FAIL: gcc.dg/guality/nrv-1.c   -O2 -flto -fuse-linker-plugin -fno-fat-lto-objects  line 20 a2.i[0] == 42
XPASS: gcc.dg/guality/pr41353-1.c   -O0  line 28 j == 28 + 37
XPASS: gcc.dg/guality/pr41447-1.c   -O0  execution test
XPASS: gcc.dg/guality/pr41447-1.c   -O1  execution test
XPASS: gcc.dg/guality/pr41447-1.c   -O2  execution test
XPASS: gcc.dg/guality/pr41447-1.c   -O3 -fomit-frame-pointer  execution test
XPASS: gcc.dg/guality/pr41447-1.c   -O3 -g  execution test
XPASS: gcc.dg/guality/pr41447-1.c   -Os  execution test
XPASS: gcc.dg/guality/pr41447-1.c   -O2 -flto -fno-use-linker-plugin -flto-partition=none  execution test
XPASS: gcc.dg/guality/pr41447-1.c   -O2 -flto -fuse-linker-plugin -fno-fat-lto-objects  execution test
XPASS: gcc.dg/guality/pr41616-1.c   -O0  execution test
XPASS: gcc.dg/guality/pr41616-1.c   -O1  execution test
XPASS: gcc.dg/guality/pr41616-1.c   -O2  execution test
XPASS: gcc.dg/guality/pr41616-1.c   -O3 -fomit-frame-pointer  execution test
XPASS: gcc.dg/guality/pr41616-1.c   -O3 -g  execution test
XPASS: gcc.dg/guality/pr41616-1.c   -Os  execution test
XPASS: gcc.dg/guality/pr41616-1.c   -O2 -flto -fno-use-linker-plugin -flto-partition=none  execution test
FAIL: gcc.dg/guality/pr43051-1.c   -O2  line 35 v == 1
FAIL: gcc.dg/guality/pr43051-1.c   -O2  line 36 e == &a[1]
FAIL: gcc.dg/guality/pr43051-1.c   -O2  line 39 c == &a[0]
FAIL: gcc.dg/guality/pr43051-1.c   -O2  line 40 v == 1
FAIL: gcc.dg/guality/pr43051-1.c   -O2  line 41 e == &a[1]
FAIL: gcc.dg/guality/pr43051-1.c   -O3 -fomit-frame-pointer  line 35 v == 1
FAIL: gcc.dg/guality/pr43051-1.c   -O3 -fomit-frame-pointer  line 36 e == &a[1]
FAIL: gcc.dg/guality/pr43051-1.c   -O3 -fomit-frame-pointer  line 39 c == &a[0]
FAIL: gcc.dg/guality/pr43051-1.c   -O3 -fomit-frame-pointer  line 40 v == 1
FAIL: gcc.dg/guality/pr43051-1.c   -O3 -fomit-frame-pointer  line 41 e == &a[1]
FAIL: gcc.dg/guality/pr43051-1.c   -O3 -fomit-frame-pointer -funroll-loops  line 35 v == 1
FAIL: gcc.dg/guality/pr43051-1.c   -O3 -fomit-frame-pointer -funroll-loops  line 36 e == &a[1]
FAIL: gcc.dg/guality/pr43051-1.c   -O3 -fomit-frame-pointer -funroll-loops  line 39 c == &a[0]
FAIL: gcc.dg/guality/pr43051-1.c   -O3 -fomit-frame-pointer -funroll-loops  line 40 v == 1
FAIL: gcc.dg/guality/pr43051-1.c   -O3 -fomit-frame-pointer -funroll-loops  line 41 e == &a[1]
FAIL: gcc.dg/guality/pr43051-1.c   -O3 -fomit-frame-pointer -funroll-all-loops -finline-functions  line 35 v == 1
FAIL: gcc.dg/guality/pr43051-1.c   -O3 -fomit-frame-pointer -funroll-all-loops -finline-functions  line 36 e == &a[1]
FAIL: gcc.dg/guality/pr43051-1.c   -O3 -fomit-frame-pointer -funroll-all-loops -finline-functions  line 39 c == &a[0]
FAIL: gcc.dg/guality/pr43051-1.c   -O3 -fomit-frame-pointer -funroll-all-loops -finline-functions  line 40 v == 1
FAIL: gcc.dg/guality/pr43051-1.c   -O3 -fomit-frame-pointer -funroll-all-loops -finline-functions  line 41 e == &a[1]
FAIL: gcc.dg/guality/pr43051-1.c   -O3 -g  line 35 v == 1
FAIL: gcc.dg/guality/pr43051-1.c   -O3 -g  line 36 e == &a[1]
FAIL: gcc.dg/guality/pr43051-1.c   -O3 -g  line 39 c == &a[0]
FAIL: gcc.dg/guality/pr43051-1.c   -O3 -g  line 40 v == 1
FAIL: gcc.dg/guality/pr43051-1.c   -O3 -g  line 41 e == &a[1]
FAIL: gcc.dg/guality/pr43051-1.c   -Os  line 35 v == 1
FAIL: gcc.dg/guality/pr43051-1.c   -Os  line 36 e == &a[1]
FAIL: gcc.dg/guality/pr43051-1.c   -Os  line 39 c == &a[0]
FAIL: gcc.dg/guality/pr43051-1.c   -Os  line 40 v == 1
FAIL: gcc.dg/guality/pr43051-1.c   -Os  line 41 e == &a[1]
FAIL: gcc.dg/guality/pr43051-1.c   -O2 -flto -fno-use-linker-plugin -flto-partition=none  line 35 v == 1
FAIL: gcc.dg/guality/pr43051-1.c   -O2 -flto -fno-use-linker-plugin -flto-partition=none  line 36 e == &a[1]
FAIL: gcc.dg/guality/pr43051-1.c   -O2 -flto -fno-use-linker-plugin -flto-partition=none  line 39 c == &a[0]
FAIL: gcc.dg/guality/pr43051-1.c   -O2 -flto -fno-use-linker-plugin -flto-partition=none  line 40 v == 1
FAIL: gcc.dg/guality/pr43051-1.c   -O2 -flto -fno-use-linker-plugin -flto-partition=none  line 41 e == &a[1]
FAIL: gcc.dg/guality/pr43051-1.c   -O2 -flto -fuse-linker-plugin -fno-fat-lto-objects  line 35 v == 1
FAIL: gcc.dg/guality/pr43051-1.c   -O2 -flto -fuse-linker-plugin -fno-fat-lto-objects  line 36 e == &a[1]
FAIL: gcc.dg/guality/pr43051-1.c   -O2 -flto -fuse-linker-plugin -fno-fat-lto-objects  line 39 c == &a[0]
FAIL: gcc.dg/guality/pr43051-1.c   -O2 -flto -fuse-linker-plugin -fno-fat-lto-objects  line 40 v == 1
FAIL: gcc.dg/guality/pr43051-1.c   -O2 -flto -fuse-linker-plugin -fno-fat-lto-objects  line 41 e == &a[1]
FAIL: gcc.dg/guality/pr43177.c   -O2  line 15 l == 10
FAIL: gcc.dg/guality/pr43177.c   -O2  line 15 x == 7
FAIL: gcc.dg/guality/pr43177.c   -O2  line 24 l == 10
FAIL: gcc.dg/guality/pr43177.c   -O2  line 24 x == 7
FAIL: gcc.dg/guality/pr43177.c   -O3 -fomit-frame-pointer  line 15 l == 10
FAIL: gcc.dg/guality/pr43177.c   -O3 -fomit-frame-pointer  line 15 x == 7
FAIL: gcc.dg/guality/pr43177.c   -O3 -fomit-frame-pointer  line 24 l == 10
FAIL: gcc.dg/guality/pr43177.c   -O3 -fomit-frame-pointer  line 24 x == 7
FAIL: gcc.dg/guality/pr43177.c   -O3 -g  line 15 l == 10
FAIL: gcc.dg/guality/pr43177.c   -O3 -g  line 15 x == 7
FAIL: gcc.dg/guality/pr43177.c   -O3 -g  line 24 l == 10
FAIL: gcc.dg/guality/pr43177.c   -O3 -g  line 24 x == 7
FAIL: gcc.dg/guality/pr43177.c   -Os  line 15 l == 10
FAIL: gcc.dg/guality/pr43177.c   -Os  line 15 x == 7
FAIL: gcc.dg/guality/pr43177.c   -Os  line 24 l == 10
FAIL: gcc.dg/guality/pr43177.c   -Os  line 24 x == 7
FAIL: gcc.dg/guality/pr43177.c   -O2 -flto -fno-use-linker-plugin -flto-partition=none  line 15 l == 10
FAIL: gcc.dg/guality/pr43177.c   -O2 -flto -fno-use-linker-plugin -flto-partition=none  line 15 x == 7
FAIL: gcc.dg/guality/pr43177.c   -O2 -flto -fno-use-linker-plugin -flto-partition=none  line 24 l == 10
FAIL: gcc.dg/guality/pr43177.c   -O2 -flto -fno-use-linker-plugin -flto-partition=none  line 24 x == 7
FAIL: gcc.dg/guality/pr43177.c   -O2 -flto -fuse-linker-plugin -fno-fat-lto-objects  line 15 l == 10
FAIL: gcc.dg/guality/pr43177.c   -O2 -flto -fuse-linker-plugin -fno-fat-lto-objects  line 15 x == 7
FAIL: gcc.dg/guality/pr43177.c   -O2 -flto -fuse-linker-plugin -fno-fat-lto-objects  line 24 l == 10
FAIL: gcc.dg/guality/pr43177.c   -O2 -flto -fuse-linker-plugin -fno-fat-lto-objects  line 24 x == 7
FAIL: gcc.dg/guality/pr43479.c   -O1  line 13 h == 9
FAIL: gcc.dg/guality/pr43479.c   -O1  line 18 h == 9
FAIL: gcc.dg/guality/pr43479.c   -O2  line 13 h == 9
FAIL: gcc.dg/guality/pr43479.c   -O2  line 18 h == 9
FAIL: gcc.dg/guality/pr43479.c   -O3 -fomit-frame-pointer  line 13 h == 9
FAIL: gcc.dg/guality/pr43479.c   -O3 -fomit-frame-pointer  line 18 h == 9
FAIL: gcc.dg/guality/pr43479.c   -O3 -g  line 13 h == 9
FAIL: gcc.dg/guality/pr43479.c   -O3 -g  line 18 h == 9
FAIL: gcc.dg/guality/pr43479.c   -Os  line 13 h == 9
FAIL: gcc.dg/guality/pr43479.c   -Os  line 18 h == 9
FAIL: gcc.dg/guality/pr43479.c   -O2 -flto -fno-use-linker-plugin -flto-partition=none  line 13 h == 9
FAIL: gcc.dg/guality/pr43479.c   -O2 -flto -fno-use-linker-plugin -flto-partition=none  line 18 h == 9
FAIL: gcc.dg/guality/pr43479.c   -O2 -flto -fuse-linker-plugin -fno-fat-lto-objects  line 13 h == 9
FAIL: gcc.dg/guality/pr43479.c   -O2 -flto -fuse-linker-plugin -fno-fat-lto-objects  line 18 h == 9
FAIL: gcc.dg/guality/pr45003-2.c   -O2 -flto -fuse-linker-plugin -fno-fat-lto-objects  line 10 a == 0x8078
FAIL: gcc.dg/guality/pr45882.c   -O2 -flto -fuse-linker-plugin -fno-fat-lto-objects  line 16 d == 112
FAIL: gcc.dg/guality/pr45882.c   -O2 -flto -fuse-linker-plugin -fno-fat-lto-objects  line 16 e == 142
FAIL: gcc.dg/guality/pr48437.c   -O2 -flto -fno-use-linker-plugin -flto-partition=none  line 14 i == 0
FAIL: gcc.dg/guality/pr48437.c   -O2 -flto -fuse-linker-plugin -fno-fat-lto-objects  line 14 i == 0
FAIL: gcc.dg/guality/pr49888.c   -O1  line 18 !c == 1
FAIL: gcc.dg/guality/pr49888.c   -O2  line 18 !c == 1
FAIL: gcc.dg/guality/pr49888.c   -O3 -fomit-frame-pointer  line 18 !c == 1
FAIL: gcc.dg/guality/pr49888.c   -O3 -g  line 18 !c == 1
FAIL: gcc.dg/guality/pr49888.c   -Os  line 18 !c == 1
FAIL: gcc.dg/guality/pr49888.c   -O2 -flto -fno-use-linker-plugin -flto-partition=none  line 18 !c == 1
FAIL: gcc.dg/guality/pr49888.c   -O2 -flto -fuse-linker-plugin -fno-fat-lto-objects  line 18 !c == 1
FAIL: gcc.dg/guality/pr54200.c   -Os  line 20 z == 3
FAIL: gcc.dg/guality/pr54519-1.c   -O2 -flto -fno-use-linker-plugin -flto-partition=none  line 20 y == 25
FAIL: gcc.dg/guality/pr54519-1.c   -O2 -flto -fno-use-linker-plugin -flto-partition=none  line 20 z == 6
FAIL: gcc.dg/guality/pr54519-1.c   -O2 -flto -fno-use-linker-plugin -flto-partition=none  line 23 y == 117
FAIL: gcc.dg/guality/pr54519-1.c   -O2 -flto -fno-use-linker-plugin -flto-partition=none  line 23 z == 8
FAIL: gcc.dg/guality/pr54519-2.c   -O2 -flto -fno-use-linker-plugin -flto-partition=none  line 17 y == 25
FAIL: gcc.dg/guality/pr54519-2.c   -O2 -flto -fuse-linker-plugin -fno-fat-lto-objects  line 17 y == 25
FAIL: gcc.dg/guality/pr54519-3.c   -O2 -flto -fno-use-linker-plugin -flto-partition=none  line 20 y == 25
FAIL: gcc.dg/guality/pr54519-3.c   -O2 -flto -fno-use-linker-plugin -flto-partition=none  line 20 z == 6
FAIL: gcc.dg/guality/pr54519-3.c   -O2 -flto -fno-use-linker-plugin -flto-partition=none  line 23 y == 117
FAIL: gcc.dg/guality/pr54519-3.c   -O2 -flto -fno-use-linker-plugin -flto-partition=none  line 23 z == 8
FAIL: gcc.dg/guality/pr54519-3.c   -O2 -flto -fuse-linker-plugin -fno-fat-lto-objects  line 20 x == 36
FAIL: gcc.dg/guality/pr54519-3.c   -O2 -flto -fuse-linker-plugin -fno-fat-lto-objects  line 20 y == 25
FAIL: gcc.dg/guality/pr54519-3.c   -O2 -flto -fuse-linker-plugin -fno-fat-lto-objects  line 20 z == 6
FAIL: gcc.dg/guality/pr54519-3.c   -O2 -flto -fuse-linker-plugin -fno-fat-lto-objects  line 23 x == 98
FAIL: gcc.dg/guality/pr54519-3.c   -O2 -flto -fuse-linker-plugin -fno-fat-lto-objects  line 23 y == 117
FAIL: gcc.dg/guality/pr54519-3.c   -O2 -flto -fuse-linker-plugin -fno-fat-lto-objects  line 23 z == 8
FAIL: gcc.dg/guality/pr54519-4.c   -O2 -flto -fno-use-linker-plugin -flto-partition=none  line 17 y == 25
FAIL: gcc.dg/guality/pr54519-4.c   -O2 -flto -fuse-linker-plugin -fno-fat-lto-objects  line 17 x == 6
FAIL: gcc.dg/guality/pr54519-4.c   -O2 -flto -fuse-linker-plugin -fno-fat-lto-objects  line 17 y == 25
FAIL: gcc.dg/guality/pr54519-5.c   -O2 -flto -fno-use-linker-plugin -flto-partition=none  line 17 y == 25
FAIL: gcc.dg/guality/pr54519-5.c   -O2 -flto -fuse-linker-plugin -fno-fat-lto-objects  line 17 y == 25
FAIL: gcc.dg/guality/pr54693-2.c   -O3 -fomit-frame-pointer -funroll-loops  line 21 i == v + 1
FAIL: gcc.dg/guality/pr54693-2.c   -O3 -fomit-frame-pointer -funroll-all-loops -finline-functions  line 21 i == v + 1
FAIL: gcc.dg/guality/pr54693-2.c   -Os  line 21 x == 10 - i
FAIL: gcc.dg/guality/pr54693-2.c   -Os  line 21 y == 20 - 2 * i
FAIL: gcc.dg/guality/sra-1.c   -O2  line 21 a.i == 4
FAIL: gcc.dg/guality/sra-1.c   -O2  line 21 a.j == 14
FAIL: gcc.dg/guality/sra-1.c   -O2  line 43 a.i == 4
FAIL: gcc.dg/guality/sra-1.c   -O2  line 43 a.j == 14
FAIL: gcc.dg/guality/sra-1.c   -O3 -fomit-frame-pointer  line 21 a.i == 4
FAIL: gcc.dg/guality/sra-1.c   -O3 -fomit-frame-pointer  line 21 a.j == 14
FAIL: gcc.dg/guality/sra-1.c   -O3 -fomit-frame-pointer  line 43 a.i == 4
FAIL: gcc.dg/guality/sra-1.c   -O3 -fomit-frame-pointer  line 43 a.j == 14
FAIL: gcc.dg/guality/sra-1.c   -O3 -g  line 21 a.i == 4
FAIL: gcc.dg/guality/sra-1.c   -O3 -g  line 21 a.j == 14
FAIL: gcc.dg/guality/sra-1.c   -O3 -g  line 43 a.i == 4
FAIL: gcc.dg/guality/sra-1.c   -O3 -g  line 43 a.j == 14
FAIL: gcc.dg/guality/sra-1.c   -Os  line 21 a.i == 4
FAIL: gcc.dg/guality/sra-1.c   -Os  line 21 a.j == 14
FAIL: gcc.dg/guality/sra-1.c   -Os  line 43 a.i == 4
FAIL: gcc.dg/guality/sra-1.c   -Os  line 43 a.j == 14
FAIL: gcc.dg/guality/sra-1.c   -O2 -flto -fno-use-linker-plugin -flto-partition=none  line 21 a.i == 4
FAIL: gcc.dg/guality/sra-1.c   -O2 -flto -fno-use-linker-plugin -flto-partition=none  line 21 a.j == 14
FAIL: gcc.dg/guality/sra-1.c   -O2 -flto -fno-use-linker-plugin -flto-partition=none  line 43 a.i == 4
FAIL: gcc.dg/guality/sra-1.c   -O2 -flto -fno-use-linker-plugin -flto-partition=none  line 43 a.j == 14
FAIL: gcc.dg/guality/sra-1.c   -O2 -flto -fuse-linker-plugin -fno-fat-lto-objects  line 21 a.i == 4
FAIL: gcc.dg/guality/sra-1.c   -O2 -flto -fuse-linker-plugin -fno-fat-lto-objects  line 21 a.j == 14
FAIL: gcc.dg/guality/sra-1.c   -O2 -flto -fuse-linker-plugin -fno-fat-lto-objects  line 43 a.i == 4
FAIL: gcc.dg/guality/sra-1.c   -O2 -flto -fuse-linker-plugin -fno-fat-lto-objects  line 43 a.j == 14
FAIL: gcc.dg/guality/vla-1.c   -O1  line 17 sizeof (a) == 6
FAIL: gcc.dg/guality/vla-1.c   -O2  line 17 sizeof (a) == 6
FAIL: gcc.dg/guality/vla-1.c   -O2  line 24 sizeof (a) == 17 * sizeof (short)
FAIL: gcc.dg/guality/vla-1.c   -O3 -fomit-frame-pointer  line 17 sizeof (a) == 6
FAIL: gcc.dg/guality/vla-1.c   -O3 -fomit-frame-pointer  line 24 sizeof (a) == 17 * sizeof (short)
FAIL: gcc.dg/guality/vla-1.c   -O3 -g  line 17 sizeof (a) == 6
FAIL: gcc.dg/guality/vla-1.c   -O3 -g  line 24 sizeof (a) == 17 * sizeof (short)
FAIL: gcc.dg/guality/vla-1.c   -Os  line 17 sizeof (a) == 6
FAIL: gcc.dg/guality/vla-1.c   -Os  line 24 sizeof (a) == 17 * sizeof (short)
FAIL: gcc.dg/guality/vla-1.c   -O2 -flto -fno-use-linker-plugin -flto-partition=none  line 17 sizeof (a) == 6
FAIL: gcc.dg/guality/vla-1.c   -O2 -flto -fno-use-linker-plugin -flto-partition=none  line 24 sizeof (a) == 17 * sizeof (short)
FAIL: gcc.dg/guality/vla-1.c   -O2 -flto -fuse-linker-plugin -fno-fat-lto-objects  line 17 sizeof (a) == 6
FAIL: gcc.dg/guality/vla-1.c   -O2 -flto -fuse-linker-plugin -fno-fat-lto-objects  line 24 sizeof (a) == 17 * sizeof (short)
FAIL: gcc.dg/guality/vla-2.c   -O2  line 25 sizeof (a) == 6 * sizeof (int)
FAIL: gcc.dg/guality/vla-2.c   -O3 -fomit-frame-pointer  line 25 sizeof (a) == 6 * sizeof (int)
FAIL: gcc.dg/guality/vla-2.c   -O3 -g  line 25 sizeof (a) == 6 * sizeof (int)
FAIL: gcc.dg/guality/vla-2.c   -Os  line 25 sizeof (a) == 6 * sizeof (int)
FAIL: gcc.dg/guality/vla-2.c   -O2 -flto -fno-use-linker-plugin -flto-partition=none  line 25 sizeof (a) == 6 * sizeof (int)
FAIL: gcc.dg/guality/vla-2.c   -O2 -flto -fuse-linker-plugin -fno-fat-lto-objects  line 25 sizeof (a) == 6 * sizeof (int)
FAIL: gcc.dg/plugin/selfassign.c compilation
FAIL: gcc.dg/plugin/ggcplug.c compilation
FAIL: gcc.dg/plugin/one_time_plugin.c compilation
FAIL: gcc.dg/plugin/start_unit_plugin.c compilation
FAIL: gcc.dg/plugin/finish_unit_plugin.c compilation

		=== gcc Summary ===

# of expected passes		111174
# of unexpected failures	165
# of unexpected successes	33
# of expected failures		268
# of unsupported tests		1536
/var/tmp/portage/sys-devel/gcc-4.10.0_alpha20140812/work/build/gcc/xgcc  version 4.10.0-alpha20140812 20140813 (experimental) [trunk revision 213896] (Gentoo 4.10.0_alpha20140812) 

		=== gfortran tests ===


Running target unix

		=== gfortran Summary ===

# of expected passes		46535
# of expected failures		52
# of unsupported tests		65
/var/tmp/portage/sys-devel/gcc-4.10.0_alpha20140812/work/build/gcc/testsuite/gfortran/../../gfortran  version 4.10.0-alpha20140812 20140813 (experimental) [trunk revision 213896] (Gentoo 4.10.0_alpha20140812) 

		=== gnat tests ===


Running target unix
FAIL: gnat.dg/weak2.adb (test for excess errors)

		=== gnat Summary ===

# of expected passes		1257
# of unexpected failures	1
# of expected failures		18
# of unsupported tests		3
/var/tmp/portage/sys-devel/gcc-4.10.0_alpha20140812/work/build/gcc/gnatmake version 4.10.0-alpha20140812 20140813 (experimental) [trunk revision 213896]

		=== go tests ===


Running target unix

		=== go Summary ===

# of expected passes		7254
# of expected failures		1
# of untested testcases		6
# of unsupported tests		1
/var/tmp/portage/sys-devel/gcc-4.10.0_alpha20140812/work/build/gcc/testsuite/go/../../gccgo  version 4.10.0-alpha20140812 20140813 (experimental) [trunk revision 213896] (Gentoo 4.10.0_alpha20140812) 

		=== obj-c++ tests ===


Running target unix

		=== obj-c++ Summary ===

# of expected passes		1439
# of expected failures		10
# of unsupported tests		86
/var/tmp/portage/sys-devel/gcc-4.10.0_alpha20140812/work/build/gcc/testsuite/obj-c++/../../xg++  version 4.10.0-alpha20140812 20140813 (experimental) [trunk revision 213896] (Gentoo 4.10.0_alpha20140812) 

		=== objc tests ===


Running target unix

		=== objc Summary ===

# of expected passes		3004
# of expected failures		6
# of unsupported tests		74
/var/tmp/portage/sys-devel/gcc-4.10.0_alpha20140812/work/build/gcc/xgcc  version 4.10.0-alpha20140812 20140813 (experimental) [trunk revision 213896] (Gentoo 4.10.0_alpha20140812) 

		=== boehm-gc tests ===


Running target unix

		=== boehm-gc Summary ===

# of expected passes		12
# of unsupported tests		1
		=== libatomic tests ===


Running target unix

		=== libatomic Summary ===

# of expected passes		54
		=== libffi tests ===


Running target unix

		=== libffi Summary ===

# of expected passes		1819
# of unsupported tests		55
		=== libgo tests ===


Running target unix
FAIL: net
FAIL: time

		=== libgo Summary for unix ===

# of expected passes		121
# of unexpected failures	2

Running target unix/-m32
FAIL: net
FAIL: time
FAIL: text/tabwriter

		=== libgo Summary for unix/-m32 ===

# of expected passes		120
# of unexpected failures	3

		=== libgo Summary ===

# of expected passes		241
# of unexpected failures	5
/var/tmp/portage/sys-devel/gcc-4.10.0_alpha20140812/work/build/./gcc/gccgo version 4.10.0-alpha20140812 20140813 (experimental) [trunk revision 213896] (Gentoo 4.10.0_alpha20140812)

		=== libgomp tests ===


Running target unix

		=== libgomp Summary ===

# of expected passes		3277
# of unsupported tests		19
		=== libitm tests ===


Running target unix

		=== libitm Summary ===

# of expected passes		26
# of expected failures		3
# of unsupported tests		1
		=== libjava tests ===


Running target unix

		=== libjava Summary ===

# of expected passes		2582
# of expected failures		4
		=== libstdc++ tests ===


Running target unix
FAIL: 20_util/enable_shared_from_this/cons/constexpr.cc (test for excess errors)
FAIL: 20_util/shared_ptr/cons/constexpr.cc (test for excess errors)
FAIL: 20_util/unique_ptr/cons/constexpr.cc (test for excess errors)
FAIL: 20_util/weak_ptr/cons/constexpr.cc (test for excess errors)
FAIL: 30_threads/future/cons/constexpr.cc (test for excess errors)
FAIL: 30_threads/shared_future/cons/constexpr.cc (test for excess errors)

		=== libstdc++ Summary ===

# of expected passes		10073
# of unexpected failures	6
# of expected failures		69
# of unsupported tests		281

Compiler version: 4.10.0-alpha20140812 20140813 (experimental) [trunk revision 213896] (Gentoo 4.10.0_alpha20140812) 
Platform: x86_64-pc-linux-gnu
configure flags: --host=x86_64-pc-linux-gnu --build=x86_64-pc-linux-gnu --prefix=/usr --bindir=/usr/x86_64-pc-linux-gnu/gcc-bin/4.10.0-alpha20140812 --includedir=/usr/lib/gcc/x86_64-pc-linux-gnu/4.10.0-alpha20140812/include --datadir=/usr/share/gcc-data/x86_64-pc-linux-gnu/4.10.0-alpha20140812 --mandir=/usr/share/gcc-data/x86_64-pc-linux-gnu/4.10.0-alpha20140812/man --infodir=/usr/share/gcc-data/x86_64-pc-linux-gnu/4.10.0-alpha20140812/info --with-gxx-include-dir=/usr/lib/gcc/x86_64-pc-linux-gnu/4.10.0-alpha20140812/include/g++-v4 --with-python-dir=/share/gcc-data/x86_64-pc-linux-gnu/4.10.0-alpha20140812/python --enable-languages=c,c++,java,go,objc,obj-c++,fortran,ada --enable-obsolete --disable-werror --with-system-zlib --enable-nls --without-included-gettext --enable-checking=release --with-bugurl=https://bugs.gentoo.org/ --with-pkgversion='Gentoo 4.10.0_alpha20140812' --enable-libstdcxx-time --enable-shared --enable-threads=posix --enable-__cxa_atexit --enable-clocale=gnu!
  --enable-multilib --disable-altivec --disable-fixed-point --enable-targets=all --enable-java-awt=gtk --enable-libgomp --enable-lto --with-cloog --disable-isl-version-check


Index Nav: [Date Index] [Subject Index] [Author Index] [Thread Index]
Message Nav: [Date Prev] [Date Next] [Thread Prev] [Thread Next]