This is the mail archive of the
gcc-testresults@gcc.gnu.org
mailing list for the GCC project.
Results for 4.9.2 20140809 (prerelease) [4.9 branch revision 213778] (GCC) testsuite on x86_64-apple-darwin10.8.0
- From: dominiq at lps dot ens dot fr (Dominique Dhumieres)
- To: gcc-testresults at gcc dot gnu dot org
- Date: Sun, 10 Aug 2014 10:43:11 +0200
- Subject: Results for 4.9.2 20140809 (prerelease) [4.9 branch revision 213778] (GCC) testsuite on x86_64-apple-darwin10.8.0
- Authentication-results: sourceware.org; auth=none
LAST_UPDATED: Updated Sat Aug 9 15:44:21 CEST 2014 to revision 213778.
=== acats tests ===
=== acats Summary ===
# of expected passes 2320
# of unexpected failures 0
Native configuration is x86_64-apple-darwin10.8.0
=== g++ tests ===
Running target unix/-m32
FAIL: g++.dg/debug/dwarf2/imported-decl-2.C -std=gnu++98 scan-assembler-times ascii "AAAA\\\\\\\\0".*ascii "BBBB\\\\\\\\0".*DIE .0x[0-9a-f]*. DW_TAG_imported_declaration 1
FAIL: g++.dg/debug/dwarf2/imported-decl-2.C -std=gnu++11 scan-assembler-times ascii "AAAA\\\\\\\\0".*ascii "BBBB\\\\\\\\0".*DIE .0x[0-9a-f]*. DW_TAG_imported_declaration 1
FAIL: g++.dg/debug/dwarf2/imported-decl-2.C -std=gnu++1y scan-assembler-times ascii "AAAA\\\\\\\\0".*ascii "BBBB\\\\\\\\0".*DIE .0x[0-9a-f]*. DW_TAG_imported_declaration 1
FAIL: g++.dg/ext/sync-4.C -std=gnu++98 execution test
FAIL: g++.dg/ext/sync-4.C -std=gnu++11 execution test
FAIL: g++.dg/ext/sync-4.C -std=gnu++1y execution test
FAIL: g++.dg/ipa/pr61160-3.C -std=gnu++98 execution test
FAIL: g++.dg/ipa/pr61160-3.C -std=gnu++11 execution test
FAIL: g++.dg/ipa/pr61160-3.C -std=gnu++1y execution test
FAIL: g++.dg/opt/vt4.C -std=gnu++98 scan-assembler-not _ZTV.A
FAIL: g++.dg/opt/vt4.C -std=gnu++11 scan-assembler-not _ZTV.A
FAIL: g++.dg/opt/vt4.C -std=gnu++1y scan-assembler-not _ZTV.A
=== g++ Summary for unix/-m32 ===
# of expected passes 84004
# of unexpected failures 12
# of expected failures 442
# of unsupported tests 3048
Running target unix/-m64
FAIL: g++.dg/debug/dwarf2/imported-decl-2.C -std=gnu++98 scan-assembler-times ascii "AAAA\\\\\\\\0".*ascii "BBBB\\\\\\\\0".*DIE .0x[0-9a-f]*. DW_TAG_imported_declaration 1
FAIL: g++.dg/debug/dwarf2/imported-decl-2.C -std=gnu++11 scan-assembler-times ascii "AAAA\\\\\\\\0".*ascii "BBBB\\\\\\\\0".*DIE .0x[0-9a-f]*. DW_TAG_imported_declaration 1
FAIL: g++.dg/debug/dwarf2/imported-decl-2.C -std=gnu++1y scan-assembler-times ascii "AAAA\\\\\\\\0".*ascii "BBBB\\\\\\\\0".*DIE .0x[0-9a-f]*. DW_TAG_imported_declaration 1
FAIL: g++.dg/ext/sync-4.C -std=gnu++98 execution test
FAIL: g++.dg/ext/sync-4.C -std=gnu++11 execution test
FAIL: g++.dg/ext/sync-4.C -std=gnu++1y execution test
FAIL: g++.dg/opt/vt4.C -std=gnu++98 scan-assembler-not _ZTV.A
FAIL: g++.dg/opt/vt4.C -std=gnu++11 scan-assembler-not _ZTV.A
FAIL: g++.dg/opt/vt4.C -std=gnu++1y scan-assembler-not _ZTV.A
=== g++ Summary for unix/-m64 ===
# of expected passes 85360
# of unexpected failures 9
# of expected failures 442
# of unsupported tests 3300
=== g++ Summary ===
# of expected passes 169364
# of unexpected failures 21
# of expected failures 884
# of unsupported tests 6348
/opt/gcc/4.9_build/gcc/testsuite/g++/../../xg++ version 4.9.2 20140809 (prerelease) [4.9 branch revision 213778] (GCC)
=== gcc tests ===
Running target unix/-m32
WARNING: program timed out.
FAIL: gcc.dg/atomic/c11-atomic-exec-5.c -O0 execution test
WARNING: program timed out.
FAIL: gcc.dg/atomic/c11-atomic-exec-5.c -O1 execution test
WARNING: program timed out.
FAIL: gcc.dg/atomic/c11-atomic-exec-5.c -O2 execution test
WARNING: program timed out.
FAIL: gcc.dg/atomic/c11-atomic-exec-5.c -O3 -fomit-frame-pointer execution test
WARNING: program timed out.
FAIL: gcc.dg/atomic/c11-atomic-exec-5.c -O3 -fomit-frame-pointer -funroll-loops execution test
WARNING: program timed out.
FAIL: gcc.dg/atomic/c11-atomic-exec-5.c -O3 -fomit-frame-pointer -funroll-all-loops -finline-functions execution test
WARNING: program timed out.
FAIL: gcc.dg/atomic/c11-atomic-exec-5.c -O3 -g execution test
WARNING: program timed out.
FAIL: gcc.dg/atomic/c11-atomic-exec-5.c -Os execution test
WARNING: program timed out.
FAIL: gcc.dg/atomic/c11-atomic-exec-5.c -O2 -flto -flto-partition=none execution test
WARNING: program timed out.
FAIL: gcc.dg/atomic/c11-atomic-exec-5.c -O2 -flto execution test
FAIL: gcc.dg/20021014-1.c execution test
FAIL: gcc.dg/pr43643.c execution test
FAIL: gcc.dg/pr61053.c (test for excess errors)
FAIL: gcc.dg/lto/pr61526 c_lto_pr61526_0.o-c_lto_pr61526_1.o link, -fPIC -flto -flto-partition=1to1
UNRESOLVED: gcc.dg/lto/pr61526 c_lto_pr61526_0.o-c_lto_pr61526_1.o execute -fPIC -flto -flto-partition=1to1
FAIL: gcc.target/i386/avx512f-gather-5.c scan-assembler gather[^\\n]*zmm
FAIL: gcc.target/i386/memcpy-strategy-3.c scan-assembler-times memcpy 2
FAIL: gcc.target/i386/memset-strategy-1.c scan-assembler-times memset 2
=== gcc Summary for unix/-m32 ===
# of expected passes 101269
# of unexpected failures 17
# of expected failures 251
# of unresolved testcases 1
# of unsupported tests 2728
Running target unix/-m64
WARNING: program timed out.
FAIL: gcc.dg/atomic/c11-atomic-exec-5.c -O0 execution test
WARNING: program timed out.
FAIL: gcc.dg/atomic/c11-atomic-exec-5.c -O1 execution test
WARNING: program timed out.
FAIL: gcc.dg/atomic/c11-atomic-exec-5.c -O2 execution test
WARNING: program timed out.
FAIL: gcc.dg/atomic/c11-atomic-exec-5.c -O3 -fomit-frame-pointer execution test
WARNING: program timed out.
FAIL: gcc.dg/atomic/c11-atomic-exec-5.c -O3 -fomit-frame-pointer -funroll-loops execution test
WARNING: program timed out.
FAIL: gcc.dg/atomic/c11-atomic-exec-5.c -O3 -fomit-frame-pointer -funroll-all-loops -finline-functions execution test
WARNING: program timed out.
FAIL: gcc.dg/atomic/c11-atomic-exec-5.c -O3 -g execution test
WARNING: program timed out.
FAIL: gcc.dg/atomic/c11-atomic-exec-5.c -Os execution test
WARNING: program timed out.
FAIL: gcc.dg/atomic/c11-atomic-exec-5.c -O2 -flto -flto-partition=none execution test
WARNING: program timed out.
FAIL: gcc.dg/atomic/c11-atomic-exec-5.c -O2 -flto execution test
FAIL: gcc.dg/lto/pr61526 c_lto_pr61526_0.o-c_lto_pr61526_1.o link, -fPIC -flto -flto-partition=1to1
UNRESOLVED: gcc.dg/lto/pr61526 c_lto_pr61526_0.o-c_lto_pr61526_1.o execute -fPIC -flto -flto-partition=1to1
FAIL: gcc.target/i386/avx512f-gather-5.c scan-assembler gather[^\\n]*zmm
FAIL: gcc.target/i386/memcpy-strategy-3.c scan-assembler-times memcpy 2
FAIL: gcc.target/i386/memset-strategy-1.c scan-assembler-times memset 2
FAIL: gcc.target/i386/pr49866.c (test for excess errors)
=== gcc Summary for unix/-m64 ===
# of expected passes 101787
# of unexpected failures 15
# of expected failures 255
# of unresolved testcases 1
# of unsupported tests 2965
=== gcc Summary ===
# of expected passes 203056
# of unexpected failures 32
# of expected failures 506
# of unresolved testcases 2
# of unsupported tests 5693
/opt/gcc/4.9_build/gcc/xgcc version 4.9.2 20140809 (prerelease) [4.9 branch revision 213778] (GCC)
=== gfortran tests ===
Running target unix/-m32
=== gfortran Summary for unix/-m32 ===
# of expected passes 45670
# of expected failures 52
# of unsupported tests 212
Running target unix/-m64
=== gfortran Summary for unix/-m64 ===
# of expected passes 45957
# of expected failures 52
# of unsupported tests 74
=== gfortran Summary ===
# of expected passes 91627
# of expected failures 104
# of unsupported tests 286
/opt/gcc/4.9_build/gcc/testsuite/gfortran/../../gfortran version 4.9.2 20140809 (prerelease) [4.9 branch revision 213778] (GCC)
=== gnat tests ===
Running target unix/-m32
=== gnat Summary for unix/-m32 ===
# of expected passes 1229
# of expected failures 18
# of unsupported tests 6
Running target unix/-m64
=== gnat Summary for unix/-m64 ===
# of expected passes 1229
# of expected failures 18
# of unsupported tests 6
=== gnat Summary ===
# of expected passes 2458
# of expected failures 36
# of unsupported tests 12
/opt/gcc/4.9_build/gcc/gnatmake version 4.9.2 20140809 (prerelease) [4.9 branch revision 213778]
=== obj-c++ tests ===
Running target unix/-m32
=== obj-c++ Summary for unix/-m32 ===
# of expected passes 3157
# of expected failures 2
# of unsupported tests 68
Running target unix/-m64
=== obj-c++ Summary for unix/-m64 ===
# of expected passes 3098
# of expected failures 19
# of unsupported tests 74
=== obj-c++ Summary ===
# of expected passes 6255
# of expected failures 21
# of unsupported tests 142
/opt/gcc/4.9_build/gcc/testsuite/obj-c++/../../xg++ version 4.9.2 20140809 (prerelease) [4.9 branch revision 213778] (GCC)
=== objc tests ===
Running target unix/-m32
=== objc Summary for unix/-m32 ===
# of expected passes 6100
# of expected failures 6
# of unsupported tests 85
Running target unix/-m64
=== objc Summary for unix/-m64 ===
# of expected passes 6052
# of expected failures 14
# of unsupported tests 91
=== objc Summary ===
# of expected passes 12152
# of expected failures 20
# of unsupported tests 176
/opt/gcc/4.9_build/gcc/xgcc version 4.9.2 20140809 (prerelease) [4.9 branch revision 213778] (GCC)
=== boehm-gc tests ===
Running target unix/-m32
=== boehm-gc Summary for unix/-m32 ===
# of expected passes 12
# of unsupported tests 1
Running target unix/-m64
=== boehm-gc Summary for unix/-m64 ===
# of expected passes 12
# of unsupported tests 1
=== boehm-gc Summary ===
# of expected passes 24
# of unsupported tests 2
=== libatomic tests ===
Running target unix/-m32
=== libatomic Summary for unix/-m32 ===
# of expected passes 44
# of unsupported tests 5
Running target unix/-m64
=== libatomic Summary for unix/-m64 ===
# of expected passes 54
=== libatomic Summary ===
# of expected passes 98
# of unsupported tests 5
=== libffi tests ===
Running target unix/-m32
=== libffi Summary for unix/-m32 ===
# of expected passes 1819
# of unsupported tests 55
Running target unix/-m64
=== libffi Summary for unix/-m64 ===
# of expected passes 1819
# of unsupported tests 55
=== libffi Summary ===
# of expected passes 3638
# of unsupported tests 110
=== libgomp tests ===
Running target unix/-m32
=== libgomp Summary for unix/-m32 ===
# of expected passes 3237
# of unsupported tests 38
Running target unix/-m64
=== libgomp Summary for unix/-m64 ===
# of expected passes 3237
# of unsupported tests 38
=== libgomp Summary ===
# of expected passes 6474
# of unsupported tests 76
=== libitm tests ===
Running target unix/-m32
=== libitm Summary for unix/-m32 ===
# of expected passes 26
# of expected failures 3
# of unsupported tests 1
Running target unix/-m64
=== libitm Summary for unix/-m64 ===
# of expected passes 26
# of expected failures 3
# of unsupported tests 1
=== libitm Summary ===
# of expected passes 52
# of expected failures 6
# of unsupported tests 2
=== libjava tests ===
Running target unix/-m32
=== libjava Summary for unix/-m32 ===
# of expected passes 2582
# of expected failures 4
Running target unix/-m64
FAIL: Throw_2 execution - source compiled test
FAIL: Throw_2 -findirect-dispatch execution - source compiled test
FAIL: Throw_2 -O3 execution - source compiled test
FAIL: Throw_2 -O3 -findirect-dispatch execution - source compiled test
=== libjava Summary for unix/-m64 ===
# of expected passes 2574
# of unexpected failures 4
# of expected failures 4
# of untested testcases 4
=== libjava Summary ===
# of expected passes 5156
# of unexpected failures 4
# of expected failures 8
# of untested testcases 4
=== libstdc++ tests ===
Running target unix/-m32
=== libstdc++ Summary for unix/-m32 ===
# of expected passes 8826
# of expected failures 41
# of unsupported tests 641
Running target unix/-m64
=== libstdc++ Summary for unix/-m64 ===
# of expected passes 8824
# of expected failures 41
# of unsupported tests 642
=== libstdc++ Summary ===
# of expected passes 17650
# of expected failures 82
# of unsupported tests 1283
Compiler version: 4.9.2 20140809 (prerelease) [4.9 branch revision 213778] (GCC)
Platform: x86_64-apple-darwin10.8.0
configure flags: --prefix=/opt/gcc/gcc4.9wr --enable-languages=c,c++,fortran,objc,obj-c++,ada,java,lto --with-gmp=/opt/mp --with-system-zlib --with-isl=/opt/mp --enable-lto --enable-plugin