This is the mail archive of the gcc-testresults@gcc.gnu.org mailing list for the GCC project.


Index Nav: [Date Index] [Subject Index] [Author Index] [Thread Index]
Message Nav: [Date Prev] [Date Next] [Thread Prev] [Thread Next]
Other format: [Raw text]

Results for 4.9.2 20140808 (prerelease) [gcc-4_9-branch revision 213746] (GCC) testsuite on i386-pc-solaris2.9


LAST_UPDATED: Fri Aug  8 11:57:12 UTC 2014 (revision 213746)

		=== acats tests ===

		=== acats Summary ===
# of expected passes		2320
# of unexpected failures	0
Native configuration is i386-pc-solaris2.9

		=== g++ tests ===


Running target unix
FAIL: g++.dg/init/cleanup3.C -std=c++98  scan-assembler-not _tcf
FAIL: g++.dg/init/cleanup3.C -std=c++11  scan-assembler-not _tcf
FAIL: g++.dg/init/cleanup3.C -std=c++1y  scan-assembler-not _tcf
FAIL: g++.dg/ipa/pr61160-3.C -std=gnu++98 execution test
FAIL: g++.dg/ipa/pr61160-3.C -std=gnu++11 execution test
FAIL: g++.dg/ipa/pr61160-3.C -std=gnu++1y execution test
FAIL: g++.dg/tls/thread_local-order1.C -std=c++11 execution test
FAIL: g++.dg/tls/thread_local-order1.C -std=c++1y execution test
FAIL: g++.dg/tls/thread_local3g.C -std=gnu++11 execution test
FAIL: g++.dg/tls/thread_local3g.C -std=gnu++1y execution test
FAIL: g++.dg/tls/thread_local4g.C -std=gnu++11 execution test
FAIL: g++.dg/tls/thread_local4g.C -std=gnu++1y execution test
FAIL: g++.dg/tls/thread_local5g.C -std=gnu++11 execution test
FAIL: g++.dg/tls/thread_local5g.C -std=gnu++1y execution test
FAIL: g++.dg/tls/thread_local6g.C -std=c++11 execution test
FAIL: g++.dg/tls/thread_local6g.C -std=c++1y execution test
FAIL: g++.old-deja/g++.other/init5.C -std=c++98 execution test
FAIL: g++.old-deja/g++.other/init5.C -std=c++11 execution test
FAIL: g++.old-deja/g++.other/init5.C -std=c++1y execution test

		=== g++ Summary ===

# of expected passes		82079
# of unexpected failures	19
# of expected failures		445
# of unsupported tests		2791
/var/gcc/regression/gcc-4.9-branch/9-gcc-gas-gld/build/gcc/testsuite/g++/../../xg++  version 4.9.2 20140808 (prerelease) [gcc-4_9-branch revision 213746] (GCC) 

		=== gcc tests ===


Running target unix
FAIL: gcc.target/i386/avx512f-ceil-sfix-vec-2.c scan-assembler vrndscalepd[^\\n]*zmm[0-9]
FAIL: gcc.target/i386/avx512f-ceil-sfix-vec-2.c scan-assembler vcvttpd2dq[^\\n]*zmm[0-9]
FAIL: gcc.target/i386/avx512f-floor-sfix-vec-2.c scan-assembler vrndscalepd[^\\n]*zmm[0-9]
FAIL: gcc.target/i386/avx512f-floor-sfix-vec-2.c scan-assembler vcvttpd2dq[^\\n]*zmm[0-9]

		=== gcc Summary ===

# of expected passes		101678
# of unexpected failures	4
# of expected failures		253
# of unsupported tests		1357
/var/gcc/regression/gcc-4.9-branch/9-gcc-gas-gld/build/gcc/xgcc  version 4.9.2 20140808 (prerelease) [gcc-4_9-branch revision 213746] (GCC) 

		=== gfortran tests ===


Running target unix
FAIL: gfortran.dg/static_linking_1.f  -O0  execution test
FAIL: gfortran.dg/static_linking_1.f  -O1  execution test
FAIL: gfortran.dg/static_linking_1.f  -O2  execution test
FAIL: gfortran.dg/static_linking_1.f  -O3 -fomit-frame-pointer  execution test
FAIL: gfortran.dg/static_linking_1.f  -O3 -fomit-frame-pointer -funroll-loops  execution test
FAIL: gfortran.dg/static_linking_1.f  -O3 -fomit-frame-pointer -funroll-all-loops -finline-functions  execution test
FAIL: gfortran.dg/static_linking_1.f  -O3 -g  execution test
FAIL: gfortran.dg/static_linking_1.f  -Os  execution test

		=== gfortran Summary ===

# of expected passes		45391
# of unexpected failures	8
# of expected failures		60
# of unsupported tests		368
/var/gcc/regression/gcc-4.9-branch/9-gcc-gas-gld/build/gcc/testsuite/gfortran/../../gfortran  version 4.9.2 20140808 (prerelease) [gcc-4_9-branch revision 213746] (GCC) 

		=== gnat tests ===


Running target unix

		=== gnat Summary ===

# of expected passes		1230
# of expected failures		18
# of unsupported tests		6
/var/gcc/regression/gcc-4.9-branch/9-gcc-gas-gld/build/gcc/gnatmake version 4.9.2 20140808 (prerelease) [gcc-4_9-branch revision 213746]

		=== go tests ===


Running target unix

		=== go Summary ===

# of expected passes		7371
# of expected failures		1
# of untested testcases		9
# of unsupported tests		2
/var/gcc/regression/gcc-4.9-branch/9-gcc-gas-gld/build/gcc/testsuite/go/../../gccgo  version 4.9.2 20140808 (prerelease) [gcc-4_9-branch revision 213746] (GCC) 

		=== obj-c++ tests ===


Running target unix

		=== obj-c++ Summary ===

# of expected passes		1449
# of expected failures		2
# of unsupported tests		86
/var/gcc/regression/gcc-4.9-branch/9-gcc-gas-gld/build/gcc/testsuite/obj-c++/../../xg++  version 4.9.2 20140808 (prerelease) [gcc-4_9-branch revision 213746] (GCC) 

		=== objc tests ===


Running target unix

		=== objc Summary ===

# of expected passes		2988
# of expected failures		6
# of unsupported tests		74
/var/gcc/regression/gcc-4.9-branch/9-gcc-gas-gld/build/gcc/xgcc  version 4.9.2 20140808 (prerelease) [gcc-4_9-branch revision 213746] (GCC) 

		=== boehm-gc tests ===


Running target unix

		=== boehm-gc Summary ===

# of expected passes		12
# of unsupported tests		1
		=== libatomic tests ===


Running target unix

		=== libatomic Summary ===

# of expected passes		44
# of unsupported tests		5
		=== libffi tests ===


Running target unix

		=== libffi Summary ===

# of expected passes		1819
# of unsupported tests		55
		=== libgo tests ===


Running target unix
FAIL: net
FAIL: runtime
FAIL: log/syslog
FAIL: net/http
FAIL: sync/atomic

		=== libgo Summary ===

# of expected passes		117
# of unexpected failures	5
		=== libgomp tests ===


Running target unix

		=== libgomp Summary ===

# of expected passes		3237
# of unsupported tests		38
		=== libitm tests ===


Running target unix

		=== libitm Summary ===

# of expected passes		26
# of expected failures		3
# of unsupported tests		1
		=== libjava tests ===


Running target unix
FAIL: Divide_1 output - source compiled test
FAIL: Divide_1 -findirect-dispatch output - source compiled test
FAIL: Divide_1 -O3 output - source compiled test
FAIL: Divide_1 -O3 -findirect-dispatch output - source compiled test

		=== libjava Summary ===

# of expected passes		2578
# of unexpected failures	4
# of expected failures		4
		=== libstdc++ tests ===


Running target unix

		=== libstdc++ Summary ===

# of expected passes		8317
# of expected failures		43
# of unsupported tests		929

Compiler version: 4.9.2 20140808 (prerelease) [gcc-4_9-branch revision 213746] (GCC) 
Platform: i386-pc-solaris2.9
configure flags: --prefix=/vol/gcc --target=i386-pc-solaris2.9 --enable-obsolete --enable-objc-gc --with-as=/vol/gcc/bin/gas-2.24 --with-gnu-as --with-ld=/vol/gcc/bin/gld-2.24 --with-gnu-ld --with-gmp-include=/vol/gcc/include --with-gmp-lib=/vol/gcc/lib --with-mpfr-include=/vol/gcc/include --with-mpfr-lib=/vol/gcc/lib --with-mpc-include=/vol/gcc/include --with-mpc-lib=/vol/gcc/lib --enable-languages=all,ada,obj-c++,go --with-isl-include=/vol/gcc/include --with-isl-lib=/vol/gcc/lib --with-cloog-include=/vol/gcc/include --with-cloog-lib=/vol/gcc/lib --enable-cloog-backend=isl
BOOT_CFLAGS=-g -O2


Index Nav: [Date Index] [Subject Index] [Author Index] [Thread Index]
Message Nav: [Date Prev] [Date Next] [Thread Prev] [Thread Next]