This is the mail archive of the gcc-testresults@gcc.gnu.org mailing list for the GCC project.


Index Nav: [Date Index] [Subject Index] [Author Index] [Thread Index]
Message Nav: [Date Prev] [Date Next] [Thread Prev] [Thread Next]
Other format: [Raw text]

Results for 4.10.0 20140808 (experimental) [trunk revision 213757] (GCC) testsuite on x86_64-pc-solaris2.10


LAST_UPDATED: Fri Aug  8 11:55:56 UTC 2014 (revision 213757)

Native configuration is x86_64-pc-solaris2.10

		=== boehm-gc tests ===


Running target unix/-m32

		=== boehm-gc Summary for unix/-m32 ===

# of expected passes		12
# of unsupported tests		1

Running target unix

		=== boehm-gc Summary for unix ===

# of expected passes		12
# of unsupported tests		1

		=== boehm-gc Summary ===

# of expected passes		24
# of unsupported tests		2
		=== libatomic tests ===


Running target unix/-m32

		=== libatomic Summary for unix/-m32 ===

# of expected passes		44
# of unsupported tests		5

Running target unix

		=== libatomic Summary for unix ===

# of expected passes		54

		=== libatomic Summary ===

# of expected passes		98
# of unsupported tests		5
		=== libffi tests ===


Running target unix/-m32

		=== libffi Summary for unix/-m32 ===

# of expected passes		1819
# of unsupported tests		55

Running target unix

		=== libffi Summary for unix ===

# of expected passes		1819
# of unsupported tests		55

		=== libffi Summary ===

# of expected passes		3638
# of unsupported tests		110
		=== libgo tests ===


Running target unix

		=== libgo Summary for unix ===

# of expected passes		123

Running target unix/-m32
FAIL: runtime
FAIL: sync/atomic

		=== libgo Summary for unix/-m32 ===

# of expected passes		121
# of unexpected failures	2

		=== libgo Summary ===

# of expected passes		244
# of unexpected failures	2
/var/gcc/regression/trunk/10-gcc-64/build/./gcc/gccgo version 4.10.0 20140808 (experimental) [trunk revision 213757] (GCC)

		=== libgomp tests ===


Running target unix/-m32

		=== libgomp Summary for unix/-m32 ===

# of expected passes		3271
# of unsupported tests		22

Running target unix

		=== libgomp Summary for unix ===

# of expected passes		3271
# of unsupported tests		22

		=== libgomp Summary ===

# of expected passes		6542
# of unsupported tests		44
		=== libitm tests ===


Running target unix/-m32

		=== libitm Summary for unix/-m32 ===

# of expected passes		26
# of expected failures		3
# of unsupported tests		1

Running target unix

		=== libitm Summary for unix ===

# of expected passes		26
# of expected failures		3
# of unsupported tests		1

		=== libitm Summary ===

# of expected passes		52
# of expected failures		6
# of unsupported tests		2
		=== libjava tests ===


Running target unix/-m32

		=== libjava Summary for unix/-m32 ===

# of expected passes		2582
# of expected failures		4

Running target unix

		=== libjava Summary for unix ===

# of expected passes		2582
# of expected failures		4

		=== libjava Summary ===

# of expected passes		5164
# of expected failures		8
		=== libstdc++ tests ===


Running target unix
FAIL: 30_threads/condition_variable_any/50862.cc execution test

		=== libstdc++ Summary for unix ===

# of expected passes		9092
# of unexpected failures	1
# of expected failures		70
# of unsupported tests		599

Running target unix/-m32
FAIL: 30_threads/condition_variable_any/50862.cc execution test

		=== libstdc++ Summary for unix/-m32 ===

# of expected passes		9092
# of unexpected failures	1
# of expected failures		70
# of unsupported tests		599

		=== libstdc++ Summary ===

# of expected passes		18184
# of unexpected failures	2
# of expected failures		140
# of unsupported tests		1198
		=== acats tests ===

		=== acats Summary ===
# of expected passes		2320
# of unexpected failures	0

		=== g++ tests ===


Running target unix
FAIL: g++.dg/cpp0x/static_assert9.C  -std=c++11 (test for excess errors)
FAIL: g++.dg/cpp0x/static_assert9.C  -std=c++1y (test for excess errors)
UNRESOLVED: g++.dg/ipa/devirt-35.C  -std=gnu++98  scan-ipa-dump fre1 "converting indirect call to function virtual int B::t"
UNRESOLVED: g++.dg/ipa/devirt-35.C  -std=gnu++11  scan-ipa-dump fre1 "converting indirect call to function virtual int B::t"
UNRESOLVED: g++.dg/ipa/devirt-35.C  -std=gnu++1y  scan-ipa-dump fre1 "converting indirect call to function virtual int B::t"
UNRESOLVED: g++.dg/ipa/devirt-36.C  -std=gnu++98  scan-ipa-dump fre1 "converting indirect call to function virtual int B::t"
UNRESOLVED: g++.dg/ipa/devirt-36.C  -std=gnu++11  scan-ipa-dump fre1 "converting indirect call to function virtual int B::t"
UNRESOLVED: g++.dg/ipa/devirt-36.C  -std=gnu++1y  scan-ipa-dump fre1 "converting indirect call to function virtual int B::t"
FAIL: g++.dg/lto/20100302 cp_lto_20100302_0.o-cp_lto_20100302_1.o link, -flto -fabi-version=2 (internal compiler error)
UNRESOLVED: g++.dg/lto/20100302 cp_lto_20100302_0.o-cp_lto_20100302_1.o execute -flto -fabi-version=2

		=== g++ Summary for unix ===

# of expected passes		82326
# of unexpected failures	3
# of expected failures		446
# of unresolved testcases	7
# of unsupported tests		3158

Running target unix/-m32
FAIL: g++.dg/cilk-plus/CK/catch_exc.cc  -O1 -fcilkplus execution test
FAIL: g++.dg/cilk-plus/CK/catch_exc.cc  -O3 -fcilkplus execution test
FAIL: g++.dg/cilk-plus/CK/catch_exc.cc  -g -fcilkplus execution test
FAIL: g++.dg/cilk-plus/CK/catch_exc.cc  -g -O2 -fcilkplus execution test
FAIL: g++.dg/cpp0x/static_assert9.C  -std=c++11 (test for excess errors)
FAIL: g++.dg/cpp0x/static_assert9.C  -std=c++1y (test for excess errors)
UNRESOLVED: g++.dg/ipa/devirt-35.C  -std=gnu++98  scan-ipa-dump fre1 "converting indirect call to function virtual int B::t"
UNRESOLVED: g++.dg/ipa/devirt-35.C  -std=gnu++11  scan-ipa-dump fre1 "converting indirect call to function virtual int B::t"
UNRESOLVED: g++.dg/ipa/devirt-35.C  -std=gnu++1y  scan-ipa-dump fre1 "converting indirect call to function virtual int B::t"
UNRESOLVED: g++.dg/ipa/devirt-36.C  -std=gnu++98  scan-ipa-dump fre1 "converting indirect call to function virtual int B::t"
UNRESOLVED: g++.dg/ipa/devirt-36.C  -std=gnu++11  scan-ipa-dump fre1 "converting indirect call to function virtual int B::t"
UNRESOLVED: g++.dg/ipa/devirt-36.C  -std=gnu++1y  scan-ipa-dump fre1 "converting indirect call to function virtual int B::t"
FAIL: g++.dg/lto/20100302 cp_lto_20100302_0.o-cp_lto_20100302_1.o link, -flto -fabi-version=2 (internal compiler error)
UNRESOLVED: g++.dg/lto/20100302 cp_lto_20100302_0.o-cp_lto_20100302_1.o execute -flto -fabi-version=2

		=== g++ Summary for unix/-m32 ===

# of expected passes		80990
# of unexpected failures	7
# of expected failures		446
# of unresolved testcases	7
# of unsupported tests		2898

		=== g++ Summary ===

# of expected passes		163316
# of unexpected failures	10
# of expected failures		892
# of unresolved testcases	14
# of unsupported tests		6056
/var/gcc/regression/trunk/10-gcc-64/build/gcc/testsuite/g++/../../xg++  version 4.10.0 20140808 (experimental) [trunk revision 213757] (GCC) 

		=== gcc tests ===


Running target unix
FAIL: gcc.target/i386/pr58218.c (test for excess errors)
FAIL: gcc.target/i386/pr61599-1.c (test for excess errors)
WARNING: gcc.target/i386/pr61599-1.c compilation failed to produce executable

		=== gcc Summary for unix ===

# of expected passes		102852
# of unexpected failures	2
# of expected failures		253
# of unsupported tests		1900

Running target unix/-m32
FAIL: gcc.target/i386/pr49095.c scan-assembler-not test[lq]

		=== gcc Summary for unix/-m32 ===

# of expected passes		102280
# of unexpected failures	1
# of expected failures		251
# of unsupported tests		1660

		=== gcc Summary ===

# of expected passes		205132
# of unexpected failures	3
# of expected failures		504
# of unsupported tests		3560
/var/gcc/regression/trunk/10-gcc-64/build/gcc/xgcc  version 4.10.0 20140808 (experimental) [trunk revision 213757] (GCC) 

		=== gfortran tests ===


Running target unix

		=== gfortran Summary for unix ===

# of expected passes		46517
# of expected failures		52
# of unsupported tests		73

Running target unix/-m32

		=== gfortran Summary for unix/-m32 ===

# of expected passes		46230
# of expected failures		52
# of unsupported tests		211

		=== gfortran Summary ===

# of expected passes		92747
# of expected failures		104
# of unsupported tests		284
/var/gcc/regression/trunk/10-gcc-64/build/gcc/testsuite/gfortran/../../gfortran  version 4.10.0 20140808 (experimental) [trunk revision 213757] (GCC) 

		=== gnat tests ===


Running target unix/-m32
FAIL: gnat.dg/weak2.adb (test for excess errors)

		=== gnat Summary for unix/-m32 ===

# of expected passes		1247
# of unexpected failures	1
# of expected failures		18
# of unsupported tests		7

Running target unix
FAIL: gnat.dg/weak2.adb (test for excess errors)

		=== gnat Summary for unix ===

# of expected passes		1247
# of unexpected failures	1
# of expected failures		18
# of unsupported tests		7

		=== gnat Summary ===

# of expected passes		2494
# of unexpected failures	2
# of expected failures		36
# of unsupported tests		14
/var/gcc/regression/trunk/10-gcc-64/build/gcc/gnatmake version 4.10.0 20140808 (experimental) [trunk revision 213757]

		=== go tests ===


Running target unix
FAIL: go.test/test/cmplxdivide.go
WARNING: program timed out.

		=== go Summary for unix ===

# of expected passes		7251
# of unexpected failures	1
# of expected failures		1
# of untested testcases		9
# of unsupported tests		1

Running target unix/-m32

		=== go Summary for unix/-m32 ===

# of expected passes		7371
# of expected failures		1
# of untested testcases		9
# of unsupported tests		2

		=== go Summary ===

# of expected passes		14622
# of unexpected failures	1
# of expected failures		2
# of untested testcases		18
# of unsupported tests		3
		=== obj-c++ tests ===


Running target unix/-m32

		=== obj-c++ Summary for unix/-m32 ===

# of expected passes		1447
# of expected failures		2
# of unsupported tests		86

Running target unix

		=== obj-c++ Summary for unix ===

# of expected passes		1439
# of expected failures		10
# of unsupported tests		86

		=== obj-c++ Summary ===

# of expected passes		2886
# of expected failures		12
# of unsupported tests		172
/var/gcc/regression/trunk/10-gcc-64/build/gcc/testsuite/obj-c++/../../xg++  version 4.10.0 20140808 (experimental) [trunk revision 213757] (GCC) 

		=== objc tests ===


Running target unix

		=== objc Summary for unix ===

# of expected passes		3004
# of expected failures		6
# of unsupported tests		74

Running target unix/-m32

		=== objc Summary for unix/-m32 ===

# of expected passes		3004
# of expected failures		6
# of unsupported tests		74

		=== objc Summary ===

# of expected passes		6008
# of expected failures		12
# of unsupported tests		148
/var/gcc/regression/trunk/10-gcc-64/build/gcc/xgcc  version 4.10.0 20140808 (experimental) [trunk revision 213757] (GCC) 


Compiler version: 4.10.0 20140808 (experimental) [trunk revision 213757] (GCC) 
Platform: x86_64-pc-solaris2.10
configure flags: --prefix=/vol/gcc --target=amd64-pc-solaris2.10 --enable-objc-gc --with-gmp-include=/vol/gcc/include --with-gmp-lib=/vol/gcc/lib/amd64 --with-mpfr-include=/vol/gcc/include --with-mpfr-lib=/vol/gcc/lib/amd64 --with-mpc-include=/vol/gcc/include --with-mpc-lib=/vol/gcc/lib/amd64 --enable-languages=all,ada,obj-c++,go --with-isl-include=/vol/gcc/include --with-isl-lib=/vol/gcc/lib/amd64 --with-cloog-include=/vol/gcc/include --with-cloog-lib=/vol/gcc/lib/amd64 --enable-cloog-backend=isl --build=amd64-pc-solaris2.10 --host=amd64-pc-solaris2.10
BOOT_CFLAGS=-g -O2


Index Nav: [Date Index] [Subject Index] [Author Index] [Thread Index]
Message Nav: [Date Prev] [Date Next] [Thread Prev] [Thread Next]