This is the mail archive of the
gcc-testresults@gcc.gnu.org
mailing list for the GCC project.
Results for 4.8.4 20140808 (prerelease) [gcc-4_8-branch revision 213745] (GCC) testsuite on sparc-sun-solaris2.9
- From: ro at CeBiTec dot Uni-Bielefeld dot DE (Rainer Orth)
- To: gcc-testresults at gcc dot gnu dot org
- Date: Sat, 9 Aug 2014 19:26:11 +0200 (CEST)
- Subject: Results for 4.8.4 20140808 (prerelease) [gcc-4_8-branch revision 213745] (GCC) testsuite on sparc-sun-solaris2.9
- Authentication-results: sourceware.org; auth=none
LAST_UPDATED: Fri Aug 8 11:58:23 UTC 2014 (revision 213745)
=== acats tests ===
=== acats Summary ===
# of expected passes 2320
# of unexpected failures 0
Native configuration is sparc-sun-solaris2.9
=== g++ tests ===
Running target unix
FAIL: g++.dg/lto/20091219 cp_lto_20091219_0.o-cp_lto_20091219_0.o link, -O3 -flto
UNRESOLVED: g++.dg/lto/20091219 cp_lto_20091219_0.o-cp_lto_20091219_0.o execute -O3 -flto
FAIL: g++.dg/torture/pr31863.C -O2 -flto (test for excess errors)
FAIL: g++.dg/tree-prof/pr59255.C compilation, -fprofile-generate
UNRESOLVED: g++.dg/tree-prof/pr59255.C execution, -fprofile-generate
UNRESOLVED: g++.dg/tree-prof/pr59255.C compilation, -fprofile-use
UNRESOLVED: g++.dg/tree-prof/pr59255.C execution, -fprofile-use
=== g++ Summary for unix ===
# of expected passes 50156
# of unexpected failures 3
# of expected failures 294
# of unresolved testcases 4
# of unsupported tests 1167
Running target unix/-m64
FAIL: g++.dg/lto/20091219 cp_lto_20091219_0.o-cp_lto_20091219_0.o link, -O3 -flto
UNRESOLVED: g++.dg/lto/20091219 cp_lto_20091219_0.o-cp_lto_20091219_0.o execute -O3 -flto
FAIL: g++.dg/torture/pr31863.C -O2 -flto (test for excess errors)
FAIL: g++.dg/tree-prof/pr59255.C compilation, -fprofile-generate
UNRESOLVED: g++.dg/tree-prof/pr59255.C execution, -fprofile-generate
UNRESOLVED: g++.dg/tree-prof/pr59255.C compilation, -fprofile-use
UNRESOLVED: g++.dg/tree-prof/pr59255.C execution, -fprofile-use
=== g++ Summary for unix/-m64 ===
# of expected passes 51392
# of unexpected failures 3
# of expected failures 294
# of unresolved testcases 4
# of unsupported tests 1159
=== g++ Summary ===
# of expected passes 101548
# of unexpected failures 6
# of expected failures 588
# of unresolved testcases 8
# of unsupported tests 2326
/var/gcc/regression/gcc-4.8-branch/9-gcc/build/gcc/testsuite/g++/../../xg++ version 4.8.4 20140808 (prerelease) [gcc-4_8-branch revision 213745] (GCC)
=== gcc tests ===
Running target unix
WARNING: program timed out.
FAIL: gcc.dg/simulate-thread/atomic-other-int.c -O0 -g thread simulation test
FAIL: gcc.dg/simulate-thread/atomic-other-int.c -O2 -g thread simulation test
FAIL: gcc.dg/simulate-thread/atomic-other-int.c -O3 -g thread simulation test
FAIL: gcc.dg/simulate-thread/speculative-store-4.c -O0 -g thread simulation test
FAIL: gcc.dg/simulate-thread/speculative-store-4.c -O2 -g thread simulation test
FAIL: gcc.dg/simulate-thread/speculative-store-4.c -O3 -g thread simulation test
FAIL: gcc.dg/simulate-thread/speculative-store.c -O0 -g thread simulation test
=== gcc Summary for unix ===
# of expected passes 83994
# of unexpected failures 7
# of expected failures 326
# of unsupported tests 1743
Running target unix/-m64
WARNING: program timed out.
=== gcc Summary for unix/-m64 ===
# of expected passes 84738
# of expected failures 315
# of unsupported tests 1695
=== gcc Summary ===
# of expected passes 168732
# of unexpected failures 7
# of expected failures 641
# of unsupported tests 3438
/var/gcc/regression/gcc-4.8-branch/9-gcc/build/gcc/xgcc version 4.8.4 20140808 (prerelease) [gcc-4_8-branch revision 213745] (GCC)
=== gfortran tests ===
Running target unix
FAIL: gfortran.dg/minlocval_3.f90 -O3 -fomit-frame-pointer (test for excess errors)
WARNING: gfortran.dg/minlocval_3.f90 -O3 -fomit-frame-pointer compilation failed to produce executable
FAIL: gfortran.dg/minlocval_3.f90 -O3 -fomit-frame-pointer -funroll-loops (test for excess errors)
WARNING: gfortran.dg/minlocval_3.f90 -O3 -fomit-frame-pointer -funroll-loops compilation failed to produce executable
FAIL: gfortran.dg/minlocval_3.f90 -O3 -fomit-frame-pointer -funroll-all-loops -finline-functions (test for excess errors)
WARNING: gfortran.dg/minlocval_3.f90 -O3 -fomit-frame-pointer -funroll-all-loops -finline-functions compilation failed to produce executable
FAIL: gfortran.dg/minlocval_3.f90 -O3 -g (test for excess errors)
WARNING: gfortran.dg/minlocval_3.f90 -O3 -g compilation failed to produce executable
WARNING: program timed out.
WARNING: program timed out.
WARNING: program timed out.
WARNING: program timed out.
=== gfortran Summary for unix ===
# of expected passes 43271
# of unexpected failures 4
# of expected failures 58
# of unsupported tests 411
Running target unix/-m64
=== gfortran Summary for unix/-m64 ===
# of expected passes 43557
# of expected failures 58
# of unsupported tests 275
=== gfortran Summary ===
# of expected passes 86828
# of unexpected failures 4
# of expected failures 116
# of unsupported tests 686
/var/gcc/regression/gcc-4.8-branch/9-gcc/build/gcc/testsuite/gfortran/../../gfortran version 4.8.4 20140808 (prerelease) [gcc-4_8-branch revision 213745] (GCC)
=== gnat tests ===
Running target unix
=== gnat Summary for unix ===
# of expected passes 1159
# of expected failures 17
# of unsupported tests 13
Running target unix/-m64
=== gnat Summary for unix/-m64 ===
# of expected passes 1159
# of expected failures 17
# of unsupported tests 13
=== gnat Summary ===
# of expected passes 2318
# of expected failures 34
# of unsupported tests 26
/var/gcc/regression/gcc-4.8-branch/9-gcc/build/gcc/gnatmake version 4.8.4 20140808 (prerelease) [gcc-4_8-branch revision 213745]
=== go tests ===
Running target unix
FAIL: ./64bit-out.go compilation, -O0 -g -fno-var-tracking-assignments
FAIL: ./index0-out.go compilation, -O0 -g -fno-var-tracking-assignments
FAIL: ./rotate-out.go compilation, -O0 -g -fno-var-tracking-assignments
FAIL: go.test/test/cmplxdivide.go
WARNING: program timed out.
WARNING: program timed out.
WARNING: program timed out.
WARNING: program timed out.
=== go Summary for unix ===
# of expected passes 5172
# of unexpected failures 4
# of expected failures 1
# of untested testcases 9
Running target unix/-m64
FAIL: go.test/test/64bit.go execution
FAIL: go.test/test/index0.go execution
FAIL: go.test/test/rotate.go execution
=== go Summary for unix/-m64 ===
# of expected passes 5050
# of unexpected failures 3
# of expected failures 1
# of untested testcases 6
=== go Summary ===
# of expected passes 10222
# of unexpected failures 7
# of expected failures 2
# of untested testcases 15
/var/gcc/regression/gcc-4.8-branch/9-gcc/build/gcc/testsuite/go/../../gccgo version 4.8.4 20140808 (prerelease) [gcc-4_8-branch revision 213745] (GCC)
=== obj-c++ tests ===
Running target unix
=== obj-c++ Summary for unix ===
# of expected passes 1450
# of expected failures 2
# of unsupported tests 86
Running target unix/-m64
=== obj-c++ Summary for unix/-m64 ===
# of expected passes 1442
# of expected failures 10
# of unsupported tests 86
=== obj-c++ Summary ===
# of expected passes 2892
# of expected failures 12
# of unsupported tests 172
/var/gcc/regression/gcc-4.8-branch/9-gcc/build/gcc/testsuite/obj-c++/../../xg++ version 4.8.4 20140808 (prerelease) [gcc-4_8-branch revision 213745] (GCC)
=== objc tests ===
Running target unix
=== objc Summary for unix ===
# of expected passes 2994
# of unsupported tests 74
Running target unix/-m64
=== objc Summary for unix/-m64 ===
# of expected passes 2994
# of unsupported tests 74
=== objc Summary ===
# of expected passes 5988
# of unsupported tests 148
/var/gcc/regression/gcc-4.8-branch/9-gcc/build/gcc/xgcc version 4.8.4 20140808 (prerelease) [gcc-4_8-branch revision 213745] (GCC)
=== boehm-gc tests ===
Running target unix
=== boehm-gc Summary for unix ===
# of expected passes 12
# of unsupported tests 1
Running target unix/-m64
=== boehm-gc Summary for unix/-m64 ===
# of expected passes 12
# of unsupported tests 1
=== boehm-gc Summary ===
# of expected passes 24
# of unsupported tests 2
=== libatomic tests ===
Running target unix
=== libatomic Summary for unix ===
# of expected passes 34
# of unsupported tests 10
Running target unix/-m64
=== libatomic Summary for unix/-m64 ===
# of expected passes 44
# of unsupported tests 5
=== libatomic Summary ===
# of expected passes 78
# of unsupported tests 15
=== libffi tests ===
Running target unix
=== libffi Summary for unix ===
# of expected passes 1819
# of unsupported tests 55
Running target unix/-m64
FAIL: libffi.call/cls_double_va.c -O0 -W -Wall output pattern test, is 7.0
FAIL: libffi.call/cls_double_va.c -O2 output pattern test, is 7.0
FAIL: libffi.call/cls_double_va.c -O3 output pattern test, is 7.0
FAIL: libffi.call/cls_double_va.c -Os output pattern test, is 7.0
FAIL: libffi.call/cls_double_va.c -O2 -fomit-frame-pointer output pattern test, is 7.0
=== libffi Summary for unix/-m64 ===
# of expected passes 1814
# of unexpected failures 5
# of unsupported tests 55
=== libffi Summary ===
# of expected passes 3633
# of unexpected failures 5
# of unsupported tests 110
=== libgo tests ===
Running target unix
FAIL: runtime
FAIL: log/syslog
FAIL: text/template
FAIL: testing/quick
=== libgo Summary for unix ===
# of expected passes 118
# of unexpected failures 4
Running target unix/-m64
FAIL: image
FAIL: mime
FAIL: net
FAIL: os
FAIL: regexp
FAIL: strconv
FAIL: syscall
FAIL: archive/tar
FAIL: archive/zip
FAIL: compress/lzw
FAIL: compress/zlib
FAIL: crypto/sha512
FAIL: debug/dwarf
FAIL: debug/elf
FAIL: debug/macho
FAIL: debug/pe
FAIL: go/doc
FAIL: go/parser
FAIL: go/printer
FAIL: image/jpeg
FAIL: image/png
FAIL: log/syslog
FAIL: net/http
FAIL: net/http/cgi
FAIL: net/http/httptest
FAIL: net/http/httputil
FAIL: net/rpc
FAIL: net/smtp
FAIL: os/exec
FAIL: path/filepath
FAIL: regexp/syntax
FAIL: sync/atomic
FAIL: text/template
=== libgo Summary for unix/-m64 ===
# of expected passes 89
# of unexpected failures 33
=== libgo Summary ===
# of expected passes 207
# of unexpected failures 37
=== libgomp tests ===
Running target unix
=== libgomp Summary for unix ===
# of expected passes 3050
# of unsupported tests 3
Running target unix/-m64
=== libgomp Summary for unix/-m64 ===
# of expected passes 3050
# of unsupported tests 3
=== libgomp Summary ===
# of expected passes 6100
# of unsupported tests 6
=== libitm tests ===
Running target unix
=== libitm Summary for unix ===
# of expected passes 26
# of expected failures 3
# of unsupported tests 1
Running target unix/-m64
=== libitm Summary for unix/-m64 ===
# of expected passes 26
# of expected failures 3
# of unsupported tests 1
=== libitm Summary ===
# of expected passes 52
# of expected failures 6
# of unsupported tests 2
=== libjava tests ===
Running target unix
FAIL: InvokeInterface execution - source compiled test
FAIL: InvokeInterface -O3 execution - source compiled test
=== libjava Summary for unix ===
# of expected passes 2578
# of unexpected failures 2
# of expected failures 4
# of untested testcases 2
Running target unix/-m64
FAIL: InvokeInterface execution - source compiled test
FAIL: InvokeInterface -O3 execution - source compiled test
=== libjava Summary for unix/-m64 ===
# of expected passes 2578
# of unexpected failures 2
# of expected failures 4
# of untested testcases 2
=== libjava Summary ===
# of expected passes 5156
# of unexpected failures 4
# of expected failures 8
# of untested testcases 4
=== libstdc++ tests ===
Running target unix
=== libstdc++ Summary for unix ===
# of expected passes 7697
# of expected failures 47
# of unsupported tests 901
Running target unix/-m64
=== libstdc++ Summary for unix/-m64 ===
# of expected passes 7697
# of expected failures 47
# of unsupported tests 901
=== libstdc++ Summary ===
# of expected passes 15394
# of expected failures 94
# of unsupported tests 1802
Compiler version: 4.8.4 20140808 (prerelease) [gcc-4_8-branch revision 213745] (GCC)
Platform: sparc-sun-solaris2.9
configure flags: --prefix=/vol/gcc --target=sparc-sun-solaris2.9 --enable-objc-gc --with-gmp-include=/vol/gcc/include --with-gmp-lib=/vol/gcc/lib --with-mpfr-include=/vol/gcc/include --with-mpfr-lib=/vol/gcc/lib --with-mpc-include=/vol/gcc/include --with-mpc-lib=/vol/gcc/lib --enable-languages=all,ada,obj-c++,go --with-isl-include=/vol/gcc/include --with-isl-lib=/vol/gcc/lib --with-cloog-include=/vol/gcc/include --with-cloog-lib=/vol/gcc/lib --enable-cloog-backend=isl
BOOT_CFLAGS=-g -O2