This is the mail archive of the gcc-testresults@gcc.gnu.org mailing list for the GCC project.


Index Nav: [Date Index] [Subject Index] [Author Index] [Thread Index]
Message Nav: [Date Prev] [Date Next] [Thread Prev] [Thread Next]
Other format: [Raw text]

Results for 4.10.0 20140806 (experimental) [trunk revision 213683] (GCC) testsuite on hppa64-hp-hpux11.11


Native configuration is hppa64-hp-hpux11.11

		=== g++ tests ===


Running target unix
FAIL: g++.dg/cpp0x/static_assert9.C  -std=c++11 (test for excess errors)
FAIL: g++.dg/cpp0x/static_assert9.C  -std=c++1y (test for excess errors)
FAIL: g++.dg/cpp1y/var-templ4.C   (internal compiler error)
FAIL: g++.dg/cpp1y/var-templ4.C   (test for excess errors)
UNRESOLVED: g++.dg/cpp1y/var-templ4.C   compilation failed to produce executable
WARNING: program timed out.

		=== g++ Summary ===

# of expected passes		76084
# of unexpected failures	4
# of expected failures		440
# of unresolved testcases	1
# of unsupported tests		3481
/test/gnu/gcc/objdir/gcc/testsuite/g++/../../xg++  version 4.10.0 20140806 (experimental) [trunk revision 213683] (GCC) 

		=== gcc tests ===


Running target unix
FAIL: gcc.c-torture/compile/limits-fndefn.c   -O2 -flto -flto-partition=none  (internal compiler error)
FAIL: gcc.c-torture/compile/limits-fndefn.c   -O2 -flto -flto-partition=none  (test for excess errors)
FAIL: gcc.c-torture/compile/limits-fndefn.c   -O2 -flto  (internal compiler error)
FAIL: gcc.c-torture/compile/limits-fndefn.c   -O2 -flto  (test for excess errors)
FAIL: gcc.dg/atomic/c11-atomic-exec-5.c   -O0  execution test
WARNING: program timed out.
FAIL: gcc.dg/atomic/c11-atomic-exec-5.c   -O1  execution test
FAIL: gcc.dg/atomic/c11-atomic-exec-5.c   -O2  execution test
WARNING: program timed out.
FAIL: gcc.dg/atomic/c11-atomic-exec-5.c   -O3 -fomit-frame-pointer  execution test
FAIL: gcc.dg/atomic/c11-atomic-exec-5.c   -O3 -fomit-frame-pointer -funroll-loops  execution test
FAIL: gcc.dg/atomic/c11-atomic-exec-5.c   -O3 -fomit-frame-pointer -funroll-all-loops -finline-functions  execution test
FAIL: gcc.dg/atomic/c11-atomic-exec-5.c   -O3 -g  execution test
FAIL: gcc.dg/atomic/c11-atomic-exec-5.c   -Os  execution test
FAIL: gcc.dg/atomic/c11-atomic-exec-5.c   -O2 -flto -flto-partition=none  execution test
FAIL: gcc.dg/atomic/c11-atomic-exec-5.c   -O2 -flto  execution test
XPASS: gcc.dg/strlenopt-8.c scan-tree-dump-times strlen "strlen \\\\(" 0
XPASS: gcc.dg/strlenopt-8.c scan-tree-dump-times strlen "memcpy \\\\(" 4
WARNING: program timed out.
FAIL: gcc.dg/tls/alias-1.c (internal compiler error)
FAIL: gcc.dg/tls/alias-1.c (test for excess errors)

		=== gcc Summary ===

# of expected passes		83717
# of unexpected failures	16
# of unexpected successes	2
# of expected failures		124
# of unsupported tests		1682
/test/gnu/gcc/objdir/gcc/xgcc  version 4.10.0 20140806 (experimental) [trunk revision 213683] (GCC) 

		=== gfortran tests ===


Running target unix
FAIL: gfortran.dg/coarray/alloc_comp_1.f90 -fcoarray=lib  -O2  -lcaf_single (test for excess errors)
FAIL: gfortran.dg/coarray/alloc_comp_1.f90 -fcoarray=lib  -O2  -lcaf_single execution test
FAIL: gfortran.dg/coarray/allocate_errgmsg.f90 -fcoarray=lib  -O2  -lcaf_single (test for excess errors)
FAIL: gfortran.dg/coarray/allocate_errgmsg.f90 -fcoarray=lib  -O2  -lcaf_single execution test
FAIL: gfortran.dg/coarray/atomic_1.f90 -fcoarray=lib  -O2  -lcaf_single (test for excess errors)
FAIL: gfortran.dg/coarray/atomic_1.f90 -fcoarray=lib  -O2  -lcaf_single execution test
FAIL: gfortran.dg/coarray/atomic_2.f90 -fcoarray=single  -O2  (test for excess errors)
FAIL: gfortran.dg/coarray/atomic_2.f90 -fcoarray=single  -O2  execution test
FAIL: gfortran.dg/coarray/atomic_2.f90 -fcoarray=lib  -O2  -lcaf_single (test for excess errors)
FAIL: gfortran.dg/coarray/atomic_2.f90 -fcoarray=lib  -O2  -lcaf_single execution test
FAIL: gfortran.dg/coarray/codimension.f90 -fcoarray=lib  -O2  -lcaf_single (test for excess errors)
FAIL: gfortran.dg/coarray/codimension.f90 -fcoarray=lib  -O2  -lcaf_single execution test
FAIL: gfortran.dg/coarray/coindexed_1.f90 -fcoarray=lib  -O2  -lcaf_single (test for excess errors)
FAIL: gfortran.dg/coarray/coindexed_1.f90 -fcoarray=lib  -O2  -lcaf_single execution test
FAIL: gfortran.dg/coarray/coindexed_3.f90 -fcoarray=lib  -O2  -lcaf_single (test for excess errors)
FAIL: gfortran.dg/coarray/coindexed_3.f90 -fcoarray=lib  -O2  -lcaf_single execution test
FAIL: gfortran.dg/coarray/collectives_1.f90 -fcoarray=lib  -O2  -lcaf_single (test for excess errors)
FAIL: gfortran.dg/coarray/collectives_1.f90 -fcoarray=lib  -O2  -lcaf_single execution test
FAIL: gfortran.dg/coarray/collectives_2.f90 -fcoarray=lib  -O2  -lcaf_single (test for excess errors)
FAIL: gfortran.dg/coarray/collectives_2.f90 -fcoarray=lib  -O2  -lcaf_single execution test
FAIL: gfortran.dg/coarray/dummy_1.f90 -fcoarray=lib  -O2  -lcaf_single (test for excess errors)
FAIL: gfortran.dg/coarray/dummy_1.f90 -fcoarray=lib  -O2  -lcaf_single execution test
FAIL: gfortran.dg/coarray/get_array.f90 -fcoarray=lib  -O2  -lcaf_single (test for excess errors)
FAIL: gfortran.dg/coarray/get_array.f90 -fcoarray=lib  -O2  -lcaf_single execution test
FAIL: gfortran.dg/coarray/image_index_1.f90 -fcoarray=lib  -O2  -lcaf_single (test for excess errors)
FAIL: gfortran.dg/coarray/image_index_1.f90 -fcoarray=lib  -O2  -lcaf_single execution test
FAIL: gfortran.dg/coarray/image_index_2.f90 -fcoarray=lib  -O2  -lcaf_single (test for excess errors)
FAIL: gfortran.dg/coarray/image_index_2.f90 -fcoarray=lib  -O2  -lcaf_single execution test
FAIL: gfortran.dg/coarray/image_index_3.f90 -fcoarray=lib  -O2  -lcaf_single (test for excess errors)
FAIL: gfortran.dg/coarray/image_index_3.f90 -fcoarray=lib  -O2  -lcaf_single execution test
FAIL: gfortran.dg/coarray/lib_realloc_1.f90 -fcoarray=lib  -O2  -lcaf_single (test for excess errors)
FAIL: gfortran.dg/coarray/lib_realloc_1.f90 -fcoarray=lib  -O2  -lcaf_single execution test
FAIL: gfortran.dg/coarray/lock_1.f90 -fcoarray=lib  -O2  -lcaf_single (test for excess errors)
FAIL: gfortran.dg/coarray/lock_1.f90 -fcoarray=lib  -O2  -lcaf_single execution test
FAIL: gfortran.dg/coarray/move_alloc_1.f90 -fcoarray=lib  -O2  -lcaf_single (test for excess errors)
FAIL: gfortran.dg/coarray/move_alloc_1.f90 -fcoarray=lib  -O2  -lcaf_single execution test
FAIL: gfortran.dg/coarray/poly_run_1.f90 -fcoarray=lib  -O2  -lcaf_single (test for excess errors)
FAIL: gfortran.dg/coarray/poly_run_1.f90 -fcoarray=lib  -O2  -lcaf_single execution test
FAIL: gfortran.dg/coarray/poly_run_2.f90 -fcoarray=lib  -O2  -lcaf_single (test for excess errors)
FAIL: gfortran.dg/coarray/poly_run_2.f90 -fcoarray=lib  -O2  -lcaf_single execution test
FAIL: gfortran.dg/coarray/poly_run_3.f90 -fcoarray=lib  -O2  -lcaf_single (test for excess errors)
FAIL: gfortran.dg/coarray/poly_run_3.f90 -fcoarray=lib  -O2  -lcaf_single execution test
FAIL: gfortran.dg/coarray/registering_1.f90 -fcoarray=lib  -O2  -lcaf_single (test for excess errors)
FAIL: gfortran.dg/coarray/registering_1.f90 -fcoarray=lib  -O2  -lcaf_single execution test
FAIL: gfortran.dg/coarray/scalar_alloc_1.f90 -fcoarray=lib  -O2  -lcaf_single (test for excess errors)
FAIL: gfortran.dg/coarray/scalar_alloc_1.f90 -fcoarray=lib  -O2  -lcaf_single execution test
FAIL: gfortran.dg/coarray/scalar_alloc_2.f90 -fcoarray=lib  -O2  -lcaf_single (test for excess errors)
FAIL: gfortran.dg/coarray/scalar_alloc_2.f90 -fcoarray=lib  -O2  -lcaf_single execution test
FAIL: gfortran.dg/coarray/send_array.f90 -fcoarray=lib  -O2  -lcaf_single (test for excess errors)
FAIL: gfortran.dg/coarray/send_array.f90 -fcoarray=lib  -O2  -lcaf_single execution test
FAIL: gfortran.dg/coarray/sendget_array.f90 -fcoarray=lib  -O2  -lcaf_single (test for excess errors)
FAIL: gfortran.dg/coarray/sendget_array.f90 -fcoarray=lib  -O2  -lcaf_single execution test
FAIL: gfortran.dg/coarray/subobject_1.f90 -fcoarray=lib  -O2  -lcaf_single (test for excess errors)
FAIL: gfortran.dg/coarray/subobject_1.f90 -fcoarray=lib  -O2  -lcaf_single execution test
FAIL: gfortran.dg/coarray/sync_1.f90 -fcoarray=lib  -O2  -lcaf_single (test for excess errors)
FAIL: gfortran.dg/coarray/sync_1.f90 -fcoarray=lib  -O2  -lcaf_single execution test
FAIL: gfortran.dg/coarray/sync_3.f90 -fcoarray=lib  -O2  -lcaf_single (test for excess errors)
FAIL: gfortran.dg/coarray/sync_3.f90 -fcoarray=lib  -O2  -lcaf_single output pattern test, is remote_spawn failed, should match Fortran runtime error: Invalid image number -1 in SYNC IMAGES
FAIL: gfortran.dg/coarray/this_image_1.f90 -fcoarray=lib  -O2  -lcaf_single (test for excess errors)
FAIL: gfortran.dg/coarray/this_image_1.f90 -fcoarray=lib  -O2  -lcaf_single execution test
FAIL: gfortran.dg/coarray/this_image_2.f90 -fcoarray=lib  -O2  -lcaf_single (test for excess errors)
FAIL: gfortran.dg/coarray/this_image_2.f90 -fcoarray=lib  -O2  -lcaf_single execution test
FAIL: gfortran.dg/allocate_class_3.f90   -O1  execution test
FAIL: gfortran.dg/allocate_class_3.f90   -O2  execution test
FAIL: gfortran.dg/allocate_class_3.f90   -O3 -fomit-frame-pointer  execution test
FAIL: gfortran.dg/allocate_class_3.f90   -O3 -fomit-frame-pointer -funroll-loops  execution test
FAIL: gfortran.dg/allocate_class_3.f90   -O3 -fomit-frame-pointer -funroll-all-loops -finline-functions  execution test
FAIL: gfortran.dg/allocate_class_3.f90   -O3 -g  execution test
FAIL: gfortran.dg/allocate_class_3.f90   -Os  execution test
FAIL: gfortran.dg/class_48.f90   -O1  execution test
FAIL: gfortran.dg/class_48.f90   -O2  execution test
FAIL: gfortran.dg/class_48.f90   -O3 -fomit-frame-pointer  execution test
FAIL: gfortran.dg/class_48.f90   -O3 -fomit-frame-pointer -funroll-loops  execution test
FAIL: gfortran.dg/class_48.f90   -O3 -fomit-frame-pointer -funroll-all-loops -finline-functions  execution test
FAIL: gfortran.dg/class_48.f90   -O3 -g  execution test
FAIL: gfortran.dg/class_48.f90   -Os  execution test
FAIL: gfortran.dg/class_allocate_1.f03   -O1  execution test
FAIL: gfortran.dg/class_allocate_1.f03   -O2  execution test
FAIL: gfortran.dg/class_allocate_1.f03   -O3 -fomit-frame-pointer  execution test
FAIL: gfortran.dg/class_allocate_1.f03   -O3 -fomit-frame-pointer -funroll-loops  execution test
FAIL: gfortran.dg/class_allocate_1.f03   -O3 -fomit-frame-pointer -funroll-all-loops -finline-functions  execution test
FAIL: gfortran.dg/class_allocate_1.f03   -O3 -g  execution test
FAIL: gfortran.dg/class_allocate_1.f03   -Os  execution test
FAIL: gfortran.dg/class_allocate_3.f03   -O1  execution test
FAIL: gfortran.dg/class_allocate_3.f03   -O2  execution test
FAIL: gfortran.dg/class_allocate_3.f03   -O3 -fomit-frame-pointer  execution test
FAIL: gfortran.dg/class_allocate_3.f03   -O3 -fomit-frame-pointer -funroll-loops  execution test
FAIL: gfortran.dg/class_allocate_3.f03   -O3 -fomit-frame-pointer -funroll-all-loops -finline-functions  execution test
FAIL: gfortran.dg/class_allocate_3.f03   -O3 -g  execution test
FAIL: gfortran.dg/class_allocate_3.f03   -Os  execution test
FAIL: gfortran.dg/class_array_1.f03   -O1  execution test
FAIL: gfortran.dg/class_array_1.f03   -O2  execution test
FAIL: gfortran.dg/class_array_1.f03   -O3 -fomit-frame-pointer  execution test
FAIL: gfortran.dg/class_array_1.f03   -O3 -fomit-frame-pointer -funroll-loops  execution test
FAIL: gfortran.dg/class_array_1.f03   -O3 -fomit-frame-pointer -funroll-all-loops -finline-functions  execution test
FAIL: gfortran.dg/class_array_1.f03   -O3 -g  execution test
FAIL: gfortran.dg/class_array_1.f03   -Os  execution test
FAIL: gfortran.dg/class_array_14.f90   -O1  execution test
FAIL: gfortran.dg/class_array_14.f90   -O2  execution test
FAIL: gfortran.dg/class_array_14.f90   -O3 -fomit-frame-pointer  execution test
FAIL: gfortran.dg/class_array_14.f90   -O3 -fomit-frame-pointer -funroll-loops  execution test
FAIL: gfortran.dg/class_array_14.f90   -O3 -fomit-frame-pointer -funroll-all-loops -finline-functions  execution test
FAIL: gfortran.dg/class_array_14.f90   -O3 -g  execution test
FAIL: gfortran.dg/class_array_14.f90   -Os  execution test
FAIL: gfortran.dg/class_array_2.f03   -O1  execution test
FAIL: gfortran.dg/class_array_2.f03   -O2  execution test
FAIL: gfortran.dg/class_array_2.f03   -O3 -fomit-frame-pointer  execution test
FAIL: gfortran.dg/class_array_2.f03   -O3 -fomit-frame-pointer -funroll-loops  execution test
FAIL: gfortran.dg/class_array_2.f03   -O3 -fomit-frame-pointer -funroll-all-loops -finline-functions  execution test
FAIL: gfortran.dg/class_array_2.f03   -O3 -g  execution test
FAIL: gfortran.dg/class_array_2.f03   -Os  execution test
FAIL: gfortran.dg/class_array_3.f03   -O1  execution test
FAIL: gfortran.dg/class_array_3.f03   -O2  execution test
FAIL: gfortran.dg/class_array_3.f03   -O3 -fomit-frame-pointer  execution test
FAIL: gfortran.dg/class_array_3.f03   -O3 -fomit-frame-pointer -funroll-loops  execution test
FAIL: gfortran.dg/class_array_3.f03   -O3 -fomit-frame-pointer -funroll-all-loops -finline-functions  execution test
FAIL: gfortran.dg/class_array_3.f03   -O3 -g  execution test
FAIL: gfortran.dg/class_array_3.f03   -Os  execution test
FAIL: gfortran.dg/class_array_9.f03   -O1  execution test
FAIL: gfortran.dg/class_array_9.f03   -O2  execution test
FAIL: gfortran.dg/class_array_9.f03   -O3 -fomit-frame-pointer  execution test
FAIL: gfortran.dg/class_array_9.f03   -O3 -fomit-frame-pointer -funroll-loops  execution test
FAIL: gfortran.dg/class_array_9.f03   -O3 -fomit-frame-pointer -funroll-all-loops -finline-functions  execution test
FAIL: gfortran.dg/class_array_9.f03   -O3 -g  execution test
FAIL: gfortran.dg/class_array_9.f03   -Os  execution test
FAIL: gfortran.dg/class_dummy_1.f03   -O1  execution test
FAIL: gfortran.dg/class_dummy_1.f03   -O2  execution test
FAIL: gfortran.dg/class_dummy_1.f03   -O3 -fomit-frame-pointer  execution test
FAIL: gfortran.dg/class_dummy_1.f03   -O3 -fomit-frame-pointer -funroll-loops  execution test
FAIL: gfortran.dg/class_dummy_1.f03   -O3 -fomit-frame-pointer -funroll-all-loops -finline-functions  execution test
FAIL: gfortran.dg/class_dummy_1.f03   -O3 -g  execution test
FAIL: gfortran.dg/class_dummy_1.f03   -Os  execution test
FAIL: gfortran.dg/class_to_type_1.f03   -O1  execution test
FAIL: gfortran.dg/class_to_type_1.f03   -O2  execution test
FAIL: gfortran.dg/class_to_type_1.f03   -O3 -fomit-frame-pointer  execution test
FAIL: gfortran.dg/class_to_type_1.f03   -O3 -fomit-frame-pointer -funroll-loops  execution test
FAIL: gfortran.dg/class_to_type_1.f03   -O3 -fomit-frame-pointer -funroll-all-loops -finline-functions  execution test
FAIL: gfortran.dg/class_to_type_1.f03   -O3 -g  execution test
FAIL: gfortran.dg/class_to_type_1.f03   -Os  execution test
FAIL: gfortran.dg/class_to_type_2.f90   -O1  execution test
FAIL: gfortran.dg/class_to_type_2.f90   -O2  execution test
FAIL: gfortran.dg/class_to_type_2.f90   -O3 -fomit-frame-pointer  execution test
FAIL: gfortran.dg/class_to_type_2.f90   -O3 -fomit-frame-pointer -funroll-loops  execution test
FAIL: gfortran.dg/class_to_type_2.f90   -O3 -fomit-frame-pointer -funroll-all-loops -finline-functions  execution test
FAIL: gfortran.dg/class_to_type_2.f90   -O3 -g  execution test
FAIL: gfortran.dg/class_to_type_2.f90   -Os  execution test
FAIL: gfortran.dg/elemental_optional_args_5.f03   -O1  execution test
FAIL: gfortran.dg/elemental_optional_args_5.f03   -O2  execution test
FAIL: gfortran.dg/elemental_optional_args_5.f03   -O3 -fomit-frame-pointer  execution test
FAIL: gfortran.dg/elemental_optional_args_5.f03   -O3 -fomit-frame-pointer -funroll-loops  execution test
FAIL: gfortran.dg/elemental_optional_args_5.f03   -O3 -fomit-frame-pointer -funroll-all-loops -finline-functions  execution test
FAIL: gfortran.dg/elemental_optional_args_5.f03   -O3 -g  execution test
FAIL: gfortran.dg/elemental_optional_args_5.f03   -Os  execution test
FAIL: gfortran.dg/finalize_12.f90   -O2  execution test
FAIL: gfortran.dg/finalize_12.f90   -O3 -fomit-frame-pointer  execution test
FAIL: gfortran.dg/finalize_12.f90   -O3 -fomit-frame-pointer -funroll-loops  execution test
FAIL: gfortran.dg/finalize_12.f90   -O3 -fomit-frame-pointer -funroll-all-loops -finline-functions  execution test
FAIL: gfortran.dg/finalize_12.f90   -O3 -g  execution test
FAIL: gfortran.dg/finalize_12.f90   -Os  execution test
FAIL: gfortran.dg/finalize_13.f90   -O1  execution test
FAIL: gfortran.dg/finalize_13.f90   -O2  execution test
FAIL: gfortran.dg/finalize_13.f90   -O3 -fomit-frame-pointer  execution test
FAIL: gfortran.dg/finalize_13.f90   -O3 -fomit-frame-pointer -funroll-loops  execution test
FAIL: gfortran.dg/finalize_13.f90   -O3 -fomit-frame-pointer -funroll-all-loops -finline-functions  execution test
FAIL: gfortran.dg/finalize_13.f90   -O3 -g  execution test
FAIL: gfortran.dg/finalize_13.f90   -Os  execution test
WARNING: program timed out.
FAIL: gfortran.dg/minlocval_3.f90   -O3 -fomit-frame-pointer -funroll-loops  (test for excess errors)
UNRESOLVED: gfortran.dg/minlocval_3.f90   -O3 -fomit-frame-pointer -funroll-loops  compilation failed to produce executable
WARNING: program timed out.
FAIL: gfortran.dg/minlocval_3.f90   -O3 -fomit-frame-pointer -funroll-all-loops -finline-functions  (test for excess errors)
UNRESOLVED: gfortran.dg/minlocval_3.f90   -O3 -fomit-frame-pointer -funroll-all-loops -finline-functions  compilation failed to produce executable
FAIL: gfortran.dg/move_alloc_10.f90   -O1  execution test
FAIL: gfortran.dg/move_alloc_10.f90   -O2  execution test
FAIL: gfortran.dg/move_alloc_10.f90   -O3 -fomit-frame-pointer  execution test
FAIL: gfortran.dg/move_alloc_10.f90   -O3 -fomit-frame-pointer -funroll-loops  execution test
FAIL: gfortran.dg/move_alloc_10.f90   -O3 -fomit-frame-pointer -funroll-all-loops -finline-functions  execution test
FAIL: gfortran.dg/move_alloc_10.f90   -O3 -g  execution test
FAIL: gfortran.dg/move_alloc_10.f90   -Os  execution test
FAIL: gfortran.dg/move_alloc_13.f90   -O1  execution test
FAIL: gfortran.dg/move_alloc_13.f90   -O2  execution test
FAIL: gfortran.dg/move_alloc_13.f90   -O3 -fomit-frame-pointer  execution test
FAIL: gfortran.dg/move_alloc_13.f90   -O3 -fomit-frame-pointer -funroll-loops  execution test
FAIL: gfortran.dg/move_alloc_13.f90   -O3 -fomit-frame-pointer -funroll-all-loops -finline-functions  execution test
FAIL: gfortran.dg/move_alloc_13.f90   -O3 -g  execution test
FAIL: gfortran.dg/move_alloc_13.f90   -Os  execution test
FAIL: gfortran.dg/move_alloc_6.f90   -O1  execution test
FAIL: gfortran.dg/move_alloc_6.f90   -O2  execution test
FAIL: gfortran.dg/move_alloc_6.f90   -O3 -fomit-frame-pointer  execution test
FAIL: gfortran.dg/move_alloc_6.f90   -O3 -fomit-frame-pointer -funroll-loops  execution test
FAIL: gfortran.dg/move_alloc_6.f90   -O3 -fomit-frame-pointer -funroll-all-loops -finline-functions  execution test
FAIL: gfortran.dg/move_alloc_6.f90   -O3 -g  execution test
FAIL: gfortran.dg/move_alloc_6.f90   -Os  execution test
FAIL: gfortran.dg/optional_class_1.f90   -O1  execution test
FAIL: gfortran.dg/optional_class_1.f90   -O2  execution test
FAIL: gfortran.dg/optional_class_1.f90   -O3 -fomit-frame-pointer  execution test
FAIL: gfortran.dg/optional_class_1.f90   -O3 -fomit-frame-pointer -funroll-loops  execution test
FAIL: gfortran.dg/optional_class_1.f90   -O3 -fomit-frame-pointer -funroll-all-loops -finline-functions  execution test
FAIL: gfortran.dg/optional_class_1.f90   -O3 -g  execution test
FAIL: gfortran.dg/optional_class_1.f90   -Os  execution test
FAIL: gfortran.dg/select_type_14.f03   -O1  execution test
FAIL: gfortran.dg/select_type_14.f03   -O2  execution test
FAIL: gfortran.dg/select_type_14.f03   -O3 -fomit-frame-pointer  execution test
FAIL: gfortran.dg/select_type_14.f03   -O3 -fomit-frame-pointer -funroll-loops  execution test
FAIL: gfortran.dg/select_type_14.f03   -O3 -fomit-frame-pointer -funroll-all-loops -finline-functions  execution test
FAIL: gfortran.dg/select_type_14.f03   -O3 -g  execution test
FAIL: gfortran.dg/select_type_14.f03   -Os  execution test
FAIL: gfortran.dg/select_type_26.f03   -O1  execution test
FAIL: gfortran.dg/select_type_26.f03   -O2  execution test
FAIL: gfortran.dg/select_type_26.f03   -O3 -fomit-frame-pointer  execution test
FAIL: gfortran.dg/select_type_26.f03   -O3 -fomit-frame-pointer -funroll-loops  execution test
FAIL: gfortran.dg/select_type_26.f03   -O3 -fomit-frame-pointer -funroll-all-loops -finline-functions  execution test
FAIL: gfortran.dg/select_type_26.f03   -O3 -g  execution test
FAIL: gfortran.dg/select_type_26.f03   -Os  execution test
FAIL: gfortran.dg/select_type_27.f03   -O2  execution test
FAIL: gfortran.dg/select_type_27.f03   -O3 -fomit-frame-pointer  execution test
FAIL: gfortran.dg/select_type_27.f03   -O3 -fomit-frame-pointer -funroll-loops  execution test
FAIL: gfortran.dg/select_type_27.f03   -O3 -fomit-frame-pointer -funroll-all-loops -finline-functions  execution test
FAIL: gfortran.dg/select_type_27.f03   -O3 -g  execution test
FAIL: gfortran.dg/select_type_27.f03   -Os  execution test
FAIL: gfortran.dg/storage_size_1.f08   -O1  execution test
FAIL: gfortran.dg/storage_size_1.f08   -O2  execution test
FAIL: gfortran.dg/storage_size_1.f08   -O3 -fomit-frame-pointer  execution test
FAIL: gfortran.dg/storage_size_1.f08   -O3 -fomit-frame-pointer -funroll-loops  execution test
FAIL: gfortran.dg/storage_size_1.f08   -O3 -fomit-frame-pointer -funroll-all-loops -finline-functions  execution test
FAIL: gfortran.dg/storage_size_1.f08   -O3 -g  execution test
FAIL: gfortran.dg/storage_size_1.f08   -Os  execution test
FAIL: gfortran.dg/storage_size_3.f08   -O1  execution test
FAIL: gfortran.dg/storage_size_3.f08   -O2  execution test
FAIL: gfortran.dg/storage_size_3.f08   -O3 -fomit-frame-pointer  execution test
FAIL: gfortran.dg/storage_size_3.f08   -O3 -fomit-frame-pointer -funroll-loops  execution test
FAIL: gfortran.dg/storage_size_3.f08   -O3 -fomit-frame-pointer -funroll-all-loops -finline-functions  execution test
FAIL: gfortran.dg/storage_size_3.f08   -O3 -g  execution test
FAIL: gfortran.dg/storage_size_3.f08   -Os  execution test
FAIL: gfortran.dg/transfer_class_2.f90   -O1  execution test
FAIL: gfortran.dg/transfer_class_2.f90   -O2  execution test
FAIL: gfortran.dg/transfer_class_2.f90   -O3 -fomit-frame-pointer  execution test
FAIL: gfortran.dg/transfer_class_2.f90   -O3 -fomit-frame-pointer -funroll-loops  execution test
FAIL: gfortran.dg/transfer_class_2.f90   -O3 -fomit-frame-pointer -funroll-all-loops -finline-functions  execution test
FAIL: gfortran.dg/transfer_class_2.f90   -O3 -g  execution test
FAIL: gfortran.dg/transfer_class_2.f90   -Os  execution test
FAIL: gfortran.dg/typebound_operator_9.f03   -O1  execution test
FAIL: gfortran.dg/typebound_operator_9.f03   -O2  execution test
FAIL: gfortran.dg/typebound_operator_9.f03   -O3 -fomit-frame-pointer  execution test
FAIL: gfortran.dg/typebound_operator_9.f03   -O3 -fomit-frame-pointer -funroll-loops  execution test
FAIL: gfortran.dg/typebound_operator_9.f03   -O3 -fomit-frame-pointer -funroll-all-loops -finline-functions  execution test
FAIL: gfortran.dg/typebound_operator_9.f03   -O3 -g  execution test
FAIL: gfortran.dg/typebound_operator_9.f03   -Os  execution test
FAIL: gfortran.dg/unlimited_polymorphic_1.f03   -O1  execution test
FAIL: gfortran.dg/unlimited_polymorphic_1.f03   -O2  execution test
FAIL: gfortran.dg/unlimited_polymorphic_1.f03   -O3 -fomit-frame-pointer  execution test
FAIL: gfortran.dg/unlimited_polymorphic_1.f03   -O3 -fomit-frame-pointer -funroll-loops  execution test
FAIL: gfortran.dg/unlimited_polymorphic_1.f03   -O3 -fomit-frame-pointer -funroll-all-loops -finline-functions  execution test
FAIL: gfortran.dg/unlimited_polymorphic_1.f03   -O3 -g  execution test
FAIL: gfortran.dg/unlimited_polymorphic_1.f03   -Os  execution test

		=== gfortran Summary ===

# of expected passes		44590
# of unexpected failures	251
# of expected failures		46
# of unresolved testcases	2
# of unsupported tests		416
/test/gnu/gcc/objdir/gcc/testsuite/gfortran/../../gfortran  version 4.10.0 20140806 (experimental) [trunk revision 213683] (GCC) 

		=== obj-c++ tests ===


Running target unix

		=== obj-c++ Summary ===

# of expected passes		1439
# of expected failures		10
# of unsupported tests		86
/test/gnu/gcc/objdir/gcc/testsuite/obj-c++/../../xg++  version 4.10.0 20140806 (experimental) [trunk revision 213683] (GCC) 

		=== objc tests ===


Running target unix

		=== objc Summary ===

# of expected passes		3008
# of unsupported tests		75
/test/gnu/gcc/objdir/gcc/xgcc  version 4.10.0 20140806 (experimental) [trunk revision 213683] (GCC) 

		=== libatomic tests ===


Running target unix

		=== libatomic Summary ===

# of expected passes		44
# of unsupported tests		5
		=== libgomp tests ===


Running target unix

		=== libgomp Summary ===

# of expected passes		3176
# of unsupported tests		45
		=== libstdc++ tests ===


Running target unix

		=== libstdc++ Summary ===

# of expected passes		8339
# of expected failures		69
# of unsupported tests		941

Compiler version: 4.10.0 20140806 (experimental) [trunk revision 213683] (GCC) 
Platform: hppa64-hp-hpux11.11
configure flags:Test Run By dave on Thu Aug  7 16:17:07 2014


Index Nav: [Date Index] [Subject Index] [Author Index] [Thread Index]
Message Nav: [Date Prev] [Date Next] [Thread Prev] [Thread Next]