This is the mail archive of the gcc-testresults@gcc.gnu.org mailing list for the GCC project.


Index Nav: [Date Index] [Subject Index] [Author Index] [Thread Index]
Message Nav: [Date Prev] [Date Next] [Thread Prev] [Thread Next]
Other format: [Raw text]

Results for 4.10.0 20140805 (experimental) [trunk revision 213640] (GCC) testsuite on hppa2.0w-hp-hpux11.11


		=== acats tests ===
FAIL:	c974013

		=== acats Summary ===
# of expected passes		2319
# of unexpected failures	1
Native configuration is hppa2.0w-hp-hpux11.11

		=== g++ tests ===


Running target unix
FAIL: g++.dg/cpp0x/static_assert9.C  -std=c++11 (test for excess errors)
FAIL: g++.dg/cpp0x/static_assert9.C  -std=c++1y (test for excess errors)
FAIL: g++.dg/cpp1y/auto-fn24.C  -std=gnu++1y (internal compiler error)
FAIL: g++.dg/cpp1y/auto-fn24.C  -std=gnu++1y (test for excess errors)
WARNING: program timed out.

		=== g++ Summary ===

# of expected passes		72216
# of unexpected failures	4
# of expected failures		438
# of unsupported tests		3570
/test/gnu/gcc/objdir/gcc/testsuite/g++/../../xg++  version 4.10.0 20140805 (experimental) [trunk revision 213640] (GCC) 

		=== gcc tests ===


Running target unix
FAIL: gcc.dg/atomic/c11-atomic-exec-5.c   -O0  execution test
FAIL: gcc.dg/atomic/c11-atomic-exec-5.c   -O1  execution test
FAIL: gcc.dg/atomic/c11-atomic-exec-5.c   -O2  execution test
FAIL: gcc.dg/atomic/c11-atomic-exec-5.c   -O3 -fomit-frame-pointer  execution test
FAIL: gcc.dg/atomic/c11-atomic-exec-5.c   -O3 -fomit-frame-pointer -funroll-loops  execution test
FAIL: gcc.dg/atomic/c11-atomic-exec-5.c   -O3 -fomit-frame-pointer -funroll-all-loops -finline-functions  execution test
FAIL: gcc.dg/atomic/c11-atomic-exec-5.c   -O3 -g  execution test
FAIL: gcc.dg/atomic/c11-atomic-exec-5.c   -Os  execution test
FAIL: gcc.dg/pr61868.c (test for excess errors)
UNRESOLVED: gcc.dg/pr61868.c scan-assembler .gnu.lto.*.12345
XPASS: gcc.dg/strlenopt-8.c scan-tree-dump-times strlen "strlen \\\\(" 0
XPASS: gcc.dg/strlenopt-8.c scan-tree-dump-times strlen "memcpy \\\\(" 4
WARNING: program timed out.
FAIL: gcc.dg/tree-prof/crossmodule-indircall-1a.c compilation,  -fprofile-generate -D_PROFILE_GENERATE
UNRESOLVED: gcc.dg/tree-prof/crossmodule-indircall-1a.c execution,    -fprofile-generate -D_PROFILE_GENERATE
UNRESOLVED: gcc.dg/tree-prof/crossmodule-indircall-1a.c compilation,  -fprofile-use -D_PROFILE_USE
UNRESOLVED: gcc.dg/tree-prof/crossmodule-indircall-1a.c execution,    -fprofile-use -D_PROFILE_USE
FAIL: gcc.dg/tree-prof/time-profiler-2.c scan-ipa-dump-times profile "Read tp_first_run: 0" 2
FAIL: gcc.dg/tree-prof/time-profiler-2.c scan-ipa-dump-times profile "Read tp_first_run: 2" 1
FAIL: gcc.dg/tree-prof/time-profiler-2.c scan-ipa-dump-times profile "Read tp_first_run: 3" 1

		=== gcc Summary ===

# of expected passes		70140
# of unexpected failures	13
# of unexpected successes	2
# of expected failures		117
# of unresolved testcases	4
# of unsupported tests		1670
/test/gnu/gcc/objdir/gcc/xgcc  version 4.10.0 20140805 (experimental) [trunk revision 213640] (GCC) 

		=== gfortran tests ===


Running target unix
FAIL: gfortran.dg/coarray/alloc_comp_1.f90 -fcoarray=lib  -O2  -lcaf_single (test for excess errors)
FAIL: gfortran.dg/coarray/alloc_comp_1.f90 -fcoarray=lib  -O2  -lcaf_single execution test
FAIL: gfortran.dg/coarray/allocate_errgmsg.f90 -fcoarray=lib  -O2  -lcaf_single (test for excess errors)
FAIL: gfortran.dg/coarray/allocate_errgmsg.f90 -fcoarray=lib  -O2  -lcaf_single execution test
FAIL: gfortran.dg/coarray/atomic_1.f90 -fcoarray=lib  -O2  -lcaf_single (test for excess errors)
FAIL: gfortran.dg/coarray/atomic_1.f90 -fcoarray=lib  -O2  -lcaf_single execution test
FAIL: gfortran.dg/coarray/atomic_2.f90 -fcoarray=single  -O2  (test for excess errors)
FAIL: gfortran.dg/coarray/atomic_2.f90 -fcoarray=single  -O2  execution test
FAIL: gfortran.dg/coarray/atomic_2.f90 -fcoarray=lib  -O2  -lcaf_single (test for excess errors)
FAIL: gfortran.dg/coarray/atomic_2.f90 -fcoarray=lib  -O2  -lcaf_single execution test
FAIL: gfortran.dg/coarray/codimension.f90 -fcoarray=lib  -O2  -lcaf_single (test for excess errors)
FAIL: gfortran.dg/coarray/codimension.f90 -fcoarray=lib  -O2  -lcaf_single execution test
FAIL: gfortran.dg/coarray/coindexed_1.f90 -fcoarray=lib  -O2  -lcaf_single (test for excess errors)
FAIL: gfortran.dg/coarray/coindexed_1.f90 -fcoarray=lib  -O2  -lcaf_single execution test
FAIL: gfortran.dg/coarray/coindexed_3.f90 -fcoarray=lib  -O2  -lcaf_single (test for excess errors)
FAIL: gfortran.dg/coarray/coindexed_3.f90 -fcoarray=lib  -O2  -lcaf_single execution test
FAIL: gfortran.dg/coarray/collectives_1.f90 -fcoarray=lib  -O2  -lcaf_single (test for excess errors)
FAIL: gfortran.dg/coarray/collectives_1.f90 -fcoarray=lib  -O2  -lcaf_single execution test
FAIL: gfortran.dg/coarray/collectives_2.f90 -fcoarray=lib  -O2  -lcaf_single (test for excess errors)
FAIL: gfortran.dg/coarray/collectives_2.f90 -fcoarray=lib  -O2  -lcaf_single execution test
FAIL: gfortran.dg/coarray/dummy_1.f90 -fcoarray=lib  -O2  -lcaf_single (test for excess errors)
FAIL: gfortran.dg/coarray/dummy_1.f90 -fcoarray=lib  -O2  -lcaf_single execution test
FAIL: gfortran.dg/coarray/get_array.f90 -fcoarray=lib  -O2  -lcaf_single (test for excess errors)
FAIL: gfortran.dg/coarray/get_array.f90 -fcoarray=lib  -O2  -lcaf_single execution test
FAIL: gfortran.dg/coarray/image_index_1.f90 -fcoarray=lib  -O2  -lcaf_single (test for excess errors)
FAIL: gfortran.dg/coarray/image_index_1.f90 -fcoarray=lib  -O2  -lcaf_single execution test
FAIL: gfortran.dg/coarray/image_index_2.f90 -fcoarray=lib  -O2  -lcaf_single (test for excess errors)
FAIL: gfortran.dg/coarray/image_index_2.f90 -fcoarray=lib  -O2  -lcaf_single execution test
FAIL: gfortran.dg/coarray/image_index_3.f90 -fcoarray=lib  -O2  -lcaf_single (test for excess errors)
FAIL: gfortran.dg/coarray/image_index_3.f90 -fcoarray=lib  -O2  -lcaf_single execution test
FAIL: gfortran.dg/coarray/lib_realloc_1.f90 -fcoarray=lib  -O2  -lcaf_single (test for excess errors)
FAIL: gfortran.dg/coarray/lib_realloc_1.f90 -fcoarray=lib  -O2  -lcaf_single execution test
FAIL: gfortran.dg/coarray/lock_1.f90 -fcoarray=lib  -O2  -lcaf_single (test for excess errors)
FAIL: gfortran.dg/coarray/lock_1.f90 -fcoarray=lib  -O2  -lcaf_single execution test
FAIL: gfortran.dg/coarray/move_alloc_1.f90 -fcoarray=lib  -O2  -lcaf_single (test for excess errors)
FAIL: gfortran.dg/coarray/move_alloc_1.f90 -fcoarray=lib  -O2  -lcaf_single execution test
FAIL: gfortran.dg/coarray/poly_run_1.f90 -fcoarray=lib  -O2  -lcaf_single (test for excess errors)
FAIL: gfortran.dg/coarray/poly_run_1.f90 -fcoarray=lib  -O2  -lcaf_single execution test
FAIL: gfortran.dg/coarray/poly_run_2.f90 -fcoarray=lib  -O2  -lcaf_single (test for excess errors)
FAIL: gfortran.dg/coarray/poly_run_2.f90 -fcoarray=lib  -O2  -lcaf_single execution test
FAIL: gfortran.dg/coarray/poly_run_3.f90 -fcoarray=lib  -O2  -lcaf_single (test for excess errors)
FAIL: gfortran.dg/coarray/poly_run_3.f90 -fcoarray=lib  -O2  -lcaf_single execution test
FAIL: gfortran.dg/coarray/registering_1.f90 -fcoarray=lib  -O2  -lcaf_single (test for excess errors)
FAIL: gfortran.dg/coarray/registering_1.f90 -fcoarray=lib  -O2  -lcaf_single execution test
FAIL: gfortran.dg/coarray/scalar_alloc_1.f90 -fcoarray=lib  -O2  -lcaf_single (test for excess errors)
FAIL: gfortran.dg/coarray/scalar_alloc_1.f90 -fcoarray=lib  -O2  -lcaf_single execution test
FAIL: gfortran.dg/coarray/scalar_alloc_2.f90 -fcoarray=lib  -O2  -lcaf_single (test for excess errors)
FAIL: gfortran.dg/coarray/scalar_alloc_2.f90 -fcoarray=lib  -O2  -lcaf_single execution test
FAIL: gfortran.dg/coarray/send_array.f90 -fcoarray=lib  -O2  -lcaf_single (test for excess errors)
FAIL: gfortran.dg/coarray/send_array.f90 -fcoarray=lib  -O2  -lcaf_single execution test
FAIL: gfortran.dg/coarray/sendget_array.f90 -fcoarray=lib  -O2  -lcaf_single (test for excess errors)
FAIL: gfortran.dg/coarray/sendget_array.f90 -fcoarray=lib  -O2  -lcaf_single execution test
FAIL: gfortran.dg/coarray/subobject_1.f90 -fcoarray=lib  -O2  -lcaf_single (test for excess errors)
FAIL: gfortran.dg/coarray/subobject_1.f90 -fcoarray=lib  -O2  -lcaf_single execution test
FAIL: gfortran.dg/coarray/sync_1.f90 -fcoarray=lib  -O2  -lcaf_single (test for excess errors)
FAIL: gfortran.dg/coarray/sync_1.f90 -fcoarray=lib  -O2  -lcaf_single execution test
FAIL: gfortran.dg/coarray/sync_3.f90 -fcoarray=lib  -O2  -lcaf_single (test for excess errors)
FAIL: gfortran.dg/coarray/sync_3.f90 -fcoarray=lib  -O2  -lcaf_single output pattern test, is remote_spawn failed, should match Fortran runtime error: Invalid image number -1 in SYNC IMAGES
FAIL: gfortran.dg/coarray/this_image_1.f90 -fcoarray=lib  -O2  -lcaf_single (test for excess errors)
FAIL: gfortran.dg/coarray/this_image_1.f90 -fcoarray=lib  -O2  -lcaf_single execution test
FAIL: gfortran.dg/coarray/this_image_2.f90 -fcoarray=lib  -O2  -lcaf_single (test for excess errors)
FAIL: gfortran.dg/coarray/this_image_2.f90 -fcoarray=lib  -O2  -lcaf_single execution test
FAIL: gfortran.dg/pr45636.f90   -O   scan-tree-dump-times forwprop2 "memset" 0

		=== gfortran Summary ===

# of expected passes		44531
# of unexpected failures	63
# of expected failures		46
# of unsupported tests		437
/test/gnu/gcc/objdir/gcc/testsuite/gfortran/../../gfortran  version 4.10.0 20140805 (experimental) [trunk revision 213640] (GCC) 

		=== gnat tests ===


Running target unix
FAIL: gnat.dg/pack20.adb (test for excess errors)
FAIL: gnat.dg/weak2.adb (test for excess errors)

		=== gnat Summary ===

# of expected passes		1220
# of unexpected failures	2
# of expected failures		18
# of unsupported tests		19
/test/gnu/gcc/objdir/gcc/gnatmake version 4.10.0 20140805 (experimental) [trunk revision 213640]

		=== obj-c++ tests ===


Running target unix

		=== obj-c++ Summary ===

# of expected passes		1405
# of expected failures		2
# of unsupported tests		69
/test/gnu/gcc/objdir/gcc/testsuite/obj-c++/../../xg++  version 4.10.0 20140805 (experimental) [trunk revision 213640] (GCC) 

		=== objc tests ===


Running target unix

		=== objc Summary ===

# of expected passes		2928
# of unsupported tests		67
/test/gnu/gcc/objdir/gcc/xgcc  version 4.10.0 20140805 (experimental) [trunk revision 213640] (GCC) 

		=== libatomic tests ===


Running target unix

		=== libatomic Summary ===

# of expected passes		44
# of unsupported tests		5
		=== libgomp tests ===


Running target unix

		=== libgomp Summary ===

# of expected passes		3176
# of unsupported tests		45
		=== libstdc++ tests ===


Running target unix

		=== libstdc++ Summary ===

# of expected passes		8349
# of expected failures		69
# of unsupported tests		948

Compiler version: 4.10.0 20140805 (experimental) [trunk revision 213640] (GCC) 
Platform: hppa2.0w-hp-hpux11.11
configure flags:Test Run By dave on Tue Aug  5 20:39:29 EDT 2014


Index Nav: [Date Index] [Subject Index] [Author Index] [Thread Index]
Message Nav: [Date Prev] [Date Next] [Thread Prev] [Thread Next]