This is the mail archive of the
gcc-testresults@gcc.gnu.org
mailing list for the GCC project.
Results for 4.10.0 20140805 (experimental) (GCC) gcc testsuite on pdp11-unknown-aout
- From: Paul Koning <pkoning at plato4 dot lab dot equallogic dot com>
- To: gcc-testresults at gcc dot gnu dot org
- Date: Tue, 05 Aug 2014 15:50:14 -0400
- Subject: Results for 4.10.0 20140805 (experimental) (GCC) gcc testsuite on pdp11-unknown-aout
- Authentication-results: sourceware.org; auth=none
Target is pdp11-unknown-aout
Host is x86_64-unknown-linux-gnu
=== gcc tests ===
Running target unix
WARNING: Assuming target board is the local machine (which is probably wrong).
FAIL: gcc.c-torture/compile/20080806-1.c -O0 (test for excess errors)
FAIL: gcc.c-torture/compile/20080806-1.c -O1 (test for excess errors)
FAIL: gcc.c-torture/compile/20080806-1.c -O2 (test for excess errors)
FAIL: gcc.c-torture/compile/20080806-1.c -O3 -fomit-frame-pointer (test for excess errors)
FAIL: gcc.c-torture/compile/20080806-1.c -O3 -fomit-frame-pointer -funroll-loops (test for excess errors)
FAIL: gcc.c-torture/compile/20080806-1.c -O3 -fomit-frame-pointer -funroll-all-loops -finline-functions (test for excess errors)
FAIL: gcc.c-torture/compile/20080806-1.c -O3 -g (test for excess errors)
FAIL: gcc.c-torture/compile/20080806-1.c -Os (test for excess errors)
FAIL: gcc.c-torture/compile/20080910-1.c -O1 (test for excess errors)
FAIL: gcc.c-torture/compile/20101217-1.c -O0 (test for excess errors)
FAIL: gcc.c-torture/compile/20101217-1.c -O1 (test for excess errors)
FAIL: gcc.c-torture/compile/20101217-1.c -O2 (test for excess errors)
FAIL: gcc.c-torture/compile/20101217-1.c -O3 -fomit-frame-pointer (test for excess errors)
FAIL: gcc.c-torture/compile/20101217-1.c -O3 -fomit-frame-pointer -funroll-loops (test for excess errors)
FAIL: gcc.c-torture/compile/20101217-1.c -O3 -fomit-frame-pointer -funroll-all-loops -finline-functions (test for excess errors)
FAIL: gcc.c-torture/compile/20101217-1.c -O3 -g (test for excess errors)
FAIL: gcc.c-torture/compile/20101217-1.c -Os (test for excess errors)
FAIL: gcc.c-torture/compile/920723-1.c -O0 (test for excess errors)
FAIL: gcc.c-torture/compile/920723-1.c -O1 (test for excess errors)
FAIL: gcc.c-torture/compile/920723-1.c -O2 (test for excess errors)
FAIL: gcc.c-torture/compile/920723-1.c -O3 -fomit-frame-pointer (test for excess errors)
FAIL: gcc.c-torture/compile/920723-1.c -O3 -fomit-frame-pointer -funroll-loops (test for excess errors)
FAIL: gcc.c-torture/compile/920723-1.c -O3 -fomit-frame-pointer -funroll-all-loops -finline-functions (test for excess errors)
FAIL: gcc.c-torture/compile/920723-1.c -O3 -g (test for excess errors)
FAIL: gcc.c-torture/compile/920723-1.c -Os (test for excess errors)
FAIL: gcc.c-torture/compile/930621-1.c -O0 (test for excess errors)
FAIL: gcc.c-torture/compile/930621-1.c -O1 (test for excess errors)
FAIL: gcc.c-torture/compile/930621-1.c -O2 (test for excess errors)
FAIL: gcc.c-torture/compile/930621-1.c -O3 -fomit-frame-pointer (test for excess errors)
FAIL: gcc.c-torture/compile/930621-1.c -O3 -fomit-frame-pointer -funroll-loops (test for excess errors)
FAIL: gcc.c-torture/compile/930621-1.c -O3 -fomit-frame-pointer -funroll-all-loops -finline-functions (test for excess errors)
FAIL: gcc.c-torture/compile/930621-1.c -O3 -g (test for excess errors)
FAIL: gcc.c-torture/compile/930621-1.c -Os (test for excess errors)
FAIL: gcc.c-torture/compile/990625-1.c -O0 (test for excess errors)
FAIL: gcc.c-torture/compile/990625-1.c -O1 (test for excess errors)
FAIL: gcc.c-torture/compile/990625-1.c -O2 (test for excess errors)
FAIL: gcc.c-torture/compile/990625-1.c -O3 -fomit-frame-pointer (test for excess errors)
FAIL: gcc.c-torture/compile/990625-1.c -O3 -fomit-frame-pointer -funroll-loops (test for excess errors)
FAIL: gcc.c-torture/compile/990625-1.c -O3 -fomit-frame-pointer -funroll-all-loops -finline-functions (test for excess errors)
FAIL: gcc.c-torture/compile/990625-1.c -O3 -g (test for excess errors)
FAIL: gcc.c-torture/compile/990625-1.c -Os (test for excess errors)
FAIL: gcc.c-torture/compile/991214-2.c -O0 (test for excess errors)
FAIL: gcc.c-torture/compile/991214-2.c -O1 (test for excess errors)
FAIL: gcc.c-torture/compile/991214-2.c -O2 (test for excess errors)
FAIL: gcc.c-torture/compile/991214-2.c -O3 -fomit-frame-pointer (test for excess errors)
FAIL: gcc.c-torture/compile/991214-2.c -O3 -fomit-frame-pointer -funroll-loops (test for excess errors)
FAIL: gcc.c-torture/compile/991214-2.c -O3 -fomit-frame-pointer -funroll-all-loops -finline-functions (test for excess errors)
FAIL: gcc.c-torture/compile/991214-2.c -O3 -g (test for excess errors)
FAIL: gcc.c-torture/compile/991214-2.c -Os (test for excess errors)
FAIL: gcc.c-torture/compile/limits-fndefn.c -O3 -g (internal compiler error)
FAIL: gcc.c-torture/compile/limits-fndefn.c -O3 -g (test for excess errors)
FAIL: gcc.c-torture/compile/pr44043.c -O1 (test for excess errors)
FAIL: gcc.c-torture/compile/pr44043.c -O2 (test for excess errors)
FAIL: gcc.c-torture/compile/pr44043.c -O3 -fomit-frame-pointer (test for excess errors)
FAIL: gcc.c-torture/compile/pr44043.c -O3 -fomit-frame-pointer -funroll-loops (test for excess errors)
FAIL: gcc.c-torture/compile/pr44043.c -O3 -fomit-frame-pointer -funroll-all-loops -finline-functions (test for excess errors)
FAIL: gcc.c-torture/compile/pr44043.c -O3 -g (test for excess errors)
FAIL: gcc.c-torture/compile/pr44043.c -Os (test for excess errors)
FAIL: gcc.c-torture/compile/pr55921.c -O0 (test for excess errors)
FAIL: gcc.c-torture/compile/pr55921.c -O1 (test for excess errors)
FAIL: gcc.c-torture/compile/pr55921.c -O2 (test for excess errors)
FAIL: gcc.c-torture/compile/pr55921.c -O3 -fomit-frame-pointer (test for excess errors)
FAIL: gcc.c-torture/compile/pr55921.c -O3 -g (test for excess errors)
FAIL: gcc.c-torture/compile/pr55921.c -Os (test for excess errors)
FAIL: gcc.c-torture/compile/pr60655-1.c -O0 (test for excess errors)
FAIL: gcc.c-torture/compile/pr60655-1.c -O1 (test for excess errors)
FAIL: gcc.c-torture/compile/pr60655-1.c -O2 (test for excess errors)
FAIL: gcc.c-torture/compile/pr60655-1.c -O3 -fomit-frame-pointer (test for excess errors)
FAIL: gcc.c-torture/compile/pr60655-1.c -O3 -fomit-frame-pointer -funroll-loops (test for excess errors)
FAIL: gcc.c-torture/compile/pr60655-1.c -O3 -fomit-frame-pointer -funroll-all-loops -finline-functions (test for excess errors)
FAIL: gcc.c-torture/compile/pr60655-1.c -O3 -g (test for excess errors)
FAIL: gcc.c-torture/compile/pr60655-1.c -Os (test for excess errors)
FAIL: gcc.c-torture/compile/simd-6.c -O0 (test for excess errors)
FAIL: gcc.c-torture/compile/simd-6.c -O1 (test for excess errors)
FAIL: gcc.c-torture/compile/simd-6.c -O2 (test for excess errors)
FAIL: gcc.c-torture/compile/simd-6.c -O3 -fomit-frame-pointer (test for excess errors)
FAIL: gcc.c-torture/compile/simd-6.c -O3 -g (test for excess errors)
FAIL: gcc.c-torture/compile/simd-6.c -Os (test for excess errors)
FAIL: gcc.c-torture/compile/vector-4.c -O0 (test for excess errors)
FAIL: gcc.c-torture/compile/vector-4.c -O1 (test for excess errors)
FAIL: gcc.c-torture/compile/vector-4.c -O2 (test for excess errors)
FAIL: gcc.c-torture/compile/vector-4.c -O3 -fomit-frame-pointer (test for excess errors)
FAIL: gcc.c-torture/compile/vector-4.c -O3 -g (test for excess errors)
FAIL: gcc.c-torture/compile/vector-4.c -Os (test for excess errors)
FAIL: gcc.c-torture/compile/vector-align-1.c -O0 (test for excess errors)
FAIL: gcc.c-torture/compile/vector-align-1.c -O1 (test for excess errors)
FAIL: gcc.c-torture/compile/vector-align-1.c -O2 (test for excess errors)
FAIL: gcc.c-torture/compile/vector-align-1.c -O3 -fomit-frame-pointer (test for excess errors)
FAIL: gcc.c-torture/compile/vector-align-1.c -O3 -g (test for excess errors)
FAIL: gcc.c-torture/compile/vector-align-1.c -Os (test for excess errors)
=== gcc Summary ===
# of expected passes 8460
# of unexpected failures 90
# of unsupported tests 263
/buildarea/buildpdp/gcc/xgcc version 4.10.0 20140805 (experimental) (GCC)
Compiler version: 4.10.0 20140805 (experimental) (GCC) gcc
Platform: pdp11-unknown-aout
configure flags: --target=pdp11-aout --prefix=/usr/local/pdp11-aout/ --without-x --enable-languages=c --without-isl --disable-libssp --with-as=/usr/local/bin/pdp11-aout-as --with-ld=/usr/local/bin/pdp11-aout-ld
BOOT_CFLAGS=-g -O2