This is the mail archive of the gcc-testresults@gcc.gnu.org mailing list for the GCC project.


Index Nav: [Date Index] [Subject Index] [Author Index] [Thread Index]
Message Nav: [Date Prev] [Date Next] [Thread Prev] [Thread Next]
Other format: [Raw text]

Results for 4.10.0 20140803 (experimental) testsuite on sparc-unknown-linux-gnu


LAST_UPDATED: Obtained from SVN: trunk revision 213526

		=== acats tests ===
FAIL:	c52103x
FAIL:	c52104x
FAIL:	c52104y

		=== acats Summary ===
# of expected passes		2317
# of unexpected failures	3
Native configuration is sparc-unknown-linux-gnu

		=== g++ tests ===


Running target unix
FAIL: g++.dg/cpp0x/static_assert9.C  -std=c++11 (test for excess errors)
FAIL: g++.dg/cpp0x/static_assert9.C  -std=c++1y (test for excess errors)
FAIL: g++.dg/guality/redeclaration1.C   -O2  line 17 i == 24
FAIL: g++.dg/guality/redeclaration1.C   -O3 -fomit-frame-pointer  line 17 i == 24
FAIL: g++.dg/guality/redeclaration1.C   -O3 -g  line 17 i == 24

		=== g++ Summary ===

# of expected passes		76285
# of unexpected failures	5
# of expected failures		435
# of unsupported tests		3175
/mnt/scratch/objdir410/gcc/testsuite/g++/../../xg++  version 4.10.0 20140803 (experimental) (GCC) 

		=== gcc tests ===


Running target unix
FAIL: gcc.c-torture/compile/20090907-1.c   -O3 -fomit-frame-pointer -funroll-all-loops -finline-functions  (internal compiler error)
FAIL: gcc.c-torture/compile/20090907-1.c   -O3 -fomit-frame-pointer -funroll-all-loops -finline-functions  (test for excess errors)
FAIL: gcc.c-torture/compile/pr52437.c   -O1  (internal compiler error)
FAIL: gcc.c-torture/compile/pr52437.c   -O1  (test for excess errors)
FAIL: gcc.c-torture/execute/loop-4.c compilation,  -O3 -fomit-frame-pointer -funroll-loops  (internal compiler error)
UNRESOLVED: gcc.c-torture/execute/loop-4.c execution,  -O3 -fomit-frame-pointer -funroll-loops 
FAIL: gcc.dg/pr61868.c (test for excess errors)
UNRESOLVED: gcc.dg/pr61868.c scan-assembler .gnu.lto.*.12345
XPASS: gcc.dg/strlenopt-8.c scan-tree-dump-times strlen "strlen \\\\(" 0
XPASS: gcc.dg/strlenopt-8.c scan-tree-dump-times strlen "memcpy \\\\(" 4
FAIL: gcc.dg/struct-by-value-1.c (internal compiler error)
FAIL: gcc.dg/struct-by-value-1.c (test for excess errors)
UNRESOLVED: gcc.dg/struct-by-value-1.c compilation failed to produce executable
XPASS: gcc.dg/guality/example.c   -O0  execution test
XPASS: gcc.dg/guality/example.c   -O1  execution test
XPASS: gcc.dg/guality/guality.c   -O0  execution test
XPASS: gcc.dg/guality/guality.c   -O1  execution test
XPASS: gcc.dg/guality/guality.c   -O2  execution test
XPASS: gcc.dg/guality/guality.c   -O3 -fomit-frame-pointer  execution test
XPASS: gcc.dg/guality/guality.c   -O3 -g  execution test
XPASS: gcc.dg/guality/guality.c   -Os  execution test
XPASS: gcc.dg/guality/inline-params.c   -O2  execution test
XPASS: gcc.dg/guality/inline-params.c   -O3 -fomit-frame-pointer  execution test
XPASS: gcc.dg/guality/inline-params.c   -O3 -g  execution test
XPASS: gcc.dg/guality/inline-params.c   -Os  execution test
FAIL: gcc.dg/guality/pr36728-1.c   -O2  line 16 y == 2
FAIL: gcc.dg/guality/pr36728-1.c   -O3 -fomit-frame-pointer  line 16 y == 2
FAIL: gcc.dg/guality/pr36728-1.c   -O3 -g  line 16 y == 2
FAIL: gcc.dg/guality/pr36728-2.c   -O2  line 16 y == 2
FAIL: gcc.dg/guality/pr36728-2.c   -O3 -fomit-frame-pointer  line 16 y == 2
FAIL: gcc.dg/guality/pr36728-2.c   -O3 -g  line 16 y == 2
FAIL: gcc.dg/guality/pr36728-2.c   -Os  line 18 y == 2
XPASS: gcc.dg/guality/pr41353-1.c   -O0  line 28 j == 28 + 37
FAIL: gcc.dg/guality/pr41353-1.c   -O1  line 28 i1 == 2 * 37
FAIL: gcc.dg/guality/pr41353-1.c   -O1  line 28 i2 == 3 * 37
FAIL: gcc.dg/guality/pr41353-1.c   -O2  line 28 i1 == 2 * 37
FAIL: gcc.dg/guality/pr41353-1.c   -O2  line 28 i2 == 3 * 37
FAIL: gcc.dg/guality/pr41353-1.c   -O3 -fomit-frame-pointer  line 28 i1 == 2 * 37
FAIL: gcc.dg/guality/pr41353-1.c   -O3 -fomit-frame-pointer  line 28 i2 == 3 * 37
FAIL: gcc.dg/guality/pr41353-1.c   -O3 -g  line 28 i1 == 2 * 37
FAIL: gcc.dg/guality/pr41353-1.c   -O3 -g  line 28 i2 == 3 * 37
FAIL: gcc.dg/guality/pr41353-1.c   -Os  line 28 i1 == 2 * 37
FAIL: gcc.dg/guality/pr41353-1.c   -Os  line 28 i2 == 3 * 37
XPASS: gcc.dg/guality/pr41447-1.c   -O0  execution test
XPASS: gcc.dg/guality/pr41447-1.c   -O1  execution test
XPASS: gcc.dg/guality/pr41447-1.c   -O2  execution test
XPASS: gcc.dg/guality/pr41447-1.c   -O3 -fomit-frame-pointer  execution test
XPASS: gcc.dg/guality/pr41447-1.c   -O3 -g  execution test
XPASS: gcc.dg/guality/pr41447-1.c   -Os  execution test
XPASS: gcc.dg/guality/pr41616-1.c   -O0  execution test
XPASS: gcc.dg/guality/pr41616-1.c   -O1  execution test
XPASS: gcc.dg/guality/pr41616-1.c   -O2  execution test
XPASS: gcc.dg/guality/pr41616-1.c   -O3 -fomit-frame-pointer  execution test
XPASS: gcc.dg/guality/pr41616-1.c   -O3 -g  execution test
XPASS: gcc.dg/guality/pr41616-1.c   -Os  execution test
FAIL: gcc.dg/guality/pr43479.c   -O1  line 13 h == 9
FAIL: gcc.dg/guality/pr43479.c   -O1  line 18 h == 9
FAIL: gcc.dg/guality/pr43479.c   -O2  line 13 h == 9
FAIL: gcc.dg/guality/pr43479.c   -O2  line 18 h == 9
FAIL: gcc.dg/guality/pr43479.c   -O3 -fomit-frame-pointer  line 13 h == 9
FAIL: gcc.dg/guality/pr43479.c   -O3 -fomit-frame-pointer  line 18 h == 9
FAIL: gcc.dg/guality/pr43479.c   -O3 -g  line 13 h == 9
FAIL: gcc.dg/guality/pr43479.c   -O3 -g  line 18 h == 9
FAIL: gcc.dg/guality/pr43479.c   -Os  line 13 h == 9
FAIL: gcc.dg/guality/pr43479.c   -Os  line 18 h == 9
FAIL: gcc.dg/guality/pr49888.c   -O1  line 18 !c == 1
FAIL: gcc.dg/guality/pr49888.c   -O2  line 18 !c == 1
FAIL: gcc.dg/guality/pr49888.c   -O3 -fomit-frame-pointer  line 18 !c == 1
FAIL: gcc.dg/guality/pr49888.c   -O3 -g  line 18 !c == 1
FAIL: gcc.dg/guality/pr49888.c   -Os  line 18 !c == 1
FAIL: gcc.dg/guality/pr54200.c   -O1  line 20 z == 3
FAIL: gcc.dg/guality/pr54200.c   -O2  line 20 z == 3
FAIL: gcc.dg/guality/pr54200.c   -O3 -fomit-frame-pointer  line 20 z == 3
FAIL: gcc.dg/guality/pr54200.c   -O3 -g  line 20 z == 3
FAIL: gcc.dg/guality/pr54200.c   -Os  line 20 z == 3
FAIL: gcc.dg/guality/pr54693-2.c   -O3 -fomit-frame-pointer -funroll-all-loops -finline-functions  line 21 i == v + 1
FAIL: gcc.dg/guality/pr54693-2.c   -Os  line 21 y == 20 - 2 * i
FAIL: gcc.dg/guality/pr54970.c   -Os  line 15 a[0] == 1
FAIL: gcc.dg/guality/pr54970.c   -Os  line 20 a[0] == 1
FAIL: gcc.dg/guality/pr54970.c   -Os  line 25 a[0] == 1
FAIL: gcc.dg/guality/pr54970.c   -Os  line 31 *p == 6
FAIL: gcc.dg/guality/pr54970.c   -Os  line 31 *q == 5
FAIL: gcc.dg/guality/pr54970.c   -Os  line 36 *p == 26
FAIL: gcc.dg/guality/pr54970.c   -Os  line 36 *q == 5
FAIL: gcc.dg/guality/pr54970.c   -Os  line 45 *p == 26
FAIL: gcc.dg/guality/pr54970.c   -Os  line 45 p[-1] == 25
FAIL: gcc.dg/guality/pr54970.c   -Os  line 45 p[-2] == 4
FAIL: gcc.dg/guality/pr54970.c   -Os  line 45 q[-1] == 4
FAIL: gcc.dg/guality/pr54970.c   -Os  line 45 q[1] == 26
FAIL: gcc.dg/guality/pr54970.c   -Os  line 45 *q == 25
FAIL: gcc.dg/guality/sra-1.c   -O1  line 43 a.i == 4
FAIL: gcc.dg/guality/sra-1.c   -O1  line 43 a.j == 14
FAIL: gcc.dg/guality/sra-1.c   -O2  line 21 a.i == 4
FAIL: gcc.dg/guality/sra-1.c   -O2  line 32 a[0] == 4
FAIL: gcc.dg/guality/sra-1.c   -O2  line 43 a.i == 4
FAIL: gcc.dg/guality/sra-1.c   -O2  line 43 a.j == 14
FAIL: gcc.dg/guality/sra-1.c   -O3 -fomit-frame-pointer  line 21 a.i == 4
FAIL: gcc.dg/guality/sra-1.c   -O3 -fomit-frame-pointer  line 32 a[0] == 4
FAIL: gcc.dg/guality/sra-1.c   -O3 -fomit-frame-pointer  line 43 a.i == 4
FAIL: gcc.dg/guality/sra-1.c   -O3 -fomit-frame-pointer  line 43 a.j == 14
FAIL: gcc.dg/guality/sra-1.c   -O3 -g  line 21 a.i == 4
FAIL: gcc.dg/guality/sra-1.c   -O3 -g  line 32 a[0] == 4
FAIL: gcc.dg/guality/sra-1.c   -O3 -g  line 43 a.i == 4
FAIL: gcc.dg/guality/sra-1.c   -O3 -g  line 43 a.j == 14
FAIL: gcc.dg/guality/sra-1.c   -Os  line 43 a.i == 4
FAIL: gcc.dg/guality/sra-1.c   -Os  line 43 a.j == 14
FAIL: gcc.dg/torture/pr27603.c   -O1  (internal compiler error)
FAIL: gcc.dg/torture/pr27603.c   -O1  (test for excess errors)
UNRESOLVED: gcc.dg/torture/pr27603.c   -O1  compilation failed to produce executable
FAIL: gcc.dg/tree-prof/crossmodule-indircall-1a.c compilation,  -fprofile-generate -D_PROFILE_GENERATE
UNRESOLVED: gcc.dg/tree-prof/crossmodule-indircall-1a.c execution,    -fprofile-generate -D_PROFILE_GENERATE
UNRESOLVED: gcc.dg/tree-prof/crossmodule-indircall-1a.c compilation,  -fprofile-use -D_PROFILE_USE
UNRESOLVED: gcc.dg/tree-prof/crossmodule-indircall-1a.c execution,    -fprofile-use -D_PROFILE_USE
FAIL: gcc.dg/tree-ssa/pr21029.c (internal compiler error)
FAIL: gcc.dg/tree-ssa/pr21029.c (test for excess errors)
UNRESOLVED: gcc.dg/tree-ssa/pr21029.c compilation failed to produce executable

		=== gcc Summary ===

# of expected passes		76468
# of unexpected failures	81
# of unexpected successes	27
# of expected failures		234
# of unresolved testcases	8
# of unsupported tests		1541
/mnt/scratch/objdir410/gcc/xgcc  version 4.10.0 20140803 (experimental) (GCC) 

		=== gfortran tests ===


Running target unix
FAIL: gfortran.dg/array_function_6.f90   -O3 -fomit-frame-pointer  (internal compiler error)
FAIL: gfortran.dg/array_function_6.f90   -O3 -fomit-frame-pointer  (test for excess errors)
UNRESOLVED: gfortran.dg/array_function_6.f90   -O3 -fomit-frame-pointer  compilation failed to produce executable
FAIL: gfortran.dg/auto_char_pointer_array_result_1.f90   -O3 -fomit-frame-pointer -funroll-loops  (internal compiler error)
FAIL: gfortran.dg/auto_char_pointer_array_result_1.f90   -O3 -fomit-frame-pointer -funroll-loops  (test for excess errors)
UNRESOLVED: gfortran.dg/auto_char_pointer_array_result_1.f90   -O3 -fomit-frame-pointer -funroll-loops  compilation failed to produce executable
FAIL: gfortran.dg/auto_char_pointer_array_result_1.f90   -Os  (internal compiler error)
FAIL: gfortran.dg/auto_char_pointer_array_result_1.f90   -Os  (test for excess errors)
UNRESOLVED: gfortran.dg/auto_char_pointer_array_result_1.f90   -Os  compilation failed to produce executable
FAIL: gfortran.dg/bounds_check_fail_2.f90   -O2  (internal compiler error)
FAIL: gfortran.dg/bounds_check_fail_2.f90   -O2  (test for excess errors)
UNRESOLVED: gfortran.dg/bounds_check_fail_2.f90   -O2  compilation failed to produce executable
FAIL: gfortran.dg/bounds_check_fail_2.f90   -O3 -fomit-frame-pointer -funroll-loops  (internal compiler error)
FAIL: gfortran.dg/bounds_check_fail_2.f90   -O3 -fomit-frame-pointer -funroll-loops  (test for excess errors)
UNRESOLVED: gfortran.dg/bounds_check_fail_2.f90   -O3 -fomit-frame-pointer -funroll-loops  compilation failed to produce executable
FAIL: gfortran.dg/class_array_1.f03   -O3 -fomit-frame-pointer -funroll-loops  (internal compiler error)
FAIL: gfortran.dg/class_array_1.f03   -O3 -fomit-frame-pointer -funroll-loops  (test for excess errors)
UNRESOLVED: gfortran.dg/class_array_1.f03   -O3 -fomit-frame-pointer -funroll-loops  compilation failed to produce executable
FAIL: gfortran.dg/class_array_1.f03   -O3 -fomit-frame-pointer -funroll-all-loops -finline-functions  (internal compiler error)
FAIL: gfortran.dg/class_array_1.f03   -O3 -fomit-frame-pointer -funroll-all-loops -finline-functions  (test for excess errors)
UNRESOLVED: gfortran.dg/class_array_1.f03   -O3 -fomit-frame-pointer -funroll-all-loops -finline-functions  compilation failed to produce executable
FAIL: gfortran.dg/data_array_1.f90   -O2  (internal compiler error)
FAIL: gfortran.dg/data_array_1.f90   -O2  (test for excess errors)
UNRESOLVED: gfortran.dg/data_array_1.f90   -O2  compilation failed to produce executable
FAIL: gfortran.dg/der_array_1.f90   -O2  (internal compiler error)
FAIL: gfortran.dg/der_array_1.f90   -O2  (test for excess errors)
UNRESOLVED: gfortran.dg/der_array_1.f90   -O2  compilation failed to produce executable
FAIL: gfortran.dg/der_array_1.f90   -O3 -fomit-frame-pointer  (internal compiler error)
FAIL: gfortran.dg/der_array_1.f90   -O3 -fomit-frame-pointer  (test for excess errors)
UNRESOLVED: gfortran.dg/der_array_1.f90   -O3 -fomit-frame-pointer  compilation failed to produce executable
FAIL: gfortran.dg/derived_comp_array_ref_7.f90   -O3 -fomit-frame-pointer -funroll-loops  (internal compiler error)
FAIL: gfortran.dg/derived_comp_array_ref_7.f90   -O3 -fomit-frame-pointer -funroll-loops  (test for excess errors)
UNRESOLVED: gfortran.dg/derived_comp_array_ref_7.f90   -O3 -fomit-frame-pointer -funroll-loops  compilation failed to produce executable
FAIL: gfortran.dg/derived_comp_array_ref_7.f90   -O3 -g  (internal compiler error)
FAIL: gfortran.dg/derived_comp_array_ref_7.f90   -O3 -g  (test for excess errors)
UNRESOLVED: gfortran.dg/derived_comp_array_ref_7.f90   -O3 -g  compilation failed to produce executable
FAIL: gfortran.dg/func_assign_2.f90   -O3 -fomit-frame-pointer -funroll-all-loops -finline-functions  (internal compiler error)
FAIL: gfortran.dg/func_assign_2.f90   -O3 -fomit-frame-pointer -funroll-all-loops -finline-functions  (test for excess errors)
UNRESOLVED: gfortran.dg/func_assign_2.f90   -O3 -fomit-frame-pointer -funroll-all-loops -finline-functions  compilation failed to produce executable
FAIL: gfortran.dg/host_dummy_index_1.f90   -O3 -fomit-frame-pointer -funroll-all-loops -finline-functions  (internal compiler error)
FAIL: gfortran.dg/host_dummy_index_1.f90   -O3 -fomit-frame-pointer -funroll-all-loops -finline-functions  (test for excess errors)
UNRESOLVED: gfortran.dg/host_dummy_index_1.f90   -O3 -fomit-frame-pointer -funroll-all-loops -finline-functions  compilation failed to produce executable
FAIL: gfortran.dg/initialization_2.f90   -O2  (internal compiler error)
FAIL: gfortran.dg/initialization_2.f90   -O2  (test for excess errors)
UNRESOLVED: gfortran.dg/initialization_2.f90   -O2  compilation failed to produce executable
FAIL: gfortran.dg/initialization_2.f90   -Os  (internal compiler error)
FAIL: gfortran.dg/initialization_2.f90   -Os  (test for excess errors)
UNRESOLVED: gfortran.dg/initialization_2.f90   -Os  compilation failed to produce executable
FAIL: gfortran.dg/maxloc_1.f90   -O1  (internal compiler error)
FAIL: gfortran.dg/maxloc_1.f90   -O1  (test for excess errors)
UNRESOLVED: gfortran.dg/maxloc_1.f90   -O1  compilation failed to produce executable
FAIL: gfortran.dg/minmaxloc_2.f90   -O3 -fomit-frame-pointer -funroll-loops  (internal compiler error)
FAIL: gfortran.dg/minmaxloc_2.f90   -O3 -fomit-frame-pointer -funroll-loops  (test for excess errors)
UNRESOLVED: gfortran.dg/minmaxloc_2.f90   -O3 -fomit-frame-pointer -funroll-loops  compilation failed to produce executable
FAIL: gfortran.dg/operator_1.f90   -Os  (internal compiler error)
FAIL: gfortran.dg/operator_1.f90   -Os  (test for excess errors)
UNRESOLVED: gfortran.dg/operator_1.f90   -Os  compilation failed to produce executable
FAIL: gfortran.dg/pointer_intent_5.f90   -O1  (internal compiler error)
FAIL: gfortran.dg/pointer_intent_5.f90   -O1  (test for excess errors)
UNRESOLVED: gfortran.dg/pointer_intent_5.f90   -O1  compilation failed to produce executable
FAIL: gfortran.dg/streamio_9.f90   -O3 -g  (internal compiler error)
FAIL: gfortran.dg/streamio_9.f90   -O3 -g  (test for excess errors)
UNRESOLVED: gfortran.dg/streamio_9.f90   -O3 -g  compilation failed to produce executable
FAIL: gfortran.dg/transfer_simplify_2.f90   -O3 -fomit-frame-pointer  (internal compiler error)
FAIL: gfortran.dg/transfer_simplify_2.f90   -O3 -fomit-frame-pointer  (test for excess errors)
UNRESOLVED: gfortran.dg/transfer_simplify_2.f90   -O3 -fomit-frame-pointer  compilation failed to produce executable
FAIL: gfortran.dg/transpose_4.f90   -O2  (internal compiler error)
FAIL: gfortran.dg/transpose_4.f90   -O2  (test for excess errors)
UNRESOLVED: gfortran.dg/transpose_4.f90   -O2  compilation failed to produce executable
FAIL: gfortran.dg/widechar_5.f90   -O3 -fomit-frame-pointer -funroll-loops  (internal compiler error)
FAIL: gfortran.dg/widechar_5.f90   -O3 -fomit-frame-pointer -funroll-loops  (test for excess errors)
UNRESOLVED: gfortran.dg/widechar_5.f90   -O3 -fomit-frame-pointer -funroll-loops  compilation failed to produce executable
FAIL: gfortran.dg/g77/20010116.f   -O3 -fomit-frame-pointer -funroll-all-loops -finline-functions  (internal compiler error)
FAIL: gfortran.dg/g77/20010116.f   -O3 -fomit-frame-pointer -funroll-all-loops -finline-functions  (test for excess errors)
UNRESOLVED: gfortran.dg/g77/20010116.f   -O3 -fomit-frame-pointer -funroll-all-loops -finline-functions  compilation failed to produce executable
FAIL: gfortran.fortran-torture/execute/data_2.f90,  -Os  (internal compiler error)
FAIL: gfortran.fortran-torture/execute/intrinsic_merge.f90, -O2 -ftree-vectorize -mcpu=ultrasparc -mvis  (internal compiler error)

		=== gfortran Summary ===

# of expected passes		45734
# of unexpected failures	52
# of expected failures		40
# of unresolved testcases	25
# of unsupported tests		257
/mnt/scratch/objdir410/gcc/testsuite/gfortran/../../gfortran  version 4.10.0 20140803 (experimental) (GCC) 

		=== gnat tests ===


Running target unix
FAIL: gnat.dg/discr6.adb (test for excess errors)
FAIL: gnat.dg/null_pointer_deref1.adb execution test
FAIL: gnat.dg/null_pointer_deref3.adb execution test
FAIL: gnat.dg/weak2.adb (test for excess errors)
FAIL: gnat.dg/specs/debug1.ads scan-assembler-times DW_AT_artificial 13
FAIL: gnat.dg/specs/formal_type.ads (test for excess errors)

		=== gnat Summary ===

# of expected passes		1228
# of unexpected failures	6
# of expected failures		18
# of unsupported tests		15
/mnt/scratch/objdir410/gcc/gnatmake version 4.10.0 20140803 (experimental)

		=== libatomic tests ===


Running target unix

		=== libatomic Summary ===

# of expected passes		44
# of unsupported tests		5
		=== libgomp tests ===


Running target unix
FAIL: libgomp.fortran/reduction2.f90   -O2  (internal compiler error)
FAIL: libgomp.fortran/reduction2.f90   -O2  (test for excess errors)
UNRESOLVED: libgomp.fortran/reduction2.f90   -O2  compilation failed to produce executable
FAIL: libgomp.fortran/reference2.f90   -O3 -g  (internal compiler error)
FAIL: libgomp.fortran/reference2.f90   -O3 -g  (test for excess errors)
UNRESOLVED: libgomp.fortran/reference2.f90   -O3 -g  compilation failed to produce executable
FAIL: libgomp.fortran/threadprivate3.f90   -O3 -fomit-frame-pointer -funroll-all-loops -finline-functions  (internal compiler error)
FAIL: libgomp.fortran/threadprivate3.f90   -O3 -fomit-frame-pointer -funroll-all-loops -finline-functions  (test for excess errors)
UNRESOLVED: libgomp.fortran/threadprivate3.f90   -O3 -fomit-frame-pointer -funroll-all-loops -finline-functions  compilation failed to produce executable

		=== libgomp Summary ===

# of expected passes		3178
# of unexpected failures	6
# of unresolved testcases	3
# of unsupported tests		36
		=== libitm tests ===


Running target unix

		=== libitm Summary ===

# of expected passes		26
# of expected failures		3
# of unsupported tests		1
		=== libstdc++ tests ===


Running target unix
FAIL: libstdc++-abi/abi_check
FAIL: ext/stdio_filebuf/requirements/explicit_instantiation.cc (test for excess errors)

		=== libstdc++ Summary ===

# of expected passes		9777
# of unexpected failures	2
# of expected failures		69
# of unsupported tests		259

Compiler version: 4.10.0 20140803 (experimental) 
Platform: sparc-unknown-linux-gnu
configure flags: --prefix=/mnt/scratch/install410 --with-gmp=/home/mikpe/pkgs/linux-sparc64/gmp-5.1.3 --with-mpfr=/home/mikpe/pkgs/linux-sparc64/mpfr-3.1.2 --with-mpc=/home/mikpe/pkgs/linux-sparc64/mpc-1.0.2 --enable-multilib --disable-plugin --disable-lto --disable-nls --enable-threads=posix --enable-checking=release --disable-libmudflap --enable-languages=c,ada,c++,fortran --build=sparc-unknown-linux --target=sparc-unknown-linux --with-cpu=ultrasparc --enable-targets=all --disable-libsanitizer
BOOT_CFLAGS=-g -O2


Index Nav: [Date Index] [Subject Index] [Author Index] [Thread Index]
Message Nav: [Date Prev] [Date Next] [Thread Prev] [Thread Next]