This is the mail archive of the gcc-testresults@gcc.gnu.org mailing list for the GCC project.


Index Nav: [Date Index] [Subject Index] [Author Index] [Thread Index]
Message Nav: [Date Prev] [Date Next] [Thread Prev] [Thread Next]
Other format: [Raw text]

Results for 4.10.0 20140801 (experimental) [trunk revision 213453] (GCC) testsuite on i386-pc-solaris2.11


LAST_UPDATED: Fri Aug  1 11:56:55 UTC 2014 (revision 213453)

		=== acats tests ===

		=== acats Summary ===
# of expected passes		2320
# of unexpected failures	0
Native configuration is i386-pc-solaris2.11

		=== g++ tests ===


Running target unix
FAIL: g++.dg/cilk-plus/CK/catch_exc.cc  -O1 -fcilkplus execution test
FAIL: g++.dg/cilk-plus/CK/catch_exc.cc  -O3 -fcilkplus execution test
FAIL: g++.dg/cilk-plus/CK/catch_exc.cc  -g -fcilkplus execution test
FAIL: g++.dg/cilk-plus/CK/catch_exc.cc  -g -O2 -fcilkplus execution test
FAIL: g++.dg/cpp0x/static_assert9.C  -std=c++11 (test for excess errors)
FAIL: g++.dg/cpp0x/static_assert9.C  -std=c++1y (test for excess errors)
FAIL: g++.dg/ipa/devirt-34.C  -std=gnu++98  scan-ipa-dump devirt "Targets that are not likely"
FAIL: g++.dg/ipa/devirt-34.C  -std=gnu++11  scan-ipa-dump devirt "Targets that are not likely"
FAIL: g++.dg/ipa/devirt-34.C  -std=gnu++1y  scan-ipa-dump devirt "Targets that are not likely"
FAIL: g++.dg/lto/20100302 cp_lto_20100302_0.o-cp_lto_20100302_1.o link, -flto -fabi-version=2 (internal compiler error)
UNRESOLVED: g++.dg/lto/20100302 cp_lto_20100302_0.o-cp_lto_20100302_1.o execute -flto -fabi-version=2

		=== g++ Summary for unix ===

# of expected passes		80757
# of unexpected failures	10
# of expected failures		443
# of unresolved testcases	1
# of unsupported tests		2895

Running target unix/-m64
FAIL: g++.dg/cpp0x/static_assert9.C  -std=c++11 (test for excess errors)
FAIL: g++.dg/cpp0x/static_assert9.C  -std=c++1y (test for excess errors)
FAIL: g++.dg/ipa/devirt-34.C  -std=gnu++98  scan-ipa-dump devirt "Targets that are not likely"
FAIL: g++.dg/ipa/devirt-34.C  -std=gnu++11  scan-ipa-dump devirt "Targets that are not likely"
FAIL: g++.dg/ipa/devirt-34.C  -std=gnu++1y  scan-ipa-dump devirt "Targets that are not likely"
FAIL: g++.dg/lto/20100302 cp_lto_20100302_0.o-cp_lto_20100302_1.o link, -flto -fabi-version=2 (internal compiler error)
UNRESOLVED: g++.dg/lto/20100302 cp_lto_20100302_0.o-cp_lto_20100302_1.o execute -flto -fabi-version=2

		=== g++ Summary for unix/-m64 ===

# of expected passes		82066
# of unexpected failures	6
# of expected failures		443
# of unresolved testcases	1
# of unsupported tests		3174

		=== g++ Summary ===

# of expected passes		162823
# of unexpected failures	16
# of expected failures		886
# of unresolved testcases	2
# of unsupported tests		6069
/var/gcc/regression/trunk/11-gcc/build/gcc/testsuite/g++/../../xg++  version 4.10.0 20140801 (experimental) [trunk revision 213453] (GCC) 

		=== gcc tests ===


Running target unix
FAIL: gcc.dg/unroll_1.c  (test for warnings, line 14)
FAIL: gcc.dg/unroll_1.c  (test for warnings, line 24)
FAIL: gcc.target/i386/3dnowA-1.c (test for excess errors)
FAIL: gcc.target/i386/3dnowA-2.c (test for excess errors)
FAIL: gcc.target/i386/bmi-tzcnt-2.c (test for excess errors)
WARNING: gcc.target/i386/bmi-tzcnt-2.c compilation failed to produce executable
FAIL: gcc.target/i386/pr49095.c scan-assembler-not test[lq]

		=== gcc Summary for unix ===

# of expected passes		102238
# of unexpected failures	6
# of expected failures		254
# of unsupported tests		1650

Running target unix/-m64
FAIL: gcc.dg/unroll_1.c  (test for warnings, line 14)
FAIL: gcc.dg/unroll_1.c  (test for warnings, line 24)
FAIL: gcc.target/i386/3dnowA-1.c (test for excess errors)
FAIL: gcc.target/i386/3dnowA-2.c (test for excess errors)
FAIL: gcc.target/i386/bmi-tzcnt-1.c (test for excess errors)
WARNING: gcc.target/i386/bmi-tzcnt-1.c compilation failed to produce executable
FAIL: gcc.target/i386/bmi-tzcnt-2.c (test for excess errors)
WARNING: gcc.target/i386/bmi-tzcnt-2.c compilation failed to produce executable
FAIL: gcc.target/i386/pr58218.c (test for excess errors)
FAIL: gcc.target/i386/pr61599-1.c (test for excess errors)
WARNING: gcc.target/i386/pr61599-1.c compilation failed to produce executable

		=== gcc Summary for unix/-m64 ===

# of expected passes		102788
# of unexpected failures	8
# of expected failures		256
# of unsupported tests		1904

		=== gcc Summary ===

# of expected passes		205026
# of unexpected failures	14
# of expected failures		510
# of unsupported tests		3554
/var/gcc/regression/trunk/11-gcc/build/gcc/xgcc  version 4.10.0 20140801 (experimental) [trunk revision 213453] (GCC) 

		=== gfortran tests ===


Running target unix

		=== gfortran Summary for unix ===

# of expected passes		46210
# of expected failures		52
# of unsupported tests		223

Running target unix/-m64

		=== gfortran Summary for unix/-m64 ===

# of expected passes		46513
# of expected failures		52
# of unsupported tests		77

		=== gfortran Summary ===

# of expected passes		92723
# of expected failures		104
# of unsupported tests		300
/var/gcc/regression/trunk/11-gcc/build/gcc/testsuite/gfortran/../../gfortran  version 4.10.0 20140801 (experimental) [trunk revision 213453] (GCC) 

		=== gnat tests ===


Running target unix
FAIL: gnat.dg/discr6.adb (test for excess errors)
FAIL: gnat.dg/weak2.adb (test for excess errors)

		=== gnat Summary for unix ===

# of expected passes		1247
# of unexpected failures	2
# of expected failures		18
# of unsupported tests		7

Running target unix/-m64
FAIL: gnat.dg/discr6.adb (test for excess errors)
FAIL: gnat.dg/weak2.adb (test for excess errors)

		=== gnat Summary for unix/-m64 ===

# of expected passes		1247
# of unexpected failures	2
# of expected failures		18
# of unsupported tests		7

		=== gnat Summary ===

# of expected passes		2494
# of unexpected failures	4
# of expected failures		36
# of unsupported tests		14
/var/gcc/regression/trunk/11-gcc/build/gcc/gnatmake version 4.10.0 20140801 (experimental) [trunk revision 213453]

		=== go tests ===


Running target unix
FAIL: ./index0-out.go execution,  -O0 -g -fno-var-tracking-assignments 
FAIL: go.test/test/fixedbugs/bug272.go execution,  -O2 -g 

		=== go Summary for unix ===

# of expected passes		7369
# of unexpected failures	2
# of expected failures		1
# of untested testcases		9
# of unsupported tests		2

Running target unix/-m64
FAIL: go.test/test/fixedbugs/issue4348.go   -O  (test for excess errors)
FAIL: go.test/test/fixedbugs/issue6036.go   -O  (internal compiler error)
FAIL: go.test/test/fixedbugs/issue6036.go   -O  (test for excess errors)

		=== go Summary for unix/-m64 ===

# of expected passes		7250
# of unexpected failures	3
# of expected failures		1
# of untested testcases		9
# of unsupported tests		1

		=== go Summary ===

# of expected passes		14619
# of unexpected failures	5
# of expected failures		2
# of untested testcases		18
# of unsupported tests		3
		=== obj-c++ tests ===


Running target unix

		=== obj-c++ Summary for unix ===

# of expected passes		1447
# of expected failures		2
# of unsupported tests		86

Running target unix/-m64

		=== obj-c++ Summary for unix/-m64 ===

# of expected passes		1439
# of expected failures		10
# of unsupported tests		86

		=== obj-c++ Summary ===

# of expected passes		2886
# of expected failures		12
# of unsupported tests		172
/var/gcc/regression/trunk/11-gcc/build/gcc/testsuite/obj-c++/../../xg++  version 4.10.0 20140801 (experimental) [trunk revision 213453] (GCC) 

		=== objc tests ===


Running target unix

		=== objc Summary for unix ===

# of expected passes		3004
# of expected failures		6
# of unsupported tests		74

Running target unix/-m64

		=== objc Summary for unix/-m64 ===

# of expected passes		3004
# of expected failures		6
# of unsupported tests		74

		=== objc Summary ===

# of expected passes		6008
# of expected failures		12
# of unsupported tests		148
/var/gcc/regression/trunk/11-gcc/build/gcc/xgcc  version 4.10.0 20140801 (experimental) [trunk revision 213453] (GCC) 

		=== boehm-gc tests ===


Running target unix

		=== boehm-gc Summary for unix ===

# of expected passes		12
# of unsupported tests		1

Running target unix/-m64

		=== boehm-gc Summary for unix/-m64 ===

# of expected passes		12
# of unsupported tests		1

		=== boehm-gc Summary ===

# of expected passes		24
# of unsupported tests		2
		=== libatomic tests ===


Running target unix

		=== libatomic Summary for unix ===

# of expected passes		44
# of unsupported tests		5

Running target unix/-m64

		=== libatomic Summary for unix/-m64 ===

# of expected passes		54

		=== libatomic Summary ===

# of expected passes		98
# of unsupported tests		5
		=== libffi tests ===


Running target unix

		=== libffi Summary for unix ===

# of expected passes		1819
# of unsupported tests		55

Running target unix/-m64

		=== libffi Summary for unix/-m64 ===

# of expected passes		1819
# of unsupported tests		55

		=== libffi Summary ===

# of expected passes		3638
# of unsupported tests		110
		=== libgo tests ===


Running target unix
FAIL: net
FAIL: runtime
FAIL: log/syslog
FAIL: net/http
FAIL: sync/atomic

		=== libgo Summary for unix ===

# of expected passes		118
# of unexpected failures	5

Running target unix/-m64

		=== libgo Summary for unix/-m64 ===

# of expected passes		123

		=== libgo Summary ===

# of expected passes		241
# of unexpected failures	5
/var/gcc/regression/trunk/11-gcc/build/./gcc/gccgo version 4.10.0 20140801 (experimental) [trunk revision 213453] (GCC)

		=== libgomp tests ===


Running target unix

		=== libgomp Summary for unix ===

# of expected passes		3261
# of unsupported tests		22

Running target unix/-m64

		=== libgomp Summary for unix/-m64 ===

# of expected passes		3261
# of unsupported tests		22

		=== libgomp Summary ===

# of expected passes		6522
# of unsupported tests		44
		=== libitm tests ===


Running target unix

		=== libitm Summary for unix ===

# of expected passes		26
# of expected failures		3
# of unsupported tests		1

Running target unix/-m64

		=== libitm Summary for unix/-m64 ===

# of expected passes		26
# of expected failures		3
# of unsupported tests		1

		=== libitm Summary ===

# of expected passes		52
# of expected failures		6
# of unsupported tests		2
		=== libjava tests ===


Running target unix

		=== libjava Summary for unix ===

# of expected passes		2582
# of expected failures		4

Running target unix/-m64

		=== libjava Summary for unix/-m64 ===

# of expected passes		2582
# of expected failures		4

		=== libjava Summary ===

# of expected passes		5164
# of expected failures		8
		=== libstdc++ tests ===


Running target unix
FAIL: 27_io/basic_ofstream/pthread2.cc execution test
FAIL: 30_threads/condition_variable_any/50862.cc execution test

		=== libstdc++ Summary for unix ===

# of expected passes		9092
# of unexpected failures	2
# of expected failures		69
# of unsupported tests		599

Running target unix/-m64
FAIL: 30_threads/condition_variable_any/50862.cc execution test

		=== libstdc++ Summary for unix/-m64 ===

# of expected passes		9093
# of unexpected failures	1
# of expected failures		69
# of unsupported tests		599

		=== libstdc++ Summary ===

# of expected passes		18185
# of unexpected failures	3
# of expected failures		138
# of unsupported tests		1198

Compiler version: 4.10.0 20140801 (experimental) [trunk revision 213453] (GCC) 
Platform: i386-pc-solaris2.11
configure flags: --prefix=/vol/gcc --target=i386-pc-solaris2.11 --enable-objc-gc --enable-libmudflap --with-gmp-include=/vol/gcc/include --with-gmp-lib=/vol/gcc/lib --with-mpfr-include=/vol/gcc/include --with-mpfr-lib=/vol/gcc/lib --with-mpc-include=/vol/gcc/include --with-mpc-lib=/vol/gcc/lib --enable-languages=all,ada,obj-c++,go --with-isl-include=/vol/gcc/include --with-isl-lib=/vol/gcc/lib --with-cloog-include=/vol/gcc/include --with-cloog-lib=/vol/gcc/lib --enable-cloog-backend=isl
BOOT_CFLAGS=-g -O2


Index Nav: [Date Index] [Subject Index] [Author Index] [Thread Index]
Message Nav: [Date Prev] [Date Next] [Thread Prev] [Thread Next]