This is the mail archive of the gcc-testresults@gcc.gnu.org mailing list for the GCC project.


Index Nav: [Date Index] [Subject Index] [Author Index] [Thread Index]
Message Nav: [Date Prev] [Date Next] [Thread Prev] [Thread Next]
Other format: [Raw text]

Results for 4.10.0 20140801 (experimental) [trunk revision 213453] (GCC) testsuite on sparc-sun-solaris2.11


LAST_UPDATED: Fri Aug  1 11:56:55 UTC 2014 (revision 213453)

		=== acats tests ===

		=== acats Summary ===
# of expected passes		2320
# of unexpected failures	0
Native configuration is sparc-sun-solaris2.11

		=== g++ tests ===


Running target unix
FAIL: g++.dg/cpp0x/static_assert9.C  -std=c++11 (test for excess errors)
FAIL: g++.dg/cpp0x/static_assert9.C  -std=c++1y (test for excess errors)
FAIL: g++.dg/ipa/devirt-34.C  -std=gnu++98  scan-ipa-dump devirt "Targets that are not likely"
FAIL: g++.dg/ipa/devirt-34.C  -std=gnu++11  scan-ipa-dump devirt "Targets that are not likely"
FAIL: g++.dg/ipa/devirt-34.C  -std=gnu++1y  scan-ipa-dump devirt "Targets that are not likely"

		=== g++ Summary for unix ===

# of expected passes		77896
# of unexpected failures	5
# of expected failures		443
# of unsupported tests		3301

Running target unix/-m64
FAIL: g++.dg/cpp0x/static_assert9.C  -std=c++11 (test for excess errors)
FAIL: g++.dg/cpp0x/static_assert9.C  -std=c++1y (test for excess errors)
FAIL: g++.dg/ipa/devirt-34.C  -std=gnu++98  scan-ipa-dump devirt "Targets that are not likely"
FAIL: g++.dg/ipa/devirt-34.C  -std=gnu++11  scan-ipa-dump devirt "Targets that are not likely"
FAIL: g++.dg/ipa/devirt-34.C  -std=gnu++1y  scan-ipa-dump devirt "Targets that are not likely"

		=== g++ Summary for unix/-m64 ===

# of expected passes		79752
# of unexpected failures	5
# of expected failures		443
# of unsupported tests		3286

		=== g++ Summary ===

# of expected passes		157648
# of unexpected failures	10
# of expected failures		886
# of unsupported tests		6587
/var/gcc/regression/trunk/11-gcc/build/gcc/testsuite/g++/../../xg++  version 4.10.0 20140801 (experimental) [trunk revision 213453] (GCC) 

		=== gcc tests ===


Running target unix
WARNING: program timed out.
FAIL: gcc.dg/c11-atomic-2.c (test for excess errors)
FAIL: gcc.dg/pr61762.c scan-tree-dump-not release_ssa "Private"
XPASS: gcc.dg/strlenopt-8.c scan-tree-dump-times strlen "strlen \\\\(" 0
XPASS: gcc.dg/strlenopt-8.c scan-tree-dump-times strlen "memcpy \\\\(" 4
FAIL: gcc.dg/unroll_1.c  (test for warnings, line 14)
FAIL: gcc.dg/unroll_1.c  (test for warnings, line 24)
FAIL: gcc.dg/simulate-thread/atomic-other-int.c   -O2 -g  thread simulation test
FAIL: gcc.dg/simulate-thread/atomic-other-int.c   -O3 -g  thread simulation test
FAIL: gcc.dg/simulate-thread/speculative-store-4.c   -O0 -g  thread simulation test
FAIL: gcc.dg/simulate-thread/speculative-store-4.c   -O2 -g  thread simulation test
FAIL: gcc.dg/simulate-thread/speculative-store-4.c   -O3 -g  thread simulation test
FAIL: gcc.dg/simulate-thread/speculative-store.c   -O0 -g  thread simulation test

		=== gcc Summary for unix ===

# of expected passes		88897
# of unexpected failures	10
# of unexpected successes	2
# of expected failures		322
# of unsupported tests		1868

Running target unix/-m64
WARNING: program timed out.
FAIL: gcc.dg/c11-atomic-2.c (test for excess errors)
FAIL: gcc.dg/pr61762.c scan-tree-dump-not release_ssa "Private"
XPASS: gcc.dg/strlenopt-8.c scan-tree-dump-times strlen "strlen \\\\(" 0
XPASS: gcc.dg/strlenopt-8.c scan-tree-dump-times strlen "memcpy \\\\(" 4
FAIL: gcc.dg/unroll_1.c  (test for warnings, line 14)
FAIL: gcc.dg/unroll_1.c  (test for warnings, line 24)
FAIL: gcc.dg/vect/vect-singleton_1.c (internal compiler error)
FAIL: gcc.dg/vect/vect-singleton_1.c (test for excess errors)
FAIL: gcc.dg/vect/vect-singleton_1.c -flto -ffat-lto-objects (internal compiler error)
FAIL: gcc.dg/vect/vect-singleton_1.c -flto -ffat-lto-objects (test for excess errors)

		=== gcc Summary for unix/-m64 ===

# of expected passes		89681
# of unexpected failures	8
# of unexpected successes	2
# of expected failures		311
# of unsupported tests		1804

		=== gcc Summary ===

# of expected passes		178578
# of unexpected failures	18
# of unexpected successes	4
# of expected failures		633
# of unsupported tests		3672
/var/gcc/regression/trunk/11-gcc/build/gcc/xgcc  version 4.10.0 20140801 (experimental) [trunk revision 213453] (GCC) 

		=== gfortran tests ===


Running target unix

		=== gfortran Summary for unix ===

# of expected passes		46116
# of expected failures		54
# of unsupported tests		268

Running target unix/-m64

		=== gfortran Summary for unix/-m64 ===

# of expected passes		46443
# of expected failures		54
# of unsupported tests		107

		=== gfortran Summary ===

# of expected passes		92559
# of expected failures		108
# of unsupported tests		375
/var/gcc/regression/trunk/11-gcc/build/gcc/testsuite/gfortran/../../gfortran  version 4.10.0 20140801 (experimental) [trunk revision 213453] (GCC) 

		=== gnat tests ===


Running target unix
FAIL: gnat.dg/discr6.adb (test for excess errors)
FAIL: gnat.dg/weak2.adb (test for excess errors)

		=== gnat Summary for unix ===

# of expected passes		1223
# of unexpected failures	2
# of expected failures		18
# of unsupported tests		18

Running target unix/-m64
FAIL: gnat.dg/discr6.adb (test for excess errors)
FAIL: gnat.dg/weak2.adb (test for excess errors)

		=== gnat Summary for unix/-m64 ===

# of expected passes		1223
# of unexpected failures	2
# of expected failures		18
# of unsupported tests		18

		=== gnat Summary ===

# of expected passes		2446
# of unexpected failures	4
# of expected failures		36
# of unsupported tests		36
/var/gcc/regression/trunk/11-gcc/build/gcc/gnatmake version 4.10.0 20140801 (experimental) [trunk revision 213453]

		=== go tests ===


Running target unix
FAIL: ./index0-out.go compilation,  -O0 -g -fno-var-tracking-assignments 
FAIL: ./slice3-out.go compilation,  -O0 -g -fno-var-tracking-assignments 
FAIL: go.test/test/fixedbugs/bug272.go execution,  -O2 -g 
FAIL: go.test/test/recover.go execution,  -O2 -g 
WARNING: program timed out.
WARNING: program timed out.

		=== go Summary for unix ===

# of expected passes		7362
# of unexpected failures	4
# of expected failures		1
# of untested testcases		12
# of unsupported tests		3

Running target unix/-m64
FAIL: ./index0-out.go compilation,  -O0 -g -fno-var-tracking-assignments 
FAIL: ./slice3-out.go compilation,  -O0 -g -fno-var-tracking-assignments 
FAIL: go.test/test/fixedbugs/issue4348.go   -O  (test for excess errors)
FAIL: go.test/test/recover.go execution,  -O2 -g 
WARNING: program timed out.
WARNING: program timed out.

		=== go Summary for unix/-m64 ===

# of expected passes		7242
# of unexpected failures	4
# of expected failures		1
# of untested testcases		12
# of unsupported tests		3

		=== go Summary ===

# of expected passes		14604
# of unexpected failures	8
# of expected failures		2
# of untested testcases		24
# of unsupported tests		6
		=== obj-c++ tests ===


Running target unix

		=== obj-c++ Summary for unix ===

# of expected passes		1447
# of expected failures		2
# of unsupported tests		86

Running target unix/-m64

		=== obj-c++ Summary for unix/-m64 ===

# of expected passes		1439
# of expected failures		10
# of unsupported tests		86

		=== obj-c++ Summary ===

# of expected passes		2886
# of expected failures		12
# of unsupported tests		172
/var/gcc/regression/trunk/11-gcc/build/gcc/testsuite/obj-c++/../../xg++  version 4.10.0 20140801 (experimental) [trunk revision 213453] (GCC) 

		=== objc tests ===


Running target unix

		=== objc Summary for unix ===

# of expected passes		3010
# of unsupported tests		74

Running target unix/-m64

		=== objc Summary for unix/-m64 ===

# of expected passes		3010
# of unsupported tests		74

		=== objc Summary ===

# of expected passes		6020
# of unsupported tests		148
/var/gcc/regression/trunk/11-gcc/build/gcc/xgcc  version 4.10.0 20140801 (experimental) [trunk revision 213453] (GCC) 

		=== boehm-gc tests ===


Running target unix

		=== boehm-gc Summary for unix ===

# of expected passes		12
# of unsupported tests		1

Running target unix/-m64

		=== boehm-gc Summary for unix/-m64 ===

# of expected passes		12
# of unsupported tests		1

		=== boehm-gc Summary ===

# of expected passes		24
# of unsupported tests		2
		=== libatomic tests ===


Running target unix

		=== libatomic Summary for unix ===

# of expected passes		44
# of unsupported tests		5

Running target unix/-m64

		=== libatomic Summary for unix/-m64 ===

# of expected passes		54

		=== libatomic Summary ===

# of expected passes		98
# of unsupported tests		5
		=== libffi tests ===


Running target unix

		=== libffi Summary for unix ===

# of expected passes		1819
# of unsupported tests		55

Running target unix/-m64

		=== libffi Summary for unix/-m64 ===

# of expected passes		1819
# of unsupported tests		55

		=== libffi Summary ===

# of expected passes		3638
# of unsupported tests		110
		=== libgo tests ===


Running target unix
FAIL: runtime
FAIL: sync
FAIL: text/tabwriter
FAIL: text/template
FAIL: testing/quick

		=== libgo Summary for unix ===

# of expected passes		118
# of unexpected failures	5

Running target unix/-m64
FAIL: regexp
FAIL: sync

		=== libgo Summary for unix/-m64 ===

# of expected passes		121
# of unexpected failures	2

		=== libgo Summary ===

# of expected passes		239
# of unexpected failures	7
/var/gcc/regression/trunk/11-gcc/build/./gcc/gccgo version 4.10.0 20140801 (experimental) [trunk revision 213453] (GCC)

		=== libgomp tests ===


Running target unix

		=== libgomp Summary for unix ===

# of expected passes		3229
# of unsupported tests		38

Running target unix/-m64

		=== libgomp Summary for unix/-m64 ===

# of expected passes		3229
# of unsupported tests		38

		=== libgomp Summary ===

# of expected passes		6458
# of unsupported tests		76
		=== libitm tests ===


Running target unix

		=== libitm Summary for unix ===

# of expected passes		26
# of expected failures		3
# of unsupported tests		1

Running target unix/-m64

		=== libitm Summary for unix/-m64 ===

# of expected passes		26
# of expected failures		3
# of unsupported tests		1

		=== libitm Summary ===

# of expected passes		52
# of expected failures		6
# of unsupported tests		2
		=== libjava tests ===


Running target unix

		=== libjava Summary for unix ===

# of expected passes		2582
# of expected failures		4

Running target unix/-m64

		=== libjava Summary for unix/-m64 ===

# of expected passes		2582
# of expected failures		4

		=== libjava Summary ===

# of expected passes		5164
# of expected failures		8
		=== libstdc++ tests ===


Running target unix
FAIL: 27_io/basic_ofstream/pthread2.cc execution test
FAIL: 30_threads/condition_variable_any/50862.cc execution test

		=== libstdc++ Summary for unix ===

# of expected passes		9073
# of unexpected failures	2
# of expected failures		69
# of unsupported tests		608

Running target unix/-m64
FAIL: 27_io/basic_ofstream/pthread2.cc execution test
FAIL: 30_threads/condition_variable_any/50862.cc execution test

		=== libstdc++ Summary for unix/-m64 ===

# of expected passes		9073
# of unexpected failures	2
# of expected failures		69
# of unsupported tests		608

		=== libstdc++ Summary ===

# of expected passes		18146
# of unexpected failures	4
# of expected failures		138
# of unsupported tests		1216

Compiler version: 4.10.0 20140801 (experimental) [trunk revision 213453] (GCC) 
Platform: sparc-sun-solaris2.11
configure flags: --prefix=/vol/gcc --target=sparc-sun-solaris2.11 --enable-objc-gc --enable-libmudflap --with-gmp-include=/vol/gcc/include --with-gmp-lib=/vol/gcc/lib --with-mpfr-include=/vol/gcc/include --with-mpfr-lib=/vol/gcc/lib --with-mpc-include=/vol/gcc/include --with-mpc-lib=/vol/gcc/lib --enable-languages=all,ada,obj-c++,go --with-isl-include=/vol/gcc/include --with-isl-lib=/vol/gcc/lib --with-cloog-include=/vol/gcc/include --with-cloog-lib=/vol/gcc/lib --enable-cloog-backend=isl
BOOT_CFLAGS=-g -O2


Index Nav: [Date Index] [Subject Index] [Author Index] [Thread Index]
Message Nav: [Date Prev] [Date Next] [Thread Prev] [Thread Next]