This is the mail archive of the
gcc-testresults@gcc.gnu.org
mailing list for the GCC project.
Results for 4.10.0 20140725 (experimental) [trunk revision 213049] (GCC) testsuite on sparc-sun-solaris2.11
- From: Rainer Orth <ro at CeBiTec dot Uni-Bielefeld dot DE>
- To: gcc-testresults at gcc dot gnu dot org
- Date: Sun, 27 Jul 2014 23:08:28 +0200 (MEST)
- Subject: Results for 4.10.0 20140725 (experimental) [trunk revision 213049] (GCC) testsuite on sparc-sun-solaris2.11
- Authentication-results: sourceware.org; auth=none
LAST_UPDATED: Fri Jul 25 10:44:59 UTC 2014 (revision 213049)
=== acats tests ===
=== acats Summary ===
# of expected passes 2320
# of unexpected failures 0
Native configuration is sparc-sun-solaris2.11
=== g++ tests ===
Running target unix
FAIL: g++.dg/cpp0x/static_assert9.C -std=c++11 (test for excess errors)
FAIL: g++.dg/cpp0x/static_assert9.C -std=c++1y (test for excess errors)
=== g++ Summary for unix ===
# of expected passes 77854
# of unexpected failures 2
# of expected failures 443
# of unsupported tests 3290
Running target unix/-m64
FAIL: g++.dg/cpp0x/static_assert9.C -std=c++11 (test for excess errors)
FAIL: g++.dg/cpp0x/static_assert9.C -std=c++1y (test for excess errors)
=== g++ Summary for unix/-m64 ===
# of expected passes 79710
# of unexpected failures 2
# of expected failures 443
# of unsupported tests 3275
=== g++ Summary ===
# of expected passes 157564
# of unexpected failures 4
# of expected failures 886
# of unsupported tests 6565
/var/gcc/regression/trunk/11-gcc-gld/build/gcc/testsuite/g++/../../xg++ version 4.10.0 20140725 (experimental) [trunk revision 213049] (GCC)
=== gcc tests ===
Running target unix
WARNING: program timed out.
FAIL: gcc.dg/c11-atomic-2.c (test for excess errors)
FAIL: gcc.dg/pr61762.c scan-tree-dump-not release_ssa "Private"
XPASS: gcc.dg/strlenopt-8.c scan-tree-dump-times strlen "strlen \\\\(" 0
XPASS: gcc.dg/strlenopt-8.c scan-tree-dump-times strlen "memcpy \\\\(" 4
FAIL: gcc.dg/unroll_1.c (test for warnings, line 14)
FAIL: gcc.dg/unroll_1.c (test for warnings, line 24)
FAIL: gcc.dg/simulate-thread/atomic-other-int.c -O2 -g thread simulation test
FAIL: gcc.dg/simulate-thread/atomic-other-int.c -O3 -g thread simulation test
FAIL: gcc.dg/simulate-thread/speculative-store-4.c -O0 -g thread simulation test
FAIL: gcc.dg/simulate-thread/speculative-store-4.c -O2 -g thread simulation test
FAIL: gcc.dg/simulate-thread/speculative-store-4.c -O3 -g thread simulation test
FAIL: gcc.dg/simulate-thread/speculative-store.c -O0 -g thread simulation test
=== gcc Summary for unix ===
# of expected passes 88712
# of unexpected failures 10
# of unexpected successes 2
# of expected failures 320
# of unsupported tests 1884
Running target unix/-m64
WARNING: program timed out.
FAIL: gcc.dg/c11-atomic-2.c (test for excess errors)
FAIL: gcc.dg/pr61762.c scan-tree-dump-not release_ssa "Private"
XPASS: gcc.dg/strlenopt-8.c scan-tree-dump-times strlen "strlen \\\\(" 0
XPASS: gcc.dg/strlenopt-8.c scan-tree-dump-times strlen "memcpy \\\\(" 4
FAIL: gcc.dg/unroll_1.c (test for warnings, line 14)
FAIL: gcc.dg/unroll_1.c (test for warnings, line 24)
FAIL: gcc.dg/vect/vect-singleton_1.c (internal compiler error)
FAIL: gcc.dg/vect/vect-singleton_1.c (test for excess errors)
FAIL: gcc.dg/vect/vect-singleton_1.c -flto -ffat-lto-objects (internal compiler error)
FAIL: gcc.dg/vect/vect-singleton_1.c -flto -ffat-lto-objects (test for excess errors)
=== gcc Summary for unix/-m64 ===
# of expected passes 89496
# of unexpected failures 8
# of unexpected successes 2
# of expected failures 309
# of unsupported tests 1820
=== gcc Summary ===
# of expected passes 178208
# of unexpected failures 18
# of unexpected successes 4
# of expected failures 629
# of unsupported tests 3704
/var/gcc/regression/trunk/11-gcc-gld/build/gcc/xgcc version 4.10.0 20140725 (experimental) [trunk revision 213049] (GCC)
=== gfortran tests ===
Running target unix
=== gfortran Summary for unix ===
# of expected passes 46100
# of expected failures 54
# of unsupported tests 270
Running target unix/-m64
FAIL: gfortran.dg/allocate_class_3.f90 -O1 execution test
FAIL: gfortran.dg/allocate_class_3.f90 -O2 execution test
FAIL: gfortran.dg/allocate_class_3.f90 -O3 -fomit-frame-pointer execution test
FAIL: gfortran.dg/allocate_class_3.f90 -O3 -fomit-frame-pointer -funroll-loops execution test
FAIL: gfortran.dg/allocate_class_3.f90 -O3 -fomit-frame-pointer -funroll-all-loops -finline-functions execution test
FAIL: gfortran.dg/allocate_class_3.f90 -O3 -g execution test
FAIL: gfortran.dg/allocate_class_3.f90 -Os execution test
FAIL: gfortran.dg/class_19.f03 -O1 execution test
FAIL: gfortran.dg/class_19.f03 -O2 execution test
FAIL: gfortran.dg/class_19.f03 -O3 -fomit-frame-pointer execution test
FAIL: gfortran.dg/class_19.f03 -O3 -fomit-frame-pointer -funroll-loops execution test
FAIL: gfortran.dg/class_19.f03 -O3 -fomit-frame-pointer -funroll-all-loops -finline-functions execution test
FAIL: gfortran.dg/class_19.f03 -O3 -g execution test
FAIL: gfortran.dg/class_19.f03 -Os execution test
FAIL: gfortran.dg/class_48.f90 -O1 execution test
FAIL: gfortran.dg/class_48.f90 -O2 execution test
FAIL: gfortran.dg/class_48.f90 -O3 -fomit-frame-pointer execution test
FAIL: gfortran.dg/class_48.f90 -O3 -fomit-frame-pointer -funroll-loops execution test
FAIL: gfortran.dg/class_48.f90 -O3 -fomit-frame-pointer -funroll-all-loops -finline-functions execution test
FAIL: gfortran.dg/class_48.f90 -O3 -g execution test
FAIL: gfortran.dg/class_48.f90 -Os execution test
FAIL: gfortran.dg/class_allocate_1.f03 -O1 execution test
FAIL: gfortran.dg/class_allocate_1.f03 -O2 execution test
FAIL: gfortran.dg/class_allocate_1.f03 -O3 -fomit-frame-pointer execution test
FAIL: gfortran.dg/class_allocate_1.f03 -O3 -fomit-frame-pointer -funroll-loops execution test
FAIL: gfortran.dg/class_allocate_1.f03 -O3 -fomit-frame-pointer -funroll-all-loops -finline-functions execution test
FAIL: gfortran.dg/class_allocate_1.f03 -O3 -g execution test
FAIL: gfortran.dg/class_allocate_1.f03 -Os execution test
FAIL: gfortran.dg/class_allocate_3.f03 -O1 execution test
FAIL: gfortran.dg/class_allocate_3.f03 -O2 execution test
FAIL: gfortran.dg/class_allocate_3.f03 -O3 -fomit-frame-pointer execution test
FAIL: gfortran.dg/class_allocate_3.f03 -O3 -fomit-frame-pointer -funroll-loops execution test
FAIL: gfortran.dg/class_allocate_3.f03 -O3 -fomit-frame-pointer -funroll-all-loops -finline-functions execution test
FAIL: gfortran.dg/class_allocate_3.f03 -O3 -g execution test
FAIL: gfortran.dg/class_allocate_3.f03 -Os execution test
FAIL: gfortran.dg/class_allocate_6.f03 -O1 execution test
FAIL: gfortran.dg/class_allocate_6.f03 -O2 execution test
FAIL: gfortran.dg/class_allocate_6.f03 -O3 -fomit-frame-pointer execution test
FAIL: gfortran.dg/class_allocate_6.f03 -O3 -fomit-frame-pointer -funroll-loops execution test
FAIL: gfortran.dg/class_allocate_6.f03 -O3 -fomit-frame-pointer -funroll-all-loops -finline-functions execution test
FAIL: gfortran.dg/class_allocate_6.f03 -O3 -g execution test
FAIL: gfortran.dg/class_allocate_6.f03 -Os execution test
FAIL: gfortran.dg/class_array_1.f03 -O1 execution test
FAIL: gfortran.dg/class_array_1.f03 -O2 execution test
FAIL: gfortran.dg/class_array_1.f03 -O3 -fomit-frame-pointer execution test
FAIL: gfortran.dg/class_array_1.f03 -O3 -fomit-frame-pointer -funroll-loops execution test
FAIL: gfortran.dg/class_array_1.f03 -O3 -fomit-frame-pointer -funroll-all-loops -finline-functions execution test
FAIL: gfortran.dg/class_array_1.f03 -O3 -g execution test
FAIL: gfortran.dg/class_array_1.f03 -Os execution test
FAIL: gfortran.dg/class_array_14.f90 -O1 execution test
FAIL: gfortran.dg/class_array_14.f90 -O2 execution test
FAIL: gfortran.dg/class_array_14.f90 -O3 -fomit-frame-pointer execution test
FAIL: gfortran.dg/class_array_14.f90 -O3 -fomit-frame-pointer -funroll-loops execution test
FAIL: gfortran.dg/class_array_14.f90 -O3 -fomit-frame-pointer -funroll-all-loops -finline-functions execution test
FAIL: gfortran.dg/class_array_14.f90 -O3 -g execution test
FAIL: gfortran.dg/class_array_14.f90 -Os execution test
FAIL: gfortran.dg/class_array_2.f03 -O1 execution test
FAIL: gfortran.dg/class_array_2.f03 -O2 execution test
FAIL: gfortran.dg/class_array_2.f03 -O3 -fomit-frame-pointer execution test
FAIL: gfortran.dg/class_array_2.f03 -O3 -fomit-frame-pointer -funroll-loops execution test
FAIL: gfortran.dg/class_array_2.f03 -O3 -fomit-frame-pointer -funroll-all-loops -finline-functions execution test
FAIL: gfortran.dg/class_array_2.f03 -O3 -g execution test
FAIL: gfortran.dg/class_array_2.f03 -Os execution test
FAIL: gfortran.dg/class_array_3.f03 -O1 execution test
FAIL: gfortran.dg/class_array_3.f03 -O2 execution test
FAIL: gfortran.dg/class_array_3.f03 -O3 -fomit-frame-pointer execution test
FAIL: gfortran.dg/class_array_3.f03 -O3 -fomit-frame-pointer -funroll-loops execution test
FAIL: gfortran.dg/class_array_3.f03 -O3 -fomit-frame-pointer -funroll-all-loops -finline-functions execution test
FAIL: gfortran.dg/class_array_3.f03 -O3 -g execution test
FAIL: gfortran.dg/class_array_3.f03 -Os execution test
FAIL: gfortran.dg/class_array_9.f03 -O1 execution test
FAIL: gfortran.dg/class_array_9.f03 -O2 execution test
FAIL: gfortran.dg/class_array_9.f03 -O3 -fomit-frame-pointer execution test
FAIL: gfortran.dg/class_array_9.f03 -O3 -fomit-frame-pointer -funroll-loops execution test
FAIL: gfortran.dg/class_array_9.f03 -O3 -fomit-frame-pointer -funroll-all-loops -finline-functions execution test
FAIL: gfortran.dg/class_array_9.f03 -O3 -g execution test
FAIL: gfortran.dg/class_array_9.f03 -Os execution test
FAIL: gfortran.dg/class_dummy_1.f03 -O1 execution test
FAIL: gfortran.dg/class_dummy_1.f03 -O2 execution test
FAIL: gfortran.dg/class_dummy_1.f03 -O3 -fomit-frame-pointer execution test
FAIL: gfortran.dg/class_dummy_1.f03 -O3 -fomit-frame-pointer -funroll-loops execution test
FAIL: gfortran.dg/class_dummy_1.f03 -O3 -fomit-frame-pointer -funroll-all-loops -finline-functions execution test
FAIL: gfortran.dg/class_dummy_1.f03 -O3 -g execution test
FAIL: gfortran.dg/class_dummy_1.f03 -Os execution test
FAIL: gfortran.dg/class_optional_1.f90 -O1 execution test
FAIL: gfortran.dg/class_optional_1.f90 -O2 execution test
FAIL: gfortran.dg/class_optional_1.f90 -O3 -fomit-frame-pointer execution test
FAIL: gfortran.dg/class_optional_1.f90 -O3 -fomit-frame-pointer -funroll-loops execution test
FAIL: gfortran.dg/class_optional_1.f90 -O3 -fomit-frame-pointer -funroll-all-loops -finline-functions execution test
FAIL: gfortran.dg/class_optional_1.f90 -O3 -g execution test
FAIL: gfortran.dg/class_optional_1.f90 -Os execution test
FAIL: gfortran.dg/class_to_type_1.f03 -O1 execution test
FAIL: gfortran.dg/class_to_type_1.f03 -O2 execution test
FAIL: gfortran.dg/class_to_type_1.f03 -O3 -fomit-frame-pointer execution test
FAIL: gfortran.dg/class_to_type_1.f03 -O3 -fomit-frame-pointer -funroll-loops execution test
FAIL: gfortran.dg/class_to_type_1.f03 -O3 -fomit-frame-pointer -funroll-all-loops -finline-functions execution test
FAIL: gfortran.dg/class_to_type_1.f03 -O3 -g execution test
FAIL: gfortran.dg/class_to_type_1.f03 -Os execution test
FAIL: gfortran.dg/class_to_type_2.f90 -O1 execution test
FAIL: gfortran.dg/class_to_type_2.f90 -O2 execution test
FAIL: gfortran.dg/class_to_type_2.f90 -O3 -fomit-frame-pointer execution test
FAIL: gfortran.dg/class_to_type_2.f90 -O3 -fomit-frame-pointer -funroll-loops execution test
FAIL: gfortran.dg/class_to_type_2.f90 -O3 -fomit-frame-pointer -funroll-all-loops -finline-functions execution test
FAIL: gfortran.dg/class_to_type_2.f90 -O3 -g execution test
FAIL: gfortran.dg/class_to_type_2.f90 -Os execution test
FAIL: gfortran.dg/elemental_optional_args_5.f03 -O1 execution test
FAIL: gfortran.dg/elemental_optional_args_5.f03 -O2 execution test
FAIL: gfortran.dg/elemental_optional_args_5.f03 -O3 -fomit-frame-pointer execution test
FAIL: gfortran.dg/elemental_optional_args_5.f03 -O3 -fomit-frame-pointer -funroll-loops execution test
FAIL: gfortran.dg/elemental_optional_args_5.f03 -O3 -fomit-frame-pointer -funroll-all-loops -finline-functions execution test
FAIL: gfortran.dg/elemental_optional_args_5.f03 -O3 -g execution test
FAIL: gfortran.dg/elemental_optional_args_5.f03 -Os execution test
FAIL: gfortran.dg/finalize_12.f90 -O2 execution test
FAIL: gfortran.dg/finalize_12.f90 -O3 -fomit-frame-pointer execution test
FAIL: gfortran.dg/finalize_12.f90 -O3 -fomit-frame-pointer -funroll-loops execution test
FAIL: gfortran.dg/finalize_12.f90 -O3 -fomit-frame-pointer -funroll-all-loops -finline-functions execution test
FAIL: gfortran.dg/finalize_12.f90 -O3 -g execution test
FAIL: gfortran.dg/finalize_12.f90 -Os execution test
FAIL: gfortran.dg/finalize_13.f90 -O1 execution test
FAIL: gfortran.dg/finalize_13.f90 -O2 execution test
FAIL: gfortran.dg/finalize_13.f90 -O3 -fomit-frame-pointer execution test
FAIL: gfortran.dg/finalize_13.f90 -O3 -fomit-frame-pointer -funroll-loops execution test
FAIL: gfortran.dg/finalize_13.f90 -O3 -fomit-frame-pointer -funroll-all-loops -finline-functions execution test
FAIL: gfortran.dg/finalize_13.f90 -O3 -g execution test
FAIL: gfortran.dg/finalize_13.f90 -Os execution test
FAIL: gfortran.dg/move_alloc_10.f90 -O1 execution test
FAIL: gfortran.dg/move_alloc_10.f90 -O2 execution test
FAIL: gfortran.dg/move_alloc_10.f90 -O3 -fomit-frame-pointer execution test
FAIL: gfortran.dg/move_alloc_10.f90 -O3 -fomit-frame-pointer -funroll-loops execution test
FAIL: gfortran.dg/move_alloc_10.f90 -O3 -fomit-frame-pointer -funroll-all-loops -finline-functions execution test
FAIL: gfortran.dg/move_alloc_10.f90 -O3 -g execution test
FAIL: gfortran.dg/move_alloc_10.f90 -Os execution test
FAIL: gfortran.dg/move_alloc_13.f90 -O1 execution test
FAIL: gfortran.dg/move_alloc_13.f90 -O2 execution test
FAIL: gfortran.dg/move_alloc_13.f90 -O3 -fomit-frame-pointer execution test
FAIL: gfortran.dg/move_alloc_13.f90 -O3 -fomit-frame-pointer -funroll-loops execution test
FAIL: gfortran.dg/move_alloc_13.f90 -O3 -fomit-frame-pointer -funroll-all-loops -finline-functions execution test
FAIL: gfortran.dg/move_alloc_13.f90 -O3 -g execution test
FAIL: gfortran.dg/move_alloc_13.f90 -Os execution test
FAIL: gfortran.dg/move_alloc_6.f90 -O1 execution test
FAIL: gfortran.dg/move_alloc_6.f90 -O2 execution test
FAIL: gfortran.dg/move_alloc_6.f90 -O3 -fomit-frame-pointer execution test
FAIL: gfortran.dg/move_alloc_6.f90 -O3 -fomit-frame-pointer -funroll-loops execution test
FAIL: gfortran.dg/move_alloc_6.f90 -O3 -fomit-frame-pointer -funroll-all-loops -finline-functions execution test
FAIL: gfortran.dg/move_alloc_6.f90 -O3 -g execution test
FAIL: gfortran.dg/move_alloc_6.f90 -Os execution test
FAIL: gfortran.dg/optional_class_1.f90 -O1 execution test
FAIL: gfortran.dg/optional_class_1.f90 -O2 execution test
FAIL: gfortran.dg/optional_class_1.f90 -O3 -fomit-frame-pointer execution test
FAIL: gfortran.dg/optional_class_1.f90 -O3 -fomit-frame-pointer -funroll-loops execution test
FAIL: gfortran.dg/optional_class_1.f90 -O3 -fomit-frame-pointer -funroll-all-loops -finline-functions execution test
FAIL: gfortran.dg/optional_class_1.f90 -O3 -g execution test
FAIL: gfortran.dg/optional_class_1.f90 -Os execution test
FAIL: gfortran.dg/select_type_14.f03 -O1 execution test
FAIL: gfortran.dg/select_type_14.f03 -O2 execution test
FAIL: gfortran.dg/select_type_14.f03 -O3 -fomit-frame-pointer execution test
FAIL: gfortran.dg/select_type_14.f03 -O3 -fomit-frame-pointer -funroll-loops execution test
FAIL: gfortran.dg/select_type_14.f03 -O3 -fomit-frame-pointer -funroll-all-loops -finline-functions execution test
FAIL: gfortran.dg/select_type_14.f03 -O3 -g execution test
FAIL: gfortran.dg/select_type_14.f03 -Os execution test
FAIL: gfortran.dg/select_type_19.f03 -O1 execution test
FAIL: gfortran.dg/select_type_19.f03 -O2 execution test
FAIL: gfortran.dg/select_type_19.f03 -O3 -fomit-frame-pointer execution test
FAIL: gfortran.dg/select_type_19.f03 -O3 -fomit-frame-pointer -funroll-loops execution test
FAIL: gfortran.dg/select_type_19.f03 -O3 -fomit-frame-pointer -funroll-all-loops -finline-functions execution test
FAIL: gfortran.dg/select_type_19.f03 -O3 -g execution test
FAIL: gfortran.dg/select_type_19.f03 -Os execution test
FAIL: gfortran.dg/select_type_26.f03 -O1 execution test
FAIL: gfortran.dg/select_type_26.f03 -O2 execution test
FAIL: gfortran.dg/select_type_26.f03 -O3 -fomit-frame-pointer execution test
FAIL: gfortran.dg/select_type_26.f03 -O3 -fomit-frame-pointer -funroll-loops execution test
FAIL: gfortran.dg/select_type_26.f03 -O3 -fomit-frame-pointer -funroll-all-loops -finline-functions execution test
FAIL: gfortran.dg/select_type_26.f03 -O3 -g execution test
FAIL: gfortran.dg/select_type_26.f03 -Os execution test
FAIL: gfortran.dg/select_type_27.f03 -O2 execution test
FAIL: gfortran.dg/select_type_27.f03 -O3 -fomit-frame-pointer execution test
FAIL: gfortran.dg/select_type_27.f03 -O3 -fomit-frame-pointer -funroll-loops execution test
FAIL: gfortran.dg/select_type_27.f03 -O3 -fomit-frame-pointer -funroll-all-loops -finline-functions execution test
FAIL: gfortran.dg/select_type_27.f03 -O3 -g execution test
FAIL: gfortran.dg/select_type_27.f03 -Os execution test
FAIL: gfortran.dg/storage_size_1.f08 -O1 execution test
FAIL: gfortran.dg/storage_size_1.f08 -O2 execution test
FAIL: gfortran.dg/storage_size_1.f08 -O3 -fomit-frame-pointer execution test
FAIL: gfortran.dg/storage_size_1.f08 -O3 -fomit-frame-pointer -funroll-loops execution test
FAIL: gfortran.dg/storage_size_1.f08 -O3 -fomit-frame-pointer -funroll-all-loops -finline-functions execution test
FAIL: gfortran.dg/storage_size_1.f08 -O3 -g execution test
FAIL: gfortran.dg/storage_size_1.f08 -Os execution test
FAIL: gfortran.dg/storage_size_3.f08 -O1 execution test
FAIL: gfortran.dg/storage_size_3.f08 -O2 execution test
FAIL: gfortran.dg/storage_size_3.f08 -O3 -fomit-frame-pointer execution test
FAIL: gfortran.dg/storage_size_3.f08 -O3 -fomit-frame-pointer -funroll-loops execution test
FAIL: gfortran.dg/storage_size_3.f08 -O3 -fomit-frame-pointer -funroll-all-loops -finline-functions execution test
FAIL: gfortran.dg/storage_size_3.f08 -O3 -g execution test
FAIL: gfortran.dg/storage_size_3.f08 -Os execution test
FAIL: gfortran.dg/transfer_class_2.f90 -O1 execution test
FAIL: gfortran.dg/transfer_class_2.f90 -O2 execution test
FAIL: gfortran.dg/transfer_class_2.f90 -O3 -fomit-frame-pointer execution test
FAIL: gfortran.dg/transfer_class_2.f90 -O3 -fomit-frame-pointer -funroll-loops execution test
FAIL: gfortran.dg/transfer_class_2.f90 -O3 -fomit-frame-pointer -funroll-all-loops -finline-functions execution test
FAIL: gfortran.dg/transfer_class_2.f90 -O3 -g execution test
FAIL: gfortran.dg/transfer_class_2.f90 -Os execution test
FAIL: gfortran.dg/unlimited_polymorphic_1.f03 -O1 execution test
FAIL: gfortran.dg/unlimited_polymorphic_1.f03 -O2 execution test
FAIL: gfortran.dg/unlimited_polymorphic_1.f03 -O3 -fomit-frame-pointer execution test
FAIL: gfortran.dg/unlimited_polymorphic_1.f03 -O3 -fomit-frame-pointer -funroll-loops execution test
FAIL: gfortran.dg/unlimited_polymorphic_1.f03 -O3 -fomit-frame-pointer -funroll-all-loops -finline-functions execution test
FAIL: gfortran.dg/unlimited_polymorphic_1.f03 -O3 -g execution test
FAIL: gfortran.dg/unlimited_polymorphic_1.f03 -Os execution test
=== gfortran Summary for unix/-m64 ===
# of expected passes 46219
# of unexpected failures 208
# of expected failures 54
# of unsupported tests 109
=== gfortran Summary ===
# of expected passes 92319
# of unexpected failures 208
# of expected failures 108
# of unsupported tests 379
/var/gcc/regression/trunk/11-gcc-gld/build/gcc/testsuite/gfortran/../../gfortran version 4.10.0 20140725 (experimental) [trunk revision 213049] (GCC)
=== gnat tests ===
Running target unix
FAIL: gnat.dg/weak2.adb (test for excess errors)
=== gnat Summary for unix ===
# of expected passes 1223
# of unexpected failures 1
# of expected failures 18
# of unsupported tests 18
Running target unix/-m64
FAIL: gnat.dg/weak2.adb (test for excess errors)
=== gnat Summary for unix/-m64 ===
# of expected passes 1223
# of unexpected failures 1
# of expected failures 18
# of unsupported tests 18
=== gnat Summary ===
# of expected passes 2446
# of unexpected failures 2
# of expected failures 36
# of unsupported tests 36
/var/gcc/regression/trunk/11-gcc-gld/build/gcc/gnatmake version 4.10.0 20140725 (experimental) [trunk revision 213049]
=== go tests ===
Running target unix
FAIL: ./index0-out.go compilation, -O0 -g -fno-var-tracking-assignments
FAIL: go.test/test/fixedbugs/bug272.go execution, -O2 -g
FAIL: go.test/test/recover.go execution, -O2 -g
WARNING: program timed out.
=== go Summary for unix ===
# of expected passes 7364
# of unexpected failures 3
# of expected failures 1
# of untested testcases 11
# of unsupported tests 3
Running target unix/-m64
FAIL: ./index0-out.go compilation, -O0 -g -fno-var-tracking-assignments
FAIL: ./slice3-out.go compilation, -O0 -g -fno-var-tracking-assignments
FAIL: go.test/test/fixedbugs/issue4348.go -O (test for excess errors)
FAIL: go.test/test/recover.go execution, -O2 -g
WARNING: program timed out.
WARNING: program timed out.
=== go Summary for unix/-m64 ===
# of expected passes 7242
# of unexpected failures 4
# of expected failures 1
# of untested testcases 12
# of unsupported tests 3
=== go Summary ===
# of expected passes 14606
# of unexpected failures 7
# of expected failures 2
# of untested testcases 23
# of unsupported tests 6
/var/gcc/regression/trunk/11-gcc-gld/build/gcc/testsuite/go/../../gccgo version 4.10.0 20140725 (experimental) [trunk revision 213049] (GCC)
=== obj-c++ tests ===
Running target unix
=== obj-c++ Summary for unix ===
# of expected passes 1447
# of expected failures 2
# of unsupported tests 86
Running target unix/-m64
=== obj-c++ Summary for unix/-m64 ===
# of expected passes 1439
# of expected failures 10
# of unsupported tests 86
=== obj-c++ Summary ===
# of expected passes 2886
# of expected failures 12
# of unsupported tests 172
/var/gcc/regression/trunk/11-gcc-gld/build/gcc/testsuite/obj-c++/../../xg++ version 4.10.0 20140725 (experimental) [trunk revision 213049] (GCC)
=== objc tests ===
Running target unix
=== objc Summary for unix ===
# of expected passes 3010
# of unsupported tests 74
Running target unix/-m64
=== objc Summary for unix/-m64 ===
# of expected passes 3010
# of unsupported tests 74
=== objc Summary ===
# of expected passes 6020
# of unsupported tests 148
/var/gcc/regression/trunk/11-gcc-gld/build/gcc/xgcc version 4.10.0 20140725 (experimental) [trunk revision 213049] (GCC)
=== boehm-gc tests ===
Running target unix
=== boehm-gc Summary for unix ===
# of expected passes 12
# of unsupported tests 1
Running target unix/-m64
=== boehm-gc Summary for unix/-m64 ===
# of expected passes 12
# of unsupported tests 1
=== boehm-gc Summary ===
# of expected passes 24
# of unsupported tests 2
=== libatomic tests ===
Running target unix
=== libatomic Summary for unix ===
# of expected passes 44
# of unsupported tests 5
Running target unix/-m64
=== libatomic Summary for unix/-m64 ===
# of expected passes 54
=== libatomic Summary ===
# of expected passes 98
# of unsupported tests 5
=== libffi tests ===
Running target unix
=== libffi Summary for unix ===
# of expected passes 1819
# of unsupported tests 55
Running target unix/-m64
=== libffi Summary for unix/-m64 ===
# of expected passes 1819
# of unsupported tests 55
=== libffi Summary ===
# of expected passes 3638
# of unsupported tests 110
=== libgo tests ===
Running target unix
FAIL: runtime
FAIL: sync
FAIL: text/tabwriter
FAIL: text/template
FAIL: testing/quick
=== libgo Summary for unix ===
# of expected passes 118
# of unexpected failures 5
Running target unix/-m64
FAIL: regexp
FAIL: sync
=== libgo Summary for unix/-m64 ===
# of expected passes 121
# of unexpected failures 2
=== libgo Summary ===
# of expected passes 239
# of unexpected failures 7
/var/gcc/regression/trunk/11-gcc-gld/build/./gcc/gccgo version 4.10.0 20140725 (experimental) [trunk revision 213049] (GCC)
=== libgomp tests ===
Running target unix
=== libgomp Summary for unix ===
# of expected passes 3227
# of unsupported tests 38
Running target unix/-m64
=== libgomp Summary for unix/-m64 ===
# of expected passes 3227
# of unsupported tests 38
=== libgomp Summary ===
# of expected passes 6454
# of unsupported tests 76
=== libitm tests ===
Running target unix
=== libitm Summary for unix ===
# of expected passes 26
# of expected failures 3
# of unsupported tests 1
Running target unix/-m64
=== libitm Summary for unix/-m64 ===
# of expected passes 26
# of expected failures 3
# of unsupported tests 1
=== libitm Summary ===
# of expected passes 52
# of expected failures 6
# of unsupported tests 2
=== libjava tests ===
Running target unix
=== libjava Summary for unix ===
# of expected passes 2582
# of expected failures 4
Running target unix/-m64
=== libjava Summary for unix/-m64 ===
# of expected passes 2582
# of expected failures 4
=== libjava Summary ===
# of expected passes 5164
# of expected failures 8
=== libstdc++ tests ===
Running target unix
=== libstdc++ Summary for unix ===
# of expected passes 9068
# of expected failures 69
# of unsupported tests 608
Running target unix/-m64
=== libstdc++ Summary for unix/-m64 ===
# of expected passes 9068
# of expected failures 69
# of unsupported tests 608
=== libstdc++ Summary ===
# of expected passes 18136
# of expected failures 138
# of unsupported tests 1216
Compiler version: 4.10.0 20140725 (experimental) [trunk revision 213049] (GCC)
Platform: sparc-sun-solaris2.11
configure flags: --prefix=/vol/gcc --target=sparc-sun-solaris2.11 --enable-objc-gc --enable-libmudflap --with-ld=/vol/gcc/bin/gld-2.24 --with-gnu-ld --with-gmp-include=/vol/gcc/include --with-gmp-lib=/vol/gcc/lib --with-mpfr-include=/vol/gcc/include --with-mpfr-lib=/vol/gcc/lib --with-mpc-include=/vol/gcc/include --with-mpc-lib=/vol/gcc/lib --enable-languages=all,ada,obj-c++,go --with-isl-include=/vol/gcc/include --with-isl-lib=/vol/gcc/lib --with-cloog-include=/vol/gcc/include --with-cloog-lib=/vol/gcc/lib --enable-cloog-backend=isl
BOOT_CFLAGS=-g -O2