This is the mail archive of the
gcc-testresults@gcc.gnu.org
mailing list for the GCC project.
Results for 4.9.1 (GCC) testsuite on powerpc-apple-darwin8.11.0
- From: David Fang <fang at hal-00 dot csl dot cornell dot edu>
- To: gcc-testresults at gcc dot gnu dot org
- Date: Fri, 25 Jul 2014 00:29:36 -0400
- Subject: Results for 4.9.1 (GCC) testsuite on powerpc-apple-darwin8.11.0
- Authentication-results: sourceware.org; auth=none
dual G4 (powerpc 7410) 533 MHz, 1.5G RAM
Mac OS X 10.4.11, apple-gcc-5370 (Xcode 2.5)
Using Fink packaging (stable/main/finkinfo/10.4-EOL/languages/gcc49-10.4.info based on Jack Howarth's)
odas -v: Apple Inc version odcctools-698.1od9, GNU assembler version 1.38
../gcc-4.9.1/configure --prefix=/sw \\
AS=odas \\
AS_FOR_TARGET=odas \\
NM_FOR_TARGET=odnm \\
LD_FOR_TARGET=odld \\
AR_FOR_TARGET=odar \\
LIPO_FOR_TARGET=odlipo \\
OBJDUMP_FOR_TARGET=odobjdump \\
RANLIB_FOR_TARGET=odranlib \\
STRIP_FOR_TARGET=odstrip \\
--prefix=/sw/lib/gcc4.9 --mandir=/sw/share/man --infodir=/sw/lib/gcc4.9/info --enable-languages=c,c++,fortran,lto,objc,obj-c++,java --with-gmp=/sw --with-libiconv-prefix=/sw --with-ppl=/sw --with-cloog=/sw --with-mpc=/sw --with-system-zlib --x-includes=/usr/X11R6/include --x-libraries=/usr/X11R6/lib --program-suffix=-fsf-4.9 --enable-cloog-backend=isl --with-dwarf2 --disable-libjava-multilib --disable-libquadmath
previous report for 4.9: http://gcc.gnu.org/ml/gcc-testresults/2014-04/msg02408.html
LAST_UPDATED: Obtained from SVN: tags/gcc_4_9_1_release revision 212636
Native configuration is powerpc-apple-darwin8.11.0
=== g++ tests ===
Running target unix
FAIL: g++.dg/debug/dwarf2/imported-decl-2.C -std=gnu++98 scan-assembler-times ascii "AAAA\\\\\\\\0".*ascii "BBBB\\\\\\\\0".*DIE .0x[0-9a-f]*. DW_TAG_imported_declaration 1
FAIL: g++.dg/debug/dwarf2/imported-decl-2.C -std=gnu++11 scan-assembler-times ascii "AAAA\\\\\\\\0".*ascii "BBBB\\\\\\\\0".*DIE .0x[0-9a-f]*. DW_TAG_imported_declaration 1
FAIL: g++.dg/debug/dwarf2/imported-decl-2.C -std=gnu++1y scan-assembler-times ascii "AAAA\\\\\\\\0".*ascii "BBBB\\\\\\\\0".*DIE .0x[0-9a-f]*. DW_TAG_imported_declaration 1
FAIL: g++.dg/ext/alignof2.C -std=c++98 execution test
FAIL: g++.dg/ext/alignof2.C -std=c++11 execution test
FAIL: g++.dg/ext/alignof2.C -std=c++1y execution test
FAIL: g++.dg/ext/altivec-7.C -std=gnu++98 scan-assembler _Z3fooDv16_h
FAIL: g++.dg/ext/altivec-7.C -std=gnu++98 scan-assembler _Z3fooDv16_a
FAIL: g++.dg/ext/altivec-7.C -std=gnu++98 scan-assembler _Z3fooDv16_U6__boolc
FAIL: g++.dg/ext/altivec-7.C -std=gnu++98 scan-assembler _Z3fooDv8_t
FAIL: g++.dg/ext/altivec-7.C -std=gnu++98 scan-assembler _Z3fooDv8_s
FAIL: g++.dg/ext/altivec-7.C -std=gnu++98 scan-assembler _Z3fooDv8_U6__bools
FAIL: g++.dg/ext/altivec-7.C -std=gnu++98 scan-assembler _Z3fooDv4_j
FAIL: g++.dg/ext/altivec-7.C -std=gnu++98 scan-assembler _Z3fooDv4_i
FAIL: g++.dg/ext/altivec-7.C -std=gnu++98 scan-assembler _Z3fooDv4_U6__booli
FAIL: g++.dg/ext/altivec-7.C -std=gnu++98 scan-assembler _Z3fooDv4_f
FAIL: g++.dg/ext/altivec-7.C -std=gnu++98 scan-assembler _Z3fooDv8_u7__pixel
FAIL: g++.dg/ext/altivec-7.C -std=gnu++11 scan-assembler _Z3fooDv16_h
FAIL: g++.dg/ext/altivec-7.C -std=gnu++11 scan-assembler _Z3fooDv16_a
FAIL: g++.dg/ext/altivec-7.C -std=gnu++11 scan-assembler _Z3fooDv16_U6__boolc
FAIL: g++.dg/ext/altivec-7.C -std=gnu++11 scan-assembler _Z3fooDv8_t
FAIL: g++.dg/ext/altivec-7.C -std=gnu++11 scan-assembler _Z3fooDv8_s
FAIL: g++.dg/ext/altivec-7.C -std=gnu++11 scan-assembler _Z3fooDv8_U6__bools
FAIL: g++.dg/ext/altivec-7.C -std=gnu++11 scan-assembler _Z3fooDv4_j
FAIL: g++.dg/ext/altivec-7.C -std=gnu++11 scan-assembler _Z3fooDv4_i
FAIL: g++.dg/ext/altivec-7.C -std=gnu++11 scan-assembler _Z3fooDv4_U6__booli
FAIL: g++.dg/ext/altivec-7.C -std=gnu++11 scan-assembler _Z3fooDv4_f
FAIL: g++.dg/ext/altivec-7.C -std=gnu++11 scan-assembler _Z3fooDv8_u7__pixel
FAIL: g++.dg/ext/altivec-7.C -std=gnu++1y scan-assembler _Z3fooDv16_h
FAIL: g++.dg/ext/altivec-7.C -std=gnu++1y scan-assembler _Z3fooDv16_a
FAIL: g++.dg/ext/altivec-7.C -std=gnu++1y scan-assembler _Z3fooDv16_U6__boolc
FAIL: g++.dg/ext/altivec-7.C -std=gnu++1y scan-assembler _Z3fooDv8_t
FAIL: g++.dg/ext/altivec-7.C -std=gnu++1y scan-assembler _Z3fooDv8_s
FAIL: g++.dg/ext/altivec-7.C -std=gnu++1y scan-assembler _Z3fooDv8_U6__bools
FAIL: g++.dg/ext/altivec-7.C -std=gnu++1y scan-assembler _Z3fooDv4_j
FAIL: g++.dg/ext/altivec-7.C -std=gnu++1y scan-assembler _Z3fooDv4_i
FAIL: g++.dg/ext/altivec-7.C -std=gnu++1y scan-assembler _Z3fooDv4_U6__booli
FAIL: g++.dg/ext/altivec-7.C -std=gnu++1y scan-assembler _Z3fooDv4_f
FAIL: g++.dg/ext/altivec-7.C -std=gnu++1y scan-assembler _Z3fooDv8_u7__pixel
FAIL: g++.dg/opt/devirt2.C -std=gnu++98 scan-assembler-times xyzzy 2
FAIL: g++.dg/opt/devirt2.C -std=gnu++11 scan-assembler-times xyzzy 2
FAIL: g++.dg/opt/devirt2.C -std=gnu++1y scan-assembler-times xyzzy 2
FAIL: g++.dg/opt/vt4.C -std=gnu++98 scan-assembler-not _ZTV.A
FAIL: g++.dg/opt/vt4.C -std=gnu++11 scan-assembler-not _ZTV.A
FAIL: g++.dg/opt/vt4.C -std=gnu++1y scan-assembler-not _ZTV.A
FAIL: g++.dg/pr49718.C -std=gnu++98 scan-assembler-times __cyg_profile_func_enter 1
FAIL: g++.dg/pr49718.C -std=gnu++11 scan-assembler-times __cyg_profile_func_enter 1
FAIL: g++.dg/pr49718.C -std=gnu++1y scan-assembler-times __cyg_profile_func_enter 1
=== g++ Summary ===
# of expected passes 79231
# of unexpected failures 48
# of expected failures 442
# of unsupported tests 3168
/Volumes/Isolde/fink.build/gcc49-4.9.1-1/darwin_objdir/gcc/testsuite/g++/../../xg++ version 4.9.1 (GCC)
=== gcc tests ===
Running target unix
FAIL: gcc.dg/atomic/c11-atomic-exec-5.c -O0 execution test
FAIL: gcc.dg/atomic/c11-atomic-exec-5.c -O1 execution test
FAIL: gcc.dg/atomic/c11-atomic-exec-5.c -O2 execution test
FAIL: gcc.dg/atomic/c11-atomic-exec-5.c -O3 -fomit-frame-pointer execution test
FAIL: gcc.dg/atomic/c11-atomic-exec-5.c -O3 -fomit-frame-pointer -funroll-loops execution test
FAIL: gcc.dg/atomic/c11-atomic-exec-5.c -O3 -fomit-frame-pointer -funroll-all-loops -finline-functions execution test
FAIL: gcc.dg/atomic/c11-atomic-exec-5.c -O3 -g execution test
FAIL: gcc.dg/atomic/c11-atomic-exec-5.c -Os execution test
FAIL: gcc.dg/atomic/c11-atomic-exec-5.c -O2 -flto -flto-partition=none execution test
FAIL: gcc.dg/atomic/c11-atomic-exec-5.c -O2 -flto execution test
FAIL: gcc.dg/debug/dwarf2/pr53948.c scan-assembler .loc 1 8 0|[#/!][ \\t]+line 8
FAIL: gcc.dg/20020103-1.c scan-assembler-not LC[0-9]
FAIL: gcc.dg/and-1.c scan-assembler-not nand
FAIL: gcc.dg/atomic-flag.c execution test
FAIL: gcc.dg/binop-xor1.c scan-tree-dump-times optimized "\\\\^" 1
FAIL: gcc.dg/c99-stdint-1.c (test for excess errors)
FAIL: gcc.dg/cproj-fails-with-broken-glibc.c execution test
FAIL: gcc.dg/darwin-segaddr.c (test for excess errors)
WARNING: gcc.dg/darwin-segaddr.c compilation failed to produce executable
FAIL: gcc.dg/pr56228.c (test for excess errors)
FAIL: gcc.dg/pr56837.c scan-tree-dump-times optimized "memset ..b, 1, 1024.;" 1
FAIL: gcc.dg/ssp-1.c (test for excess errors)
FAIL: gcc.dg/stack-usage-1.c scan-file foo\\t(256|264)\\tstatic
FAIL: gcc.dg/lto/pr54709 c_lto_pr54709_0.o-c_lto_pr54709_1.o link, -fPIC -fvisibility=hidden -flto
UNRESOLVED: gcc.dg/lto/pr54709 c_lto_pr54709_0.o-c_lto_pr54709_1.o execute -fPIC -fvisibility=hidden -flto
FAIL: gcc.dg/lto/pr61526 c_lto_pr61526_0.o-c_lto_pr61526_1.o link, -fPIC -flto -flto-partition=1to1
UNRESOLVED: gcc.dg/lto/pr61526 c_lto_pr61526_0.o-c_lto_pr61526_1.o execute -fPIC -flto -flto-partition=1to1
FAIL: gcc.dg/tls/thr-cse-1.c scan-assembler-not emutls_get_address.*emutls_get_address.*
FAIL: gcc.dg/torture/pr59330.c -O0 (test for excess errors)
FAIL: gcc.dg/torture/pr59330.c -O1 (test for excess errors)
FAIL: gcc.dg/torture/pr59330.c -O2 (test for excess errors)
FAIL: gcc.dg/torture/pr59330.c -O3 -fomit-frame-pointer (test for excess errors)
FAIL: gcc.dg/torture/pr59330.c -O3 -g (test for excess errors)
FAIL: gcc.dg/torture/pr59330.c -Os (test for excess errors)
FAIL: gcc.dg/torture/pr59330.c -O2 -flto -flto-partition=none (test for excess errors)
FAIL: gcc.dg/torture/pr59330.c -O2 -flto (test for excess errors)
FAIL: gcc.dg/tree-ssa/sra-12.c scan-tree-dump-times release_ssa "l;" 0
FAIL: gcc.dg/tree-ssa/ssa-dom-thread-4.c scan-tree-dump-times dom1 "Threaded" 3
FAIL: gcc.dg/tree-ssa/vrp47.c scan-tree-dump-times vrp1 "[xy][^ ]* !=" 0
FAIL: gcc.dg/vect/costmodel/ppc/costmodel-bb-slp-9a.c scan-tree-dump-times slp "basic block vectorized using SLP" 1
FAIL: gcc.dg/vect/no-vfa-vect-depend-2.c scan-tree-dump-times vect "vectorized 1 loops" 1
FAIL: gcc.dg/vect/no-vfa-vect-depend-3.c scan-tree-dump-times vect "vectorized 1 loops" 4
FAIL: gcc.target/powerpc/405-dlmzb-strlen-1.c scan-assembler dlmzb\\\\.
FAIL: gcc.target/powerpc/440-dlmzb-strlen-1.c scan-assembler dlmzb\\\\.
FAIL: gcc.target/powerpc/darwin-abi-12.c scan-assembler .comm[\\t ]_x,12,2
UNRESOLVED: gcc.target/powerpc/dfmode_off.c object-size text == 320
UNRESOLVED: gcc.target/powerpc/dimode_off.c object-size text <= 640
UNRESOLVED: gcc.target/powerpc/tfmode_off.c object-size text == 544
=== gcc Summary ===
# of expected passes 91552
# of unexpected failures 42
# of expected failures 219
# of unresolved testcases 5
# of unsupported tests 1943
/Volumes/Isolde/fink.build/gcc49-4.9.1-1/darwin_objdir/gcc/xgcc version 4.9.1 (GCC)
=== gfortran tests ===
Running target unix
FAIL: gfortran.dg/bind_c_array_params_2.f90 -O scan-assembler-times myBindC 1
FAIL: gfortran.dg/erf_3.F90 -O0 execution test
FAIL: gfortran.dg/erf_3.F90 -O1 execution test
FAIL: gfortran.dg/erf_3.F90 -O2 execution test
FAIL: gfortran.dg/erf_3.F90 -O3 -fomit-frame-pointer execution test
FAIL: gfortran.dg/erf_3.F90 -O3 -fomit-frame-pointer -funroll-loops execution test
FAIL: gfortran.dg/erf_3.F90 -O3 -fomit-frame-pointer -funroll-all-loops -finline-functions execution test
FAIL: gfortran.dg/erf_3.F90 -O3 -g execution test
FAIL: gfortran.dg/erf_3.F90 -Os execution test
FAIL: gfortran.dg/large_real_kind_3.F90 -O0 execution test
=== gfortran Summary ===
# of expected passes 45540
# of unexpected failures 10
# of expected failures 84
# of unsupported tests 250
/Volumes/Isolde/fink.build/gcc49-4.9.1-1/darwin_objdir/gcc/testsuite/gfortran/../../gfortran version 4.9.1 (GCC)
=== obj-c++ tests ===
Running target unix
=== obj-c++ Summary ===
# of expected passes 2771
# of expected failures 2
# of unsupported tests 81
/Volumes/Isolde/fink.build/gcc49-4.9.1-1/darwin_objdir/gcc/testsuite/obj-c++/../../xg++ version 4.9.1 (GCC)
=== objc tests ===
Running target unix
FAIL: objc.dg/zero-link-3.m -fgnu-runtime (test for excess errors)
FAIL: objc.dg/exceptions-2.m -fnext-runtime execution test
=== objc Summary ===
# of expected passes 5617
# of unexpected failures 2
# of expected failures 4
# of unsupported tests 100
/Volumes/Isolde/fink.build/gcc49-4.9.1-1/darwin_objdir/gcc/xgcc version 4.9.1 (GCC)
=== boehm-gc tests ===
Running target unix
FAIL: boehm-gc.lib/staticrootstest.c -O2 (test for excess errors)
=== boehm-gc Summary ===
# of expected passes 11
# of unexpected failures 1
# of unsupported tests 1
=== libatomic tests ===
Running target unix
=== libatomic Summary ===
# of expected passes 44
# of unsupported tests 5
=== libffi tests ===
Running target unix
FAIL: libffi.special/unwindtest.cc -shared-libgcc -lstdc++ execution test
FAIL: libffi.special/unwindtest_ffi_call.cc -shared-libgcc -lstdc++ execution test
FAIL: libffi.special/unwindtest.cc -shared-libgcc -lstdc++ execution test
FAIL: libffi.special/unwindtest_ffi_call.cc -shared-libgcc -lstdc++ execution test
FAIL: libffi.special/unwindtest.cc -shared-libgcc -lstdc++ execution test
FAIL: libffi.special/unwindtest_ffi_call.cc -shared-libgcc -lstdc++ execution test
FAIL: libffi.special/unwindtest.cc -shared-libgcc -lstdc++ execution test
FAIL: libffi.special/unwindtest_ffi_call.cc -shared-libgcc -lstdc++ execution test
=== libffi Summary ===
# of expected passes 1803
# of unexpected failures 8
# of unsupported tests 55
=== libgomp tests ===
Running target unix
WARNING: program timed out.
FAIL: libgomp.c/depend-3.c execution test
=== libgomp Summary ===
# of expected passes 3224
# of unexpected failures 1
# of unsupported tests 38
=== libitm tests ===
Running target unix
FAIL: libitm.c++/dropref.C (test for excess errors)
FAIL: libitm.c++/eh-1.C (test for excess errors)
=== libitm Summary ===
# of expected passes 24
# of unexpected failures 2
# of expected failures 3
# of unsupported tests 1
=== libjava tests ===
Running target unix
FAIL: libjava.jar/TestClosureGC.jar execution - gij test
FAIL: libjava.jar/simple.jar execution - gij test
FAIL: PR15133 execution - gij test
FAIL: PR18116 execution - gij test
FAIL: PR28178 execution - gij test
FAIL: bytebuffer execution - gij test
FAIL: calls execution - gij test
FAIL: cxxtest execution - gij test
FAIL: directbuffer execution - gij test
FAIL: field execution - gij test
FAIL: final_method execution - gij test
FAIL: findclass execution - gij test
FAIL: findclass2 execution - gij test
FAIL: iface execution - gij test
FAIL: init execution - gij test
FAIL: invoke execution - gij test
FAIL: jniutf execution - gij test
FAIL: martin execution - gij test
FAIL: noclass execution - gij test
FAIL: overload execution - gij test
FAIL: pr11951 run
FAIL: pr18278 execution - gij test
FAIL: pr23739 execution - gij test
FAIL: register execution - gij test
FAIL: register2 execution - gij test
FAIL: simple_int execution - gij test
FAIL: throwit execution - gij test
FAIL: virtual execution - gij test
FAIL: PR16923 run
FAIL: pr29812 execution - gij test
FAIL: getargssize run
FAIL: getlocalvartable run
FAIL: getstacktrace run
FAIL: ExtraClassLoader execution - source compiled test
FAIL: ExtraClassLoader -findirect-dispatch execution - source compiled test
FAIL: ExtraClassLoader -O3 execution - source compiled test
FAIL: ExtraClassLoader -O3 -findirect-dispatch execution - source compiled test
FAIL: invokethrow execution - source compiled test
FAIL: invokethrow -findirect-dispatch execution - source compiled test
FAIL: invokethrow -O3 execution - source compiled test
FAIL: invokethrow -O3 -findirect-dispatch execution - source compiled test
=== libjava Summary ===
# of expected passes 2503
# of unexpected failures 41
# of expected failures 4
# of untested testcases 41
=== libstdc++ tests ===
Running target unix
FAIL: 18_support/50594.cc execution test
FAIL: 30_threads/thread/native_handle/cancel.cc execution test
FAIL: ext/mt_allocator/deallocate_global_thread-1.cc execution test
FAIL: ext/mt_allocator/deallocate_global_thread-3.cc execution test
WARNING: program timed out.
=== libstdc++ Summary ===
# of expected passes 8838
# of unexpected failures 4
# of expected failures 41
# of unsupported tests 669
Compiler version: 4.9.1 (GCC)
Platform: powerpc-apple-darwin8.11.0
configure flags: --prefix=/sw AS=odas AS_FOR_TARGET=odas NM_FOR_TARGET=odnm LD_FOR_TARGET=odld AR_FOR_TARGET=odar LIPO_FOR_TARGET=odlipo OBJDUMP_FOR_TARGET=odobjdump RANLIB_FOR_TARGET=odranlib STRIP_FOR_TARGET=odstrip --prefix=/sw/lib/gcc4.9 --mandir=/sw/share/man --infodir=/sw/lib/gcc4.9/info --enable-languages=c,c++,fortran,lto,objc,obj-c++,java --with-gmp=/sw --with-libiconv-prefix=/sw --with-isl=/sw --with-cloog=/sw --with-mpc=/sw --with-system-zlib --x-includes=/usr/X11R6/include --x-libraries=/usr/X11R6/lib --program-suffix=-fsf-4.9 --with-dwarf2 --disable-libjava-multilib --disable-libquadmath