This is the mail archive of the gcc-testresults@gcc.gnu.org mailing list for the GCC project.


Index Nav: [Date Index] [Subject Index] [Author Index] [Thread Index]
Message Nav: [Date Prev] [Date Next] [Thread Prev] [Thread Next]
Other format: [Raw text]

Results for 4.9.1 (GCC) testsuite on hppa2.0w-hp-hpux11.11


		=== acats tests ===

		=== acats Summary ===
# of expected passes		2320
# of unexpected failures	0
Native configuration is hppa2.0w-hp-hpux11.11

		=== g++ tests ===


Running target unix
FAIL: g++.dg/cpp1y/auto-fn24.C -std=gnu++1y (internal compiler error)
FAIL: g++.dg/cpp1y/auto-fn24.C -std=gnu++1y (test for excess errors)
WARNING: program timed out.

		=== g++ Summary ===

# of expected passes		73472
# of unexpected failures	2
# of expected failures		446
# of unsupported tests		3496
/mnt/gnu/gcc/objdir-test/gcc/testsuite/g++/../../xg++  version 4.9.1 (GCC) 

		=== gcc tests ===


Running target unix
FAIL: gcc.dg/atomic/c11-atomic-exec-4.c  -O0  (test for excess errors)
UNRESOLVED: gcc.dg/atomic/c11-atomic-exec-4.c  -O0  compilation failed to produce executable
FAIL: gcc.dg/atomic/c11-atomic-exec-4.c  -O1  (test for excess errors)
UNRESOLVED: gcc.dg/atomic/c11-atomic-exec-4.c  -O1  compilation failed to produce executable
FAIL: gcc.dg/atomic/c11-atomic-exec-4.c  -O2  (test for excess errors)
UNRESOLVED: gcc.dg/atomic/c11-atomic-exec-4.c  -O2  compilation failed to produce executable
FAIL: gcc.dg/atomic/c11-atomic-exec-4.c  -O3 -fomit-frame-pointer  (test for excess errors)
UNRESOLVED: gcc.dg/atomic/c11-atomic-exec-4.c  -O3 -fomit-frame-pointer  compilation failed to produce executable
FAIL: gcc.dg/atomic/c11-atomic-exec-4.c  -O3 -fomit-frame-pointer -funroll-loops  (test for excess errors)
UNRESOLVED: gcc.dg/atomic/c11-atomic-exec-4.c  -O3 -fomit-frame-pointer -funroll-loops  compilation failed to produce executable
FAIL: gcc.dg/atomic/c11-atomic-exec-4.c  -O3 -fomit-frame-pointer -funroll-all-loops -finline-functions  (test for excess errors)
UNRESOLVED: gcc.dg/atomic/c11-atomic-exec-4.c  -O3 -fomit-frame-pointer -funroll-all-loops -finline-functions  compilation failed to produce executable
FAIL: gcc.dg/atomic/c11-atomic-exec-4.c  -O3 -g  (test for excess errors)
UNRESOLVED: gcc.dg/atomic/c11-atomic-exec-4.c  -O3 -g  compilation failed to produce executable
FAIL: gcc.dg/atomic/c11-atomic-exec-4.c  -Os  (test for excess errors)
UNRESOLVED: gcc.dg/atomic/c11-atomic-exec-4.c  -Os  compilation failed to produce executable
FAIL: gcc.dg/atomic/c11-atomic-exec-5.c  -O0  (test for excess errors)
UNRESOLVED: gcc.dg/atomic/c11-atomic-exec-5.c  -O0  compilation failed to produce executable
FAIL: gcc.dg/atomic/c11-atomic-exec-5.c  -O1  (test for excess errors)
UNRESOLVED: gcc.dg/atomic/c11-atomic-exec-5.c  -O1  compilation failed to produce executable
FAIL: gcc.dg/atomic/c11-atomic-exec-5.c  -O2  (test for excess errors)
UNRESOLVED: gcc.dg/atomic/c11-atomic-exec-5.c  -O2  compilation failed to produce executable
FAIL: gcc.dg/atomic/c11-atomic-exec-5.c  -O3 -fomit-frame-pointer  (test for excess errors)
UNRESOLVED: gcc.dg/atomic/c11-atomic-exec-5.c  -O3 -fomit-frame-pointer  compilation failed to produce executable
FAIL: gcc.dg/atomic/c11-atomic-exec-5.c  -O3 -fomit-frame-pointer -funroll-loops  (test for excess errors)
UNRESOLVED: gcc.dg/atomic/c11-atomic-exec-5.c  -O3 -fomit-frame-pointer -funroll-loops  compilation failed to produce executable
FAIL: gcc.dg/atomic/c11-atomic-exec-5.c  -O3 -fomit-frame-pointer -funroll-all-loops -finline-functions  (test for excess errors)
UNRESOLVED: gcc.dg/atomic/c11-atomic-exec-5.c  -O3 -fomit-frame-pointer -funroll-all-loops -finline-functions  compilation failed to produce executable
FAIL: gcc.dg/atomic/c11-atomic-exec-5.c  -O3 -g  (test for excess errors)
UNRESOLVED: gcc.dg/atomic/c11-atomic-exec-5.c  -O3 -g  compilation failed to produce executable
FAIL: gcc.dg/atomic/c11-atomic-exec-5.c  -Os  (test for excess errors)
UNRESOLVED: gcc.dg/atomic/c11-atomic-exec-5.c  -Os  compilation failed to produce executable
FAIL: gcc.dg/large-size-array-6.c (internal compiler error)
FAIL: gcc.dg/large-size-array-6.c  (test for errors, line 6)
FAIL: gcc.dg/large-size-array-6.c (test for excess errors)
FAIL: gcc.dg/pr57233.c (test for excess errors)
FAIL: gcc.dg/pr61158.c scan-tree-dump original "return 0;"
WARNING: program timed out.
FAIL: gcc.dg/tree-prof/crossmodule-indircall-1a.c compilation,  -fprofile-generate -D_PROFILE_GENERATE
UNRESOLVED: gcc.dg/tree-prof/crossmodule-indircall-1a.c execution,    -fprofile-generate -D_PROFILE_GENERATE
UNRESOLVED: gcc.dg/tree-prof/crossmodule-indircall-1a.c compilation,  -fprofile-use -D_PROFILE_USE
UNRESOLVED: gcc.dg/tree-prof/crossmodule-indircall-1a.c execution,    -fprofile-use -D_PROFILE_USE

		=== gcc Summary ===

# of expected passes		69266
# of unexpected failures	22
# of expected failures		118
# of unresolved testcases	19
# of unsupported tests		1649
/mnt/gnu/gcc/objdir-test/gcc/xgcc  version 4.9.1 (GCC) 

		=== gfortran tests ===


Running target unix
FAIL: gfortran.dg/pr45636.f90  -O   scan-tree-dump-times forwprop2 "memset" 0

		=== gfortran Summary ===

# of expected passes		44218
# of unexpected failures	1
# of expected failures		46
# of unsupported tests		437
/mnt/gnu/gcc/objdir-test/gcc/testsuite/gfortran/../../gfortran  version 4.9.1 (GCC) 

		=== gnat tests ===


Running target unix

		=== gnat Summary ===

# of expected passes		1211
# of expected failures		18
# of unsupported tests		14
/mnt/gnu/gcc/objdir-test/gcc/gnatmake version 4.9.1

		=== obj-c++ tests ===


Running target unix

		=== obj-c++ Summary ===

# of expected passes		1407
# of expected failures		2
# of unsupported tests		69
/mnt/gnu/gcc/objdir-test/gcc/testsuite/obj-c++/../../xg++  version 4.9.1 (GCC) 

		=== objc tests ===


Running target unix

		=== objc Summary ===

# of expected passes		2912
# of unsupported tests		67
/mnt/gnu/gcc/objdir-test/gcc/xgcc  version 4.9.1 (GCC) 

		=== boehm-gc tests ===


Running target unix
FAIL: boehm-gc.c/gctest.c -O2 (test for excess errors)
FAIL: boehm-gc.c/leak_test.c -O2 (test for excess errors)
FAIL: boehm-gc.c/middle.c -O2 (test for excess errors)
FAIL: boehm-gc.c/thread_leak_test.c -O2 (test for excess errors)
FAIL: boehm-gc.lib/staticrootstest.c -O2 (test for excess errors)

		=== boehm-gc Summary ===

# of expected passes		7
# of unexpected failures	5
# of unsupported tests		1
		=== libatomic tests ===


Running target unix

		=== libatomic Summary ===

# of expected passes		44
# of unsupported tests		5
		=== libffi tests ===


Running target unix

		=== libffi Summary ===

# of expected passes		1819
# of unsupported tests		55
		=== libgomp tests ===


Running target unix
WARNING: program timed out.
FAIL: libgomp.c/depend-3.c execution test

		=== libgomp Summary ===

# of expected passes		3161
# of unexpected failures	1
# of unsupported tests		45
		=== libjava tests ===


Running target unix
FAIL: LargeFile execution - source compiled test
FAIL: LargeFile -findirect-dispatch execution - source compiled test
FAIL: LargeFile -O3 execution - source compiled test
FAIL: LargeFile -O3 -findirect-dispatch execution - source compiled test

		=== libjava Summary ===

# of expected passes		2574
# of unexpected failures	4
# of expected failures		4
# of untested testcases		4
		=== libstdc++ tests ===


Running target unix

		=== libstdc++ Summary ===

# of expected passes		8250
# of expected failures		41
# of unsupported tests		939

Compiler version: 4.9.1 (GCC) 
Platform: hppa2.0w-hp-hpux11.11
configure flags:Test Run By dave on Mon Jul 21 02:19:39 EDT 2014


Index Nav: [Date Index] [Subject Index] [Author Index] [Thread Index]
Message Nav: [Date Prev] [Date Next] [Thread Prev] [Thread Next]