This is the mail archive of the gcc-testresults@gcc.gnu.org mailing list for the GCC project.


Index Nav: [Date Index] [Subject Index] [Author Index] [Thread Index]
Message Nav: [Date Prev] [Date Next] [Thread Prev] [Thread Next]
Other format: [Raw text]

Results for 4.9.1 (Debian 4.9.1-1) testsuite on i486-pc-gnu


LAST_UPDATED: Obtained from SVN: tags/gcc_4_9_1_release revision 212636

Target: i486-gnu
gcc version 4.9.1 (Debian 4.9.1-1) 
Native configuration is i486-pc-gnu

		=== g++ tests ===


Running target unix
FAIL: g++.dg/cdce3.C -std=gnu++98 execution test
FAIL: g++.dg/cdce3.C -std=gnu++11 execution test
FAIL: g++.dg/cdce3.C -std=gnu++1y execution test
FAIL: g++.dg/cpp0x/gnu_fext-numeric-literals.C -std=gnu++11  (test for errors, line 89)
FAIL: g++.dg/cpp0x/gnu_fext-numeric-literals.C -std=gnu++11  (test for errors, line 90)
FAIL: g++.dg/cpp0x/gnu_fext-numeric-literals.C -std=gnu++11  (test for errors, line 91)
FAIL: g++.dg/cpp0x/gnu_fext-numeric-literals.C -std=gnu++11  (test for errors, line 92)
FAIL: g++.dg/cpp0x/gnu_fext-numeric-literals.C -std=gnu++11 (test for excess errors)
FAIL: g++.dg/cpp0x/gnu_fext-numeric-literals.C -std=gnu++1y  (test for errors, line 89)
FAIL: g++.dg/cpp0x/gnu_fext-numeric-literals.C -std=gnu++1y  (test for errors, line 90)
FAIL: g++.dg/cpp0x/gnu_fext-numeric-literals.C -std=gnu++1y  (test for errors, line 91)
FAIL: g++.dg/cpp0x/gnu_fext-numeric-literals.C -std=gnu++1y  (test for errors, line 92)
FAIL: g++.dg/cpp0x/gnu_fext-numeric-literals.C -std=gnu++1y (test for excess errors)
FAIL: g++.dg/cpp0x/overloadn.C -std=gnu++11  (test for warnings, line 371)
FAIL: g++.dg/cpp0x/overloadn.C -std=gnu++11  (test for warnings, line 373)
FAIL: g++.dg/cpp0x/overloadn.C -std=gnu++11  (test for warnings, line 375)
FAIL: g++.dg/cpp0x/overloadn.C -std=gnu++11  (test for warnings, line 418)
FAIL: g++.dg/cpp0x/overloadn.C -std=gnu++11  (test for warnings, line 421)
FAIL: g++.dg/cpp0x/overloadn.C -std=gnu++11  (test for warnings, line 436)
FAIL: g++.dg/cpp0x/overloadn.C -std=gnu++11  (test for warnings, line 440)
FAIL: g++.dg/cpp0x/overloadn.C -std=gnu++11  (test for errors, line 653)
FAIL: g++.dg/cpp0x/overloadn.C -std=gnu++11  (test for errors, line 654)
FAIL: g++.dg/cpp0x/overloadn.C -std=gnu++11  (test for errors, line 655)
FAIL: g++.dg/cpp0x/overloadn.C -std=gnu++11  (test for errors, line 668)
FAIL: g++.dg/cpp0x/overloadn.C -std=gnu++11  (test for errors, line 669)
FAIL: g++.dg/cpp0x/overloadn.C -std=gnu++11  (test for errors, line 674)
FAIL: g++.dg/cpp0x/overloadn.C -std=gnu++11  (test for errors, line 675)
FAIL: g++.dg/cpp0x/overloadn.C -std=gnu++11 (test for excess errors)
FAIL: g++.dg/cpp0x/overloadn.C -std=gnu++1y  (test for warnings, line 371)
FAIL: g++.dg/cpp0x/overloadn.C -std=gnu++1y  (test for warnings, line 373)
FAIL: g++.dg/cpp0x/overloadn.C -std=gnu++1y  (test for warnings, line 375)
FAIL: g++.dg/cpp0x/overloadn.C -std=gnu++1y  (test for warnings, line 418)
FAIL: g++.dg/cpp0x/overloadn.C -std=gnu++1y  (test for warnings, line 421)
FAIL: g++.dg/cpp0x/overloadn.C -std=gnu++1y  (test for warnings, line 436)
FAIL: g++.dg/cpp0x/overloadn.C -std=gnu++1y  (test for warnings, line 440)
FAIL: g++.dg/cpp0x/overloadn.C -std=gnu++1y  (test for errors, line 653)
FAIL: g++.dg/cpp0x/overloadn.C -std=gnu++1y  (test for errors, line 654)
FAIL: g++.dg/cpp0x/overloadn.C -std=gnu++1y  (test for errors, line 655)
FAIL: g++.dg/cpp0x/overloadn.C -std=gnu++1y  (test for errors, line 668)
FAIL: g++.dg/cpp0x/overloadn.C -std=gnu++1y  (test for errors, line 669)
FAIL: g++.dg/cpp0x/overloadn.C -std=gnu++1y  (test for errors, line 674)
FAIL: g++.dg/cpp0x/overloadn.C -std=gnu++1y  (test for errors, line 675)
FAIL: g++.dg/cpp0x/overloadn.C -std=gnu++1y (test for excess errors)
FAIL: g++.dg/cpp0x/rv7n.C -std=gnu++11  (test for warnings, line 90)
FAIL: g++.dg/cpp0x/rv7n.C -std=gnu++11  (test for warnings, line 93)
FAIL: g++.dg/cpp0x/rv7n.C -std=gnu++11  (test for warnings, line 94)
FAIL: g++.dg/cpp0x/rv7n.C -std=gnu++11  (test for warnings, line 95)
FAIL: g++.dg/cpp0x/rv7n.C -std=gnu++11  (test for errors, line 102)
FAIL: g++.dg/cpp0x/rv7n.C -std=gnu++11  (test for errors, line 103)
FAIL: g++.dg/cpp0x/rv7n.C -std=gnu++11 candidate note (test for warnings, line 103)
FAIL: g++.dg/cpp0x/rv7n.C -std=gnu++11 (test for excess errors)
FAIL: g++.dg/cpp0x/rv7n.C -std=gnu++1y  (test for warnings, line 90)
FAIL: g++.dg/cpp0x/rv7n.C -std=gnu++1y  (test for warnings, line 93)
FAIL: g++.dg/cpp0x/rv7n.C -std=gnu++1y  (test for warnings, line 94)
FAIL: g++.dg/cpp0x/rv7n.C -std=gnu++1y  (test for warnings, line 95)
FAIL: g++.dg/cpp0x/rv7n.C -std=gnu++1y  (test for errors, line 102)
FAIL: g++.dg/cpp0x/rv7n.C -std=gnu++1y  (test for errors, line 103)
FAIL: g++.dg/cpp0x/rv7n.C -std=gnu++1y candidate note (test for warnings, line 103)
FAIL: g++.dg/cpp0x/rv7n.C -std=gnu++1y (test for excess errors)
FAIL: g++.dg/cpp0x/std_fext-numeric-literals.C -std=gnu++11  (test for errors, line 89)
FAIL: g++.dg/cpp0x/std_fext-numeric-literals.C -std=gnu++11  (test for errors, line 90)
FAIL: g++.dg/cpp0x/std_fext-numeric-literals.C -std=gnu++11  (test for errors, line 91)
FAIL: g++.dg/cpp0x/std_fext-numeric-literals.C -std=gnu++11  (test for errors, line 92)
FAIL: g++.dg/cpp0x/std_fext-numeric-literals.C -std=gnu++11 (test for excess errors)
FAIL: g++.dg/cpp0x/std_fext-numeric-literals.C -std=gnu++1y  (test for errors, line 89)
FAIL: g++.dg/cpp0x/std_fext-numeric-literals.C -std=gnu++1y  (test for errors, line 90)
FAIL: g++.dg/cpp0x/std_fext-numeric-literals.C -std=gnu++1y  (test for errors, line 91)
FAIL: g++.dg/cpp0x/std_fext-numeric-literals.C -std=gnu++1y  (test for errors, line 92)
FAIL: g++.dg/cpp0x/std_fext-numeric-literals.C -std=gnu++1y (test for excess errors)
FAIL: g++.dg/cpp0x/udlit-implicit-conv-neg.C -std=c++11  (test for errors, line 62)
FAIL: g++.dg/cpp0x/udlit-implicit-conv-neg.C -std=c++11  (test for errors, line 63)
FAIL: g++.dg/cpp0x/udlit-implicit-conv-neg.C -std=c++11 (test for excess errors)
FAIL: g++.dg/cpp0x/udlit-implicit-conv-neg.C -std=c++1y  (test for errors, line 62)
FAIL: g++.dg/cpp0x/udlit-implicit-conv-neg.C -std=c++1y  (test for errors, line 63)
FAIL: g++.dg/cpp0x/udlit-implicit-conv-neg.C -std=c++1y (test for excess errors)
FAIL: g++.dg/eh/sighandle.C -std=gnu++98 execution test
FAIL: g++.dg/eh/sighandle.C -std=gnu++11 execution test
FAIL: g++.dg/eh/sighandle.C -std=gnu++1y execution test
FAIL: g++.dg/ext/cleanup-10.C -std=gnu++98 execution test
FAIL: g++.dg/ext/cleanup-10.C -std=gnu++11 execution test
FAIL: g++.dg/ext/cleanup-10.C -std=gnu++1y execution test
FAIL: g++.dg/ext/cleanup-11.C -std=gnu++98 execution test
FAIL: g++.dg/ext/cleanup-11.C -std=gnu++11 execution test
FAIL: g++.dg/ext/cleanup-11.C -std=gnu++1y execution test
FAIL: g++.dg/ext/cleanup-8.C -std=gnu++98 execution test
FAIL: g++.dg/ext/cleanup-8.C -std=gnu++11 execution test
FAIL: g++.dg/ext/cleanup-8.C -std=gnu++1y execution test
FAIL: g++.dg/ext/cleanup-9.C -std=gnu++98 execution test
FAIL: g++.dg/ext/cleanup-9.C -std=gnu++11 execution test
FAIL: g++.dg/ext/cleanup-9.C -std=gnu++1y execution test
FAIL: g++.dg/ext/sync-4.C -std=gnu++98 execution test
FAIL: g++.dg/ext/sync-4.C -std=gnu++11 execution test
FAIL: g++.dg/ext/sync-4.C -std=gnu++1y execution test
FAIL: g++.dg/ext/unary_trait_incomplete.C -std=c++98  (test for errors, line 68)
FAIL: g++.dg/ext/unary_trait_incomplete.C -std=c++98  (test for errors, line 72)
FAIL: g++.dg/ext/unary_trait_incomplete.C -std=c++98  (test for errors, line 74)
FAIL: g++.dg/ext/unary_trait_incomplete.C -std=c++98 (test for excess errors)
FAIL: g++.dg/ext/unary_trait_incomplete.C -std=c++11  (test for errors, line 68)
FAIL: g++.dg/ext/unary_trait_incomplete.C -std=c++11  (test for errors, line 72)
FAIL: g++.dg/ext/unary_trait_incomplete.C -std=c++11  (test for errors, line 74)
FAIL: g++.dg/ext/unary_trait_incomplete.C -std=c++11 (test for excess errors)
FAIL: g++.dg/ext/unary_trait_incomplete.C -std=c++1y  (test for errors, line 68)
FAIL: g++.dg/ext/unary_trait_incomplete.C -std=c++1y  (test for errors, line 72)
FAIL: g++.dg/ext/unary_trait_incomplete.C -std=c++1y  (test for errors, line 74)
FAIL: g++.dg/ext/unary_trait_incomplete.C -std=c++1y (test for excess errors)
FAIL: g++.dg/init/pr25811.C -std=c++98  (test for warnings, line 92)
FAIL: g++.dg/init/pr25811.C -std=c++98  (test for warnings, line 98)
FAIL: g++.dg/init/pr25811.C -std=c++98  (test for warnings, line 104)
FAIL: g++.dg/init/pr25811.C -std=c++98  (test for warnings, line 110)
FAIL: g++.dg/init/pr25811.C -std=c++98  (test for warnings, line 130)
FAIL: g++.dg/init/pr25811.C -std=c++98  (test for errors, line 205)
FAIL: g++.dg/init/pr25811.C -std=c++98  (test for errors, line 210)
FAIL: g++.dg/init/pr25811.C -std=c++98 (test for excess errors)
FAIL: g++.dg/init/pr43719.C -std=c++98  (test for warnings, line 85)
FAIL: g++.dg/init/pr43719.C -std=c++98  (test for warnings, line 90)
FAIL: g++.dg/init/pr43719.C -std=c++98  (test for warnings, line 95)
FAIL: g++.dg/init/pr43719.C -std=c++98  (test for warnings, line 114)
FAIL: g++.dg/init/pr43719.C -std=c++98  (test for errors, line 195)
FAIL: g++.dg/init/pr43719.C -std=c++98 (test for excess errors)
FAIL: g++.dg/ipa/pr61160-3.C -std=gnu++98 execution test
FAIL: g++.dg/ipa/pr61160-3.C -std=gnu++11 execution test
FAIL: g++.dg/ipa/pr61160-3.C -std=gnu++1y execution test
FAIL: g++.dg/other/default3.C -std=c++98  (test for errors, line 106)
FAIL: g++.dg/other/default3.C -std=c++98  (test for errors, line 109)
FAIL: g++.dg/other/default3.C -std=c++98 (test for excess errors)
FAIL: g++.dg/other/default3.C -std=c++11  (test for errors, line 106)
FAIL: g++.dg/other/default3.C -std=c++11  (test for errors, line 109)
FAIL: g++.dg/other/default3.C -std=c++11 (test for excess errors)
FAIL: g++.dg/other/default3.C -std=c++1y  (test for errors, line 106)
FAIL: g++.dg/other/default3.C -std=c++1y  (test for errors, line 109)
FAIL: g++.dg/other/default3.C -std=c++1y (test for excess errors)
FAIL: g++.dg/warn/Wconversion-real-integer.C -std=gnu++98  (test for warnings, line 111)
FAIL: g++.dg/warn/Wconversion-real-integer.C -std=gnu++98 (test for excess errors)
FAIL: g++.dg/warn/Wconversion-real-integer.C -std=gnu++11  (test for warnings, line 111)
FAIL: g++.dg/warn/Wconversion-real-integer.C -std=gnu++11 (test for excess errors)
FAIL: g++.dg/warn/Wconversion-real-integer.C -std=gnu++1y  (test for warnings, line 111)
FAIL: g++.dg/warn/Wconversion-real-integer.C -std=gnu++1y (test for excess errors)
FAIL: g++.dg/warn/Wparentheses-10.C -std=gnu++98 correct warning (test for warnings, line 113)
FAIL: g++.dg/warn/Wparentheses-10.C -std=gnu++98 correct warning (test for warnings, line 116)
FAIL: g++.dg/warn/Wparentheses-10.C -std=gnu++11 correct warning (test for warnings, line 113)
FAIL: g++.dg/warn/Wparentheses-10.C -std=gnu++11 correct warning (test for warnings, line 116)
FAIL: g++.dg/warn/Wparentheses-10.C -std=gnu++1y correct warning (test for warnings, line 113)
FAIL: g++.dg/warn/Wparentheses-10.C -std=gnu++1y correct warning (test for warnings, line 116)
FAIL: g++.dg/warn/Wparentheses-18.C -std=gnu++98 correct warning (test for warnings, line 111)
FAIL: g++.dg/warn/Wparentheses-18.C -std=gnu++98 correct warning (test for warnings, line 114)
FAIL: g++.dg/warn/Wparentheses-18.C -std=gnu++98 correct warning (test for warnings, line 117)
FAIL: g++.dg/warn/Wparentheses-18.C -std=gnu++98 (test for excess errors)
FAIL: g++.dg/warn/Wparentheses-18.C -std=gnu++11 correct warning (test for warnings, line 111)
FAIL: g++.dg/warn/Wparentheses-18.C -std=gnu++11 correct warning (test for warnings, line 114)
FAIL: g++.dg/warn/Wparentheses-18.C -std=gnu++11 correct warning (test for warnings, line 117)
FAIL: g++.dg/warn/Wparentheses-18.C -std=gnu++11 (test for excess errors)
FAIL: g++.dg/warn/Wparentheses-18.C -std=gnu++1y correct warning (test for warnings, line 111)
FAIL: g++.dg/warn/Wparentheses-18.C -std=gnu++1y correct warning (test for warnings, line 114)
FAIL: g++.dg/warn/Wparentheses-18.C -std=gnu++1y correct warning (test for warnings, line 117)
FAIL: g++.dg/warn/Wparentheses-18.C -std=gnu++1y (test for excess errors)
FAIL: g++.dg/warn/Wparentheses-19.C -std=gnu++98 correct warning (test for warnings, line 111)
FAIL: g++.dg/warn/Wparentheses-19.C -std=gnu++98 correct warning (test for warnings, line 114)
FAIL: g++.dg/warn/Wparentheses-19.C -std=gnu++98 correct warning (test for warnings, line 117)
FAIL: g++.dg/warn/Wparentheses-19.C -std=gnu++98 (test for excess errors)
FAIL: g++.dg/warn/Wparentheses-19.C -std=gnu++11 correct warning (test for warnings, line 111)
FAIL: g++.dg/warn/Wparentheses-19.C -std=gnu++11 correct warning (test for warnings, line 114)
FAIL: g++.dg/warn/Wparentheses-19.C -std=gnu++11 correct warning (test for warnings, line 117)
FAIL: g++.dg/warn/Wparentheses-19.C -std=gnu++11 (test for excess errors)
FAIL: g++.dg/warn/Wparentheses-19.C -std=gnu++1y correct warning (test for warnings, line 111)
FAIL: g++.dg/warn/Wparentheses-19.C -std=gnu++1y correct warning (test for warnings, line 114)
FAIL: g++.dg/warn/Wparentheses-19.C -std=gnu++1y correct warning (test for warnings, line 117)
FAIL: g++.dg/warn/Wparentheses-19.C -std=gnu++1y (test for excess errors)
FAIL: g++.dg/warn/Wparentheses-9.C -std=gnu++98 correct warning (test for warnings, line 113)
FAIL: g++.dg/warn/Wparentheses-9.C -std=gnu++98 correct warning (test for warnings, line 116)
FAIL: g++.dg/warn/Wparentheses-9.C -std=gnu++98 (test for excess errors)
FAIL: g++.dg/warn/Wparentheses-9.C -std=gnu++11 correct warning (test for warnings, line 113)
FAIL: g++.dg/warn/Wparentheses-9.C -std=gnu++11 correct warning (test for warnings, line 116)
FAIL: g++.dg/warn/Wparentheses-9.C -std=gnu++11 (test for excess errors)
FAIL: g++.dg/warn/Wparentheses-9.C -std=gnu++1y correct warning (test for warnings, line 113)
FAIL: g++.dg/warn/Wparentheses-9.C -std=gnu++1y correct warning (test for warnings, line 116)
FAIL: g++.dg/warn/Wparentheses-9.C -std=gnu++1y (test for excess errors)
FAIL: g++.dg/warn/Wsign-conversion.C -std=gnu++98  (test for warnings, line 89)
FAIL: g++.dg/warn/Wsign-conversion.C -std=gnu++98  (test for warnings, line 90)
FAIL: g++.dg/warn/Wsign-conversion.C -std=gnu++98  (test for warnings, line 91)
FAIL: g++.dg/warn/Wsign-conversion.C -std=gnu++98  (test for warnings, line 94)
FAIL: g++.dg/warn/Wsign-conversion.C -std=gnu++98 (test for excess errors)
FAIL: g++.dg/warn/Wsign-conversion.C -std=gnu++11  (test for warnings, line 89)
FAIL: g++.dg/warn/Wsign-conversion.C -std=gnu++11  (test for warnings, line 90)
FAIL: g++.dg/warn/Wsign-conversion.C -std=gnu++11  (test for warnings, line 91)
FAIL: g++.dg/warn/Wsign-conversion.C -std=gnu++11  (test for warnings, line 94)
FAIL: g++.dg/warn/Wsign-conversion.C -std=gnu++11 (test for excess errors)
FAIL: g++.dg/warn/Wsign-conversion.C -std=gnu++1y  (test for warnings, line 89)
FAIL: g++.dg/warn/Wsign-conversion.C -std=gnu++1y  (test for warnings, line 90)
FAIL: g++.dg/warn/Wsign-conversion.C -std=gnu++1y  (test for warnings, line 91)
FAIL: g++.dg/warn/Wsign-conversion.C -std=gnu++1y  (test for warnings, line 94)
FAIL: g++.dg/warn/Wsign-conversion.C -std=gnu++1y (test for excess errors)
FAIL: g++.dg/warn/pr16302.C -std=gnu++98  (test for warnings, line 45)
FAIL: g++.dg/warn/pr16302.C -std=gnu++98 (test for excess errors)
FAIL: g++.dg/warn/pr16302.C -std=gnu++11  (test for warnings, line 45)
FAIL: g++.dg/warn/pr16302.C -std=gnu++11 (test for excess errors)
FAIL: g++.dg/warn/pr16302.C -std=gnu++1y  (test for warnings, line 45)
FAIL: g++.dg/warn/pr16302.C -std=gnu++1y (test for excess errors)
FAIL: g++.dg/warn/sequence-pt-1.C -std=gnu++98 sequence point warning (test for warnings, line 62)
FAIL: g++.dg/warn/sequence-pt-1.C -std=gnu++98 sequence point warning (test for warnings, line 63)
FAIL: g++.dg/warn/sequence-pt-1.C -std=gnu++98 sequence point warning (test for warnings, line 64)
FAIL: g++.dg/warn/sequence-pt-1.C -std=gnu++98 (test for excess errors)
FAIL: g++.dg/warn/sequence-pt-1.C -std=gnu++11 sequence point warning (test for warnings, line 62)
FAIL: g++.dg/warn/sequence-pt-1.C -std=gnu++11 sequence point warning (test for warnings, line 63)
FAIL: g++.dg/warn/sequence-pt-1.C -std=gnu++11 sequence point warning (test for warnings, line 64)
FAIL: g++.dg/warn/sequence-pt-1.C -std=gnu++11 (test for excess errors)
FAIL: g++.dg/warn/sequence-pt-1.C -std=gnu++1y sequence point warning (test for warnings, line 62)
FAIL: g++.dg/warn/sequence-pt-1.C -std=gnu++1y sequence point warning (test for warnings, line 63)
FAIL: g++.dg/warn/sequence-pt-1.C -std=gnu++1y sequence point warning (test for warnings, line 64)
FAIL: g++.dg/warn/sequence-pt-1.C -std=gnu++1y (test for excess errors)
FAIL: c-c++-common/Wcast-qual-1.c -std=gnu++98  (test for warnings, line 155)
FAIL: c-c++-common/Wcast-qual-1.c -std=gnu++98  (test for warnings, line 156)
FAIL: c-c++-common/Wcast-qual-1.c -std=gnu++98  (test for warnings, line 157)
FAIL: c-c++-common/Wcast-qual-1.c -std=gnu++11  (test for warnings, line 155)
FAIL: c-c++-common/Wcast-qual-1.c -std=gnu++11  (test for warnings, line 156)
FAIL: c-c++-common/Wcast-qual-1.c -std=gnu++11  (test for warnings, line 157)
FAIL: c-c++-common/Wcast-qual-1.c -std=gnu++1y  (test for warnings, line 155)
FAIL: c-c++-common/Wcast-qual-1.c -std=gnu++1y  (test for warnings, line 156)
FAIL: c-c++-common/Wcast-qual-1.c -std=gnu++1y  (test for warnings, line 157)
FAIL: c-c++-common/Wsizeof-pointer-memaccess2.c -std=gnu++98 (test for excess errors)
FAIL: c-c++-common/Wsizeof-pointer-memaccess2.c -std=gnu++11 (test for excess errors)
FAIL: c-c++-common/Wsizeof-pointer-memaccess2.c -std=gnu++1y (test for excess errors)
FAIL: g++.dg/gomp/udr-3.C -std=gnu++98  (test for warnings, line 148)
FAIL: g++.dg/gomp/udr-3.C -std=gnu++98  (test for errors, line 149)
FAIL: g++.dg/gomp/udr-3.C -std=gnu++98  (test for warnings, line 150)
FAIL: g++.dg/gomp/udr-3.C -std=gnu++98  (test for errors, line 151)
FAIL: g++.dg/gomp/udr-3.C -std=gnu++11  (test for warnings, line 148)
FAIL: g++.dg/gomp/udr-3.C -std=gnu++11  (test for errors, line 149)
FAIL: g++.dg/gomp/udr-3.C -std=gnu++11  (test for warnings, line 150)
FAIL: g++.dg/gomp/udr-3.C -std=gnu++11  (test for errors, line 151)
FAIL: g++.dg/gomp/udr-3.C -std=gnu++1y  (test for warnings, line 148)
FAIL: g++.dg/gomp/udr-3.C -std=gnu++1y  (test for errors, line 149)
FAIL: g++.dg/gomp/udr-3.C -std=gnu++1y  (test for warnings, line 150)
FAIL: g++.dg/gomp/udr-3.C -std=gnu++1y  (test for errors, line 151)
FAIL: g++.dg/tls/thread_local3.C -std=gnu++11 execution test
FAIL: g++.dg/tls/thread_local3.C -std=gnu++1y execution test
FAIL: g++.dg/tls/thread_local3g.C -std=gnu++11 execution test
FAIL: g++.dg/tls/thread_local3g.C -std=gnu++1y execution test
FAIL: g++.dg/tls/thread_local4.C -std=gnu++11 execution test
FAIL: g++.dg/tls/thread_local4.C -std=gnu++1y execution test
FAIL: g++.dg/tls/thread_local4g.C -std=gnu++11 execution test
FAIL: g++.dg/tls/thread_local4g.C -std=gnu++1y execution test
FAIL: g++.dg/tls/thread_local5.C -std=gnu++11 execution test
FAIL: g++.dg/tls/thread_local5.C -std=gnu++1y execution test
FAIL: g++.dg/tls/thread_local5g.C -std=gnu++11 execution test
FAIL: g++.dg/tls/thread_local5g.C -std=gnu++1y execution test
FAIL: g++.old-deja/g++.bugs/900428_01.C -std=c++98  (test for warnings, line 163)
FAIL: g++.old-deja/g++.bugs/900428_01.C -std=c++98 (test for excess errors)
FAIL: g++.old-deja/g++.bugs/900428_01.C -std=c++11  (test for warnings, line 163)
FAIL: g++.old-deja/g++.bugs/900428_01.C -std=c++11 (test for excess errors)
FAIL: g++.old-deja/g++.bugs/900428_01.C -std=c++1y  (test for warnings, line 163)
FAIL: g++.old-deja/g++.bugs/900428_01.C -std=c++1y (test for excess errors)
FAIL: g++.old-deja/g++.law/profile1.C -std=gnu++98 (test for excess errors)
UNRESOLVED: g++.old-deja/g++.law/profile1.C -std=gnu++98 compilation failed to produce executable
FAIL: g++.old-deja/g++.law/profile1.C -std=gnu++11 (test for excess errors)
UNRESOLVED: g++.old-deja/g++.law/profile1.C -std=gnu++11 compilation failed to produce executable
FAIL: g++.old-deja/g++.law/profile1.C -std=gnu++1y (test for excess errors)
UNRESOLVED: g++.old-deja/g++.law/profile1.C -std=gnu++1y compilation failed to produce executable
FAIL: g++.old-deja/g++.mike/p784.C -std=gnu++98  (test for errors, line 2286)
FAIL: g++.old-deja/g++.mike/p784.C -std=gnu++11  (test for errors, line 2286)
FAIL: g++.old-deja/g++.mike/p784.C -std=gnu++1y  (test for errors, line 2286)
FAIL: g++.old-deja/g++.pt/ptrmem6.C -std=c++98  (test for errors, line 30)
FAIL: g++.old-deja/g++.pt/ptrmem6.C -std=c++98  (test for errors, line 31)
FAIL: g++.old-deja/g++.pt/ptrmem6.C -std=c++98 (test for excess errors)

		=== g++ Summary for unix ===

# of expected passes		80803
# of unexpected failures	260
# of expected failures		445
# of unresolved testcases	3
# of unsupported tests		2649

Running target unix/-fstack-protector
FAIL: g++.dg/cdce3.C -std=gnu++98 execution test
FAIL: g++.dg/cdce3.C -std=gnu++11 execution test
FAIL: g++.dg/cdce3.C -std=gnu++1y execution test
FAIL: g++.dg/cpp0x/gnu_fext-numeric-literals.C -std=gnu++11  (test for errors, line 89)
FAIL: g++.dg/cpp0x/gnu_fext-numeric-literals.C -std=gnu++11  (test for errors, line 90)
FAIL: g++.dg/cpp0x/gnu_fext-numeric-literals.C -std=gnu++11  (test for errors, line 91)
FAIL: g++.dg/cpp0x/gnu_fext-numeric-literals.C -std=gnu++11  (test for errors, line 92)
FAIL: g++.dg/cpp0x/gnu_fext-numeric-literals.C -std=gnu++11 (test for excess errors)
FAIL: g++.dg/cpp0x/gnu_fext-numeric-literals.C -std=gnu++1y  (test for errors, line 89)
FAIL: g++.dg/cpp0x/gnu_fext-numeric-literals.C -std=gnu++1y  (test for errors, line 90)
FAIL: g++.dg/cpp0x/gnu_fext-numeric-literals.C -std=gnu++1y  (test for errors, line 91)
FAIL: g++.dg/cpp0x/gnu_fext-numeric-literals.C -std=gnu++1y  (test for errors, line 92)
FAIL: g++.dg/cpp0x/gnu_fext-numeric-literals.C -std=gnu++1y (test for excess errors)
FAIL: g++.dg/cpp0x/overloadn.C -std=gnu++11  (test for warnings, line 371)
FAIL: g++.dg/cpp0x/overloadn.C -std=gnu++11  (test for warnings, line 373)
FAIL: g++.dg/cpp0x/overloadn.C -std=gnu++11  (test for warnings, line 375)
FAIL: g++.dg/cpp0x/overloadn.C -std=gnu++11  (test for warnings, line 418)
FAIL: g++.dg/cpp0x/overloadn.C -std=gnu++11  (test for warnings, line 421)
FAIL: g++.dg/cpp0x/overloadn.C -std=gnu++11  (test for warnings, line 436)
FAIL: g++.dg/cpp0x/overloadn.C -std=gnu++11  (test for warnings, line 440)
FAIL: g++.dg/cpp0x/overloadn.C -std=gnu++11  (test for errors, line 653)
FAIL: g++.dg/cpp0x/overloadn.C -std=gnu++11  (test for errors, line 654)
FAIL: g++.dg/cpp0x/overloadn.C -std=gnu++11  (test for errors, line 655)
FAIL: g++.dg/cpp0x/overloadn.C -std=gnu++11  (test for errors, line 668)
FAIL: g++.dg/cpp0x/overloadn.C -std=gnu++11  (test for errors, line 669)
FAIL: g++.dg/cpp0x/overloadn.C -std=gnu++11  (test for errors, line 674)
FAIL: g++.dg/cpp0x/overloadn.C -std=gnu++11  (test for errors, line 675)
FAIL: g++.dg/cpp0x/overloadn.C -std=gnu++11 (test for excess errors)
FAIL: g++.dg/cpp0x/overloadn.C -std=gnu++1y  (test for warnings, line 371)
FAIL: g++.dg/cpp0x/overloadn.C -std=gnu++1y  (test for warnings, line 373)
FAIL: g++.dg/cpp0x/overloadn.C -std=gnu++1y  (test for warnings, line 375)
FAIL: g++.dg/cpp0x/overloadn.C -std=gnu++1y  (test for warnings, line 418)
FAIL: g++.dg/cpp0x/overloadn.C -std=gnu++1y  (test for warnings, line 421)
FAIL: g++.dg/cpp0x/overloadn.C -std=gnu++1y  (test for warnings, line 436)
FAIL: g++.dg/cpp0x/overloadn.C -std=gnu++1y  (test for warnings, line 440)
FAIL: g++.dg/cpp0x/overloadn.C -std=gnu++1y  (test for errors, line 653)
FAIL: g++.dg/cpp0x/overloadn.C -std=gnu++1y  (test for errors, line 654)
FAIL: g++.dg/cpp0x/overloadn.C -std=gnu++1y  (test for errors, line 655)
FAIL: g++.dg/cpp0x/overloadn.C -std=gnu++1y  (test for errors, line 668)
FAIL: g++.dg/cpp0x/overloadn.C -std=gnu++1y  (test for errors, line 669)
FAIL: g++.dg/cpp0x/overloadn.C -std=gnu++1y  (test for errors, line 674)
FAIL: g++.dg/cpp0x/overloadn.C -std=gnu++1y  (test for errors, line 675)
FAIL: g++.dg/cpp0x/overloadn.C -std=gnu++1y (test for excess errors)
FAIL: g++.dg/cpp0x/rv7n.C -std=gnu++11  (test for warnings, line 90)
FAIL: g++.dg/cpp0x/rv7n.C -std=gnu++11  (test for warnings, line 93)
FAIL: g++.dg/cpp0x/rv7n.C -std=gnu++11  (test for warnings, line 94)
FAIL: g++.dg/cpp0x/rv7n.C -std=gnu++11  (test for warnings, line 95)
FAIL: g++.dg/cpp0x/rv7n.C -std=gnu++11  (test for errors, line 102)
FAIL: g++.dg/cpp0x/rv7n.C -std=gnu++11  (test for errors, line 103)
FAIL: g++.dg/cpp0x/rv7n.C -std=gnu++11 candidate note (test for warnings, line 103)
FAIL: g++.dg/cpp0x/rv7n.C -std=gnu++11 (test for excess errors)
FAIL: g++.dg/cpp0x/rv7n.C -std=gnu++1y  (test for warnings, line 90)
FAIL: g++.dg/cpp0x/rv7n.C -std=gnu++1y  (test for warnings, line 93)
FAIL: g++.dg/cpp0x/rv7n.C -std=gnu++1y  (test for warnings, line 94)
FAIL: g++.dg/cpp0x/rv7n.C -std=gnu++1y  (test for warnings, line 95)
FAIL: g++.dg/cpp0x/rv7n.C -std=gnu++1y  (test for errors, line 102)
FAIL: g++.dg/cpp0x/rv7n.C -std=gnu++1y  (test for errors, line 103)
FAIL: g++.dg/cpp0x/rv7n.C -std=gnu++1y candidate note (test for warnings, line 103)
FAIL: g++.dg/cpp0x/rv7n.C -std=gnu++1y (test for excess errors)
FAIL: g++.dg/cpp0x/std_fext-numeric-literals.C -std=gnu++11  (test for errors, line 89)
FAIL: g++.dg/cpp0x/std_fext-numeric-literals.C -std=gnu++11  (test for errors, line 90)
FAIL: g++.dg/cpp0x/std_fext-numeric-literals.C -std=gnu++11  (test for errors, line 91)
FAIL: g++.dg/cpp0x/std_fext-numeric-literals.C -std=gnu++11  (test for errors, line 92)
FAIL: g++.dg/cpp0x/std_fext-numeric-literals.C -std=gnu++11 (test for excess errors)
FAIL: g++.dg/cpp0x/std_fext-numeric-literals.C -std=gnu++1y  (test for errors, line 89)
FAIL: g++.dg/cpp0x/std_fext-numeric-literals.C -std=gnu++1y  (test for errors, line 90)
FAIL: g++.dg/cpp0x/std_fext-numeric-literals.C -std=gnu++1y  (test for errors, line 91)
FAIL: g++.dg/cpp0x/std_fext-numeric-literals.C -std=gnu++1y  (test for errors, line 92)
FAIL: g++.dg/cpp0x/std_fext-numeric-literals.C -std=gnu++1y (test for excess errors)
FAIL: g++.dg/eh/sighandle.C -std=gnu++98 execution test
FAIL: g++.dg/eh/sighandle.C -std=gnu++11 execution test
FAIL: g++.dg/eh/sighandle.C -std=gnu++1y execution test
FAIL: g++.dg/ext/cleanup-10.C -std=gnu++98 execution test
FAIL: g++.dg/ext/cleanup-10.C -std=gnu++11 execution test
FAIL: g++.dg/ext/cleanup-10.C -std=gnu++1y execution test
FAIL: g++.dg/ext/cleanup-11.C -std=gnu++98 execution test
FAIL: g++.dg/ext/cleanup-11.C -std=gnu++11 execution test
FAIL: g++.dg/ext/cleanup-11.C -std=gnu++1y execution test
FAIL: g++.dg/ext/cleanup-8.C -std=gnu++98 execution test
FAIL: g++.dg/ext/cleanup-8.C -std=gnu++11 execution test
FAIL: g++.dg/ext/cleanup-8.C -std=gnu++1y execution test
FAIL: g++.dg/ext/cleanup-9.C -std=gnu++98 execution test
FAIL: g++.dg/ext/cleanup-9.C -std=gnu++11 execution test
FAIL: g++.dg/ext/cleanup-9.C -std=gnu++1y execution test
FAIL: g++.dg/ext/sync-4.C -std=gnu++98 execution test
FAIL: g++.dg/ext/sync-4.C -std=gnu++11 execution test
FAIL: g++.dg/ext/sync-4.C -std=gnu++1y execution test
FAIL: g++.dg/ext/unary_trait_incomplete.C -std=c++98  (test for errors, line 68)
FAIL: g++.dg/ext/unary_trait_incomplete.C -std=c++98  (test for errors, line 72)
FAIL: g++.dg/ext/unary_trait_incomplete.C -std=c++98  (test for errors, line 74)
FAIL: g++.dg/ext/unary_trait_incomplete.C -std=c++98 (test for excess errors)
FAIL: g++.dg/ext/unary_trait_incomplete.C -std=c++11  (test for errors, line 68)
FAIL: g++.dg/ext/unary_trait_incomplete.C -std=c++11  (test for errors, line 72)
FAIL: g++.dg/ext/unary_trait_incomplete.C -std=c++11  (test for errors, line 74)
FAIL: g++.dg/ext/unary_trait_incomplete.C -std=c++11 (test for excess errors)
FAIL: g++.dg/ext/unary_trait_incomplete.C -std=c++1y  (test for errors, line 68)
FAIL: g++.dg/ext/unary_trait_incomplete.C -std=c++1y  (test for errors, line 72)
FAIL: g++.dg/ext/unary_trait_incomplete.C -std=c++1y  (test for errors, line 74)
FAIL: g++.dg/ext/unary_trait_incomplete.C -std=c++1y (test for excess errors)
FAIL: g++.dg/fstack-protector-strong.C -std=gnu++98  scan-assembler-times stack_chk_fail 2
FAIL: g++.dg/fstack-protector-strong.C -std=gnu++11  scan-assembler-times stack_chk_fail 2
FAIL: g++.dg/fstack-protector-strong.C -std=gnu++1y  scan-assembler-times stack_chk_fail 2
FAIL: g++.dg/init/pr25811.C -std=c++98  (test for warnings, line 92)
FAIL: g++.dg/init/pr25811.C -std=c++98  (test for warnings, line 98)
FAIL: g++.dg/init/pr25811.C -std=c++98  (test for warnings, line 104)
FAIL: g++.dg/init/pr25811.C -std=c++98  (test for warnings, line 110)
FAIL: g++.dg/init/pr25811.C -std=c++98  (test for warnings, line 130)
FAIL: g++.dg/init/pr25811.C -std=c++98  (test for errors, line 205)
FAIL: g++.dg/init/pr25811.C -std=c++98  (test for errors, line 210)
FAIL: g++.dg/init/pr25811.C -std=c++98 (test for excess errors)
FAIL: g++.dg/init/pr43719.C -std=c++98  (test for warnings, line 85)
FAIL: g++.dg/init/pr43719.C -std=c++98  (test for warnings, line 90)
FAIL: g++.dg/init/pr43719.C -std=c++98  (test for warnings, line 95)
FAIL: g++.dg/init/pr43719.C -std=c++98  (test for warnings, line 114)
FAIL: g++.dg/init/pr43719.C -std=c++98  (test for errors, line 195)
FAIL: g++.dg/init/pr43719.C -std=c++98 (test for excess errors)
FAIL: g++.dg/ipa/pr61160-3.C -std=gnu++98 execution test
FAIL: g++.dg/ipa/pr61160-3.C -std=gnu++11 execution test
FAIL: g++.dg/ipa/pr61160-3.C -std=gnu++1y execution test
FAIL: g++.dg/other/default3.C -std=c++98  (test for errors, line 106)
FAIL: g++.dg/other/default3.C -std=c++98  (test for errors, line 109)
FAIL: g++.dg/other/default3.C -std=c++98 (test for excess errors)
FAIL: g++.dg/other/default3.C -std=c++11  (test for errors, line 106)
FAIL: g++.dg/other/default3.C -std=c++11  (test for errors, line 109)
FAIL: g++.dg/other/default3.C -std=c++11 (test for excess errors)
FAIL: g++.dg/other/default3.C -std=c++1y  (test for errors, line 106)
FAIL: g++.dg/other/default3.C -std=c++1y  (test for errors, line 109)
FAIL: g++.dg/other/default3.C -std=c++1y (test for excess errors)
FAIL: g++.dg/warn/Wconversion-real-integer.C -std=gnu++98  (test for warnings, line 111)
FAIL: g++.dg/warn/Wconversion-real-integer.C -std=gnu++98 (test for excess errors)
FAIL: g++.dg/warn/Wconversion-real-integer.C -std=gnu++11  (test for warnings, line 111)
FAIL: g++.dg/warn/Wconversion-real-integer.C -std=gnu++11 (test for excess errors)
FAIL: g++.dg/warn/Wconversion-real-integer.C -std=gnu++1y  (test for warnings, line 111)
FAIL: g++.dg/warn/Wconversion-real-integer.C -std=gnu++1y (test for excess errors)
FAIL: g++.dg/warn/Wparentheses-10.C -std=gnu++98 correct warning (test for warnings, line 113)
FAIL: g++.dg/warn/Wparentheses-10.C -std=gnu++98 correct warning (test for warnings, line 116)
FAIL: g++.dg/warn/Wparentheses-10.C -std=gnu++11 correct warning (test for warnings, line 113)
FAIL: g++.dg/warn/Wparentheses-10.C -std=gnu++11 correct warning (test for warnings, line 116)
FAIL: g++.dg/warn/Wparentheses-10.C -std=gnu++1y correct warning (test for warnings, line 113)
FAIL: g++.dg/warn/Wparentheses-10.C -std=gnu++1y correct warning (test for warnings, line 116)
FAIL: g++.dg/warn/Wparentheses-18.C -std=gnu++98 correct warning (test for warnings, line 111)
FAIL: g++.dg/warn/Wparentheses-18.C -std=gnu++98 correct warning (test for warnings, line 114)
FAIL: g++.dg/warn/Wparentheses-18.C -std=gnu++98 correct warning (test for warnings, line 117)
FAIL: g++.dg/warn/Wparentheses-18.C -std=gnu++98 (test for excess errors)
FAIL: g++.dg/warn/Wparentheses-18.C -std=gnu++11 correct warning (test for warnings, line 111)
FAIL: g++.dg/warn/Wparentheses-18.C -std=gnu++11 correct warning (test for warnings, line 114)
FAIL: g++.dg/warn/Wparentheses-18.C -std=gnu++11 correct warning (test for warnings, line 117)
FAIL: g++.dg/warn/Wparentheses-18.C -std=gnu++11 (test for excess errors)
FAIL: g++.dg/warn/Wparentheses-18.C -std=gnu++1y correct warning (test for warnings, line 111)
FAIL: g++.dg/warn/Wparentheses-18.C -std=gnu++1y correct warning (test for warnings, line 114)
FAIL: g++.dg/warn/Wparentheses-18.C -std=gnu++1y correct warning (test for warnings, line 117)
FAIL: g++.dg/warn/Wparentheses-18.C -std=gnu++1y (test for excess errors)
FAIL: g++.dg/warn/Wparentheses-19.C -std=gnu++98 correct warning (test for warnings, line 111)
FAIL: g++.dg/warn/Wparentheses-19.C -std=gnu++98 correct warning (test for warnings, line 114)
FAIL: g++.dg/warn/Wparentheses-19.C -std=gnu++98 correct warning (test for warnings, line 117)
FAIL: g++.dg/warn/Wparentheses-19.C -std=gnu++98 (test for excess errors)
FAIL: g++.dg/warn/Wparentheses-19.C -std=gnu++11 correct warning (test for warnings, line 111)
FAIL: g++.dg/warn/Wparentheses-19.C -std=gnu++11 correct warning (test for warnings, line 114)
FAIL: g++.dg/warn/Wparentheses-19.C -std=gnu++11 correct warning (test for warnings, line 117)
FAIL: g++.dg/warn/Wparentheses-19.C -std=gnu++11 (test for excess errors)
FAIL: g++.dg/warn/Wparentheses-19.C -std=gnu++1y correct warning (test for warnings, line 111)
FAIL: g++.dg/warn/Wparentheses-19.C -std=gnu++1y correct warning (test for warnings, line 114)
FAIL: g++.dg/warn/Wparentheses-19.C -std=gnu++1y correct warning (test for warnings, line 117)
FAIL: g++.dg/warn/Wparentheses-19.C -std=gnu++1y (test for excess errors)
FAIL: g++.dg/warn/Wparentheses-9.C -std=gnu++98 correct warning (test for warnings, line 113)
FAIL: g++.dg/warn/Wparentheses-9.C -std=gnu++98 correct warning (test for warnings, line 116)
FAIL: g++.dg/warn/Wparentheses-9.C -std=gnu++98 (test for excess errors)
FAIL: g++.dg/warn/Wparentheses-9.C -std=gnu++11 correct warning (test for warnings, line 113)
FAIL: g++.dg/warn/Wparentheses-9.C -std=gnu++11 correct warning (test for warnings, line 116)
FAIL: g++.dg/warn/Wparentheses-9.C -std=gnu++11 (test for excess errors)
FAIL: g++.dg/warn/Wparentheses-9.C -std=gnu++1y correct warning (test for warnings, line 113)
FAIL: g++.dg/warn/Wparentheses-9.C -std=gnu++1y correct warning (test for warnings, line 116)
FAIL: g++.dg/warn/Wparentheses-9.C -std=gnu++1y (test for excess errors)
FAIL: g++.dg/warn/Wsign-conversion.C -std=gnu++98  (test for warnings, line 89)
FAIL: g++.dg/warn/Wsign-conversion.C -std=gnu++98  (test for warnings, line 90)
FAIL: g++.dg/warn/Wsign-conversion.C -std=gnu++98  (test for warnings, line 91)
FAIL: g++.dg/warn/Wsign-conversion.C -std=gnu++98  (test for warnings, line 94)
FAIL: g++.dg/warn/Wsign-conversion.C -std=gnu++98 (test for excess errors)
FAIL: g++.dg/warn/Wsign-conversion.C -std=gnu++11  (test for warnings, line 89)
FAIL: g++.dg/warn/Wsign-conversion.C -std=gnu++11  (test for warnings, line 90)
FAIL: g++.dg/warn/Wsign-conversion.C -std=gnu++11  (test for warnings, line 91)
FAIL: g++.dg/warn/Wsign-conversion.C -std=gnu++11  (test for warnings, line 94)
FAIL: g++.dg/warn/Wsign-conversion.C -std=gnu++11 (test for excess errors)
FAIL: g++.dg/warn/Wsign-conversion.C -std=gnu++1y  (test for warnings, line 89)
FAIL: g++.dg/warn/Wsign-conversion.C -std=gnu++1y  (test for warnings, line 90)
FAIL: g++.dg/warn/Wsign-conversion.C -std=gnu++1y  (test for warnings, line 91)
FAIL: g++.dg/warn/Wsign-conversion.C -std=gnu++1y  (test for warnings, line 94)
FAIL: g++.dg/warn/Wsign-conversion.C -std=gnu++1y (test for excess errors)
FAIL: g++.dg/warn/pr16302.C -std=gnu++98  (test for warnings, line 45)
FAIL: g++.dg/warn/pr16302.C -std=gnu++98 (test for excess errors)
FAIL: g++.dg/warn/pr16302.C -std=gnu++11  (test for warnings, line 45)
FAIL: g++.dg/warn/pr16302.C -std=gnu++11 (test for excess errors)
FAIL: g++.dg/warn/pr16302.C -std=gnu++1y  (test for warnings, line 45)
FAIL: g++.dg/warn/pr16302.C -std=gnu++1y (test for excess errors)
FAIL: g++.dg/warn/sequence-pt-1.C -std=gnu++98 sequence point warning (test for warnings, line 62)
FAIL: g++.dg/warn/sequence-pt-1.C -std=gnu++98 sequence point warning (test for warnings, line 63)
FAIL: g++.dg/warn/sequence-pt-1.C -std=gnu++98 sequence point warning (test for warnings, line 64)
FAIL: g++.dg/warn/sequence-pt-1.C -std=gnu++98 (test for excess errors)
FAIL: g++.dg/warn/sequence-pt-1.C -std=gnu++11 sequence point warning (test for warnings, line 62)
FAIL: g++.dg/warn/sequence-pt-1.C -std=gnu++11 sequence point warning (test for warnings, line 63)
FAIL: g++.dg/warn/sequence-pt-1.C -std=gnu++11 sequence point warning (test for warnings, line 64)
FAIL: g++.dg/warn/sequence-pt-1.C -std=gnu++11 (test for excess errors)
FAIL: g++.dg/warn/sequence-pt-1.C -std=gnu++1y sequence point warning (test for warnings, line 62)
FAIL: g++.dg/warn/sequence-pt-1.C -std=gnu++1y sequence point warning (test for warnings, line 63)
FAIL: g++.dg/warn/sequence-pt-1.C -std=gnu++1y sequence point warning (test for warnings, line 64)
FAIL: g++.dg/warn/sequence-pt-1.C -std=gnu++1y (test for excess errors)
FAIL: c-c++-common/Wcast-qual-1.c -std=gnu++98  (test for warnings, line 155)
FAIL: c-c++-common/Wcast-qual-1.c -std=gnu++98  (test for warnings, line 156)
FAIL: c-c++-common/Wcast-qual-1.c -std=gnu++98  (test for warnings, line 157)
FAIL: c-c++-common/Wcast-qual-1.c -std=gnu++11  (test for warnings, line 155)
FAIL: c-c++-common/Wcast-qual-1.c -std=gnu++11  (test for warnings, line 156)
FAIL: c-c++-common/Wcast-qual-1.c -std=gnu++11  (test for warnings, line 157)
FAIL: c-c++-common/Wcast-qual-1.c -std=gnu++1y  (test for warnings, line 155)
FAIL: c-c++-common/Wcast-qual-1.c -std=gnu++1y  (test for warnings, line 156)
FAIL: c-c++-common/Wcast-qual-1.c -std=gnu++1y  (test for warnings, line 157)
FAIL: c-c++-common/Wsizeof-pointer-memaccess2.c -std=gnu++98 (test for excess errors)
FAIL: c-c++-common/Wsizeof-pointer-memaccess2.c -std=gnu++11 (test for excess errors)
FAIL: c-c++-common/Wsizeof-pointer-memaccess2.c -std=gnu++1y (test for excess errors)
FAIL: g++.dg/gomp/udr-3.C -std=gnu++98  (test for warnings, line 148)
FAIL: g++.dg/gomp/udr-3.C -std=gnu++98  (test for errors, line 149)
FAIL: g++.dg/gomp/udr-3.C -std=gnu++98  (test for warnings, line 150)
FAIL: g++.dg/gomp/udr-3.C -std=gnu++98  (test for errors, line 151)
FAIL: g++.dg/gomp/udr-3.C -std=gnu++11  (test for warnings, line 148)
FAIL: g++.dg/gomp/udr-3.C -std=gnu++11  (test for errors, line 149)
FAIL: g++.dg/gomp/udr-3.C -std=gnu++11  (test for warnings, line 150)
FAIL: g++.dg/gomp/udr-3.C -std=gnu++11  (test for errors, line 151)
FAIL: g++.dg/gomp/udr-3.C -std=gnu++1y  (test for warnings, line 148)
FAIL: g++.dg/gomp/udr-3.C -std=gnu++1y  (test for errors, line 149)
FAIL: g++.dg/gomp/udr-3.C -std=gnu++1y  (test for warnings, line 150)
FAIL: g++.dg/gomp/udr-3.C -std=gnu++1y  (test for errors, line 151)
FAIL: g++.dg/tls/thread_local3.C -std=gnu++11 execution test
FAIL: g++.dg/tls/thread_local3.C -std=gnu++1y execution test
FAIL: g++.dg/tls/thread_local3g.C -std=gnu++11 execution test
FAIL: g++.dg/tls/thread_local3g.C -std=gnu++1y execution test
FAIL: g++.dg/tls/thread_local4.C -std=gnu++11 execution test
FAIL: g++.dg/tls/thread_local4.C -std=gnu++1y execution test
FAIL: g++.dg/tls/thread_local4g.C -std=gnu++11 execution test
FAIL: g++.dg/tls/thread_local4g.C -std=gnu++1y execution test
FAIL: g++.dg/tls/thread_local5.C -std=gnu++11 execution test
FAIL: g++.dg/tls/thread_local5.C -std=gnu++1y execution test
FAIL: g++.dg/tls/thread_local5g.C -std=gnu++11 execution test
FAIL: g++.dg/tls/thread_local5g.C -std=gnu++1y execution test
FAIL: g++.old-deja/g++.bugs/900428_01.C -std=c++98  (test for warnings, line 163)
FAIL: g++.old-deja/g++.bugs/900428_01.C -std=c++98 (test for excess errors)
FAIL: g++.old-deja/g++.bugs/900428_01.C -std=c++11  (test for warnings, line 163)
FAIL: g++.old-deja/g++.bugs/900428_01.C -std=c++11 (test for excess errors)
FAIL: g++.old-deja/g++.bugs/900428_01.C -std=c++1y  (test for warnings, line 163)
FAIL: g++.old-deja/g++.bugs/900428_01.C -std=c++1y (test for excess errors)
FAIL: g++.old-deja/g++.eh/spec6.C -std=c++11  (test for errors, line 24)
FAIL: g++.old-deja/g++.eh/spec6.C -std=c++11  (test for warnings, line 28)
FAIL: g++.old-deja/g++.eh/spec6.C -std=c++11 (test for excess errors)
FAIL: g++.old-deja/g++.law/profile1.C -std=gnu++98 (test for excess errors)
UNRESOLVED: g++.old-deja/g++.law/profile1.C -std=gnu++98 compilation failed to produce executable
FAIL: g++.old-deja/g++.law/profile1.C -std=gnu++11 (test for excess errors)
UNRESOLVED: g++.old-deja/g++.law/profile1.C -std=gnu++11 compilation failed to produce executable
FAIL: g++.old-deja/g++.law/profile1.C -std=gnu++1y (test for excess errors)
UNRESOLVED: g++.old-deja/g++.law/profile1.C -std=gnu++1y compilation failed to produce executable
FAIL: g++.old-deja/g++.mike/p784.C -std=gnu++98  (test for errors, line 2286)
FAIL: g++.old-deja/g++.mike/p784.C -std=gnu++11  (test for errors, line 2286)
FAIL: g++.old-deja/g++.mike/p784.C -std=gnu++1y  (test for errors, line 2286)
FAIL: g++.old-deja/g++.other/overload11.C -std=c++1y  (test for errors, line 80)
FAIL: g++.old-deja/g++.other/overload11.C -std=c++1y  (test for errors, line 82)
FAIL: g++.old-deja/g++.other/overload11.C -std=c++1y  (test for errors, line 83)
FAIL: g++.old-deja/g++.other/overload11.C -std=c++1y  (test for errors, line 85)
FAIL: g++.old-deja/g++.other/overload11.C -std=c++1y  (test for errors, line 86)
FAIL: g++.old-deja/g++.other/overload11.C -std=c++1y  (test for errors, line 88)
FAIL: g++.old-deja/g++.other/overload11.C -std=c++1y  (test for errors, line 89)

		=== g++ Summary for unix/-fstack-protector ===

# of expected passes		80799
# of unexpected failures	264
# of expected failures		445
# of unresolved testcases	3
# of unsupported tests		2649

		=== g++ Summary ===

# of expected passes		161602
# of unexpected failures	524
# of expected failures		890
# of unresolved testcases	6
# of unsupported tests		5298
/build/gcc-4.9-IYkGvT/gcc-4.9-4.9.1/build/gcc/testsuite/g++/../../xg++  version 4.9.1 (Debian 4.9.1-1) 

		=== gcc tests ===


Running target unix
FAIL: gcc.dg/cpp/macspace1.c  (test for warnings, line 48)
FAIL: gcc.dg/cpp/macspace1.c  (test for warnings, line 49)
FAIL: gcc.dg/cpp/macspace1.c  (test for warnings, line 50)
FAIL: gcc.dg/cpp/macspace1.c  (test for warnings, line 51)
FAIL: gcc.dg/cpp/macspace1.c  (test for warnings, line 52)
FAIL: gcc.dg/cpp/macspace1.c  (test for warnings, line 53)
FAIL: gcc.dg/cpp/macspace1.c  (test for warnings, line 54)
FAIL: gcc.dg/cpp/macspace1.c  (test for warnings, line 55)
FAIL: gcc.dg/cpp/macspace1.c  (test for warnings, line 56)
FAIL: gcc.dg/cpp/macspace1.c  (test for warnings, line 57)
FAIL: gcc.dg/cpp/macspace1.c  (test for warnings, line 58)
FAIL: gcc.dg/cpp/macspace1.c  (test for warnings, line 59)
FAIL: gcc.dg/cpp/macspace2.c  (test for errors, line 46)
FAIL: gcc.dg/cpp/macspace2.c  (test for errors, line 47)
FAIL: gcc.dg/cpp/macspace2.c  (test for errors, line 48)
FAIL: gcc.dg/cpp/macspace2.c  (test for errors, line 49)
FAIL: gcc.dg/cpp/macspace2.c  (test for errors, line 50)
FAIL: gcc.dg/cpp/macspace2.c  (test for errors, line 51)
FAIL: gcc.dg/cpp/macspace2.c  (test for errors, line 52)
FAIL: gcc.dg/cpp/macspace2.c  (test for errors, line 53)
FAIL: gcc.dg/cpp/macspace2.c  (test for errors, line 54)
FAIL: gcc.dg/cpp/macspace2.c  (test for errors, line 55)
FAIL: gcc.dg/cpp/macspace2.c  (test for errors, line 56)
FAIL: gcc.dg/cpp/macspace2.c  (test for errors, line 57)
FAIL: gcc.dg/cpp/macspace2.c  (test for errors, line 58)
FAIL: gcc.dg/cpp/macspace2.c  (test for errors, line 59)
FAIL: gcc.dg/cpp/pr33466.c  (test for errors, line 53)
FAIL: gcc.dg/cpp/pr33466.c  (test for errors, line 54)
FAIL: gcc.dg/cpp/pr33466.c  (test for errors, line 55)
FAIL: gcc.dg/cpp/pr33466.c  (test for errors, line 56)
FAIL: gcc.dg/cpp/pr33466.c  (test for errors, line 57)
FAIL: gcc.dg/cpp/pr33466.c  (test for errors, line 58)
FAIL: gcc.dg/cpp/pr33466.c  (test for errors, line 59)
FAIL: gcc.dg/cpp/pr33466.c  (test for errors, line 60)
FAIL: gcc.dg/cpp/pr33466.c  (test for errors, line 61)
FAIL: gcc.dg/cpp/pr33466.c  (test for errors, line 62)
FAIL: gcc.dg/cpp/pr33466.c  (test for errors, line 63)
FAIL: gcc.dg/cpp/pr33466.c  (test for errors, line 64)
FAIL: gcc.dg/cpp/pr33466.c (test for excess errors)
FAIL: gcc.dg/20021014-1.c (test for excess errors)
UNRESOLVED: gcc.dg/20021014-1.c compilation failed to produce executable
FAIL: gcc.dg/Wcxx-compat-6.c  (test for warnings, line 92)
FAIL: gcc.dg/Wcxx-compat-6.c  (test for warnings, line 101)
FAIL: gcc.dg/Wcxx-compat-6.c  (test for warnings, line 103)
FAIL: gcc.dg/Wcxx-compat-6.c (test for excess errors)
FAIL: gcc.dg/Wparentheses-2.c correct warning (test for warnings, line 115)
FAIL: gcc.dg/Wparentheses-2.c correct warning (test for warnings, line 118)
FAIL: gcc.dg/Wparentheses-2.c (test for excess errors)
FAIL: gcc.dg/Wparentheses-6.c correct warning (test for warnings, line 118)
FAIL: gcc.dg/Wparentheses-6.c (test for excess errors)
FAIL: gcc.dg/Wparentheses-7.c correct warning (test for warnings, line 118)
FAIL: gcc.dg/Wparentheses-7.c (test for excess errors)
FAIL: gcc.dg/Wsign-conversion.c  (test for warnings, line 90)
FAIL: gcc.dg/Wsign-conversion.c  (test for warnings, line 91)
FAIL: gcc.dg/Wsign-conversion.c  (test for warnings, line 94)
FAIL: gcc.dg/Wsign-conversion.c (test for excess errors)
FAIL: gcc.dg/builtins-error.c  (test for errors, line 60)
FAIL: gcc.dg/builtins-error.c  (test for errors, line 61)
FAIL: gcc.dg/builtins-error.c  (test for errors, line 62)
FAIL: gcc.dg/builtins-error.c  (test for errors, line 63)
FAIL: gcc.dg/cleanup-10.c execution test
FAIL: gcc.dg/cleanup-11.c execution test
FAIL: gcc.dg/cleanup-8.c execution test
FAIL: gcc.dg/cleanup-9.c execution test
FAIL: gcc.dg/enum-incomplete-1.c  (test for errors, line 70)
FAIL: gcc.dg/enum-incomplete-1.c  (test for errors, line 71)
FAIL: gcc.dg/enum-incomplete-1.c  (test for errors, line 72)
FAIL: gcc.dg/enum-incomplete-1.c  (test for errors, line 76)
FAIL: gcc.dg/enum-incomplete-1.c  (test for errors, line 77)
FAIL: gcc.dg/enum-incomplete-1.c  (test for errors, line 79)
FAIL: gcc.dg/enum-incomplete-1.c  (test for errors, line 80)
FAIL: gcc.dg/enum-incomplete-1.c  (test for errors, line 81)
FAIL: gcc.dg/enum-incomplete-1.c  (test for errors, line 83)
FAIL: gcc.dg/enum-incomplete-1.c  (test for errors, line 85)
FAIL: gcc.dg/enum-incomplete-1.c (test for excess errors)
FAIL: gcc.dg/nest.c (test for excess errors)
UNRESOLVED: gcc.dg/nest.c compilation failed to produce executable
FAIL: gcc.dg/nested-func-4.c (test for excess errors)
UNRESOLVED: gcc.dg/nested-func-4.c compilation failed to produce executable
FAIL: gcc.dg/overflow-warn-2.c  (test for warnings, line 119)
FAIL: gcc.dg/overflow-warn-2.c  (test for warnings, line 122)
FAIL: gcc.dg/overflow-warn-2.c  (test for warnings, line 125)
FAIL: gcc.dg/overflow-warn-2.c -Wtraditional-conversion (test for warnings, line 127)
FAIL: gcc.dg/overflow-warn-2.c -Wtraditional-conversion (test for warnings, line 131)
FAIL: gcc.dg/overflow-warn-2.c (test for excess errors)
FAIL: gcc.dg/pr32450.c (test for excess errors)
UNRESOLVED: gcc.dg/pr32450.c compilation failed to produce executable
FAIL: gcc.dg/pr43643.c (test for excess errors)
UNRESOLVED: gcc.dg/pr43643.c compilation failed to produce executable
FAIL: gcc.dg/sequence-pt-1.c sequence point warning (test for warnings, line 64)
FAIL: gcc.dg/sequence-pt-1.c sequence point warning (test for warnings, line 65)
FAIL: gcc.dg/sequence-pt-1.c (test for excess errors)
FAIL: c-c++-common/Wcast-qual-1.c  -Wc++-compat   (test for warnings, line 149)
FAIL: c-c++-common/Wcast-qual-1.c  -Wc++-compat   (test for warnings, line 150)
FAIL: c-c++-common/Wcast-qual-1.c  -Wc++-compat   (test for warnings, line 151)
FAIL: c-c++-common/Wcast-qual-1.c  -Wc++-compat   (test for warnings, line 154)
FAIL: c-c++-common/Wcast-qual-1.c  -Wc++-compat   (test for warnings, line 155)
FAIL: c-c++-common/Wcast-qual-1.c  -Wc++-compat   (test for warnings, line 156)
FAIL: c-c++-common/Wcast-qual-1.c  -Wc++-compat   (test for warnings, line 157)
FAIL: c-c++-common/Wcast-qual-1.c  -Wc++-compat  (test for excess errors)
FAIL: c-c++-common/Wsizeof-pointer-memaccess1.c  -Wc++-compat   (test for warnings, line 123)
FAIL: c-c++-common/Wsizeof-pointer-memaccess1.c  -Wc++-compat   (test for warnings, line 124)
FAIL: c-c++-common/Wsizeof-pointer-memaccess1.c  -Wc++-compat   (test for warnings, line 151)
FAIL: c-c++-common/Wsizeof-pointer-memaccess1.c  -Wc++-compat   (test for warnings, line 152)
FAIL: c-c++-common/Wsizeof-pointer-memaccess1.c  -Wc++-compat   (test for warnings, line 153)
FAIL: c-c++-common/Wsizeof-pointer-memaccess1.c  -Wc++-compat   (test for warnings, line 154)
FAIL: c-c++-common/Wsizeof-pointer-memaccess1.c  -Wc++-compat  (test for excess errors)
FAIL: gcc.dg/format/asm_fprintf-1.c   wide string (test for warnings, line 75)
FAIL: gcc.dg/format/asm_fprintf-1.c   %s with NULL (test for warnings, line 76)
FAIL: gcc.dg/format/asm_fprintf-1.c   bad argument types (test for warnings, line 79)
FAIL: gcc.dg/format/asm_fprintf-1.c  -DWIDE  wide string (test for warnings, line 75)
FAIL: gcc.dg/format/asm_fprintf-1.c  -DWIDE  %s with NULL (test for warnings, line 76)
FAIL: gcc.dg/format/asm_fprintf-1.c  -DWIDE  bad argument types (test for warnings, line 79)
FAIL: gcc.dg/format/ext-2.c   bad use of I flag (test for warnings, line 71)
FAIL: gcc.dg/format/ext-2.c   bad use of I flag (test for warnings, line 72)
FAIL: gcc.dg/format/ext-2.c  -DWIDE  bad use of I flag (test for warnings, line 71)
FAIL: gcc.dg/format/ext-2.c  -DWIDE  bad use of I flag (test for warnings, line 72)
FAIL: gcc.dg/gomp/nesting-1.c  (test for errors, line 164)
FAIL: gcc.dg/gomp/nesting-1.c  (test for errors, line 170)
FAIL: gcc.dg/gomp/nesting-1.c  (test for errors, line 174)
FAIL: gcc.dg/gomp/nesting-1.c  (test for errors, line 183)
FAIL: gcc.dg/gomp/nesting-1.c  (test for errors, line 193)
FAIL: gcc.dg/gomp/nesting-1.c  (test for errors, line 205)
FAIL: gcc.dg/gomp/nesting-1.c  (test for errors, line 234)
FAIL: gcc.dg/gomp/nesting-1.c  (test for errors, line 237)
FAIL: gcc.dg/gomp/nesting-1.c (test for excess errors)
FAIL: gcc.dg/gomp/udr-2.c  (test for errors, line 37)
FAIL: gcc.dg/gomp/udr-2.c  (test for errors, line 38)
FAIL: gcc.dg/gomp/udr-2.c  (test for errors, line 39)
FAIL: gcc.dg/gomp/udr-2.c  (test for errors, line 40)
FAIL: gcc.dg/gomp/udr-2.c  (test for errors, line 41)
FAIL: gcc.dg/gomp/udr-2.c (test for excess errors)
FAIL: gcc.dg/noncompile/920923-1.c  -O0   (test for errors, line 106)
FAIL: gcc.dg/noncompile/920923-1.c  -O0   (test for errors, line 111)
FAIL: gcc.dg/noncompile/920923-1.c  -O1   (test for errors, line 106)
FAIL: gcc.dg/noncompile/920923-1.c  -O1   (test for errors, line 111)
FAIL: gcc.dg/noncompile/920923-1.c  -O2   (test for errors, line 106)
FAIL: gcc.dg/noncompile/920923-1.c  -O2   (test for errors, line 111)
FAIL: gcc.dg/noncompile/920923-1.c  -O3 -fomit-frame-pointer   (test for errors, line 106)
FAIL: gcc.dg/noncompile/920923-1.c  -O3 -fomit-frame-pointer   (test for errors, line 111)
FAIL: gcc.dg/noncompile/920923-1.c  -O3 -fomit-frame-pointer -funroll-loops   (test for errors, line 106)
FAIL: gcc.dg/noncompile/920923-1.c  -O3 -fomit-frame-pointer -funroll-loops   (test for errors, line 111)
FAIL: gcc.dg/noncompile/920923-1.c  -O3 -fomit-frame-pointer -funroll-all-loops -finline-functions   (test for errors, line 106)
FAIL: gcc.dg/noncompile/920923-1.c  -O3 -fomit-frame-pointer -funroll-all-loops -finline-functions   (test for errors, line 111)
FAIL: gcc.dg/noncompile/920923-1.c  -O3 -g   (test for errors, line 106)
FAIL: gcc.dg/noncompile/920923-1.c  -O3 -g   (test for errors, line 111)
FAIL: gcc.dg/noncompile/920923-1.c  -Os   (test for errors, line 106)
FAIL: gcc.dg/noncompile/920923-1.c  -Os   (test for errors, line 111)
FAIL: gcc.dg/noncompile/920923-1.c  -O2 -flto -fno-use-linker-plugin -flto-partition=none   (test for errors, line 106)
FAIL: gcc.dg/noncompile/920923-1.c  -O2 -flto -fno-use-linker-plugin -flto-partition=none   (test for errors, line 111)
FAIL: gcc.dg/noncompile/920923-1.c  -O2 -flto -fuse-linker-plugin -fno-fat-lto-objects   (test for errors, line 106)
FAIL: gcc.dg/noncompile/920923-1.c  -O2 -flto -fuse-linker-plugin -fno-fat-lto-objects   (test for errors, line 111)
FAIL: largefile.c  -O0 -g -I. -Dwith_PCH (internal compiler error)
FAIL: largefile.c  -O0 -g -I. -Dwith_PCH (test for excess errors)
FAIL: gcc.dg/pch/largefile.c  -O0 -g assembly comparison
FAIL: largefile.c   -O0  -I. -Dwith_PCH (internal compiler error)
FAIL: largefile.c   -O0  -I. -Dwith_PCH (test for excess errors)
FAIL: gcc.dg/pch/largefile.c   -O0  assembly comparison
FAIL: largefile.c   -O1  -I. -Dwith_PCH (internal compiler error)
FAIL: largefile.c   -O1  -I. -Dwith_PCH (test for excess errors)
FAIL: gcc.dg/pch/largefile.c   -O1  assembly comparison
FAIL: largefile.c   -O2  -I. -Dwith_PCH (internal compiler error)
FAIL: largefile.c   -O2  -I. -Dwith_PCH (test for excess errors)
FAIL: gcc.dg/pch/largefile.c   -O2  assembly comparison
FAIL: largefile.c   -O3 -fomit-frame-pointer  -I. -Dwith_PCH (internal compiler error)
FAIL: largefile.c   -O3 -fomit-frame-pointer  -I. -Dwith_PCH (test for excess errors)
FAIL: gcc.dg/pch/largefile.c   -O3 -fomit-frame-pointer  assembly comparison
FAIL: largefile.c   -O3 -g  -I. -Dwith_PCH (internal compiler error)
FAIL: largefile.c   -O3 -g  -I. -Dwith_PCH (test for excess errors)
FAIL: gcc.dg/pch/largefile.c   -O3 -g  assembly comparison
FAIL: largefile.c   -Os  -I. -Dwith_PCH (internal compiler error)
FAIL: largefile.c   -Os  -I. -Dwith_PCH (test for excess errors)
FAIL: gcc.dg/pch/largefile.c   -Os  assembly comparison

		=== gcc Summary for unix ===

# of expected passes		101040
# of unexpected failures	168
# of expected failures		252
# of unresolved testcases	5
# of unsupported tests		1141

Running target unix/-fstack-protector
FAIL: gcc.dg/cpp/macspace1.c  (test for warnings, line 48)
FAIL: gcc.dg/cpp/macspace1.c  (test for warnings, line 49)
FAIL: gcc.dg/cpp/macspace1.c  (test for warnings, line 50)
FAIL: gcc.dg/cpp/macspace1.c  (test for warnings, line 51)
FAIL: gcc.dg/cpp/macspace1.c  (test for warnings, line 52)
FAIL: gcc.dg/cpp/macspace1.c  (test for warnings, line 53)
FAIL: gcc.dg/cpp/macspace1.c  (test for warnings, line 54)
FAIL: gcc.dg/cpp/macspace1.c  (test for warnings, line 55)
FAIL: gcc.dg/cpp/macspace1.c  (test for warnings, line 56)
FAIL: gcc.dg/cpp/macspace1.c  (test for warnings, line 57)
FAIL: gcc.dg/cpp/macspace1.c  (test for warnings, line 58)
FAIL: gcc.dg/cpp/macspace1.c  (test for warnings, line 59)
FAIL: gcc.dg/cpp/macspace2.c  (test for errors, line 46)
FAIL: gcc.dg/cpp/macspace2.c  (test for errors, line 47)
FAIL: gcc.dg/cpp/macspace2.c  (test for errors, line 48)
FAIL: gcc.dg/cpp/macspace2.c  (test for errors, line 49)
FAIL: gcc.dg/cpp/macspace2.c  (test for errors, line 50)
FAIL: gcc.dg/cpp/macspace2.c  (test for errors, line 51)
FAIL: gcc.dg/cpp/macspace2.c  (test for errors, line 52)
FAIL: gcc.dg/cpp/macspace2.c  (test for errors, line 53)
FAIL: gcc.dg/cpp/macspace2.c  (test for errors, line 54)
FAIL: gcc.dg/cpp/macspace2.c  (test for errors, line 55)
FAIL: gcc.dg/cpp/macspace2.c  (test for errors, line 56)
FAIL: gcc.dg/cpp/macspace2.c  (test for errors, line 57)
FAIL: gcc.dg/cpp/macspace2.c  (test for errors, line 58)
FAIL: gcc.dg/cpp/macspace2.c  (test for errors, line 59)
FAIL: gcc.dg/cpp/pr33466.c  (test for errors, line 53)
FAIL: gcc.dg/cpp/pr33466.c  (test for errors, line 54)
FAIL: gcc.dg/cpp/pr33466.c  (test for errors, line 55)
FAIL: gcc.dg/cpp/pr33466.c  (test for errors, line 56)
FAIL: gcc.dg/cpp/pr33466.c  (test for errors, line 57)
FAIL: gcc.dg/cpp/pr33466.c  (test for errors, line 58)
FAIL: gcc.dg/cpp/pr33466.c  (test for errors, line 59)
FAIL: gcc.dg/cpp/pr33466.c  (test for errors, line 60)
FAIL: gcc.dg/cpp/pr33466.c  (test for errors, line 61)
FAIL: gcc.dg/cpp/pr33466.c  (test for errors, line 62)
FAIL: gcc.dg/cpp/pr33466.c  (test for errors, line 63)
FAIL: gcc.dg/cpp/pr33466.c  (test for errors, line 64)
FAIL: gcc.dg/cpp/pr33466.c (test for excess errors)
FAIL: gcc.dg/20021014-1.c (test for excess errors)
UNRESOLVED: gcc.dg/20021014-1.c compilation failed to produce executable
FAIL: gcc.dg/Wcxx-compat-6.c  (test for warnings, line 92)
FAIL: gcc.dg/Wcxx-compat-6.c  (test for warnings, line 101)
FAIL: gcc.dg/Wcxx-compat-6.c  (test for warnings, line 103)
FAIL: gcc.dg/Wcxx-compat-6.c (test for excess errors)
FAIL: gcc.dg/Wparentheses-2.c correct warning (test for warnings, line 115)
FAIL: gcc.dg/Wparentheses-2.c correct warning (test for warnings, line 118)
FAIL: gcc.dg/Wparentheses-2.c (test for excess errors)
FAIL: gcc.dg/Wparentheses-6.c correct warning (test for warnings, line 118)
FAIL: gcc.dg/Wparentheses-6.c (test for excess errors)
FAIL: gcc.dg/Wparentheses-7.c correct warning (test for warnings, line 118)
FAIL: gcc.dg/Wparentheses-7.c (test for excess errors)
FAIL: gcc.dg/Wsign-conversion.c  (test for warnings, line 90)
FAIL: gcc.dg/Wsign-conversion.c  (test for warnings, line 91)
FAIL: gcc.dg/Wsign-conversion.c  (test for warnings, line 94)
FAIL: gcc.dg/Wsign-conversion.c (test for excess errors)
FAIL: gcc.dg/cleanup-10.c execution test
FAIL: gcc.dg/cleanup-11.c execution test
FAIL: gcc.dg/cleanup-8.c execution test
FAIL: gcc.dg/cleanup-9.c execution test
FAIL: gcc.dg/enum-incomplete-1.c  (test for errors, line 70)
FAIL: gcc.dg/enum-incomplete-1.c  (test for errors, line 71)
FAIL: gcc.dg/enum-incomplete-1.c  (test for errors, line 72)
FAIL: gcc.dg/enum-incomplete-1.c  (test for errors, line 76)
FAIL: gcc.dg/enum-incomplete-1.c  (test for errors, line 77)
FAIL: gcc.dg/enum-incomplete-1.c  (test for errors, line 79)
FAIL: gcc.dg/enum-incomplete-1.c  (test for errors, line 80)
FAIL: gcc.dg/enum-incomplete-1.c  (test for errors, line 81)
FAIL: gcc.dg/enum-incomplete-1.c  (test for errors, line 83)
FAIL: gcc.dg/enum-incomplete-1.c  (test for errors, line 85)
FAIL: gcc.dg/enum-incomplete-1.c (test for excess errors)
FAIL: gcc.dg/fstack-protector-strong.c scan-assembler-times stack_chk_fail 10
FAIL: gcc.dg/nest.c (test for excess errors)
UNRESOLVED: gcc.dg/nest.c compilation failed to produce executable
FAIL: gcc.dg/nested-func-4.c (test for excess errors)
UNRESOLVED: gcc.dg/nested-func-4.c compilation failed to produce executable
FAIL: gcc.dg/overflow-warn-2.c  (test for warnings, line 119)
FAIL: gcc.dg/overflow-warn-2.c  (test for warnings, line 122)
FAIL: gcc.dg/overflow-warn-2.c  (test for warnings, line 125)
FAIL: gcc.dg/overflow-warn-2.c -Wtraditional-conversion (test for warnings, line 127)
FAIL: gcc.dg/overflow-warn-2.c -Wtraditional-conversion (test for warnings, line 131)
FAIL: gcc.dg/overflow-warn-2.c (test for excess errors)
FAIL: gcc.dg/pr32450.c (test for excess errors)
UNRESOLVED: gcc.dg/pr32450.c compilation failed to produce executable
FAIL: gcc.dg/pr43643.c (test for excess errors)
UNRESOLVED: gcc.dg/pr43643.c compilation failed to produce executable
FAIL: gcc.dg/sequence-pt-1.c sequence point warning (test for warnings, line 64)
FAIL: gcc.dg/sequence-pt-1.c sequence point warning (test for warnings, line 65)
FAIL: gcc.dg/sequence-pt-1.c (test for excess errors)
FAIL: gcc.dg/stack-usage-1.c scan-file foo\\t(256|264)\\tstatic
FAIL: gcc.dg/superblock.c scan-rtl-dump-times sched2 "ADVANCING TO" 2
FAIL: c-c++-common/Wcast-qual-1.c  -Wc++-compat   (test for warnings, line 149)
FAIL: c-c++-common/Wcast-qual-1.c  -Wc++-compat   (test for warnings, line 150)
FAIL: c-c++-common/Wcast-qual-1.c  -Wc++-compat   (test for warnings, line 151)
FAIL: c-c++-common/Wcast-qual-1.c  -Wc++-compat   (test for warnings, line 154)
FAIL: c-c++-common/Wcast-qual-1.c  -Wc++-compat   (test for warnings, line 155)
FAIL: c-c++-common/Wcast-qual-1.c  -Wc++-compat   (test for warnings, line 156)
FAIL: c-c++-common/Wcast-qual-1.c  -Wc++-compat   (test for warnings, line 157)
FAIL: c-c++-common/Wcast-qual-1.c  -Wc++-compat  (test for excess errors)
FAIL: c-c++-common/Wsizeof-pointer-memaccess1.c  -Wc++-compat   (test for warnings, line 123)
FAIL: c-c++-common/Wsizeof-pointer-memaccess1.c  -Wc++-compat   (test for warnings, line 124)
FAIL: c-c++-common/Wsizeof-pointer-memaccess1.c  -Wc++-compat   (test for warnings, line 151)
FAIL: c-c++-common/Wsizeof-pointer-memaccess1.c  -Wc++-compat   (test for warnings, line 152)
FAIL: c-c++-common/Wsizeof-pointer-memaccess1.c  -Wc++-compat   (test for warnings, line 153)
FAIL: c-c++-common/Wsizeof-pointer-memaccess1.c  -Wc++-compat   (test for warnings, line 154)
FAIL: c-c++-common/Wsizeof-pointer-memaccess1.c  -Wc++-compat  (test for excess errors)
FAIL: gcc.dg/format/asm_fprintf-1.c   wide string (test for warnings, line 75)
FAIL: gcc.dg/format/asm_fprintf-1.c   %s with NULL (test for warnings, line 76)
FAIL: gcc.dg/format/asm_fprintf-1.c   bad argument types (test for warnings, line 79)
FAIL: gcc.dg/format/asm_fprintf-1.c  -DWIDE  wide string (test for warnings, line 75)
FAIL: gcc.dg/format/asm_fprintf-1.c  -DWIDE  %s with NULL (test for warnings, line 76)
FAIL: gcc.dg/format/asm_fprintf-1.c  -DWIDE  bad argument types (test for warnings, line 79)
FAIL: gcc.dg/format/ext-2.c   bad use of I flag (test for warnings, line 71)
FAIL: gcc.dg/format/ext-2.c   bad use of I flag (test for warnings, line 72)
FAIL: gcc.dg/format/ext-2.c  -DWIDE  bad use of I flag (test for warnings, line 71)
FAIL: gcc.dg/format/ext-2.c  -DWIDE  bad use of I flag (test for warnings, line 72)
FAIL: gcc.dg/gomp/nesting-1.c  (test for errors, line 164)
FAIL: gcc.dg/gomp/nesting-1.c  (test for errors, line 170)
FAIL: gcc.dg/gomp/nesting-1.c  (test for errors, line 174)
FAIL: gcc.dg/gomp/nesting-1.c  (test for errors, line 183)
FAIL: gcc.dg/gomp/nesting-1.c  (test for errors, line 193)
FAIL: gcc.dg/gomp/nesting-1.c  (test for errors, line 205)
FAIL: gcc.dg/gomp/nesting-1.c  (test for errors, line 234)
FAIL: gcc.dg/gomp/nesting-1.c  (test for errors, line 237)
FAIL: gcc.dg/gomp/nesting-1.c (test for excess errors)
FAIL: gcc.dg/gomp/udr-2.c  (test for errors, line 37)
FAIL: gcc.dg/gomp/udr-2.c  (test for errors, line 38)
FAIL: gcc.dg/gomp/udr-2.c  (test for errors, line 39)
FAIL: gcc.dg/gomp/udr-2.c  (test for errors, line 40)
FAIL: gcc.dg/gomp/udr-2.c  (test for errors, line 41)
FAIL: gcc.dg/gomp/udr-2.c (test for excess errors)
FAIL: gcc.dg/noncompile/920923-1.c  -O0   (test for errors, line 106)
FAIL: gcc.dg/noncompile/920923-1.c  -O0   (test for errors, line 111)
FAIL: gcc.dg/noncompile/920923-1.c  -O1   (test for errors, line 106)
FAIL: gcc.dg/noncompile/920923-1.c  -O1   (test for errors, line 111)
FAIL: gcc.dg/noncompile/920923-1.c  -O2   (test for errors, line 106)
FAIL: gcc.dg/noncompile/920923-1.c  -O2   (test for errors, line 111)
FAIL: gcc.dg/noncompile/920923-1.c  -O3 -fomit-frame-pointer   (test for errors, line 106)
FAIL: gcc.dg/noncompile/920923-1.c  -O3 -fomit-frame-pointer   (test for errors, line 111)
FAIL: gcc.dg/noncompile/920923-1.c  -O3 -fomit-frame-pointer -funroll-loops   (test for errors, line 106)
FAIL: gcc.dg/noncompile/920923-1.c  -O3 -fomit-frame-pointer -funroll-loops   (test for errors, line 111)
FAIL: gcc.dg/noncompile/920923-1.c  -O3 -fomit-frame-pointer -funroll-all-loops -finline-functions   (test for errors, line 106)
FAIL: gcc.dg/noncompile/920923-1.c  -O3 -fomit-frame-pointer -funroll-all-loops -finline-functions   (test for errors, line 111)
FAIL: gcc.dg/noncompile/920923-1.c  -O3 -g   (test for errors, line 106)
FAIL: gcc.dg/noncompile/920923-1.c  -O3 -g   (test for errors, line 111)
FAIL: gcc.dg/noncompile/920923-1.c  -Os   (test for errors, line 106)
FAIL: gcc.dg/noncompile/920923-1.c  -Os   (test for errors, line 111)
FAIL: gcc.dg/noncompile/920923-1.c  -O2 -flto -fno-use-linker-plugin -flto-partition=none   (test for errors, line 106)
FAIL: gcc.dg/noncompile/920923-1.c  -O2 -flto -fno-use-linker-plugin -flto-partition=none   (test for errors, line 111)
FAIL: gcc.dg/noncompile/920923-1.c  -O2 -flto -fuse-linker-plugin -fno-fat-lto-objects   (test for errors, line 106)
FAIL: gcc.dg/noncompile/920923-1.c  -O2 -flto -fuse-linker-plugin -fno-fat-lto-objects   (test for errors, line 111)
FAIL: largefile.c  -O0 -g -I. -Dwith_PCH (internal compiler error)
FAIL: largefile.c  -O0 -g -I. -Dwith_PCH (test for excess errors)
FAIL: gcc.dg/pch/largefile.c  -O0 -g assembly comparison
FAIL: largefile.c   -O0  -I. -Dwith_PCH (internal compiler error)
FAIL: largefile.c   -O0  -I. -Dwith_PCH (test for excess errors)
FAIL: gcc.dg/pch/largefile.c   -O0  assembly comparison
FAIL: largefile.c   -O1  -I. -Dwith_PCH (internal compiler error)
FAIL: largefile.c   -O1  -I. -Dwith_PCH (test for excess errors)
FAIL: gcc.dg/pch/largefile.c   -O1  assembly comparison
FAIL: largefile.c   -O2  -I. -Dwith_PCH (internal compiler error)
FAIL: largefile.c   -O2  -I. -Dwith_PCH (test for excess errors)
FAIL: gcc.dg/pch/largefile.c   -O2  assembly comparison
FAIL: largefile.c   -O3 -fomit-frame-pointer  -I. -Dwith_PCH (internal compiler error)
FAIL: largefile.c   -O3 -fomit-frame-pointer  -I. -Dwith_PCH (test for excess errors)
FAIL: gcc.dg/pch/largefile.c   -O3 -fomit-frame-pointer  assembly comparison
FAIL: largefile.c   -O3 -g  -I. -Dwith_PCH (internal compiler error)
FAIL: largefile.c   -O3 -g  -I. -Dwith_PCH (test for excess errors)
FAIL: gcc.dg/pch/largefile.c   -O3 -g  assembly comparison
FAIL: largefile.c   -Os  -I. -Dwith_PCH (internal compiler error)
FAIL: largefile.c   -Os  -I. -Dwith_PCH (test for excess errors)
FAIL: gcc.dg/pch/largefile.c   -Os  assembly comparison
FAIL: gcc.target/i386/testround-1.c  (test for errors, line 506)
FAIL: gcc.target/i386/testround-1.c (test for excess errors)

		=== gcc Summary for unix/-fstack-protector ===

# of expected passes		101039
# of unexpected failures	169
# of expected failures		252
# of unresolved testcases	5
# of unsupported tests		1141

		=== gcc Summary ===

# of expected passes		202079
# of unexpected failures	337
# of expected failures		504
# of unresolved testcases	10
# of unsupported tests		2282
/build/gcc-4.9-IYkGvT/gcc-4.9-4.9.1/build/gcc/xgcc  version 4.9.1 (Debian 4.9.1-1) 

		=== gfortran tests ===


Running target unix
FAIL: gfortran.dg/coarray_8.f90  -O   (test for errors, line 169)
FAIL: gfortran.dg/coarray_8.f90  -O   (test for errors, line 176)
FAIL: gfortran.dg/coarray_8.f90  -O  (test for excess errors)

		=== gfortran Summary for unix ===

# of expected passes		45694
# of unexpected failures	3
# of expected failures		52
# of unsupported tests		222

Running target unix/-fstack-protector
FAIL: gfortran.dg/coarray_8.f90  -O   (test for errors, line 169)
FAIL: gfortran.dg/coarray_8.f90  -O   (test for errors, line 176)
FAIL: gfortran.dg/coarray_8.f90  -O  (test for excess errors)
FAIL: gfortran.dg/maxval_maxloc_conformance_1.f90  -O   (test for errors, line 32)
FAIL: gfortran.dg/maxval_maxloc_conformance_1.f90  -O   (test for errors, line 33)
FAIL: gfortran.dg/maxval_maxloc_conformance_1.f90  -O   (test for errors, line 34)
FAIL: gfortran.dg/maxval_maxloc_conformance_1.f90  -O  (test for excess errors)
FAIL: gfortran.dg/g77/20010519-1.f  -O  Assigned GO TO (test for warnings, line 1288)
FAIL: gfortran.dg/g77/20010519-1.f  -O  Assigned GO TO (test for warnings, line 1303)
FAIL: gfortran.dg/g77/20010519-1.f  -O  Assigned GO TO (test for warnings, line 1318)
FAIL: gfortran.dg/g77/20010519-1.f  -O  Assigned GO TO (test for warnings, line 1324)
FAIL: gfortran.dg/g77/20010519-1.f  -O  (test for excess errors)

		=== gfortran Summary for unix/-fstack-protector ===

# of expected passes		45685
# of unexpected failures	12
# of expected failures		52
# of unsupported tests		222

		=== gfortran Summary ===

# of expected passes		91379
# of unexpected failures	15
# of expected failures		104
# of unsupported tests		444
/build/gcc-4.9-IYkGvT/gcc-4.9-4.9.1/build/gcc/testsuite/gfortran/../../gfortran  version 4.9.1 (Debian 4.9.1-1) 

		=== obj-c++ tests ===


Running target unix

		=== obj-c++ Summary for unix ===

# of expected passes		1449
# of expected failures		2
# of unsupported tests		86

Running target unix/-fstack-protector

		=== obj-c++ Summary for unix/-fstack-protector ===

# of expected passes		1449
# of expected failures		2
# of unsupported tests		86

		=== obj-c++ Summary ===

# of expected passes		2898
# of expected failures		4
# of unsupported tests		172
/build/gcc-4.9-IYkGvT/gcc-4.9-4.9.1/build/gcc/testsuite/obj-c++/../../xg++  version 4.9.1 (Debian 4.9.1-1) 

		=== objc tests ===


Running target unix

		=== objc Summary for unix ===

# of expected passes		2988
# of expected failures		6
# of unsupported tests		74

Running target unix/-fstack-protector

		=== objc Summary for unix/-fstack-protector ===

# of expected passes		2988
# of expected failures		6
# of unsupported tests		74

		=== objc Summary ===

# of expected passes		5976
# of expected failures		12
# of unsupported tests		148
/build/gcc-4.9-IYkGvT/gcc-4.9-4.9.1/build/gcc/xgcc  version 4.9.1 (Debian 4.9.1-1) 

		=== boehm-gc tests ===


Running target unix
FAIL: boehm-gc.c/gctest.c -O2 execution test
FAIL: boehm-gc.c/leak_test.c -O2 execution test
FAIL: boehm-gc.c/thread_leak_test.c -O2 execution test
FAIL: boehm-gc.lib/staticrootstest.c -O2 execution test

		=== boehm-gc Summary for unix ===

# of expected passes		8
# of unexpected failures	4
# of unsupported tests		1

Running target unix/-fstack-protector
FAIL: boehm-gc.c/gctest.c -O2 execution test
FAIL: boehm-gc.c/leak_test.c -O2 execution test
FAIL: boehm-gc.c/thread_leak_test.c -O2 execution test
FAIL: boehm-gc.lib/staticrootstest.c -O2 execution test

		=== boehm-gc Summary for unix/-fstack-protector ===

# of expected passes		8
# of unexpected failures	4
# of unsupported tests		1

		=== boehm-gc Summary ===

# of expected passes		16
# of unexpected failures	8
# of unsupported tests		2
		=== libatomic tests ===


Running target unix

		=== libatomic Summary for unix ===

# of expected passes		44
# of unsupported tests		5

Running target unix/-fstack-protector

		=== libatomic Summary for unix/-fstack-protector ===

# of expected passes		44
# of unsupported tests		5

		=== libatomic Summary ===

# of expected passes		88
# of unsupported tests		10
		=== libffi tests ===


Running target unix

		=== libffi Summary for unix ===

# of expected passes		1819
# of unsupported tests		55

Running target unix/-fstack-protector

		=== libffi Summary for unix/-fstack-protector ===

# of expected passes		1819
# of unsupported tests		55

		=== libffi Summary ===

# of expected passes		3638
# of unsupported tests		110
		=== libgomp tests ===


Running target unix
WARNING: program timed out.
FAIL: libgomp.c/depend-3.c execution test
FAIL: libgomp.c/lib-1.c execution test
FAIL: libgomp.c/lock-1.c execution test
FAIL: libgomp.c/lock-2.c execution test
FAIL: libgomp.c/lock-3.c execution test
FAIL: libgomp.fortran/lib1.f90  -O1  execution test
FAIL: libgomp.fortran/lib1.f90  -O3 -fomit-frame-pointer  execution test
FAIL: libgomp.fortran/lib1.f90  -O3 -g  execution test
FAIL: libgomp.fortran/lib2.f  -O1  execution test
FAIL: libgomp.fortran/lib2.f  -O3 -fomit-frame-pointer  execution test
FAIL: libgomp.fortran/lib2.f  -O3 -fomit-frame-pointer -funroll-loops  execution test
FAIL: libgomp.fortran/lib2.f  -O3 -g  execution test
FAIL: libgomp.fortran/lib3.f  -O1  execution test
FAIL: libgomp.fortran/lib3.f  -O3 -fomit-frame-pointer  execution test
FAIL: libgomp.fortran/lib3.f  -O3 -g  execution test

		=== libgomp Summary for unix ===

# of expected passes		3216
# of unexpected failures	15
# of unsupported tests		35

Running target unix/-fstack-protector
WARNING: program timed out.
FAIL: libgomp.c/depend-3.c execution test
FAIL: libgomp.c/lock-1.c execution test
FAIL: libgomp.c/lock-2.c execution test
FAIL: libgomp.c/lock-3.c execution test
FAIL: libgomp.fortran/lib1.f90  -O2  execution test
FAIL: libgomp.fortran/lib1.f90  -O3 -fomit-frame-pointer -funroll-all-loops -finline-functions  execution test
FAIL: libgomp.fortran/lib1.f90  -Os  execution test
FAIL: libgomp.fortran/lib2.f  -O2  execution test
FAIL: libgomp.fortran/lib2.f  -O3 -fomit-frame-pointer -funroll-loops  execution test
FAIL: libgomp.fortran/lib2.f  -Os  execution test
FAIL: libgomp.fortran/lib3.f  -O1  execution test
FAIL: libgomp.fortran/lib3.f  -O2  execution test
FAIL: libgomp.fortran/lib3.f  -O3 -fomit-frame-pointer -funroll-loops  execution test
FAIL: libgomp.fortran/lib3.f  -O3 -g  execution test

		=== libgomp Summary for unix/-fstack-protector ===

# of expected passes		3217
# of unexpected failures	14
# of unsupported tests		35

		=== libgomp Summary ===

# of expected passes		6433
# of unexpected failures	29
# of unsupported tests		70
		=== libjava tests ===


Running target unix
FAIL: LargeFile execution - source compiled test
FAIL: LargeFile -findirect-dispatch execution - source compiled test
FAIL: LargeFile -O3 execution - source compiled test
FAIL: LargeFile -O3 -findirect-dispatch execution - source compiled test
FAIL: Throw_2 execution - source compiled test
FAIL: Throw_2 -findirect-dispatch execution - source compiled test
FAIL: Throw_2 -O3 execution - source compiled test
FAIL: Throw_2 -O3 -findirect-dispatch execution - source compiled test
FAIL: TestLeak output - source compiled test

		=== libjava Summary for unix ===

# of expected passes		2565
# of unexpected failures	9
# of expected failures		4
# of untested testcases		8

Running target unix/-fstack-protector
FAIL: LargeFile execution - source compiled test
FAIL: LargeFile -findirect-dispatch execution - source compiled test
FAIL: LargeFile -O3 execution - source compiled test
FAIL: LargeFile -O3 -findirect-dispatch execution - source compiled test
FAIL: Throw_2 execution - source compiled test
FAIL: Throw_2 -findirect-dispatch execution - source compiled test
FAIL: Throw_2 -O3 execution - source compiled test
FAIL: Throw_2 -O3 -findirect-dispatch execution - source compiled test
FAIL: TestLeak output - source compiled test

		=== libjava Summary for unix/-fstack-protector ===

# of expected passes		2565
# of unexpected failures	9
# of expected failures		4
# of untested testcases		8

		=== libjava Summary ===

# of expected passes		5130
# of unexpected failures	18
# of expected failures		8
# of untested testcases		16
		=== libstdc++ tests ===


Running target unix
FAIL: 22_locale/numpunct/members/char/3.cc execution test
FAIL: 22_locale/time_get/get_date/wchar_t/4.cc execution test
FAIL: 27_io/basic_filebuf/close/char/4879.cc execution test
FAIL: 27_io/basic_filebuf/close/char/9964.cc execution test
FAIL: 27_io/basic_filebuf/imbue/char/13171-2.cc execution test
FAIL: 27_io/basic_filebuf/imbue/wchar_t/14975-2.cc execution test
WARNING: program timed out.
FAIL: 27_io/basic_filebuf/open/char/9507.cc execution test
FAIL: 27_io/basic_filebuf/seekoff/char/26777.cc execution test
WARNING: program timed out.
FAIL: 27_io/basic_filebuf/showmanyc/char/9533-1.cc execution test
FAIL: 27_io/basic_filebuf/underflow/char/10097.cc execution test
FAIL: 27_io/objects/char/7.cc execution test
FAIL: 27_io/objects/char/9661-1.cc execution test
FAIL: 27_io/objects/wchar_t/7.cc execution test
FAIL: 27_io/objects/wchar_t/9661-1.cc execution test
FAIL: 30_threads/async/42819.cc execution test
FAIL: 30_threads/async/49668.cc execution test
FAIL: 30_threads/async/54297.cc execution test
FAIL: 30_threads/async/any.cc execution test
FAIL: 30_threads/async/async.cc execution test
FAIL: 30_threads/async/sync.cc execution test
FAIL: 30_threads/call_once/39909.cc execution test
FAIL: 30_threads/call_once/49668.cc execution test
FAIL: 30_threads/call_once/call_once1.cc execution test
FAIL: 30_threads/condition_variable/54185.cc execution test
FAIL: 30_threads/condition_variable_any/50862.cc execution test
FAIL: 30_threads/condition_variable_any/53830.cc execution test
FAIL: 30_threads/future/members/45133.cc execution test
FAIL: 30_threads/future/members/get.cc execution test
FAIL: 30_threads/future/members/get2.cc execution test
FAIL: 30_threads/future/members/share.cc execution test
FAIL: 30_threads/future/members/valid.cc execution test
FAIL: 30_threads/future/members/wait.cc execution test
FAIL: 30_threads/future/members/wait_for.cc execution test
FAIL: 30_threads/future/members/wait_until.cc execution test
FAIL: 30_threads/lock/2.cc execution test
FAIL: 30_threads/lock/4.cc execution test
FAIL: 30_threads/mutex/try_lock/2.cc execution test
FAIL: 30_threads/packaged_task/49668.cc execution test
FAIL: 30_threads/packaged_task/cons/3.cc execution test
FAIL: 30_threads/packaged_task/cons/alloc.cc execution test
FAIL: 30_threads/packaged_task/members/get_future.cc execution test
FAIL: 30_threads/packaged_task/members/invoke.cc execution test
FAIL: 30_threads/packaged_task/members/invoke2.cc execution test
FAIL: 30_threads/packaged_task/members/invoke3.cc execution test
FAIL: 30_threads/packaged_task/members/invoke4.cc execution test
FAIL: 30_threads/packaged_task/members/invoke5.cc execution test
FAIL: 30_threads/packaged_task/members/reset2.cc execution test
FAIL: 30_threads/promise/60966.cc execution test
FAIL: 30_threads/promise/cons/alloc.cc execution test
FAIL: 30_threads/promise/cons/move.cc execution test
FAIL: 30_threads/promise/cons/move_assign.cc execution test
FAIL: 30_threads/promise/members/get_future.cc execution test
FAIL: 30_threads/promise/members/set_exception.cc execution test
FAIL: 30_threads/promise/members/set_exception2.cc execution test
FAIL: 30_threads/promise/members/set_value.cc execution test
FAIL: 30_threads/promise/members/set_value2.cc execution test
FAIL: 30_threads/promise/members/set_value3.cc execution test
FAIL: 30_threads/promise/members/swap.cc execution test
FAIL: 30_threads/shared_future/members/get.cc execution test
FAIL: 30_threads/shared_future/members/get2.cc execution test
FAIL: 30_threads/shared_future/members/valid.cc execution test
FAIL: 30_threads/shared_future/members/wait.cc execution test
FAIL: 30_threads/shared_future/members/wait_for.cc execution test
FAIL: 30_threads/shared_future/members/wait_until.cc execution test
FAIL: 30_threads/this_thread/3.cc execution test
FAIL: 30_threads/this_thread/4.cc execution test
FAIL: 30_threads/thread/cons/2.cc execution test
FAIL: 30_threads/thread/cons/3.cc execution test
FAIL: 30_threads/thread/cons/4.cc execution test
FAIL: 30_threads/thread/cons/49668.cc execution test
FAIL: 30_threads/thread/cons/5.cc execution test
FAIL: 30_threads/thread/cons/6.cc execution test
FAIL: 30_threads/thread/cons/7.cc execution test
FAIL: 30_threads/thread/cons/8.cc execution test
FAIL: 30_threads/thread/cons/9.cc execution test
FAIL: 30_threads/thread/cons/moveable.cc execution test
FAIL: 30_threads/thread/members/1.cc execution test
FAIL: 30_threads/thread/members/2.cc execution test
FAIL: 30_threads/thread/members/3.cc execution test
FAIL: 30_threads/thread/native_handle/cancel.cc execution test
FAIL: 30_threads/thread/swap/1.cc execution test
FAIL: 30_threads/timed_mutex/try_lock/2.cc execution test
FAIL: 30_threads/timed_mutex/try_lock_for/3.cc execution test
FAIL: 30_threads/timed_mutex/try_lock_until/2.cc execution test
FAIL: 30_threads/timed_mutex/try_lock_until/57641.cc execution test
FAIL: 30_threads/try_lock/2.cc execution test
FAIL: 30_threads/try_lock/4.cc execution test

		=== libstdc++ Summary for unix ===

# of expected passes		9788
# of unexpected failures	87
# of expected failures		41
# of unsupported tests		241

Running target unix/-fstack-protector
FAIL: 22_locale/numpunct/members/char/3.cc execution test
FAIL: 22_locale/time_get/get_date/wchar_t/4.cc execution test
FAIL: 27_io/basic_filebuf/close/char/4879.cc execution test
FAIL: 27_io/basic_filebuf/close/char/9964.cc execution test
FAIL: 27_io/basic_filebuf/imbue/char/13171-2.cc execution test
FAIL: 27_io/basic_filebuf/imbue/wchar_t/14975-2.cc execution test
WARNING: program timed out.
FAIL: 27_io/basic_filebuf/open/char/9507.cc execution test
FAIL: 27_io/basic_filebuf/seekoff/char/26777.cc execution test
WARNING: program timed out.
FAIL: 27_io/basic_filebuf/showmanyc/char/9533-1.cc execution test
FAIL: 27_io/basic_filebuf/underflow/char/10097.cc execution test
FAIL: 27_io/objects/char/7.cc execution test
FAIL: 27_io/objects/char/9661-1.cc execution test
FAIL: 27_io/objects/wchar_t/7.cc execution test
FAIL: 27_io/objects/wchar_t/9661-1.cc execution test
FAIL: 30_threads/async/42819.cc execution test
FAIL: 30_threads/async/49668.cc execution test
FAIL: 30_threads/async/54297.cc execution test
FAIL: 30_threads/async/any.cc execution test
FAIL: 30_threads/async/async.cc execution test
FAIL: 30_threads/async/sync.cc execution test
FAIL: 30_threads/call_once/39909.cc execution test
FAIL: 30_threads/call_once/49668.cc execution test
FAIL: 30_threads/call_once/call_once1.cc execution test
FAIL: 30_threads/condition_variable/54185.cc execution test
FAIL: 30_threads/condition_variable_any/50862.cc execution test
FAIL: 30_threads/condition_variable_any/53830.cc execution test
FAIL: 30_threads/future/members/45133.cc execution test
FAIL: 30_threads/future/members/get.cc execution test
FAIL: 30_threads/future/members/get2.cc execution test
FAIL: 30_threads/future/members/share.cc execution test
FAIL: 30_threads/future/members/valid.cc execution test
FAIL: 30_threads/future/members/wait.cc execution test
FAIL: 30_threads/future/members/wait_for.cc execution test
FAIL: 30_threads/future/members/wait_until.cc execution test
FAIL: 30_threads/lock/2.cc execution test
FAIL: 30_threads/lock/4.cc execution test
FAIL: 30_threads/mutex/try_lock/2.cc execution test
FAIL: 30_threads/packaged_task/49668.cc execution test
FAIL: 30_threads/packaged_task/cons/3.cc execution test
FAIL: 30_threads/packaged_task/cons/alloc.cc execution test
FAIL: 30_threads/packaged_task/members/get_future.cc execution test
FAIL: 30_threads/packaged_task/members/invoke.cc execution test
FAIL: 30_threads/packaged_task/members/invoke2.cc execution test
FAIL: 30_threads/packaged_task/members/invoke3.cc execution test
FAIL: 30_threads/packaged_task/members/invoke4.cc execution test
FAIL: 30_threads/packaged_task/members/invoke5.cc execution test
FAIL: 30_threads/packaged_task/members/reset2.cc execution test
FAIL: 30_threads/promise/60966.cc execution test
FAIL: 30_threads/promise/cons/alloc.cc execution test
FAIL: 30_threads/promise/cons/move.cc execution test
FAIL: 30_threads/promise/cons/move_assign.cc execution test
FAIL: 30_threads/promise/members/get_future.cc execution test
FAIL: 30_threads/promise/members/set_exception.cc execution test
FAIL: 30_threads/promise/members/set_exception2.cc execution test
FAIL: 30_threads/promise/members/set_value.cc execution test
FAIL: 30_threads/promise/members/set_value2.cc execution test
FAIL: 30_threads/promise/members/set_value3.cc execution test
FAIL: 30_threads/promise/members/swap.cc execution test
FAIL: 30_threads/shared_future/members/get.cc execution test
FAIL: 30_threads/shared_future/members/get2.cc execution test
FAIL: 30_threads/shared_future/members/valid.cc execution test
FAIL: 30_threads/shared_future/members/wait.cc execution test
FAIL: 30_threads/shared_future/members/wait_for.cc execution test
FAIL: 30_threads/shared_future/members/wait_until.cc execution test
FAIL: 30_threads/this_thread/3.cc execution test
FAIL: 30_threads/this_thread/4.cc execution test
FAIL: 30_threads/thread/cons/2.cc execution test
FAIL: 30_threads/thread/cons/3.cc execution test
FAIL: 30_threads/thread/cons/4.cc execution test
FAIL: 30_threads/thread/cons/49668.cc execution test
FAIL: 30_threads/thread/cons/5.cc execution test
FAIL: 30_threads/thread/cons/6.cc execution test
FAIL: 30_threads/thread/cons/7.cc execution test
FAIL: 30_threads/thread/cons/8.cc execution test
FAIL: 30_threads/thread/cons/9.cc execution test
FAIL: 30_threads/thread/cons/moveable.cc execution test
FAIL: 30_threads/thread/members/1.cc execution test
FAIL: 30_threads/thread/members/2.cc execution test
FAIL: 30_threads/thread/members/3.cc execution test
FAIL: 30_threads/thread/native_handle/cancel.cc execution test
FAIL: 30_threads/thread/swap/1.cc execution test
FAIL: 30_threads/timed_mutex/try_lock/2.cc execution test
FAIL: 30_threads/timed_mutex/try_lock_for/3.cc execution test
FAIL: 30_threads/timed_mutex/try_lock_until/2.cc execution test
FAIL: 30_threads/timed_mutex/try_lock_until/57641.cc execution test
FAIL: 30_threads/try_lock/2.cc execution test
FAIL: 30_threads/try_lock/4.cc execution test

		=== libstdc++ Summary for unix/-fstack-protector ===

# of expected passes		9788
# of unexpected failures	87
# of expected failures		41
# of unsupported tests		241

		=== libstdc++ Summary ===

# of expected passes		19576
# of unexpected failures	174
# of expected failures		82
# of unsupported tests		482

Compiler version: 4.9.1 (Debian 4.9.1-1) 
Platform: i486-pc-gnu
configure flags: -v --with-pkgversion='Debian 4.9.1-1' --with-bugurl=file:///usr/share/doc/gcc-4.9/README.Bugs --enable-languages=c,c++,java,d,fortran,objc,obj-c++ --prefix=/usr --program-suffix=-4.9 --enable-shared --enable-linker-build-id --libexecdir=/usr/lib --without-included-gettext --enable-threads=posix --with-gxx-include-dir=/usr/include/c++/4.9 --libdir=/usr/lib --enable-nls --with-sysroot=/ --enable-clocale=gnu --enable-libstdcxx-debug --enable-libstdcxx-time=yes --disable-libmudflap --disable-libitm --disable-libsanitizer --enable-plugin --with-system-zlib --disable-browser-plugin --enable-java-awt=gtk --enable-gtk-cairo --with-java-home=/usr/lib/jvm/java-1.5.0-gcj-4.9-hurd-i386/jre --enable-java-home --with-jvm-root-dir=/usr/lib/jvm/java-1.5.0-gcj-4.9-hurd-i386 --with-jvm-jar-dir=/usr/lib/jvm-exports/java-1.5.0-gcj-4.9-hurd-i386 --with-arch-directory=i386 --with-ecj-jar=/usr/share/java/eclipse-ecj.jar --enable-multiarch --with-arch=i586 --with-tune=generic --enable-checking=release --build=i486-gnu --host=i486-gnu --target=i486-gnu
BOOT_CFLAGS=


Build Dependencies:
Desired=Unknown/Install/Remove/Purge/Hold
| Status=Not/Inst/Conf-files/Unpacked/halF-conf/Half-inst/trig-aWait/Trig-pend
|/ Err?=(none)/Reinst-required (Status,Err: uppercase=bad)
||/ Name                       Version            Architecture Description
+++-==========================-==================-============-===============================================================================
ii  binutils                   2.24.51.20140709-1 hurd-i386    GNU assembler, linker and binary utilities
ii  g++-4.9                    4.9.0-10           hurd-i386    GNU C++ compiler
ii  libc0.3:hurd-i386          2.19-7             hurd-i386    GNU C Library: Shared libraries
ii  libcloog-isl-dev:hurd-i386 0.18.2-1           hurd-i386    Chunky Loop Generator (development files)
ii  libgmp-dev:hurd-i386       2:6.0.0+dfsg-4     hurd-i386    Multiprecision arithmetic library developers tools
ii  libisl-dev:hurd-i386       0.12.2-2           hurd-i386    manipulating sets and relations of integer points bounded by linear constraints
ii  libmpc-dev:hurd-i386       1.0.2-1            hurd-i386    multiple precision complex floating-point library development package
ii  libmpfr-dev:hurd-i386      3.1.2-1            hurd-i386    multiple precision floating-point computation developers tools


gcc-gfdl-build:
  Build a dummy s-tm-texi without access to the texinfo sources

gcc-textdomain:
  Set gettext's domain and textdomain to the versioned package name.

gcc-driver-extra-langs:
  Add options and specs for languages that are not built from a source
  (but built from separate sources).

gcc-hash-style-gnu:
  Link using --hash-style=gnu (aarch64, alpha, amd64, armel, armhf, ia64,
  i386, powerpc, ppc64, s390, sparc)

libstdc++-pic:
  Build and install libstdc++_pic.a library.

libstdc++-doclink:
  adjust hrefs to point to the local documentation

libstdc++-man-3cxx:
  Install libstdc++ man pages with suffix .3cxx instead of .3

libstdc++-test-installed:
  Add support to run the libstdc++-v3 testsuite using the
  installed shared libraries.

libjava-stacktrace:
  libgcj: Lookup source file name and line number in separated
  debug files found in /usr/lib/debug

libjava-jnipath:
  - Add /usr/lib/jni and /usr/lib/<multiarch>/jni to java.library.path.
  - When running the i386 binaries on amd64, look in
  - /usr/lib32/gcj-x.y and /usr/lib32/jni instead.

libjava-sjlj:
  Don't try to use _Unwind_Backtrace on SJLJ targets.
  See bug #387875, #388505, GCC PR 29206.

libjava-disable-plugin:
  Don't build the gcjwebplugin, even when configured with --enable-plugin

alpha-no-ev4-directive:
  never emit .ev4 directive.

boehm-gc-getnprocs:
  boehm-gc/pthread_support.c (GC_get_nprocs): Use sysconf as fallback.

note-gnu-stack:
  Add .note.GNU-stack sections for gcc's crt files, libffi and boehm-gc
  Taken from FC.

libgomp-omp_h-multilib:
  Fix up omp.h for multilibs.

sparc-force-cpu:
  On sparc default to ultrasparc (v9a) in 32bit mode

gccgo-version:
  Omit the subminor number from the go libdir

pr47818:
  Fix PR ada/47818: Pragma Assert is rejected with No_Implementation_Pragmas restriction.

pr49944:
  apply proposed patch for PR ada/49444.

gcc-base-version:
  Set base version to 4.9, introduce full version 4.9.x.

libgo-testsuite:
  Only run the libgo testsuite for flags configured in RUNTESTFLAGS

gcc-target-include-asm:
  Search \$(builddir)/sys-include for the asm header files

libgo-revert-timeout-exp:

libgo-setcontext-config:
  libgo: Overwrite the setcontext_clobbers_tls check on mips*

gcc-auto-build:
  Fix cross building a native compiler.

kfreebsd-unwind:
  DWARF2 EH unwinding support for AMD x86-64 and x86 KFreeBSD.

kfreebsd-boehm-gc:
  boehm-gc: use mmap instead of brk also on kfreebsd-*.

libffi-m68k:
  Apply #660525 fix to in-tree libffi

libitm-no-fortify-source:
  Build libitm with -U_FORTIFY_SOURCE on x86 and x86_64.

pr59758:
  Fix PR target/59758 (sparc), libsanitizer build failure.

pr57653:
  Proposed patch for PR c/57653.

libitm-aarch64:
  Build libitm on AArch64, patch taken from the trunk.

pr61257:
  Fix PR other/61257, check for working sys/sdt.h

pr61046:
  Fix PR c++/61046, taken from the trunk.

pr61336:
  Fix PR target/61336, taken from the trunk.

pr61126:

gcc-setmultilib-fix:

sparc64-biarch-long-double-128:
  Fix --with-long-double-128 for sparc32 when defaulting to 64-bit.

libstdc++-python3:
  Make the libstdc++-v3 pretty printer compatible with Python3.

ada-arm:

ada-hurd:

ada-kfreebsd:
  add support for GNU/kFreeBSD.

ada-mips:
  Improve support for mips.

gdc-4.9:
  This implements D language support in the GCC back end, and adds
  relevant documentation about the GDC front end (code part).

gdc-versym-cpu:
  Implements D CPU version conditions.

gdc-versym-os:
  Implements D OS version conditions.

gdc-frontend-posix:
  Fix build of the D frontend on the Hurd and KFreeBSD.

gdc-texinfo:
  Add macros for the gdc texinfo documentation.

gdc-driver-nophobos:
  Modify gdc driver to have no libphobos by default.

disable-gdc-tests:
  Disable D tests, hang on many buildds

gcc-sysroot:
  Allow building --with-sysroot=/

sys-auxv-header:
  Check for the sys/auxv.h header file.

libcilkrts-targets:
  Disable libcilkrts on KFreeBSD and the Hurd. See #734973.

go-use-gold:
  Pass -fuse-ld=gold to gccgo on targets supporting -fsplit-stack

arm-multilib-defaults:
  Set MULTILIB_DEFAULTS for ARM multilib builds

hurd-changes:
  Traditional GNU systems don't have a /usr directory.  However, Debian
  systems do, and we support both having a /usr -> . symlink, and having a
  /usr directory like the other ports.  So this patch should NOT go
  upstream.

gcc-ice-hack:
  Retry the build on an ice, save the calling options and preprocessed
  source when the ice is reproducible.

gcc-ice-apport:
  Report an ICE to apport (if apport is available
  and the environment variable GCC_NOAPPORT is not set)

libjava-fixed-symlinks:
  Remove unneed '..' elements from symlinks in JAVA_HOME

libffi-ro-eh_frame_sect:
  PR libffi/47248, force a read only eh frame section.

gcc-multiarch:
  - Remaining multiarch patches, not yet submitted upstream.
  - Add MULTIARCH_DIRNAME definitions for multilib configurations,
  which are used for the non-multilib builds.

libjava-multiarch:
  Install libjava libraries to multiarch location

libjava-nobiarch-check:
  For biarch builds, disable the testsuite for the non-default architecture
  for runtime libraries, which are not built by default (libjava).

config-ml:
  - Disable some biarch libraries for biarch builds.
  - Fix multilib builds on kernels which don't support all multilibs.

g++-multiarch-incdir:
  Use /usr/include/<multiarch>/c++/4.x as the include directory
  for host dependent c++ header files.

gcc-multilib-multiarch:
  Don't auto-detect multilib osdirnames.

mips-fix-loongson2f-nop:
  On mips, pass -mfix-loongson2f-nop to as, if -mno-fix-loongson2f-nop
  is not passed.

libgomp-kfreebsd-testsuite:
  Disable lock-2.c test on kfreebsd-*

go-testsuite:
  Skip Go testcase on AArch64 which hangs on the buildds.

libstdc++-link-pthread:
  Link libstdc++ tests requiring libpthread symbols with --no-as-needed.

fix-ffi_call_VFP-with-no-VFP-argument:
  armhf: Fix ffi_call_VFP with no VFP arguments.

ada-ppc64:

Counting all warnings,
there are 0 warnings in stage3 of this bootstrap.

Number of warnings per file:

Number of warning types:


Index Nav: [Date Index] [Subject Index] [Author Index] [Thread Index]
Message Nav: [Date Prev] [Date Next] [Thread Prev] [Thread Next]