This is the mail archive of the gcc-testresults@gcc.gnu.org mailing list for the GCC project.


Index Nav: [Date Index] [Subject Index] [Author Index] [Thread Index]
Message Nav: [Date Prev] [Date Next] [Thread Prev] [Thread Next]
Other format: [Raw text]

Results for 4.8.3 (GCC) testsuite on x86_64-unknown-linux-gnu


LAST_UPDATED: Obtained from SVN: tags/gcc_4_8_3_release revision 210800

Native configuration is x86_64-unknown-linux-gnu

		=== gcc tests ===


Running target unix

		=== gcc Summary ===

# of expected passes		94310
# of expected failures		260
# of unsupported tests		1599
/usr/local/src/install-gcc/4.8.30gobj/gcc/xgcc  version 4.8.3 (GCC) 

		=== gfortran tests ===


Running target unix

		=== gfortran Summary ===

# of expected passes		43806
# of expected failures		42
# of unsupported tests		85
/usr/local/src/install-gcc/4.8.30gobj/gcc/testsuite/gfortran/../../gfortran  version 4.8.3 (GCC) 

		=== g++ tests ===


Running target unix

		=== g++ Summary ===

# of expected passes		54422
# of expected failures		292
# of unsupported tests		917
/usr/local/src/install-gcc/4.8.30gobj/gcc/testsuite/g++/../../xg++  version 4.8.3 (GCC) 

		=== objc tests ===


Running target unix

		=== objc Summary ===

# of expected passes		2988
# of expected failures		6
# of unsupported tests		74
/usr/local/src/install-gcc/4.8.30gobj/gcc/xgcc  version 4.8.3 (GCC) 

		=== boehm-gc tests ===


Running target unix

		=== boehm-gc Summary ===

# of expected passes		12
# of unsupported tests		1
		=== libatomic tests ===


Running target unix

		=== libatomic Summary ===

# of expected passes		54
		=== libffi tests ===


Running target unix

		=== libffi Summary ===

# of expected passes		1819
# of unsupported tests		55
		=== libgomp tests ===


Running target unix

		=== libgomp Summary ===

# of expected passes		3007
		=== libitm tests ===


Running target unix

		=== libitm Summary ===

# of expected passes		26
# of expected failures		3
# of unsupported tests		1
		=== libjava tests ===


Running target unix
XPASS: sourcelocation -O3 -findirect-dispatch output - source compiled test

		=== libjava Summary ===

# of expected passes		2582
# of unexpected successes	1
# of expected failures		3
		=== libmudflap tests ===


Running target unix
FAIL: libmudflap.c++/pass41-frag.cxx ( -O) execution test
FAIL: libmudflap.c++/pass41-frag.cxx (-O2) execution test
FAIL: libmudflap.c++/pass41-frag.cxx (-O3) execution test

		=== libmudflap Summary ===

# of expected passes		1433
# of unexpected failures	3
		=== libstdc++ tests ===


Running target unix
FAIL: 22_locale/messages/members/char/1.cc execution test
FAIL: 22_locale/messages/members/char/2.cc execution test
FAIL: 22_locale/messages/members/char/wrapped_env.cc execution test
FAIL: 22_locale/messages/members/char/wrapped_locale.cc execution test
FAIL: 22_locale/messages_byname/named_equivalence.cc execution test

		=== libstdc++ Summary ===

# of expected passes		9259
# of unexpected failures	5
# of expected failures		45
# of unsupported tests		216

Compiler version: 4.8.3 (GCC) 
Platform: x86_64-unknown-linux-gnu
configure flags: --prefix=/usr/local/gcc/4.8.3


Index Nav: [Date Index] [Subject Index] [Author Index] [Thread Index]
Message Nav: [Date Prev] [Date Next] [Thread Prev] [Thread Next]