This is the mail archive of the
gcc-testresults@gcc.gnu.org
mailing list for the GCC project.
Results for 4.10.0 20140711 (experimental) [trunk revision 212447] (GCC) testsuite on hppa64-hp-hpux11.00
- From: John David Anglin <dave at hiauly2 dot hia dot nrc dot ca>
- To: dave at hiauly2 dot hia dot nrc dot ca, gcc-testresults at gcc dot gnu dot org
- Date: Sat, 19 Jul 2014 16:22:49 -0400 (EDT)
- Subject: Results for 4.10.0 20140711 (experimental) [trunk revision 212447] (GCC) testsuite on hppa64-hp-hpux11.00
- Authentication-results: sourceware.org; auth=none
Native configuration is hppa64-hp-hpux11.00
=== g++ tests ===
Running target unix
FAIL: g++.dg/cpp0x/udlit-string-literal.C -std=c++11 (test for excess errors)
FAIL: g++.dg/cpp0x/udlit-string-literal.C -std=c++1y (test for excess errors)
WARNING: program timed out.
=== g++ Summary ===
# of expected passes 75646
# of unexpected failures 2
# of expected failures 437
# of unsupported tests 3468
/home/gnu/gcc/objdir/gcc/testsuite/g++/../../xg++ version 4.10.0 20140711 (experimental) [trunk revision 212447] (GCC)
=== gcc tests ===
Running target unix
WARNING: program timed out.
FAIL: gcc.c-torture/compile/limits-externdecl.c -O0 (test for excess errors)
WARNING: program timed out.
FAIL: gcc.c-torture/compile/limits-externdecl.c -O1 (test for excess errors)
WARNING: program timed out.
FAIL: gcc.c-torture/compile/limits-externdecl.c -O2 (test for excess errors)
WARNING: program timed out.
FAIL: gcc.c-torture/compile/limits-externdecl.c -O3 -fomit-frame-pointer (test for excess errors)
WARNING: program timed out.
FAIL: gcc.c-torture/compile/limits-externdecl.c -O3 -g (test for excess errors)
WARNING: program timed out.
FAIL: gcc.c-torture/compile/limits-externdecl.c -Os (test for excess errors)
WARNING: program timed out.
FAIL: gcc.c-torture/compile/limits-externdecl.c -O2 -flto -flto-partition=none (test for excess errors)
WARNING: program timed out.
FAIL: gcc.c-torture/compile/limits-externdecl.c -O2 -flto (test for excess errors)
WARNING: program timed out.
FAIL: gcc.c-torture/compile/limits-fndefn.c -O1 (test for excess errors)
WARNING: program timed out.
FAIL: gcc.c-torture/compile/limits-fndefn.c -O2 (test for excess errors)
WARNING: program timed out.
FAIL: gcc.c-torture/compile/limits-fndefn.c -O3 -fomit-frame-pointer (test for excess errors)
WARNING: program timed out.
FAIL: gcc.c-torture/compile/limits-fndefn.c -O3 -g (test for excess errors)
WARNING: program timed out.
FAIL: gcc.c-torture/compile/limits-fndefn.c -Os (test for excess errors)
WARNING: program timed out.
FAIL: gcc.c-torture/compile/limits-fndefn.c -O2 -flto -flto-partition=none (test for excess errors)
WARNING: program timed out.
FAIL: gcc.c-torture/compile/limits-fndefn.c -O2 -flto (test for excess errors)
WARNING: program timed out.
FAIL: gcc.c-torture/compile/limits-structnest.c -O2 -flto -flto-partition=none (test for excess errors)
WARNING: program timed out.
FAIL: gcc.c-torture/compile/limits-structnest.c -O2 -flto (test for excess errors)
WARNING: program timed out.
FAIL: gcc.dg/atomic/c11-atomic-exec-2.c -O3 -fomit-frame-pointer -funroll-all-loops -finline-functions (test for excess errors)
UNRESOLVED: gcc.dg/atomic/c11-atomic-exec-2.c -O3 -fomit-frame-pointer -funroll-all-loops -finline-functions compilation failed to produce executable
WARNING: program timed out.
FAIL: gcc.dg/atomic/c11-atomic-exec-2.c -O2 -flto -flto-partition=none (test for excess errors)
WARNING: program timed out.
FAIL: gcc.dg/atomic/c11-atomic-exec-2.c -O2 -flto (test for excess errors)
WARNING: program timed out.
FAIL: gcc.dg/atomic/c11-atomic-exec-3.c -O3 -fomit-frame-pointer -funroll-all-loops -finline-functions (test for excess errors)
UNRESOLVED: gcc.dg/atomic/c11-atomic-exec-3.c -O3 -fomit-frame-pointer -funroll-all-loops -finline-functions compilation failed to produce executable
WARNING: program timed out.
FAIL: gcc.dg/atomic/c11-atomic-exec-3.c -O3 -g (test for excess errors)
UNRESOLVED: gcc.dg/atomic/c11-atomic-exec-3.c -O3 -g compilation failed to produce executable
WARNING: program timed out.
FAIL: gcc.dg/atomic/c11-atomic-exec-3.c -O2 -flto -flto-partition=none (test for excess errors)
WARNING: program timed out.
FAIL: gcc.dg/atomic/c11-atomic-exec-3.c -O2 -flto (test for excess errors)
FAIL: gcc.dg/atomic/c11-atomic-exec-4.c -O0 (test for excess errors)
UNRESOLVED: gcc.dg/atomic/c11-atomic-exec-4.c -O0 compilation failed to produce executable
FAIL: gcc.dg/atomic/c11-atomic-exec-4.c -O1 (test for excess errors)
UNRESOLVED: gcc.dg/atomic/c11-atomic-exec-4.c -O1 compilation failed to produce executable
FAIL: gcc.dg/atomic/c11-atomic-exec-4.c -O2 (test for excess errors)
UNRESOLVED: gcc.dg/atomic/c11-atomic-exec-4.c -O2 compilation failed to produce executable
FAIL: gcc.dg/atomic/c11-atomic-exec-4.c -O3 -fomit-frame-pointer (test for excess errors)
UNRESOLVED: gcc.dg/atomic/c11-atomic-exec-4.c -O3 -fomit-frame-pointer compilation failed to produce executable
FAIL: gcc.dg/atomic/c11-atomic-exec-4.c -O3 -fomit-frame-pointer -funroll-loops (test for excess errors)
UNRESOLVED: gcc.dg/atomic/c11-atomic-exec-4.c -O3 -fomit-frame-pointer -funroll-loops compilation failed to produce executable
FAIL: gcc.dg/atomic/c11-atomic-exec-4.c -O3 -fomit-frame-pointer -funroll-all-loops -finline-functions (test for excess errors)
UNRESOLVED: gcc.dg/atomic/c11-atomic-exec-4.c -O3 -fomit-frame-pointer -funroll-all-loops -finline-functions compilation failed to produce executable
FAIL: gcc.dg/atomic/c11-atomic-exec-4.c -O3 -g (test for excess errors)
UNRESOLVED: gcc.dg/atomic/c11-atomic-exec-4.c -O3 -g compilation failed to produce executable
FAIL: gcc.dg/atomic/c11-atomic-exec-4.c -Os (test for excess errors)
UNRESOLVED: gcc.dg/atomic/c11-atomic-exec-4.c -Os compilation failed to produce executable
FAIL: gcc.dg/atomic/c11-atomic-exec-4.c -O2 -flto -flto-partition=none (test for excess errors)
UNRESOLVED: gcc.dg/atomic/c11-atomic-exec-4.c -O2 -flto -flto-partition=none compilation failed to produce executable
FAIL: gcc.dg/atomic/c11-atomic-exec-4.c -O2 -flto (test for excess errors)
UNRESOLVED: gcc.dg/atomic/c11-atomic-exec-4.c -O2 -flto compilation failed to produce executable
FAIL: gcc.dg/atomic/c11-atomic-exec-5.c -O0 (test for excess errors)
UNRESOLVED: gcc.dg/atomic/c11-atomic-exec-5.c -O0 compilation failed to produce executable
FAIL: gcc.dg/atomic/c11-atomic-exec-5.c -O1 (test for excess errors)
UNRESOLVED: gcc.dg/atomic/c11-atomic-exec-5.c -O1 compilation failed to produce executable
FAIL: gcc.dg/atomic/c11-atomic-exec-5.c -O2 (test for excess errors)
UNRESOLVED: gcc.dg/atomic/c11-atomic-exec-5.c -O2 compilation failed to produce executable
FAIL: gcc.dg/atomic/c11-atomic-exec-5.c -O3 -fomit-frame-pointer (test for excess errors)
UNRESOLVED: gcc.dg/atomic/c11-atomic-exec-5.c -O3 -fomit-frame-pointer compilation failed to produce executable
FAIL: gcc.dg/atomic/c11-atomic-exec-5.c -O3 -fomit-frame-pointer -funroll-loops (test for excess errors)
UNRESOLVED: gcc.dg/atomic/c11-atomic-exec-5.c -O3 -fomit-frame-pointer -funroll-loops compilation failed to produce executable
FAIL: gcc.dg/atomic/c11-atomic-exec-5.c -O3 -fomit-frame-pointer -funroll-all-loops -finline-functions (test for excess errors)
UNRESOLVED: gcc.dg/atomic/c11-atomic-exec-5.c -O3 -fomit-frame-pointer -funroll-all-loops -finline-functions compilation failed to produce executable
FAIL: gcc.dg/atomic/c11-atomic-exec-5.c -O3 -g (test for excess errors)
UNRESOLVED: gcc.dg/atomic/c11-atomic-exec-5.c -O3 -g compilation failed to produce executable
FAIL: gcc.dg/atomic/c11-atomic-exec-5.c -Os (test for excess errors)
UNRESOLVED: gcc.dg/atomic/c11-atomic-exec-5.c -Os compilation failed to produce executable
FAIL: gcc.dg/atomic/c11-atomic-exec-5.c -O2 -flto -flto-partition=none (test for excess errors)
UNRESOLVED: gcc.dg/atomic/c11-atomic-exec-5.c -O2 -flto -flto-partition=none compilation failed to produce executable
FAIL: gcc.dg/atomic/c11-atomic-exec-5.c -O2 -flto (test for excess errors)
UNRESOLVED: gcc.dg/atomic/c11-atomic-exec-5.c -O2 -flto compilation failed to produce executable
FAIL: gcc.dg/cpp/macsyntx.c (test for warnings, line 54)
FAIL: gcc.dg/cpp/macsyntx.c (test for warnings, line 55)
FAIL: gcc.dg/cpp/macsyntx.c (test for warnings, line 62)
FAIL: gcc.dg/cpp/macsyntx.c (test for excess errors)
FAIL: gcc.dg/cpp/sysmac1.c (test for warnings, line 25)
FAIL: gcc.dg/cpp/sysmac1.c (test for excess errors)
FAIL: gcc.dg/20030711-1.c execution test
WARNING: program timed out.
FAIL: gcc.dg/c11-atomic-2.c (test for excess errors)
WARNING: program timed out.
WARNING: program timed out.
FAIL: gcc.dg/c99-intconst-1.c (test for excess errors)
FAIL: gcc.dg/memcpy-5.c (test for excess errors)
WARNING: program timed out.
FAIL: gcc.dg/pr48141.c (test for excess errors)
FAIL: gcc.dg/pr57233.c (test for excess errors)
FAIL: c-c++-common/pr50459.c -Wc++-compat (test for excess errors)
WARNING: program timed out.
FAIL: gcc.dg/tls/alias-1.c (internal compiler error)
FAIL: gcc.dg/tls/alias-1.c (test for excess errors)
=== gcc Summary ===
# of expected passes 83449
# of unexpected failures 59
# of expected failures 121
# of unresolved testcases 23
# of unsupported tests 1681
/home/gnu/gcc/objdir/gcc/xgcc version 4.10.0 20140711 (experimental) [trunk revision 212447] (GCC)
=== gfortran tests ===
Running target unix
WARNING: program timed out.
FAIL: gfortran.dg/minloc_3.f90 -O3 -fomit-frame-pointer (test for excess errors)
UNRESOLVED: gfortran.dg/minloc_3.f90 -O3 -fomit-frame-pointer compilation failed to produce executable
WARNING: program timed out.
FAIL: gfortran.dg/minloc_3.f90 -O3 -fomit-frame-pointer -funroll-loops (test for excess errors)
UNRESOLVED: gfortran.dg/minloc_3.f90 -O3 -fomit-frame-pointer -funroll-loops compilation failed to produce executable
WARNING: program timed out.
FAIL: gfortran.dg/minloc_3.f90 -O3 -fomit-frame-pointer -funroll-all-loops -finline-functions (test for excess errors)
UNRESOLVED: gfortran.dg/minloc_3.f90 -O3 -fomit-frame-pointer -funroll-all-loops -finline-functions compilation failed to produce executable
WARNING: program timed out.
FAIL: gfortran.dg/minloc_3.f90 -O3 -g (test for excess errors)
UNRESOLVED: gfortran.dg/minloc_3.f90 -O3 -g compilation failed to produce executable
WARNING: program timed out.
FAIL: gfortran.dg/minlocval_3.f90 -O3 -fomit-frame-pointer (test for excess errors)
UNRESOLVED: gfortran.dg/minlocval_3.f90 -O3 -fomit-frame-pointer compilation failed to produce executable
WARNING: program timed out.
FAIL: gfortran.dg/minlocval_3.f90 -O3 -fomit-frame-pointer -funroll-loops (test for excess errors)
UNRESOLVED: gfortran.dg/minlocval_3.f90 -O3 -fomit-frame-pointer -funroll-loops compilation failed to produce executable
WARNING: program timed out.
FAIL: gfortran.dg/minlocval_3.f90 -O3 -fomit-frame-pointer -funroll-all-loops -finline-functions (test for excess errors)
UNRESOLVED: gfortran.dg/minlocval_3.f90 -O3 -fomit-frame-pointer -funroll-all-loops -finline-functions compilation failed to produce executable
WARNING: program timed out.
FAIL: gfortran.dg/minlocval_3.f90 -O3 -g (test for excess errors)
UNRESOLVED: gfortran.dg/minlocval_3.f90 -O3 -g compilation failed to produce executable
=== gfortran Summary ===
# of expected passes 44699
# of unexpected failures 8
# of expected failures 46
# of unresolved testcases 8
# of unsupported tests 416
/home/gnu/gcc/objdir/gcc/testsuite/gfortran/../../gfortran version 4.10.0 20140711 (experimental) [trunk revision 212447] (GCC)
=== obj-c++ tests ===
Running target unix
=== obj-c++ Summary ===
# of expected passes 1439
# of expected failures 10
# of unsupported tests 86
/home/gnu/gcc/objdir/gcc/testsuite/obj-c++/../../xg++ version 4.10.0 20140711 (experimental) [trunk revision 212447] (GCC)
=== objc tests ===
Running target unix
=== objc Summary ===
# of expected passes 3008
# of unsupported tests 75
/home/gnu/gcc/objdir/gcc/xgcc version 4.10.0 20140711 (experimental) [trunk revision 212447] (GCC)
=== libatomic tests ===
Running target unix
=== libatomic Summary ===
# of expected passes 44
# of unsupported tests 5
=== libgomp tests ===
Running target unix
WARNING: program timed out.
FAIL: libgomp.c/cancel-taskgroup-1.c execution test
WARNING: program timed out.
FAIL: libgomp.c/depend-3.c execution test
WARNING: program timed out.
FAIL: libgomp.c++/cancel-taskgroup-1.C execution test
=== libgomp Summary ===
# of expected passes 3161
# of unexpected failures 3
# of unsupported tests 45
=== libstdc++ tests ===
Running target unix
WARNING: program timed out.
FAIL: 20_util/scoped_allocator/2.cc (test for excess errors)
UNRESOLVED: 20_util/scoped_allocator/2.cc compilation failed to produce executable
FAIL: 21_strings/basic_string/literals/types.cc (test for excess errors)
FAIL: 21_strings/basic_string/literals/values.cc (test for excess errors)
UNRESOLVED: 21_strings/basic_string/literals/values.cc compilation failed to produce executable
WARNING: program timed out.
FAIL: 28_regex/algorithms/regex_match/awk/cstring_01.cc (test for excess errors)
UNRESOLVED: 28_regex/algorithms/regex_match/awk/cstring_01.cc compilation failed to produce executable
WARNING: program timed out.
FAIL: 28_regex/algorithms/regex_match/basic/empty_range.cc (test for excess errors)
UNRESOLVED: 28_regex/algorithms/regex_match/basic/empty_range.cc compilation failed to produce executable
WARNING: program timed out.
FAIL: 28_regex/algorithms/regex_match/basic/string_01.cc (test for excess errors)
UNRESOLVED: 28_regex/algorithms/regex_match/basic/string_01.cc compilation failed to produce executable
WARNING: program timed out.
FAIL: 28_regex/algorithms/regex_match/basic/string_range_00_03.cc (test for excess errors)
UNRESOLVED: 28_regex/algorithms/regex_match/basic/string_range_00_03.cc compilation failed to produce executable
WARNING: program timed out.
FAIL: 28_regex/algorithms/regex_match/basic/string_range_01_03.cc (test for excess errors)
UNRESOLVED: 28_regex/algorithms/regex_match/basic/string_range_01_03.cc compilation failed to produce executable
WARNING: program timed out.
FAIL: 28_regex/algorithms/regex_match/basic/string_range_02_03.cc (test for excess errors)
UNRESOLVED: 28_regex/algorithms/regex_match/basic/string_range_02_03.cc compilation failed to produce executable
WARNING: program timed out.
FAIL: 28_regex/algorithms/regex_match/ecma/char/53622.cc (test for excess errors)
UNRESOLVED: 28_regex/algorithms/regex_match/ecma/char/53622.cc compilation failed to produce executable
WARNING: program timed out.
FAIL: 28_regex/algorithms/regex_match/ecma/char/57173.cc (test for excess errors)
UNRESOLVED: 28_regex/algorithms/regex_match/ecma/char/57173.cc compilation failed to produce executable
WARNING: program timed out.
FAIL: 28_regex/algorithms/regex_match/ecma/char/58576.cc (test for excess errors)
UNRESOLVED: 28_regex/algorithms/regex_match/ecma/char/58576.cc compilation failed to produce executable
WARNING: program timed out.
FAIL: 28_regex/algorithms/regex_match/ecma/char/anymatcher.cc (test for excess errors)
UNRESOLVED: 28_regex/algorithms/regex_match/ecma/char/anymatcher.cc compilation failed to produce executable
WARNING: program timed out.
FAIL: 28_regex/algorithms/regex_match/ecma/char/backref.cc (test for excess errors)
UNRESOLVED: 28_regex/algorithms/regex_match/ecma/char/backref.cc compilation failed to produce executable
WARNING: program timed out.
FAIL: 28_regex/algorithms/regex_match/ecma/char/empty_range.cc (test for excess errors)
UNRESOLVED: 28_regex/algorithms/regex_match/ecma/char/empty_range.cc compilation failed to produce executable
WARNING: program timed out.
FAIL: 28_regex/algorithms/regex_match/ecma/char/emptygroup.cc (test for excess errors)
UNRESOLVED: 28_regex/algorithms/regex_match/ecma/char/emptygroup.cc compilation failed to produce executable
WARNING: program timed out.
FAIL: 28_regex/algorithms/regex_match/ecma/char/hex.cc (test for excess errors)
UNRESOLVED: 28_regex/algorithms/regex_match/ecma/char/hex.cc compilation failed to produce executable
WARNING: program timed out.
FAIL: 28_regex/algorithms/regex_match/ecma/char/quoted_char.cc (test for excess errors)
UNRESOLVED: 28_regex/algorithms/regex_match/ecma/char/quoted_char.cc compilation failed to produce executable
WARNING: program timed out.
FAIL: 28_regex/algorithms/regex_match/extended/cstring_bracket_01.cc (test for excess errors)
UNRESOLVED: 28_regex/algorithms/regex_match/extended/cstring_bracket_01.cc compilation failed to produce executable
WARNING: program timed out.
FAIL: 28_regex/algorithms/regex_match/extended/cstring_plus.cc (test for excess errors)
UNRESOLVED: 28_regex/algorithms/regex_match/extended/cstring_plus.cc compilation failed to produce executable
WARNING: program timed out.
FAIL: 28_regex/algorithms/regex_match/extended/cstring_questionmark.cc (test for excess errors)
UNRESOLVED: 28_regex/algorithms/regex_match/extended/cstring_questionmark.cc compilation failed to produce executable
WARNING: program timed out.
FAIL: 28_regex/algorithms/regex_match/extended/cstring_range.cc (test for excess errors)
UNRESOLVED: 28_regex/algorithms/regex_match/extended/cstring_range.cc compilation failed to produce executable
WARNING: program timed out.
FAIL: 28_regex/algorithms/regex_match/extended/string_any.cc (test for excess errors)
UNRESOLVED: 28_regex/algorithms/regex_match/extended/string_any.cc compilation failed to produce executable
WARNING: program timed out.
FAIL: 28_regex/algorithms/regex_match/extended/string_range_00_03.cc (test for excess errors)
UNRESOLVED: 28_regex/algorithms/regex_match/extended/string_range_00_03.cc compilation failed to produce executable
WARNING: program timed out.
FAIL: 28_regex/algorithms/regex_match/extended/string_range_01_03.cc (test for excess errors)
UNRESOLVED: 28_regex/algorithms/regex_match/extended/string_range_01_03.cc compilation failed to produce executable
WARNING: program timed out.
FAIL: 28_regex/algorithms/regex_match/extended/string_range_02_03.cc (test for excess errors)
UNRESOLVED: 28_regex/algorithms/regex_match/extended/string_range_02_03.cc compilation failed to produce executable
WARNING: program timed out.
FAIL: 28_regex/algorithms/regex_replace/char/basic_replace.cc (test for excess errors)
UNRESOLVED: 28_regex/algorithms/regex_replace/char/basic_replace.cc compilation failed to produce executable
WARNING: program timed out.
FAIL: 28_regex/algorithms/regex_search/61424.cc (test for excess errors)
UNRESOLVED: 28_regex/algorithms/regex_search/61424.cc compilation failed to produce executable
WARNING: program timed out.
FAIL: 28_regex/algorithms/regex_search/basic/string_01.cc (test for excess errors)
UNRESOLVED: 28_regex/algorithms/regex_search/basic/string_01.cc compilation failed to produce executable
WARNING: program timed out.
FAIL: 28_regex/algorithms/regex_search/ecma/assertion.cc (test for excess errors)
UNRESOLVED: 28_regex/algorithms/regex_search/ecma/assertion.cc compilation failed to produce executable
WARNING: program timed out.
FAIL: 28_regex/algorithms/regex_search/ecma/flags.cc (test for excess errors)
UNRESOLVED: 28_regex/algorithms/regex_search/ecma/flags.cc compilation failed to produce executable
WARNING: program timed out.
FAIL: 28_regex/algorithms/regex_search/ecma/greedy.cc (test for excess errors)
UNRESOLVED: 28_regex/algorithms/regex_search/ecma/greedy.cc compilation failed to produce executable
WARNING: program timed out.
FAIL: 28_regex/algorithms/regex_search/ecma/string_01.cc (test for excess errors)
UNRESOLVED: 28_regex/algorithms/regex_search/ecma/string_01.cc compilation failed to produce executable
WARNING: program timed out.
FAIL: 28_regex/basic_regex/multiple_quantifiers.cc (test for excess errors)
UNRESOLVED: 28_regex/basic_regex/multiple_quantifiers.cc compilation failed to produce executable
WARNING: program timed out.
FAIL: 28_regex/init-list.cc (test for excess errors)
WARNING: program timed out.
FAIL: 28_regex/iterators/regex_iterator/char/string_01.cc (test for excess errors)
WARNING: program timed out.
FAIL: 28_regex/iterators/regex_iterator/char/string_position_01.cc (test for excess errors)
UNRESOLVED: 28_regex/iterators/regex_iterator/char/string_position_01.cc compilation failed to produce executable
WARNING: program timed out.
FAIL: 28_regex/iterators/regex_token_iterator/char/string_01.cc (test for excess errors)
UNRESOLVED: 28_regex/iterators/regex_token_iterator/char/string_01.cc compilation failed to produce executable
WARNING: program timed out.
FAIL: 28_regex/match_results/format.cc (test for excess errors)
UNRESOLVED: 28_regex/match_results/format.cc compilation failed to produce executable
FAIL: experimental/string_view/literals/types.cc (test for excess errors)
FAIL: experimental/string_view/literals/values.cc (test for excess errors)
UNRESOLVED: experimental/string_view/literals/values.cc compilation failed to produce executable
WARNING: program timed out.
FAIL: ext/vstring/requirements/exception/basic.cc (test for excess errors)
UNRESOLVED: ext/vstring/requirements/exception/basic.cc compilation failed to produce executable
=== libstdc++ Summary ===
# of expected passes 7202
# of unexpected failures 42
# of expected failures 68
# of unresolved testcases 38
# of unsupported tests 775
Compiler version: 4.10.0 20140711 (experimental) [trunk revision 212447] (GCC)
Platform: hppa64-hp-hpux11.00
configure flags:Test Run By dave on Tue Jul 15 16:25:54 2014