This is the mail archive of the gcc-testresults@gcc.gnu.org mailing list for the GCC project.


Index Nav: [Date Index] [Subject Index] [Author Index] [Thread Index]
Message Nav: [Date Prev] [Date Next] [Thread Prev] [Thread Next]
Other format: [Raw text]

Results for 4.8.3 (tgcware 4.8.3-1) testsuite on sparc-sun-solaris2.9


Built with:
GNU as 2.23.1
Sun ld 5.9-1.401 (112963-36)
gmp 5.1.3
mpfr 3.1.2
mpc 1.0.1
isl 0.11.2
cloog 0.18.0

CONFIG_SHELL=/bin/ksh

Bootstrap compiler:
Using built-in specs.
COLLECT_GCC=/usr/tgcware/gcc47/bin/gcc
COLLECT_LTO_WRAPPER=/usr/tgcware/libexec/gcc/sparc-sun-solaris2.9/4.7.3/lto-wrapper
Target: sparc-sun-solaris2.9
Configured with: ../gcc-4.7.3/configure --prefix=/usr/tgcware --with-local-prefix=/usr/tgcware/gcc47 --bindir=/usr/tgcware/gcc47/bin --mandir=/usr/tgcware/gcc47/man --infodir=/usr/tgcware/gcc47/info --disable-nls --enable-shared --enable-threads=posix --with-gmp=/usr/tgcware --with-mpfr=/usr/tgcware --with-mpc=/usr/tgcware --with-cloog=/usr/tgcware --with-ppl=/usr/tgcware --without-gnu-ld --with-ld=/usr/ccs/bin/ld --with-gnu-as --with-as=/usr/tgcware/bin/gas --enable-languages=all,ada,obj-c++,go --with-x --enable-java-awt=xlib --with-cpu=v9
Thread model: posix
gcc version 4.7.3 (tgcware 4.7.3-2) 

LAST_UPDATED: Obtained from SVN: tags/gcc_4_8_3_release revision 210800

		=== acats tests ===

		=== acats Summary ===
# of expected passes		2320
# of unexpected failures	0
Native configuration is sparc-sun-solaris2.9

		=== g++ tests ===


Running target unix
FAIL: g++.dg/tree-prof/pr59255.C compilation,  -fprofile-generate
UNRESOLVED: g++.dg/tree-prof/pr59255.C execution,    -fprofile-generate
UNRESOLVED: g++.dg/tree-prof/pr59255.C compilation,  -fprofile-use
UNRESOLVED: g++.dg/tree-prof/pr59255.C execution,    -fprofile-use

		=== g++ Summary for unix ===

# of expected passes		50491
# of unexpected failures	1
# of expected failures		294
# of unresolved testcases	3
# of unsupported tests		1035

Running target unix/-m64
FAIL: g++.dg/tree-prof/pr59255.C compilation,  -fprofile-generate
UNRESOLVED: g++.dg/tree-prof/pr59255.C execution,    -fprofile-generate
UNRESOLVED: g++.dg/tree-prof/pr59255.C compilation,  -fprofile-use
UNRESOLVED: g++.dg/tree-prof/pr59255.C execution,    -fprofile-use

		=== g++ Summary for unix/-m64 ===

# of expected passes		51731
# of unexpected failures	1
# of expected failures		294
# of unresolved testcases	3
# of unsupported tests		1025

		=== g++ Summary ===

# of expected passes		102222
# of unexpected failures	2
# of expected failures		588
# of unresolved testcases	6
# of unsupported tests		2060
/export/home/tgc/buildpkg/gcc48/src/all_native/gcc/testsuite/g++/../../xg++  version 4.8.3 (tgcware 4.8.3-1) 

		=== gcc tests ===


Running target unix
FAIL: gcc.dg/tls/pr58595.c (test for excess errors)
UNRESOLVED: gcc.dg/tls/pr58595.c compilation failed to produce executable

		=== gcc Summary for unix ===

# of expected passes		83977
# of unexpected failures	1
# of expected failures		326
# of unresolved testcases	1
# of unsupported tests		1667

Running target unix/-m64
FAIL: gcc.dg/tls/pr58595.c (test for excess errors)
UNRESOLVED: gcc.dg/tls/pr58595.c compilation failed to produce executable

		=== gcc Summary for unix/-m64 ===

# of expected passes		84712
# of unexpected failures	1
# of expected failures		315
# of unresolved testcases	1
# of unsupported tests		1619

		=== gcc Summary ===

# of expected passes		168689
# of unexpected failures	2
# of expected failures		641
# of unresolved testcases	2
# of unsupported tests		3286
/export/home/tgc/buildpkg/gcc48/src/all_native/gcc/xgcc  version 4.8.3 (tgcware 4.8.3-1) 

		=== gfortran tests ===


Running target unix

		=== gfortran Summary for unix ===

# of expected passes		43218
# of expected failures		58
# of unsupported tests		426

Running target unix/-m64

		=== gfortran Summary for unix/-m64 ===

# of expected passes		43497
# of expected failures		58
# of unsupported tests		289

		=== gfortran Summary ===

# of expected passes		86715
# of expected failures		116
# of unsupported tests		715
/export/home/tgc/buildpkg/gcc48/src/all_native/gcc/testsuite/gfortran/../../gfortran  version 4.8.3 (tgcware 4.8.3-1) 

		=== gnat tests ===


Running target unix

		=== gnat Summary for unix ===

# of expected passes		1155
# of expected failures		17
# of unsupported tests		13

Running target unix/-m64

		=== gnat Summary for unix/-m64 ===

# of expected passes		1155
# of expected failures		17
# of unsupported tests		13

		=== gnat Summary ===

# of expected passes		2310
# of expected failures		34
# of unsupported tests		26
/export/home/tgc/buildpkg/gcc48/src/all_native/gcc/gnatmake version 4.8.3

		=== go tests ===


Running target unix
WARNING: program timed out.
FAIL: ./rotate-out.go compilation,  -O0 -g -fno-var-tracking-assignments 

		=== go Summary for unix ===

# of expected passes		5177
# of unexpected failures	1
# of expected failures		1
# of untested testcases		7

Running target unix/-m64

		=== go Summary for unix/-m64 ===

# of expected passes		5059
# of expected failures		1
# of untested testcases		6

		=== go Summary ===

# of expected passes		10236
# of unexpected failures	1
# of expected failures		2
# of untested testcases		13
/export/home/tgc/buildpkg/gcc48/src/all_native/gcc/testsuite/go/../../gccgo  version 4.8.3 (tgcware 4.8.3-1) 

		=== obj-c++ tests ===


Running target unix

		=== obj-c++ Summary for unix ===

# of expected passes		1450
# of expected failures		2
# of unsupported tests		86

Running target unix/-m64

		=== obj-c++ Summary for unix/-m64 ===

# of expected passes		1442
# of expected failures		10
# of unsupported tests		86

		=== obj-c++ Summary ===

# of expected passes		2892
# of expected failures		12
# of unsupported tests		172
/export/home/tgc/buildpkg/gcc48/src/all_native/gcc/testsuite/obj-c++/../../xg++  version 4.8.3 (tgcware 4.8.3-1) 

		=== objc tests ===


Running target unix

		=== objc Summary for unix ===

# of expected passes		2994
# of unsupported tests		74

Running target unix/-m64

		=== objc Summary for unix/-m64 ===

# of expected passes		2994
# of unsupported tests		74

		=== objc Summary ===

# of expected passes		5988
# of unsupported tests		148
/export/home/tgc/buildpkg/gcc48/src/all_native/gcc/xgcc  version 4.8.3 (tgcware 4.8.3-1) 

		=== boehm-gc tests ===


Running target unix

		=== boehm-gc Summary for unix ===

# of expected passes		12
# of unsupported tests		1

Running target unix/-m64

		=== boehm-gc Summary for unix/-m64 ===

# of expected passes		12
# of unsupported tests		1

		=== boehm-gc Summary ===

# of expected passes		24
# of unsupported tests		2
		=== libatomic tests ===


Running target unix

		=== libatomic Summary for unix ===

# of expected passes		34
# of unsupported tests		10

Running target unix/-m64

		=== libatomic Summary for unix/-m64 ===

# of expected passes		44
# of unsupported tests		5

		=== libatomic Summary ===

# of expected passes		78
# of unsupported tests		15
		=== libffi tests ===


Running target unix

		=== libffi Summary for unix ===

# of expected passes		1819
# of unsupported tests		55

Running target unix/-m64
FAIL: libffi.call/cls_double_va.c -O0 -W -Wall output pattern test, is 7.0
FAIL: libffi.call/cls_double_va.c -O2 output pattern test, is 7.0
FAIL: libffi.call/cls_double_va.c -O3 output pattern test, is 7.0
FAIL: libffi.call/cls_double_va.c -Os output pattern test, is 7.0
FAIL: libffi.call/cls_double_va.c -O2 -fomit-frame-pointer output pattern test, is 7.0

		=== libffi Summary for unix/-m64 ===

# of expected passes		1814
# of unexpected failures	5
# of unsupported tests		55

		=== libffi Summary ===

# of expected passes		3633
# of unexpected failures	5
# of unsupported tests		110
		=== libgo tests ===


Running target unix
FAIL: net
FAIL: runtime
FAIL: log/syslog
FAIL: text/template
FAIL: testing/quick

		=== libgo Summary for unix ===

# of expected passes		117
# of unexpected failures	5

Running target unix/-m64
FAIL: net
FAIL: os
FAIL: syscall
FAIL: log/syslog
FAIL: net/http
FAIL: net/http/cgi
FAIL: net/http/httptest
FAIL: net/http/httputil
FAIL: net/rpc
FAIL: net/smtp
FAIL: os/exec
FAIL: text/template

		=== libgo Summary for unix/-m64 ===

# of expected passes		110
# of unexpected failures	12

		=== libgo Summary ===

# of expected passes		227
# of unexpected failures	17
/export/home/tgc/buildpkg/gcc48/src/all_native/./gcc/gccgo version 4.8.3 (tgcware 4.8.3-1)

		=== libgomp tests ===


Running target unix

		=== libgomp Summary for unix ===

# of expected passes		3050
# of unsupported tests		3

Running target unix/-m64

		=== libgomp Summary for unix/-m64 ===

# of expected passes		3050
# of unsupported tests		3

		=== libgomp Summary ===

# of expected passes		6100
# of unsupported tests		6
		=== libitm tests ===


Running target unix

		=== libitm Summary for unix ===

# of expected passes		26
# of expected failures		3
# of unsupported tests		1

Running target unix/-m64

		=== libitm Summary for unix/-m64 ===

# of expected passes		26
# of expected failures		3
# of unsupported tests		1

		=== libitm Summary ===

# of expected passes		52
# of expected failures		6
# of unsupported tests		2
		=== libjava tests ===


Running target unix
FAIL: sourcelocation -findirect-dispatch execution - source compiled test

		=== libjava Summary for unix ===

# of expected passes		2581
# of unexpected failures	1
# of expected failures		3
# of untested testcases		1

Running target unix/-m64
FAIL: StackTrace2 -O3 execution - source compiled test

		=== libjava Summary for unix/-m64 ===

# of expected passes		2580
# of unexpected failures	1
# of expected failures		4
# of untested testcases		1

		=== libjava Summary ===

# of expected passes		5161
# of unexpected failures	2
# of expected failures		7
# of untested testcases		2
		=== libstdc++ tests ===


Running target unix

		=== libstdc++ Summary for unix ===

# of expected passes		7677
# of expected failures		47
# of unsupported tests		900

Running target unix/-m64

		=== libstdc++ Summary for unix/-m64 ===

# of expected passes		7677
# of expected failures		47
# of unsupported tests		900

		=== libstdc++ Summary ===

# of expected passes		15354
# of expected failures		94
# of unsupported tests		1800

Compiler version: 4.8.3 (tgcware 4.8.3-1) 
Platform: sparc-sun-solaris2.9
configure flags: --prefix=/usr/tgcware --with-local-prefix=/usr/tgcware/gcc48 --bindir=/usr/tgcware/gcc48/bin --mandir=/usr/tgcware/gcc48/man --infodir=/usr/tgcware/gcc48/info --disable-nls --enable-shared --enable-threads=posix --with-gmp=/usr/tgcware --with-mpfr=/usr/tgcware --with-mpc=/usr/tgcware --with-cloog=/usr/tgcware --with-isl=/usr/tgcware --with-cloog-backend=isl --without-gnu-ld --with-ld=/usr/ccs/bin/ld --with-gnu-as --with-as=/usr/tgcware/bin/gas --enable-languages=all,ada,obj-c++,go --with-x --enable-java-awt=xlib --with-cpu=v9 --with-pkgversion='tgcware 4.8.3-1' --with-bugurl=http://jupiterrise.com/tgcware


Index Nav: [Date Index] [Subject Index] [Author Index] [Thread Index]
Message Nav: [Date Prev] [Date Next] [Thread Prev] [Thread Next]