This is the mail archive of the gcc-testresults@gcc.gnu.org mailing list for the GCC project.


Index Nav: [Date Index] [Subject Index] [Author Index] [Thread Index]
Message Nav: [Date Prev] [Date Next] [Thread Prev] [Thread Next]
Other format: [Raw text]

Results for 4.10.0 20140610 (experimental) (GCC) (build config: lto; languages: fortran; fortran-caf revision 212128) testsuite on x86_64-unknown-linux-gnu


LAST_UPDATED: Sun Jun 29 22:45:12 UTC 2014 (revision 212128)

Native configuration is x86_64-unknown-linux-gnu

		=== gcc tests ===


Running target unix
FAIL: c-c++-common/asan/asan-interface-1.c  -O0  execution test
FAIL: c-c++-common/asan/asan-interface-1.c  -O1  execution test
FAIL: c-c++-common/asan/asan-interface-1.c  -O2  execution test
FAIL: c-c++-common/asan/asan-interface-1.c  -O3 -fomit-frame-pointer  execution test
FAIL: c-c++-common/asan/asan-interface-1.c  -O3 -g  execution test
FAIL: c-c++-common/asan/asan-interface-1.c  -Os  execution test
FAIL: c-c++-common/asan/asan-interface-1.c  -O2 -flto -fno-use-linker-plugin -flto-partition=none  execution test
FAIL: c-c++-common/asan/asan-interface-1.c  -O2 -flto -fuse-linker-plugin -fno-fat-lto-objects  execution test
FAIL: c-c++-common/asan/clone-test-1.c  -O0  execution test
FAIL: c-c++-common/asan/clone-test-1.c  -O1  execution test
FAIL: c-c++-common/asan/clone-test-1.c  -O2  execution test
FAIL: c-c++-common/asan/clone-test-1.c  -O3 -fomit-frame-pointer  execution test
FAIL: c-c++-common/asan/clone-test-1.c  -O3 -fomit-frame-pointer -funroll-loops  execution test
FAIL: c-c++-common/asan/clone-test-1.c  -O3 -fomit-frame-pointer -funroll-all-loops -finline-functions  execution test
FAIL: c-c++-common/asan/clone-test-1.c  -O3 -g  execution test
FAIL: c-c++-common/asan/clone-test-1.c  -Os  execution test
FAIL: c-c++-common/asan/clone-test-1.c  -O2 -flto -fno-use-linker-plugin -flto-partition=none  execution test
FAIL: c-c++-common/asan/clone-test-1.c  -O2 -flto -fuse-linker-plugin -fno-fat-lto-objects  execution test
FAIL: c-c++-common/asan/global-overflow-1.c  -O0  output pattern test, is ==23427==ASan runtime does not come first in initial library list; you should either link runtime to your application or manually preload it with LD_PRELOAD.
FAIL: c-c++-common/asan/global-overflow-1.c  -O1  output pattern test, is ==23543==ASan runtime does not come first in initial library list; you should either link runtime to your application or manually preload it with LD_PRELOAD.
FAIL: c-c++-common/asan/global-overflow-1.c  -O2  output pattern test, is ==23649==ASan runtime does not come first in initial library list; you should either link runtime to your application or manually preload it with LD_PRELOAD.
FAIL: c-c++-common/asan/global-overflow-1.c  -O3 -fomit-frame-pointer  output pattern test, is ==23733==ASan runtime does not come first in initial library list; you should either link runtime to your application or manually preload it with LD_PRELOAD.
FAIL: c-c++-common/asan/global-overflow-1.c  -O3 -g  output pattern test, is ==23879==ASan runtime does not come first in initial library list; you should either link runtime to your application or manually preload it with LD_PRELOAD.
FAIL: c-c++-common/asan/global-overflow-1.c  -Os  output pattern test, is ==23960==ASan runtime does not come first in initial library list; you should either link runtime to your application or manually preload it with LD_PRELOAD.
FAIL: c-c++-common/asan/global-overflow-1.c  -O2 -flto -fno-use-linker-plugin -flto-partition=none  output pattern test, is ==24276==ASan runtime does not come first in initial library list; you should either link runtime to your application or manually preload it with LD_PRELOAD.
FAIL: c-c++-common/asan/global-overflow-1.c  -O2 -flto -fuse-linker-plugin -fno-fat-lto-objects  output pattern test, is ==24511==ASan runtime does not come first in initial library list; you should either link runtime to your application or manually preload it with LD_PRELOAD.
FAIL: c-c++-common/asan/heap-overflow-1.c  -O0  output pattern test, is ==24651==ASan runtime does not come first in initial library list; you should either link runtime to your application or manually preload it with LD_PRELOAD.
FAIL: c-c++-common/asan/heap-overflow-1.c  -O1  output pattern test, is ==24771==ASan runtime does not come first in initial library list; you should either link runtime to your application or manually preload it with LD_PRELOAD.
FAIL: c-c++-common/asan/heap-overflow-1.c  -O2  output pattern test, is ==24947==ASan runtime does not come first in initial library list; you should either link runtime to your application or manually preload it with LD_PRELOAD.
FAIL: c-c++-common/asan/heap-overflow-1.c  -O3 -fomit-frame-pointer  output pattern test, is ==25089==ASan runtime does not come first in initial library list; you should either link runtime to your application or manually preload it with LD_PRELOAD.
FAIL: c-c++-common/asan/heap-overflow-1.c  -O3 -g  output pattern test, is ==25221==ASan runtime does not come first in initial library list; you should either link runtime to your application or manually preload it with LD_PRELOAD.
FAIL: c-c++-common/asan/heap-overflow-1.c  -Os  output pattern test, is ==25379==ASan runtime does not come first in initial library list; you should either link runtime to your application or manually preload it with LD_PRELOAD.
FAIL: c-c++-common/asan/heap-overflow-1.c  -O2 -flto -fno-use-linker-plugin -flto-partition=none  output pattern test, is ==25738==ASan runtime does not come first in initial library list; you should either link runtime to your application or manually preload it with LD_PRELOAD.
FAIL: c-c++-common/asan/heap-overflow-1.c  -O2 -flto -fuse-linker-plugin -fno-fat-lto-objects  output pattern test, is ==25996==ASan runtime does not come first in initial library list; you should either link runtime to your application or manually preload it with LD_PRELOAD.
FAIL: c-c++-common/asan/memcmp-1.c  -O0  output pattern test, is ==26113==ASan runtime does not come first in initial library list; you should either link runtime to your application or manually preload it with LD_PRELOAD.
FAIL: c-c++-common/asan/memcmp-1.c  -O1  output pattern test, is ==26240==ASan runtime does not come first in initial library list; you should either link runtime to your application or manually preload it with LD_PRELOAD.
FAIL: c-c++-common/asan/memcmp-1.c  -O2  output pattern test, is ==26320==ASan runtime does not come first in initial library list; you should either link runtime to your application or manually preload it with LD_PRELOAD.
FAIL: c-c++-common/asan/memcmp-1.c  -O3 -fomit-frame-pointer  output pattern test, is ==26421==ASan runtime does not come first in initial library list; you should either link runtime to your application or manually preload it with LD_PRELOAD.
FAIL: c-c++-common/asan/memcmp-1.c  -O3 -g  output pattern test, is ==26583==ASan runtime does not come first in initial library list; you should either link runtime to your application or manually preload it with LD_PRELOAD.
FAIL: c-c++-common/asan/memcmp-1.c  -Os  output pattern test, is ==26811==ASan runtime does not come first in initial library list; you should either link runtime to your application or manually preload it with LD_PRELOAD.
FAIL: c-c++-common/asan/memcmp-1.c  -O2 -flto -fno-use-linker-plugin -flto-partition=none  output pattern test, is ==27086==ASan runtime does not come first in initial library list; you should either link runtime to your application or manually preload it with LD_PRELOAD.
FAIL: c-c++-common/asan/memcmp-1.c  -O2 -flto -fuse-linker-plugin -fno-fat-lto-objects  output pattern test, is ==27393==ASan runtime does not come first in initial library list; you should either link runtime to your application or manually preload it with LD_PRELOAD.
FAIL: c-c++-common/asan/misalign-1.c  -O0  output pattern test, is ==28403==ASan runtime does not come first in initial library list; you should either link runtime to your application or manually preload it with LD_PRELOAD.
FAIL: c-c++-common/asan/misalign-1.c  -O1  output pattern test, is ==28548==ASan runtime does not come first in initial library list; you should either link runtime to your application or manually preload it with LD_PRELOAD.
FAIL: c-c++-common/asan/misalign-1.c  -O2  output pattern test, is ==28671==ASan runtime does not come first in initial library list; you should either link runtime to your application or manually preload it with LD_PRELOAD.
FAIL: c-c++-common/asan/misalign-1.c  -O3 -fomit-frame-pointer  output pattern test, is ==28860==ASan runtime does not come first in initial library list; you should either link runtime to your application or manually preload it with LD_PRELOAD.
FAIL: c-c++-common/asan/misalign-1.c  -O3 -g  output pattern test, is ==29005==ASan runtime does not come first in initial library list; you should either link runtime to your application or manually preload it with LD_PRELOAD.
FAIL: c-c++-common/asan/misalign-1.c  -Os  output pattern test, is ==29143==ASan runtime does not come first in initial library list; you should either link runtime to your application or manually preload it with LD_PRELOAD.
FAIL: c-c++-common/asan/misalign-1.c  -O2 -flto -fno-use-linker-plugin -flto-partition=none  output pattern test, is ==29618==ASan runtime does not come first in initial library list; you should either link runtime to your application or manually preload it with LD_PRELOAD.
FAIL: c-c++-common/asan/misalign-1.c  -O2 -flto -fuse-linker-plugin -fno-fat-lto-objects  output pattern test, is ==29879==ASan runtime does not come first in initial library list; you should either link runtime to your application or manually preload it with LD_PRELOAD.
FAIL: c-c++-common/asan/misalign-2.c  -O0  output pattern test, is ==30098==ASan runtime does not come first in initial library list; you should either link runtime to your application or manually preload it with LD_PRELOAD.
FAIL: c-c++-common/asan/misalign-2.c  -O1  output pattern test, is ==30240==ASan runtime does not come first in initial library list; you should either link runtime to your application or manually preload it with LD_PRELOAD.
FAIL: c-c++-common/asan/misalign-2.c  -O2  output pattern test, is ==30416==ASan runtime does not come first in initial library list; you should either link runtime to your application or manually preload it with LD_PRELOAD.
FAIL: c-c++-common/asan/misalign-2.c  -O3 -fomit-frame-pointer  output pattern test, is ==30602==ASan runtime does not come first in initial library list; you should either link runtime to your application or manually preload it with LD_PRELOAD.
FAIL: c-c++-common/asan/misalign-2.c  -O3 -g  output pattern test, is ==30793==ASan runtime does not come first in initial library list; you should either link runtime to your application or manually preload it with LD_PRELOAD.
FAIL: c-c++-common/asan/misalign-2.c  -Os  output pattern test, is ==30955==ASan runtime does not come first in initial library list; you should either link runtime to your application or manually preload it with LD_PRELOAD.
FAIL: c-c++-common/asan/misalign-2.c  -O2 -flto -fno-use-linker-plugin -flto-partition=none  output pattern test, is ==31249==ASan runtime does not come first in initial library list; you should either link runtime to your application or manually preload it with LD_PRELOAD.
FAIL: c-c++-common/asan/misalign-2.c  -O2 -flto -fuse-linker-plugin -fno-fat-lto-objects  output pattern test, is ==31473==ASan runtime does not come first in initial library list; you should either link runtime to your application or manually preload it with LD_PRELOAD.
FAIL: c-c++-common/asan/null-deref-1.c  -O0  output pattern test, is ==4551==ASan runtime does not come first in initial library list; you should either link runtime to your application or manually preload it with LD_PRELOAD.
FAIL: c-c++-common/asan/null-deref-1.c  -O1  output pattern test, is ==4683==ASan runtime does not come first in initial library list; you should either link runtime to your application or manually preload it with LD_PRELOAD.
FAIL: c-c++-common/asan/null-deref-1.c  -O2  output pattern test, is ==4817==ASan runtime does not come first in initial library list; you should either link runtime to your application or manually preload it with LD_PRELOAD.
FAIL: c-c++-common/asan/null-deref-1.c  -O3 -fomit-frame-pointer  output pattern test, is ==4984==ASan runtime does not come first in initial library list; you should either link runtime to your application or manually preload it with LD_PRELOAD.
FAIL: c-c++-common/asan/null-deref-1.c  -O3 -g  output pattern test, is ==5090==ASan runtime does not come first in initial library list; you should either link runtime to your application or manually preload it with LD_PRELOAD.
FAIL: c-c++-common/asan/null-deref-1.c  -Os  output pattern test, is ==5273==ASan runtime does not come first in initial library list; you should either link runtime to your application or manually preload it with LD_PRELOAD.
FAIL: c-c++-common/asan/null-deref-1.c  -O2 -flto -fno-use-linker-plugin -flto-partition=none  output pattern test, is ==5590==ASan runtime does not come first in initial library list; you should either link runtime to your application or manually preload it with LD_PRELOAD.
FAIL: c-c++-common/asan/null-deref-1.c  -O2 -flto -fuse-linker-plugin -fno-fat-lto-objects  output pattern test, is ==5769==ASan runtime does not come first in initial library list; you should either link runtime to your application or manually preload it with LD_PRELOAD.
FAIL: c-c++-common/asan/pr59063-1.c  -O0  execution test
FAIL: c-c++-common/asan/pr59063-1.c  -O1  execution test
FAIL: c-c++-common/asan/pr59063-1.c  -O2  execution test
FAIL: c-c++-common/asan/pr59063-1.c  -O3 -fomit-frame-pointer  execution test
FAIL: c-c++-common/asan/pr59063-1.c  -O3 -g  execution test
FAIL: c-c++-common/asan/pr59063-1.c  -Os  execution test
FAIL: c-c++-common/asan/pr59063-1.c  -O2 -flto -fno-use-linker-plugin -flto-partition=none  execution test
FAIL: c-c++-common/asan/pr59063-1.c  -O2 -flto -fuse-linker-plugin -fno-fat-lto-objects  execution test
FAIL: c-c++-common/asan/rlimit-mmap-test-1.c  -O0  output pattern test, is ==9808==ASan runtime does not come first in initial library list; you should either link runtime to your application or manually preload it with LD_PRELOAD.
FAIL: c-c++-common/asan/sanity-check-pure-c-1.c  -O0  output pattern test, is ==9900==ASan runtime does not come first in initial library list; you should either link runtime to your application or manually preload it with LD_PRELOAD.
FAIL: c-c++-common/asan/sanity-check-pure-c-1.c  -O1  output pattern test, is ==10004==ASan runtime does not come first in initial library list; you should either link runtime to your application or manually preload it with LD_PRELOAD.
FAIL: c-c++-common/asan/sanity-check-pure-c-1.c  -O2  output pattern test, is ==10081==ASan runtime does not come first in initial library list; you should either link runtime to your application or manually preload it with LD_PRELOAD.
FAIL: c-c++-common/asan/sanity-check-pure-c-1.c  -O3 -fomit-frame-pointer  output pattern test, is ==10156==ASan runtime does not come first in initial library list; you should either link runtime to your application or manually preload it with LD_PRELOAD.
FAIL: c-c++-common/asan/sanity-check-pure-c-1.c  -O3 -g  output pattern test, is ==10290==ASan runtime does not come first in initial library list; you should either link runtime to your application or manually preload it with LD_PRELOAD.
FAIL: c-c++-common/asan/sanity-check-pure-c-1.c  -Os  output pattern test, is ==10383==ASan runtime does not come first in initial library list; you should either link runtime to your application or manually preload it with LD_PRELOAD.
FAIL: c-c++-common/asan/sanity-check-pure-c-1.c  -O2 -flto -fno-use-linker-plugin -flto-partition=none  output pattern test, is ==10635==ASan runtime does not come first in initial library list; you should either link runtime to your application or manually preload it with LD_PRELOAD.
FAIL: c-c++-common/asan/sanity-check-pure-c-1.c  -O2 -flto -fuse-linker-plugin -fno-fat-lto-objects  output pattern test, is ==10837==ASan runtime does not come first in initial library list; you should either link runtime to your application or manually preload it with LD_PRELOAD.
FAIL: c-c++-common/asan/stack-overflow-1.c  -O0  output pattern test, is ==12439==ASan runtime does not come first in initial library list; you should either link runtime to your application or manually preload it with LD_PRELOAD.
FAIL: c-c++-common/asan/stack-overflow-1.c  -O1  output pattern test, is ==12574==ASan runtime does not come first in initial library list; you should either link runtime to your application or manually preload it with LD_PRELOAD.
FAIL: c-c++-common/asan/stack-overflow-1.c  -O2  output pattern test, is ==12706==ASan runtime does not come first in initial library list; you should either link runtime to your application or manually preload it with LD_PRELOAD.
FAIL: c-c++-common/asan/stack-overflow-1.c  -O3 -fomit-frame-pointer  output pattern test, is ==12838==ASan runtime does not come first in initial library list; you should either link runtime to your application or manually preload it with LD_PRELOAD.
FAIL: c-c++-common/asan/stack-overflow-1.c  -O3 -g  output pattern test, is ==13006==ASan runtime does not come first in initial library list; you should either link runtime to your application or manually preload it with LD_PRELOAD.
FAIL: c-c++-common/asan/stack-overflow-1.c  -Os  output pattern test, is ==13150==ASan runtime does not come first in initial library list; you should either link runtime to your application or manually preload it with LD_PRELOAD.
FAIL: c-c++-common/asan/stack-overflow-1.c  -O2 -flto -fno-use-linker-plugin -flto-partition=none  output pattern test, is ==13438==ASan runtime does not come first in initial library list; you should either link runtime to your application or manually preload it with LD_PRELOAD.
FAIL: c-c++-common/asan/stack-overflow-1.c  -O2 -flto -fuse-linker-plugin -fno-fat-lto-objects  output pattern test, is ==13576==ASan runtime does not come first in initial library list; you should either link runtime to your application or manually preload it with LD_PRELOAD.
FAIL: c-c++-common/asan/strip-path-prefix-1.c  -O2  output pattern test, is ==13715==ASan runtime does not come first in initial library list; you should either link runtime to your application or manually preload it with LD_PRELOAD.
FAIL: c-c++-common/asan/strip-path-prefix-1.c  -O2 -flto -fno-use-linker-plugin -flto-partition=none  output pattern test, is ==14220==ASan runtime does not come first in initial library list; you should either link runtime to your application or manually preload it with LD_PRELOAD.
FAIL: c-c++-common/asan/strip-path-prefix-1.c  -O2 -flto -fuse-linker-plugin -fno-fat-lto-objects  output pattern test, is ==14491==ASan runtime does not come first in initial library list; you should either link runtime to your application or manually preload it with LD_PRELOAD.
FAIL: c-c++-common/asan/strncpy-overflow-1.c  -O0  output pattern test, is ==14652==ASan runtime does not come first in initial library list; you should either link runtime to your application or manually preload it with LD_PRELOAD.
FAIL: c-c++-common/asan/strncpy-overflow-1.c  -O1  output pattern test, is ==14814==ASan runtime does not come first in initial library list; you should either link runtime to your application or manually preload it with LD_PRELOAD.
FAIL: c-c++-common/asan/strncpy-overflow-1.c  -O2  output pattern test, is ==15006==ASan runtime does not come first in initial library list; you should either link runtime to your application or manually preload it with LD_PRELOAD.
FAIL: c-c++-common/asan/strncpy-overflow-1.c  -O3 -fomit-frame-pointer  output pattern test, is ==15198==ASan runtime does not come first in initial library list; you should either link runtime to your application or manually preload it with LD_PRELOAD.
FAIL: c-c++-common/asan/strncpy-overflow-1.c  -O3 -g  output pattern test, is ==15368==ASan runtime does not come first in initial library list; you should either link runtime to your application or manually preload it with LD_PRELOAD.
FAIL: c-c++-common/asan/strncpy-overflow-1.c  -Os  output pattern test, is ==15518==ASan runtime does not come first in initial library list; you should either link runtime to your application or manually preload it with LD_PRELOAD.
FAIL: c-c++-common/asan/strncpy-overflow-1.c  -O2 -flto -fno-use-linker-plugin -flto-partition=none  output pattern test, is ==15847==ASan runtime does not come first in initial library list; you should either link runtime to your application or manually preload it with LD_PRELOAD.
FAIL: c-c++-common/asan/strncpy-overflow-1.c  -O2 -flto -fuse-linker-plugin -fno-fat-lto-objects  output pattern test, is ==16065==ASan runtime does not come first in initial library list; you should either link runtime to your application or manually preload it with LD_PRELOAD.
FAIL: c-c++-common/asan/swapcontext-test-1.c  -O0  execution test
FAIL: c-c++-common/asan/swapcontext-test-1.c  -O1  execution test
FAIL: c-c++-common/asan/swapcontext-test-1.c  -O2  execution test
FAIL: c-c++-common/asan/swapcontext-test-1.c  -O3 -fomit-frame-pointer  execution test
FAIL: c-c++-common/asan/swapcontext-test-1.c  -O3 -fomit-frame-pointer -funroll-loops  execution test
FAIL: c-c++-common/asan/swapcontext-test-1.c  -O3 -fomit-frame-pointer -funroll-all-loops -finline-functions  execution test
FAIL: c-c++-common/asan/swapcontext-test-1.c  -O3 -g  execution test
FAIL: c-c++-common/asan/swapcontext-test-1.c  -Os  execution test
FAIL: c-c++-common/asan/swapcontext-test-1.c  -O2 -flto -fno-use-linker-plugin -flto-partition=none  execution test
FAIL: c-c++-common/asan/swapcontext-test-1.c  -O2 -flto -fuse-linker-plugin -fno-fat-lto-objects  execution test
FAIL: c-c++-common/asan/use-after-free-1.c  -O0  output pattern test, is ==18298==ASan runtime does not come first in initial library list; you should either link runtime to your application or manually preload it with LD_PRELOAD.
FAIL: c-c++-common/asan/use-after-free-1.c  -O1  output pattern test, is ==18462==ASan runtime does not come first in initial library list; you should either link runtime to your application or manually preload it with LD_PRELOAD.
FAIL: c-c++-common/asan/use-after-free-1.c  -O2  output pattern test, is ==18625==ASan runtime does not come first in initial library list; you should either link runtime to your application or manually preload it with LD_PRELOAD.
FAIL: c-c++-common/asan/use-after-free-1.c  -O3 -fomit-frame-pointer  output pattern test, is ==18773==ASan runtime does not come first in initial library list; you should either link runtime to your application or manually preload it with LD_PRELOAD.
FAIL: c-c++-common/asan/use-after-free-1.c  -O3 -g  output pattern test, is ==18909==ASan runtime does not come first in initial library list; you should either link runtime to your application or manually preload it with LD_PRELOAD.
FAIL: c-c++-common/asan/use-after-free-1.c  -Os  output pattern test, is ==19025==ASan runtime does not come first in initial library list; you should either link runtime to your application or manually preload it with LD_PRELOAD.
FAIL: c-c++-common/asan/use-after-free-1.c  -O2 -flto -fno-use-linker-plugin -flto-partition=none  output pattern test, is ==19347==ASan runtime does not come first in initial library list; you should either link runtime to your application or manually preload it with LD_PRELOAD.
FAIL: c-c++-common/asan/use-after-free-1.c  -O2 -flto -fuse-linker-plugin -fno-fat-lto-objects  output pattern test, is ==19567==ASan runtime does not come first in initial library list; you should either link runtime to your application or manually preload it with LD_PRELOAD.
FAIL: c-c++-common/asan/use-after-return-1.c  -O0  output pattern test, is ==19652==ASan runtime does not come first in initial library list; you should either link runtime to your application or manually preload it with LD_PRELOAD.
FAIL: c-c++-common/asan/use-after-return-1.c  -O1  output pattern test, is ==19833==ASan runtime does not come first in initial library list; you should either link runtime to your application or manually preload it with LD_PRELOAD.
FAIL: c-c++-common/asan/use-after-return-1.c  -O2  output pattern test, is ==20007==ASan runtime does not come first in initial library list; you should either link runtime to your application or manually preload it with LD_PRELOAD.
FAIL: c-c++-common/asan/use-after-return-1.c  -O3 -fomit-frame-pointer  output pattern test, is ==20135==ASan runtime does not come first in initial library list; you should either link runtime to your application or manually preload it with LD_PRELOAD.
FAIL: c-c++-common/asan/use-after-return-1.c  -O3 -g  output pattern test, is ==20295==ASan runtime does not come first in initial library list; you should either link runtime to your application or manually preload it with LD_PRELOAD.
FAIL: c-c++-common/asan/use-after-return-1.c  -Os  output pattern test, is ==20565==ASan runtime does not come first in initial library list; you should either link runtime to your application or manually preload it with LD_PRELOAD.
FAIL: c-c++-common/asan/use-after-return-1.c  -O2 -flto -fno-use-linker-plugin -flto-partition=none  output pattern test, is ==20876==ASan runtime does not come first in initial library list; you should either link runtime to your application or manually preload it with LD_PRELOAD.
FAIL: c-c++-common/asan/use-after-return-1.c  -O2 -flto -fuse-linker-plugin -fno-fat-lto-objects  output pattern test, is ==21054==ASan runtime does not come first in initial library list; you should either link runtime to your application or manually preload it with LD_PRELOAD.
FAIL: gcc.dg/asan/nosanitize-and-inline.c  -O0  execution test
FAIL: gcc.dg/asan/nosanitize-and-inline.c  -O1  execution test
FAIL: gcc.dg/asan/nosanitize-and-inline.c  -O2  execution test
FAIL: gcc.dg/asan/nosanitize-and-inline.c  -O3 -fomit-frame-pointer  execution test
FAIL: gcc.dg/asan/nosanitize-and-inline.c  -O3 -fomit-frame-pointer -funroll-loops  execution test
FAIL: gcc.dg/asan/nosanitize-and-inline.c  -O3 -fomit-frame-pointer -funroll-all-loops -finline-functions  execution test
FAIL: gcc.dg/asan/nosanitize-and-inline.c  -O3 -g  execution test
FAIL: gcc.dg/asan/nosanitize-and-inline.c  -Os  execution test
FAIL: gcc.dg/asan/nosanitize-and-inline.c  -O2 -flto -fno-use-linker-plugin -flto-partition=none  execution test
FAIL: gcc.dg/asan/nosanitize-and-inline.c  -O2 -flto -fuse-linker-plugin -fno-fat-lto-objects  execution test
XPASS: gcc.dg/guality/example.c  -O0  execution test
XPASS: gcc.dg/guality/example.c  -O1  execution test
XPASS: gcc.dg/guality/example.c  -O2  execution test
XPASS: gcc.dg/guality/example.c  -O2 -flto -fno-use-linker-plugin -flto-partition=none  execution test
XPASS: gcc.dg/guality/guality.c  -O0  execution test
XPASS: gcc.dg/guality/guality.c  -O1  execution test
XPASS: gcc.dg/guality/guality.c  -O2  execution test
XPASS: gcc.dg/guality/guality.c  -O3 -fomit-frame-pointer  execution test
XPASS: gcc.dg/guality/guality.c  -O3 -g  execution test
XPASS: gcc.dg/guality/guality.c  -Os  execution test
XPASS: gcc.dg/guality/guality.c  -O2 -flto -fno-use-linker-plugin -flto-partition=none  execution test
XPASS: gcc.dg/guality/guality.c  -O2 -flto -fuse-linker-plugin -fno-fat-lto-objects  execution test
XPASS: gcc.dg/guality/inline-params.c  -O2  execution test
XPASS: gcc.dg/guality/inline-params.c  -O3 -fomit-frame-pointer  execution test
XPASS: gcc.dg/guality/inline-params.c  -O3 -g  execution test
XPASS: gcc.dg/guality/inline-params.c  -Os  execution test
XPASS: gcc.dg/guality/inline-params.c  -O2 -flto -fno-use-linker-plugin -flto-partition=none  execution test
FAIL: gcc.dg/guality/nrv-1.c  -O2 -flto -fuse-linker-plugin -fno-fat-lto-objects  line 20 a2.i[0] == 42
FAIL: gcc.dg/guality/pr36728-1.c  -O1  line 16 arg7 == 30
FAIL: gcc.dg/guality/pr36728-1.c  -O1  line 18 arg7 == 30
FAIL: gcc.dg/guality/pr36728-1.c  -O2  line 16 arg7 == 30
FAIL: gcc.dg/guality/pr36728-1.c  -O2  line 18 arg7 == 30
FAIL: gcc.dg/guality/pr36728-1.c  -O3 -fomit-frame-pointer  line 16 arg7 == 30
FAIL: gcc.dg/guality/pr36728-1.c  -O3 -fomit-frame-pointer  line 18 arg7 == 30
FAIL: gcc.dg/guality/pr36728-1.c  -O3 -g  line 16 arg7 == 30
FAIL: gcc.dg/guality/pr36728-1.c  -O3 -g  line 18 arg7 == 30
FAIL: gcc.dg/guality/pr36728-1.c  -Os  line 16 arg7 == 30
FAIL: gcc.dg/guality/pr36728-1.c  -Os  line 18 arg7 == 30
FAIL: gcc.dg/guality/pr36728-1.c  -O2 -flto -fno-use-linker-plugin -flto-partition=none  line 16 arg7 == 30
FAIL: gcc.dg/guality/pr36728-1.c  -O2 -flto -fno-use-linker-plugin -flto-partition=none  line 18 arg7 == 30
FAIL: gcc.dg/guality/pr36728-1.c  -O2 -flto -fuse-linker-plugin -fno-fat-lto-objects  line 16 arg7 == 30
FAIL: gcc.dg/guality/pr36728-1.c  -O2 -flto -fuse-linker-plugin -fno-fat-lto-objects  line 18 arg7 == 30
FAIL: gcc.dg/guality/pr36728-3.c  -O1  line 14 arg7 == 30
FAIL: gcc.dg/guality/pr36728-3.c  -O1  line 16 arg7 == 30
FAIL: gcc.dg/guality/pr36728-3.c  -O2  line 14 arg7 == 30
FAIL: gcc.dg/guality/pr36728-3.c  -O2  line 16 arg7 == 30
FAIL: gcc.dg/guality/pr36728-3.c  -O3 -fomit-frame-pointer  line 14 arg7 == 30
FAIL: gcc.dg/guality/pr36728-3.c  -O3 -fomit-frame-pointer  line 16 arg7 == 30
FAIL: gcc.dg/guality/pr36728-3.c  -O3 -g  line 14 arg7 == 30
FAIL: gcc.dg/guality/pr36728-3.c  -O3 -g  line 16 arg7 == 30
FAIL: gcc.dg/guality/pr36728-3.c  -Os  line 14 arg7 == 30
FAIL: gcc.dg/guality/pr36728-3.c  -Os  line 16 arg7 == 30
FAIL: gcc.dg/guality/pr36728-3.c  -O2 -flto -fno-use-linker-plugin -flto-partition=none  line 14 arg7 == 30
FAIL: gcc.dg/guality/pr36728-3.c  -O2 -flto -fno-use-linker-plugin -flto-partition=none  line 16 arg7 == 30
FAIL: gcc.dg/guality/pr36728-3.c  -O2 -flto -fuse-linker-plugin -fno-fat-lto-objects  line 14 arg7 == 30
FAIL: gcc.dg/guality/pr36728-3.c  -O2 -flto -fuse-linker-plugin -fno-fat-lto-objects  line 16 arg7 == 30
XPASS: gcc.dg/guality/pr41353-1.c  -O0  line 28 j == 28 + 37
XPASS: gcc.dg/guality/pr41447-1.c  -O0  execution test
XPASS: gcc.dg/guality/pr41447-1.c  -O1  execution test
XPASS: gcc.dg/guality/pr41447-1.c  -O2  execution test
XPASS: gcc.dg/guality/pr41447-1.c  -O3 -fomit-frame-pointer  execution test
XPASS: gcc.dg/guality/pr41447-1.c  -O3 -g  execution test
XPASS: gcc.dg/guality/pr41447-1.c  -Os  execution test
XPASS: gcc.dg/guality/pr41447-1.c  -O2 -flto -fno-use-linker-plugin -flto-partition=none  execution test
XPASS: gcc.dg/guality/pr41447-1.c  -O2 -flto -fuse-linker-plugin -fno-fat-lto-objects  execution test
XPASS: gcc.dg/guality/pr41616-1.c  -O0  execution test
XPASS: gcc.dg/guality/pr41616-1.c  -O1  execution test
XPASS: gcc.dg/guality/pr41616-1.c  -O2  execution test
XPASS: gcc.dg/guality/pr41616-1.c  -O3 -fomit-frame-pointer  execution test
XPASS: gcc.dg/guality/pr41616-1.c  -O3 -g  execution test
XPASS: gcc.dg/guality/pr41616-1.c  -Os  execution test
XPASS: gcc.dg/guality/pr41616-1.c  -O2 -flto -fno-use-linker-plugin -flto-partition=none  execution test
FAIL: gcc.dg/guality/pr43051-1.c  -O2  line 35 v == 1
FAIL: gcc.dg/guality/pr43051-1.c  -O2  line 36 e == &a[1]
FAIL: gcc.dg/guality/pr43051-1.c  -O2  line 39 c == &a[0]
FAIL: gcc.dg/guality/pr43051-1.c  -O2  line 40 v == 1
FAIL: gcc.dg/guality/pr43051-1.c  -O2  line 41 e == &a[1]
FAIL: gcc.dg/guality/pr43051-1.c  -O3 -fomit-frame-pointer  line 35 v == 1
FAIL: gcc.dg/guality/pr43051-1.c  -O3 -fomit-frame-pointer  line 36 e == &a[1]
FAIL: gcc.dg/guality/pr43051-1.c  -O3 -fomit-frame-pointer  line 39 c == &a[0]
FAIL: gcc.dg/guality/pr43051-1.c  -O3 -fomit-frame-pointer  line 40 v == 1
FAIL: gcc.dg/guality/pr43051-1.c  -O3 -fomit-frame-pointer  line 41 e == &a[1]
FAIL: gcc.dg/guality/pr43051-1.c  -O3 -fomit-frame-pointer -funroll-loops  line 35 v == 1
FAIL: gcc.dg/guality/pr43051-1.c  -O3 -fomit-frame-pointer -funroll-loops  line 36 e == &a[1]
FAIL: gcc.dg/guality/pr43051-1.c  -O3 -fomit-frame-pointer -funroll-loops  line 39 c == &a[0]
FAIL: gcc.dg/guality/pr43051-1.c  -O3 -fomit-frame-pointer -funroll-loops  line 40 v == 1
FAIL: gcc.dg/guality/pr43051-1.c  -O3 -fomit-frame-pointer -funroll-loops  line 41 e == &a[1]
FAIL: gcc.dg/guality/pr43051-1.c  -O3 -fomit-frame-pointer -funroll-all-loops -finline-functions  line 35 v == 1
FAIL: gcc.dg/guality/pr43051-1.c  -O3 -fomit-frame-pointer -funroll-all-loops -finline-functions  line 36 e == &a[1]
FAIL: gcc.dg/guality/pr43051-1.c  -O3 -fomit-frame-pointer -funroll-all-loops -finline-functions  line 39 c == &a[0]
FAIL: gcc.dg/guality/pr43051-1.c  -O3 -fomit-frame-pointer -funroll-all-loops -finline-functions  line 40 v == 1
FAIL: gcc.dg/guality/pr43051-1.c  -O3 -fomit-frame-pointer -funroll-all-loops -finline-functions  line 41 e == &a[1]
FAIL: gcc.dg/guality/pr43051-1.c  -O3 -g  line 35 v == 1
FAIL: gcc.dg/guality/pr43051-1.c  -O3 -g  line 36 e == &a[1]
FAIL: gcc.dg/guality/pr43051-1.c  -O3 -g  line 39 c == &a[0]
FAIL: gcc.dg/guality/pr43051-1.c  -O3 -g  line 40 v == 1
FAIL: gcc.dg/guality/pr43051-1.c  -O3 -g  line 41 e == &a[1]
FAIL: gcc.dg/guality/pr43051-1.c  -Os  line 35 v == 1
FAIL: gcc.dg/guality/pr43051-1.c  -Os  line 36 e == &a[1]
FAIL: gcc.dg/guality/pr43051-1.c  -Os  line 39 c == &a[0]
FAIL: gcc.dg/guality/pr43051-1.c  -Os  line 40 v == 1
FAIL: gcc.dg/guality/pr43051-1.c  -Os  line 41 e == &a[1]
FAIL: gcc.dg/guality/pr43051-1.c  -O2 -flto -fno-use-linker-plugin -flto-partition=none  line 35 v == 1
FAIL: gcc.dg/guality/pr43051-1.c  -O2 -flto -fno-use-linker-plugin -flto-partition=none  line 36 e == &a[1]
FAIL: gcc.dg/guality/pr43051-1.c  -O2 -flto -fno-use-linker-plugin -flto-partition=none  line 39 c == &a[0]
FAIL: gcc.dg/guality/pr43051-1.c  -O2 -flto -fno-use-linker-plugin -flto-partition=none  line 40 v == 1
FAIL: gcc.dg/guality/pr43051-1.c  -O2 -flto -fno-use-linker-plugin -flto-partition=none  line 41 e == &a[1]
FAIL: gcc.dg/guality/pr43051-1.c  -O2 -flto -fuse-linker-plugin -fno-fat-lto-objects  line 35 v == 1
FAIL: gcc.dg/guality/pr43051-1.c  -O2 -flto -fuse-linker-plugin -fno-fat-lto-objects  line 36 e == &a[1]
FAIL: gcc.dg/guality/pr43051-1.c  -O2 -flto -fuse-linker-plugin -fno-fat-lto-objects  line 39 c == &a[0]
FAIL: gcc.dg/guality/pr43051-1.c  -O2 -flto -fuse-linker-plugin -fno-fat-lto-objects  line 40 v == 1
FAIL: gcc.dg/guality/pr43051-1.c  -O2 -flto -fuse-linker-plugin -fno-fat-lto-objects  line 41 e == &a[1]
FAIL: gcc.dg/guality/pr43177.c  -O2  line 15 l == 10
FAIL: gcc.dg/guality/pr43177.c  -O2  line 15 x == 7
FAIL: gcc.dg/guality/pr43177.c  -O2  line 24 l == 10
FAIL: gcc.dg/guality/pr43177.c  -O2  line 24 x == 7
FAIL: gcc.dg/guality/pr43177.c  -O3 -fomit-frame-pointer  line 15 l == 10
FAIL: gcc.dg/guality/pr43177.c  -O3 -fomit-frame-pointer  line 15 x == 7
FAIL: gcc.dg/guality/pr43177.c  -O3 -fomit-frame-pointer  line 24 l == 10
FAIL: gcc.dg/guality/pr43177.c  -O3 -fomit-frame-pointer  line 24 x == 7
FAIL: gcc.dg/guality/pr43177.c  -O3 -g  line 15 l == 10
FAIL: gcc.dg/guality/pr43177.c  -O3 -g  line 15 x == 7
FAIL: gcc.dg/guality/pr43177.c  -O3 -g  line 24 l == 10
FAIL: gcc.dg/guality/pr43177.c  -O3 -g  line 24 x == 7
FAIL: gcc.dg/guality/pr43177.c  -Os  line 15 l == 10
FAIL: gcc.dg/guality/pr43177.c  -Os  line 15 x == 7
FAIL: gcc.dg/guality/pr43177.c  -Os  line 24 l == 10
FAIL: gcc.dg/guality/pr43177.c  -Os  line 24 x == 7
FAIL: gcc.dg/guality/pr43177.c  -O2 -flto -fno-use-linker-plugin -flto-partition=none  line 15 l == 10
FAIL: gcc.dg/guality/pr43177.c  -O2 -flto -fno-use-linker-plugin -flto-partition=none  line 15 x == 7
FAIL: gcc.dg/guality/pr43177.c  -O2 -flto -fno-use-linker-plugin -flto-partition=none  line 24 l == 10
FAIL: gcc.dg/guality/pr43177.c  -O2 -flto -fno-use-linker-plugin -flto-partition=none  line 24 x == 7
FAIL: gcc.dg/guality/pr43177.c  -O2 -flto -fuse-linker-plugin -fno-fat-lto-objects  line 15 l == 10
FAIL: gcc.dg/guality/pr43177.c  -O2 -flto -fuse-linker-plugin -fno-fat-lto-objects  line 15 x == 7
FAIL: gcc.dg/guality/pr43177.c  -O2 -flto -fuse-linker-plugin -fno-fat-lto-objects  line 24 l == 10
FAIL: gcc.dg/guality/pr43177.c  -O2 -flto -fuse-linker-plugin -fno-fat-lto-objects  line 24 x == 7
FAIL: gcc.dg/guality/pr43479.c  -O1  line 13 h == 9
FAIL: gcc.dg/guality/pr43479.c  -O1  line 18 h == 9
FAIL: gcc.dg/guality/pr43479.c  -O2  line 13 h == 9
FAIL: gcc.dg/guality/pr43479.c  -O2  line 18 h == 9
FAIL: gcc.dg/guality/pr43479.c  -O3 -fomit-frame-pointer  line 13 h == 9
FAIL: gcc.dg/guality/pr43479.c  -O3 -fomit-frame-pointer  line 18 h == 9
FAIL: gcc.dg/guality/pr43479.c  -O3 -g  line 13 h == 9
FAIL: gcc.dg/guality/pr43479.c  -O3 -g  line 18 h == 9
FAIL: gcc.dg/guality/pr43479.c  -Os  line 13 h == 9
FAIL: gcc.dg/guality/pr43479.c  -Os  line 18 h == 9
FAIL: gcc.dg/guality/pr43479.c  -O2 -flto -fno-use-linker-plugin -flto-partition=none  line 13 h == 9
FAIL: gcc.dg/guality/pr43479.c  -O2 -flto -fno-use-linker-plugin -flto-partition=none  line 18 h == 9
FAIL: gcc.dg/guality/pr43479.c  -O2 -flto -fuse-linker-plugin -fno-fat-lto-objects  line 13 h == 9
FAIL: gcc.dg/guality/pr43479.c  -O2 -flto -fuse-linker-plugin -fno-fat-lto-objects  line 18 h == 9
FAIL: gcc.dg/guality/pr45882.c  -O2 -flto -fuse-linker-plugin -fno-fat-lto-objects  line 16 d == 112
FAIL: gcc.dg/guality/pr45882.c  -O2 -flto -fuse-linker-plugin -fno-fat-lto-objects  line 16 e == 142
FAIL: gcc.dg/guality/pr48437.c  -O2 -flto -fno-use-linker-plugin -flto-partition=none  line 14 i == 0
FAIL: gcc.dg/guality/pr48437.c  -O2 -flto -fuse-linker-plugin -fno-fat-lto-objects  line 14 i == 0
FAIL: gcc.dg/guality/pr49888.c  -O1  line 18 !c == 1
FAIL: gcc.dg/guality/pr49888.c  -O2  line 18 !c == 1
FAIL: gcc.dg/guality/pr49888.c  -O3 -fomit-frame-pointer  line 18 !c == 1
FAIL: gcc.dg/guality/pr49888.c  -O3 -g  line 18 !c == 1
FAIL: gcc.dg/guality/pr49888.c  -Os  line 18 !c == 1
FAIL: gcc.dg/guality/pr49888.c  -O2 -flto -fno-use-linker-plugin -flto-partition=none  line 18 !c == 1
FAIL: gcc.dg/guality/pr49888.c  -O2 -flto -fuse-linker-plugin -fno-fat-lto-objects  line 18 !c == 1
FAIL: gcc.dg/guality/pr54200.c  -Os  line 20 z == 3
FAIL: gcc.dg/guality/pr54519-1.c  -O2 -flto -fno-use-linker-plugin -flto-partition=none  line 20 y == 25
FAIL: gcc.dg/guality/pr54519-1.c  -O2 -flto -fno-use-linker-plugin -flto-partition=none  line 20 z == 6
FAIL: gcc.dg/guality/pr54519-1.c  -O2 -flto -fno-use-linker-plugin -flto-partition=none  line 23 y == 117
FAIL: gcc.dg/guality/pr54519-1.c  -O2 -flto -fno-use-linker-plugin -flto-partition=none  line 23 z == 8
FAIL: gcc.dg/guality/pr54519-2.c  -O2 -flto -fno-use-linker-plugin -flto-partition=none  line 17 y == 25
FAIL: gcc.dg/guality/pr54519-2.c  -O2 -flto -fuse-linker-plugin -fno-fat-lto-objects  line 17 y == 25
FAIL: gcc.dg/guality/pr54519-3.c  -O2 -flto -fno-use-linker-plugin -flto-partition=none  line 20 y == 25
FAIL: gcc.dg/guality/pr54519-3.c  -O2 -flto -fno-use-linker-plugin -flto-partition=none  line 20 z == 6
FAIL: gcc.dg/guality/pr54519-3.c  -O2 -flto -fno-use-linker-plugin -flto-partition=none  line 23 y == 117
FAIL: gcc.dg/guality/pr54519-3.c  -O2 -flto -fno-use-linker-plugin -flto-partition=none  line 23 z == 8
FAIL: gcc.dg/guality/pr54519-3.c  -O2 -flto -fuse-linker-plugin -fno-fat-lto-objects  line 20 x == 36
FAIL: gcc.dg/guality/pr54519-3.c  -O2 -flto -fuse-linker-plugin -fno-fat-lto-objects  line 20 y == 25
FAIL: gcc.dg/guality/pr54519-3.c  -O2 -flto -fuse-linker-plugin -fno-fat-lto-objects  line 20 z == 6
FAIL: gcc.dg/guality/pr54519-3.c  -O2 -flto -fuse-linker-plugin -fno-fat-lto-objects  line 23 x == 98
FAIL: gcc.dg/guality/pr54519-3.c  -O2 -flto -fuse-linker-plugin -fno-fat-lto-objects  line 23 y == 117
FAIL: gcc.dg/guality/pr54519-3.c  -O2 -flto -fuse-linker-plugin -fno-fat-lto-objects  line 23 z == 8
FAIL: gcc.dg/guality/pr54519-4.c  -O2 -flto -fno-use-linker-plugin -flto-partition=none  line 17 y == 25
FAIL: gcc.dg/guality/pr54519-4.c  -O2 -flto -fuse-linker-plugin -fno-fat-lto-objects  line 17 x == 6
FAIL: gcc.dg/guality/pr54519-4.c  -O2 -flto -fuse-linker-plugin -fno-fat-lto-objects  line 17 y == 25
FAIL: gcc.dg/guality/pr54519-5.c  -O2 -flto -fno-use-linker-plugin -flto-partition=none  line 17 y == 25
FAIL: gcc.dg/guality/pr54519-5.c  -O2 -flto -fuse-linker-plugin -fno-fat-lto-objects  line 17 y == 25
FAIL: gcc.dg/guality/pr54693-2.c  -O3 -fomit-frame-pointer -funroll-loops  line 21 i == v + 1
FAIL: gcc.dg/guality/pr54693-2.c  -O3 -fomit-frame-pointer -funroll-all-loops -finline-functions  line 21 i == v + 1
FAIL: gcc.dg/guality/pr54693-2.c  -Os  line 21 x == 10 - i
FAIL: gcc.dg/guality/pr54693-2.c  -Os  line 21 y == 20 - 2 * i
FAIL: gcc.dg/guality/sra-1.c  -O2  line 21 a.i == 4
FAIL: gcc.dg/guality/sra-1.c  -O2  line 21 a.j == 14
FAIL: gcc.dg/guality/sra-1.c  -O2  line 43 a.i == 4
FAIL: gcc.dg/guality/sra-1.c  -O2  line 43 a.j == 14
FAIL: gcc.dg/guality/sra-1.c  -O3 -fomit-frame-pointer  line 21 a.i == 4
FAIL: gcc.dg/guality/sra-1.c  -O3 -fomit-frame-pointer  line 21 a.j == 14
FAIL: gcc.dg/guality/sra-1.c  -O3 -fomit-frame-pointer  line 43 a.i == 4
FAIL: gcc.dg/guality/sra-1.c  -O3 -fomit-frame-pointer  line 43 a.j == 14
FAIL: gcc.dg/guality/sra-1.c  -O3 -g  line 21 a.i == 4
FAIL: gcc.dg/guality/sra-1.c  -O3 -g  line 21 a.j == 14
FAIL: gcc.dg/guality/sra-1.c  -O3 -g  line 43 a.i == 4
FAIL: gcc.dg/guality/sra-1.c  -O3 -g  line 43 a.j == 14
FAIL: gcc.dg/guality/sra-1.c  -Os  line 21 a.i == 4
FAIL: gcc.dg/guality/sra-1.c  -Os  line 21 a.j == 14
FAIL: gcc.dg/guality/sra-1.c  -Os  line 43 a.i == 4
FAIL: gcc.dg/guality/sra-1.c  -Os  line 43 a.j == 14
FAIL: gcc.dg/guality/sra-1.c  -O2 -flto -fno-use-linker-plugin -flto-partition=none  line 21 a.i == 4
FAIL: gcc.dg/guality/sra-1.c  -O2 -flto -fno-use-linker-plugin -flto-partition=none  line 21 a.j == 14
FAIL: gcc.dg/guality/sra-1.c  -O2 -flto -fno-use-linker-plugin -flto-partition=none  line 43 a.i == 4
FAIL: gcc.dg/guality/sra-1.c  -O2 -flto -fno-use-linker-plugin -flto-partition=none  line 43 a.j == 14
FAIL: gcc.dg/guality/sra-1.c  -O2 -flto -fuse-linker-plugin -fno-fat-lto-objects  line 21 a.i == 4
FAIL: gcc.dg/guality/sra-1.c  -O2 -flto -fuse-linker-plugin -fno-fat-lto-objects  line 21 a.j == 14
FAIL: gcc.dg/guality/sra-1.c  -O2 -flto -fuse-linker-plugin -fno-fat-lto-objects  line 43 a.i == 4
FAIL: gcc.dg/guality/sra-1.c  -O2 -flto -fuse-linker-plugin -fno-fat-lto-objects  line 43 a.j == 14
FAIL: gcc.dg/guality/vla-1.c  -O0  line 17 sizeof (a) == 6
FAIL: gcc.dg/guality/vla-1.c  -O0  line 24 sizeof (a) == 17 * sizeof (short)
FAIL: gcc.dg/guality/vla-1.c  -O1  line 17 sizeof (a) == 6
FAIL: gcc.dg/guality/vla-1.c  -O1  line 24 sizeof (a) == 17 * sizeof (short)
FAIL: gcc.dg/guality/vla-1.c  -O2  line 17 sizeof (a) == 6
FAIL: gcc.dg/guality/vla-1.c  -O2  line 24 sizeof (a) == 17 * sizeof (short)
FAIL: gcc.dg/guality/vla-1.c  -O3 -fomit-frame-pointer  line 17 sizeof (a) == 6
FAIL: gcc.dg/guality/vla-1.c  -O3 -fomit-frame-pointer  line 24 sizeof (a) == 17 * sizeof (short)
FAIL: gcc.dg/guality/vla-1.c  -O3 -g  line 17 sizeof (a) == 6
FAIL: gcc.dg/guality/vla-1.c  -O3 -g  line 24 sizeof (a) == 17 * sizeof (short)
FAIL: gcc.dg/guality/vla-1.c  -Os  line 17 sizeof (a) == 6
FAIL: gcc.dg/guality/vla-1.c  -Os  line 24 sizeof (a) == 17 * sizeof (short)
FAIL: gcc.dg/guality/vla-1.c  -O2 -flto -fno-use-linker-plugin -flto-partition=none  line 17 sizeof (a) == 6
FAIL: gcc.dg/guality/vla-1.c  -O2 -flto -fno-use-linker-plugin -flto-partition=none  line 24 sizeof (a) == 17 * sizeof (short)
FAIL: gcc.dg/guality/vla-1.c  -O2 -flto -fuse-linker-plugin -fno-fat-lto-objects  line 17 sizeof (a) == 6
FAIL: gcc.dg/guality/vla-1.c  -O2 -flto -fuse-linker-plugin -fno-fat-lto-objects  line 24 sizeof (a) == 17 * sizeof (short)
FAIL: gcc.dg/guality/vla-2.c  -O0  line 16 sizeof (a) == 5 * sizeof (int)
FAIL: gcc.dg/guality/vla-2.c  -O0  line 25 sizeof (a) == 6 * sizeof (int)
FAIL: gcc.dg/guality/vla-2.c  -O1  line 16 sizeof (a) == 5 * sizeof (int)
FAIL: gcc.dg/guality/vla-2.c  -O1  line 25 sizeof (a) == 6 * sizeof (int)
FAIL: gcc.dg/guality/vla-2.c  -O2  line 16 sizeof (a) == 5 * sizeof (int)
FAIL: gcc.dg/guality/vla-2.c  -O2  line 25 sizeof (a) == 6 * sizeof (int)
FAIL: gcc.dg/guality/vla-2.c  -O3 -fomit-frame-pointer  line 16 sizeof (a) == 5 * sizeof (int)
FAIL: gcc.dg/guality/vla-2.c  -O3 -fomit-frame-pointer  line 25 sizeof (a) == 6 * sizeof (int)
FAIL: gcc.dg/guality/vla-2.c  -O3 -g  line 16 sizeof (a) == 5 * sizeof (int)
FAIL: gcc.dg/guality/vla-2.c  -O3 -g  line 25 sizeof (a) == 6 * sizeof (int)
FAIL: gcc.dg/guality/vla-2.c  -Os  line 16 sizeof (a) == 5 * sizeof (int)
FAIL: gcc.dg/guality/vla-2.c  -Os  line 25 sizeof (a) == 6 * sizeof (int)
FAIL: gcc.dg/guality/vla-2.c  -O2 -flto -fno-use-linker-plugin -flto-partition=none  line 16 sizeof (a) == 5 * sizeof (int)
FAIL: gcc.dg/guality/vla-2.c  -O2 -flto -fno-use-linker-plugin -flto-partition=none  line 25 sizeof (a) == 6 * sizeof (int)
FAIL: gcc.dg/guality/vla-2.c  -O2 -flto -fuse-linker-plugin -fno-fat-lto-objects  line 16 sizeof (a) == 5 * sizeof (int)
FAIL: gcc.dg/guality/vla-2.c  -O2 -flto -fuse-linker-plugin -fno-fat-lto-objects  line 25 sizeof (a) == 6 * sizeof (int)
FAIL: gcc.dg/tree-ssa/cunroll-10.c scan-tree-dump-times cunroll "Forced statement unreachable" 2
FAIL: gcc.dg/vect/vect-cselim-2.c scan-tree-dump-times vect "vectorized 1 loops" 0
FAIL: gcc.dg/vect/bb-slp-pattern-1.c scan-tree-dump-times slp "vect_recog_widen_mult_pattern: detected" 8
FAIL: gcc.dg/vect/bb-slp-pattern-1.c scan-tree-dump-times slp "pattern recognized" 8
FAIL: gcc.dg/vect/vect-cselim-2.c -flto -ffat-lto-objects  scan-tree-dump-times vect "vectorized 1 loops" 0
FAIL: gcc.dg/vect/bb-slp-pattern-1.c -flto -ffat-lto-objects  scan-tree-dump-times slp "vect_recog_widen_mult_pattern: detected" 8
FAIL: gcc.dg/vect/bb-slp-pattern-1.c -flto -ffat-lto-objects  scan-tree-dump-times slp "pattern recognized" 8
FAIL: gcc.dg/vect/no-tree-sra-bb-slp-pr50730.c scan-tree-dump-times slp "not vectorized: more than one data ref in stmt" 0

		=== gcc Summary ===

# of expected passes		109653
# of unexpected failures	346
# of unexpected successes	33
# of expected failures		275
# of unsupported tests		1512
/scratch/toon/bd12180/gcc/xgcc  version 4.10.0 20140610 (experimental) (GCC) 

		=== gfortran tests ===


Running target unix
FAIL: gfortran.dg/coarray/atomic_1.f90 -fcoarray=lib  -O2  -lcaf_single (test for excess errors)
UNRESOLVED: gfortran.dg/coarray/atomic_1.f90 -fcoarray=lib  -O2  -lcaf_single compilation failed to produce executable
FAIL: gfortran.dg/coarray/lock_1.f90 -fcoarray=lib  -O2  -lcaf_single (test for excess errors)
UNRESOLVED: gfortran.dg/coarray/lock_1.f90 -fcoarray=lib  -O2  -lcaf_single compilation failed to produce executable
FAIL: gfortran.dg/coarray/scalar_alloc_1.f90 -fcoarray=lib  -O2  -lcaf_single (internal compiler error)
FAIL: gfortran.dg/coarray/scalar_alloc_1.f90 -fcoarray=lib  -O2  -lcaf_single (test for excess errors)
UNRESOLVED: gfortran.dg/coarray/scalar_alloc_1.f90 -fcoarray=lib  -O2  -lcaf_single compilation failed to produce executable
FAIL: gfortran.dg/wextra_1.f  -O   (test for warnings, line 4)
FAIL: gfortran.dg/vect/fast-math-mgrid-resid.f scan-tree-dump-times pcom "Executing predictive commoning without unrolling" 1
FAIL: gfortran.dg/vect/fast-math-mgrid-resid.f scan-tree-dump-times pcom "Predictive commoning failed: no suitable chains" 0

		=== gfortran Summary ===

# of expected passes		46086
# of unexpected failures	7
# of expected failures		53
# of unresolved testcases	3
# of unsupported tests		72
/scratch/toon/bd12180/gcc/testsuite/gfortran/../../gfortran  version 4.10.0 20140610 (experimental) (GCC) 

		=== g++ tests ===


Running target unix
FAIL: c-c++-common/asan/asan-interface-1.c  -O0  execution test
FAIL: c-c++-common/asan/asan-interface-1.c  -O1  execution test
FAIL: c-c++-common/asan/asan-interface-1.c  -O2  execution test
FAIL: c-c++-common/asan/asan-interface-1.c  -O3 -fomit-frame-pointer  execution test
FAIL: c-c++-common/asan/asan-interface-1.c  -O3 -g  execution test
FAIL: c-c++-common/asan/asan-interface-1.c  -Os  execution test
FAIL: c-c++-common/asan/asan-interface-1.c  -O2 -flto -fno-use-linker-plugin -flto-partition=none  execution test
FAIL: c-c++-common/asan/asan-interface-1.c  -O2 -flto -fuse-linker-plugin -fno-fat-lto-objects  execution test
FAIL: c-c++-common/asan/clone-test-1.c  -O0  execution test
FAIL: c-c++-common/asan/clone-test-1.c  -O1  execution test
FAIL: c-c++-common/asan/clone-test-1.c  -O2  execution test
FAIL: c-c++-common/asan/clone-test-1.c  -O3 -fomit-frame-pointer  execution test
FAIL: c-c++-common/asan/clone-test-1.c  -O3 -fomit-frame-pointer -funroll-loops  execution test
FAIL: c-c++-common/asan/clone-test-1.c  -O3 -fomit-frame-pointer -funroll-all-loops -finline-functions  execution test
FAIL: c-c++-common/asan/clone-test-1.c  -O3 -g  execution test
FAIL: c-c++-common/asan/clone-test-1.c  -Os  execution test
FAIL: c-c++-common/asan/clone-test-1.c  -O2 -flto -fno-use-linker-plugin -flto-partition=none  execution test
FAIL: c-c++-common/asan/clone-test-1.c  -O2 -flto -fuse-linker-plugin -fno-fat-lto-objects  execution test
FAIL: c-c++-common/asan/global-overflow-1.c  -O0  output pattern test, is ==22865==ASan runtime does not come first in initial library list; you should either link runtime to your application or manually preload it with LD_PRELOAD.
FAIL: c-c++-common/asan/global-overflow-1.c  -O1  output pattern test, is ==22969==ASan runtime does not come first in initial library list; you should either link runtime to your application or manually preload it with LD_PRELOAD.
FAIL: c-c++-common/asan/global-overflow-1.c  -O2  output pattern test, is ==23112==ASan runtime does not come first in initial library list; you should either link runtime to your application or manually preload it with LD_PRELOAD.
FAIL: c-c++-common/asan/global-overflow-1.c  -O3 -fomit-frame-pointer  output pattern test, is ==23256==ASan runtime does not come first in initial library list; you should either link runtime to your application or manually preload it with LD_PRELOAD.
FAIL: c-c++-common/asan/global-overflow-1.c  -O3 -g  output pattern test, is ==23419==ASan runtime does not come first in initial library list; you should either link runtime to your application or manually preload it with LD_PRELOAD.
FAIL: c-c++-common/asan/global-overflow-1.c  -Os  output pattern test, is ==23566==ASan runtime does not come first in initial library list; you should either link runtime to your application or manually preload it with LD_PRELOAD.
FAIL: c-c++-common/asan/global-overflow-1.c  -O2 -flto -fno-use-linker-plugin -flto-partition=none  output pattern test, is ==23833==ASan runtime does not come first in initial library list; you should either link runtime to your application or manually preload it with LD_PRELOAD.
FAIL: c-c++-common/asan/global-overflow-1.c  -O2 -flto -fuse-linker-plugin -fno-fat-lto-objects  output pattern test, is ==23962==ASan runtime does not come first in initial library list; you should either link runtime to your application or manually preload it with LD_PRELOAD.
FAIL: c-c++-common/asan/heap-overflow-1.c  -O0  output pattern test, is ==24125==ASan runtime does not come first in initial library list; you should either link runtime to your application or manually preload it with LD_PRELOAD.
FAIL: c-c++-common/asan/heap-overflow-1.c  -O1  output pattern test, is ==24257==ASan runtime does not come first in initial library list; you should either link runtime to your application or manually preload it with LD_PRELOAD.
FAIL: c-c++-common/asan/heap-overflow-1.c  -O2  output pattern test, is ==24397==ASan runtime does not come first in initial library list; you should either link runtime to your application or manually preload it with LD_PRELOAD.
FAIL: c-c++-common/asan/heap-overflow-1.c  -O3 -fomit-frame-pointer  output pattern test, is ==24513==ASan runtime does not come first in initial library list; you should either link runtime to your application or manually preload it with LD_PRELOAD.
FAIL: c-c++-common/asan/heap-overflow-1.c  -O3 -g  output pattern test, is ==24639==ASan runtime does not come first in initial library list; you should either link runtime to your application or manually preload it with LD_PRELOAD.
FAIL: c-c++-common/asan/heap-overflow-1.c  -Os  output pattern test, is ==24767==ASan runtime does not come first in initial library list; you should either link runtime to your application or manually preload it with LD_PRELOAD.
FAIL: c-c++-common/asan/heap-overflow-1.c  -O2 -flto -fno-use-linker-plugin -flto-partition=none  output pattern test, is ==24983==ASan runtime does not come first in initial library list; you should either link runtime to your application or manually preload it with LD_PRELOAD.
FAIL: c-c++-common/asan/heap-overflow-1.c  -O2 -flto -fuse-linker-plugin -fno-fat-lto-objects  output pattern test, is ==25159==ASan runtime does not come first in initial library list; you should either link runtime to your application or manually preload it with LD_PRELOAD.
FAIL: c-c++-common/asan/memcmp-1.c  -O0  output pattern test, is ==25395==ASan runtime does not come first in initial library list; you should either link runtime to your application or manually preload it with LD_PRELOAD.
FAIL: c-c++-common/asan/memcmp-1.c  -O1  output pattern test, is ==25598==ASan runtime does not come first in initial library list; you should either link runtime to your application or manually preload it with LD_PRELOAD.
FAIL: c-c++-common/asan/memcmp-1.c  -O2  output pattern test, is ==25821==ASan runtime does not come first in initial library list; you should either link runtime to your application or manually preload it with LD_PRELOAD.
FAIL: c-c++-common/asan/memcmp-1.c  -O3 -fomit-frame-pointer  output pattern test, is ==26057==ASan runtime does not come first in initial library list; you should either link runtime to your application or manually preload it with LD_PRELOAD.
FAIL: c-c++-common/asan/memcmp-1.c  -O3 -g  output pattern test, is ==26196==ASan runtime does not come first in initial library list; you should either link runtime to your application or manually preload it with LD_PRELOAD.
FAIL: c-c++-common/asan/memcmp-1.c  -Os  output pattern test, is ==26281==ASan runtime does not come first in initial library list; you should either link runtime to your application or manually preload it with LD_PRELOAD.
FAIL: c-c++-common/asan/memcmp-1.c  -O2 -flto -fno-use-linker-plugin -flto-partition=none  output pattern test, is ==26644==ASan runtime does not come first in initial library list; you should either link runtime to your application or manually preload it with LD_PRELOAD.
FAIL: c-c++-common/asan/memcmp-1.c  -O2 -flto -fuse-linker-plugin -fno-fat-lto-objects  output pattern test, is ==26838==ASan runtime does not come first in initial library list; you should either link runtime to your application or manually preload it with LD_PRELOAD.
FAIL: c-c++-common/asan/misalign-1.c  -O0  output pattern test, is ==27801==ASan runtime does not come first in initial library list; you should either link runtime to your application or manually preload it with LD_PRELOAD.
FAIL: c-c++-common/asan/misalign-1.c  -O1  output pattern test, is ==27989==ASan runtime does not come first in initial library list; you should either link runtime to your application or manually preload it with LD_PRELOAD.
FAIL: c-c++-common/asan/misalign-1.c  -O2  output pattern test, is ==28250==ASan runtime does not come first in initial library list; you should either link runtime to your application or manually preload it with LD_PRELOAD.
FAIL: c-c++-common/asan/misalign-1.c  -O3 -fomit-frame-pointer  output pattern test, is ==28473==ASan runtime does not come first in initial library list; you should either link runtime to your application or manually preload it with LD_PRELOAD.
FAIL: c-c++-common/asan/misalign-1.c  -O3 -g  output pattern test, is ==28650==ASan runtime does not come first in initial library list; you should either link runtime to your application or manually preload it with LD_PRELOAD.
FAIL: c-c++-common/asan/misalign-1.c  -Os  output pattern test, is ==28797==ASan runtime does not come first in initial library list; you should either link runtime to your application or manually preload it with LD_PRELOAD.
FAIL: c-c++-common/asan/misalign-1.c  -O2 -flto -fno-use-linker-plugin -flto-partition=none  output pattern test, is ==29076==ASan runtime does not come first in initial library list; you should either link runtime to your application or manually preload it with LD_PRELOAD.
FAIL: c-c++-common/asan/misalign-1.c  -O2 -flto -fuse-linker-plugin -fno-fat-lto-objects  output pattern test, is ==29326==ASan runtime does not come first in initial library list; you should either link runtime to your application or manually preload it with LD_PRELOAD.
FAIL: c-c++-common/asan/misalign-2.c  -O0  output pattern test, is ==29453==ASan runtime does not come first in initial library list; you should either link runtime to your application or manually preload it with LD_PRELOAD.
FAIL: c-c++-common/asan/misalign-2.c  -O1  output pattern test, is ==29620==ASan runtime does not come first in initial library list; you should either link runtime to your application or manually preload it with LD_PRELOAD.
FAIL: c-c++-common/asan/misalign-2.c  -O2  output pattern test, is ==29763==ASan runtime does not come first in initial library list; you should either link runtime to your application or manually preload it with LD_PRELOAD.
FAIL: c-c++-common/asan/misalign-2.c  -O3 -fomit-frame-pointer  output pattern test, is ==29972==ASan runtime does not come first in initial library list; you should either link runtime to your application or manually preload it with LD_PRELOAD.
FAIL: c-c++-common/asan/misalign-2.c  -O3 -g  output pattern test, is ==30115==ASan runtime does not come first in initial library list; you should either link runtime to your application or manually preload it with LD_PRELOAD.
FAIL: c-c++-common/asan/misalign-2.c  -Os  output pattern test, is ==30268==ASan runtime does not come first in initial library list; you should either link runtime to your application or manually preload it with LD_PRELOAD.
FAIL: c-c++-common/asan/misalign-2.c  -O2 -flto -fno-use-linker-plugin -flto-partition=none  output pattern test, is ==30581==ASan runtime does not come first in initial library list; you should either link runtime to your application or manually preload it with LD_PRELOAD.
FAIL: c-c++-common/asan/misalign-2.c  -O2 -flto -fuse-linker-plugin -fno-fat-lto-objects  output pattern test, is ==30908==ASan runtime does not come first in initial library list; you should either link runtime to your application or manually preload it with LD_PRELOAD.
FAIL: c-c++-common/asan/null-deref-1.c  -O0  output pattern test, is ==3647==ASan runtime does not come first in initial library list; you should either link runtime to your application or manually preload it with LD_PRELOAD.
FAIL: c-c++-common/asan/null-deref-1.c  -O1  output pattern test, is ==3905==ASan runtime does not come first in initial library list; you should either link runtime to your application or manually preload it with LD_PRELOAD.
FAIL: c-c++-common/asan/null-deref-1.c  -O2  output pattern test, is ==4066==ASan runtime does not come first in initial library list; you should either link runtime to your application or manually preload it with LD_PRELOAD.
FAIL: c-c++-common/asan/null-deref-1.c  -O3 -fomit-frame-pointer  output pattern test, is ==4204==ASan runtime does not come first in initial library list; you should either link runtime to your application or manually preload it with LD_PRELOAD.
FAIL: c-c++-common/asan/null-deref-1.c  -O3 -g  output pattern test, is ==4350==ASan runtime does not come first in initial library list; you should either link runtime to your application or manually preload it with LD_PRELOAD.
FAIL: c-c++-common/asan/null-deref-1.c  -Os  output pattern test, is ==4448==ASan runtime does not come first in initial library list; you should either link runtime to your application or manually preload it with LD_PRELOAD.
FAIL: c-c++-common/asan/null-deref-1.c  -O2 -flto -fno-use-linker-plugin -flto-partition=none  output pattern test, is ==4720==ASan runtime does not come first in initial library list; you should either link runtime to your application or manually preload it with LD_PRELOAD.
FAIL: c-c++-common/asan/null-deref-1.c  -O2 -flto -fuse-linker-plugin -fno-fat-lto-objects  output pattern test, is ==4884==ASan runtime does not come first in initial library list; you should either link runtime to your application or manually preload it with LD_PRELOAD.
FAIL: c-c++-common/asan/pr59063-1.c  -O0  execution test
FAIL: c-c++-common/asan/pr59063-1.c  -O1  execution test
FAIL: c-c++-common/asan/pr59063-1.c  -O2  execution test
FAIL: c-c++-common/asan/pr59063-1.c  -O3 -fomit-frame-pointer  execution test
FAIL: c-c++-common/asan/pr59063-1.c  -O3 -g  execution test
FAIL: c-c++-common/asan/pr59063-1.c  -Os  execution test
FAIL: c-c++-common/asan/pr59063-1.c  -O2 -flto -fno-use-linker-plugin -flto-partition=none  execution test
FAIL: c-c++-common/asan/pr59063-1.c  -O2 -flto -fuse-linker-plugin -fno-fat-lto-objects  execution test
FAIL: c-c++-common/asan/rlimit-mmap-test-1.c  -O0  output pattern test, is ==9401==ASan runtime does not come first in initial library list; you should either link runtime to your application or manually preload it with LD_PRELOAD.
FAIL: c-c++-common/asan/sanity-check-pure-c-1.c  -O0  output pattern test, is ==9553==ASan runtime does not come first in initial library list; you should either link runtime to your application or manually preload it with LD_PRELOAD.
FAIL: c-c++-common/asan/sanity-check-pure-c-1.c  -O1  output pattern test, is ==9678==ASan runtime does not come first in initial library list; you should either link runtime to your application or manually preload it with LD_PRELOAD.
FAIL: c-c++-common/asan/sanity-check-pure-c-1.c  -O2  output pattern test, is ==9820==ASan runtime does not come first in initial library list; you should either link runtime to your application or manually preload it with LD_PRELOAD.
FAIL: c-c++-common/asan/sanity-check-pure-c-1.c  -O3 -fomit-frame-pointer  output pattern test, is ==9933==ASan runtime does not come first in initial library list; you should either link runtime to your application or manually preload it with LD_PRELOAD.
FAIL: c-c++-common/asan/sanity-check-pure-c-1.c  -O3 -g  output pattern test, is ==10035==ASan runtime does not come first in initial library list; you should either link runtime to your application or manually preload it with LD_PRELOAD.
FAIL: c-c++-common/asan/sanity-check-pure-c-1.c  -Os  output pattern test, is ==10093==ASan runtime does not come first in initial library list; you should either link runtime to your application or manually preload it with LD_PRELOAD.
FAIL: c-c++-common/asan/sanity-check-pure-c-1.c  -O2 -flto -fno-use-linker-plugin -flto-partition=none  output pattern test, is ==10286==ASan runtime does not come first in initial library list; you should either link runtime to your application or manually preload it with LD_PRELOAD.
FAIL: c-c++-common/asan/sanity-check-pure-c-1.c  -O2 -flto -fuse-linker-plugin -fno-fat-lto-objects  output pattern test, is ==10434==ASan runtime does not come first in initial library list; you should either link runtime to your application or manually preload it with LD_PRELOAD.
FAIL: c-c++-common/asan/stack-overflow-1.c  -O0  output pattern test, is ==11928==ASan runtime does not come first in initial library list; you should either link runtime to your application or manually preload it with LD_PRELOAD.
FAIL: c-c++-common/asan/stack-overflow-1.c  -O1  output pattern test, is ==12030==ASan runtime does not come first in initial library list; you should either link runtime to your application or manually preload it with LD_PRELOAD.
FAIL: c-c++-common/asan/stack-overflow-1.c  -O2  output pattern test, is ==12150==ASan runtime does not come first in initial library list; you should either link runtime to your application or manually preload it with LD_PRELOAD.
FAIL: c-c++-common/asan/stack-overflow-1.c  -O3 -fomit-frame-pointer  output pattern test, is ==12226==ASan runtime does not come first in initial library list; you should either link runtime to your application or manually preload it with LD_PRELOAD.
FAIL: c-c++-common/asan/stack-overflow-1.c  -O3 -g  output pattern test, is ==12336==ASan runtime does not come first in initial library list; you should either link runtime to your application or manually preload it with LD_PRELOAD.
FAIL: c-c++-common/asan/stack-overflow-1.c  -Os  output pattern test, is ==12497==ASan runtime does not come first in initial library list; you should either link runtime to your application or manually preload it with LD_PRELOAD.
FAIL: c-c++-common/asan/stack-overflow-1.c  -O2 -flto -fno-use-linker-plugin -flto-partition=none  output pattern test, is ==12832==ASan runtime does not come first in initial library list; you should either link runtime to your application or manually preload it with LD_PRELOAD.
FAIL: c-c++-common/asan/stack-overflow-1.c  -O2 -flto -fuse-linker-plugin -fno-fat-lto-objects  output pattern test, is ==13021==ASan runtime does not come first in initial library list; you should either link runtime to your application or manually preload it with LD_PRELOAD.
FAIL: c-c++-common/asan/strip-path-prefix-1.c  -O2  output pattern test, is ==13172==ASan runtime does not come first in initial library list; you should either link runtime to your application or manually preload it with LD_PRELOAD.
FAIL: c-c++-common/asan/strip-path-prefix-1.c  -O2 -flto -fno-use-linker-plugin -flto-partition=none  output pattern test, is ==13425==ASan runtime does not come first in initial library list; you should either link runtime to your application or manually preload it with LD_PRELOAD.
FAIL: c-c++-common/asan/strip-path-prefix-1.c  -O2 -flto -fuse-linker-plugin -fno-fat-lto-objects  output pattern test, is ==13693==ASan runtime does not come first in initial library list; you should either link runtime to your application or manually preload it with LD_PRELOAD.
FAIL: c-c++-common/asan/strncpy-overflow-1.c  -O0  output pattern test, is ==13854==ASan runtime does not come first in initial library list; you should either link runtime to your application or manually preload it with LD_PRELOAD.
FAIL: c-c++-common/asan/strncpy-overflow-1.c  -O1  output pattern test, is ==14049==ASan runtime does not come first in initial library list; you should either link runtime to your application or manually preload it with LD_PRELOAD.
FAIL: c-c++-common/asan/strncpy-overflow-1.c  -O2  output pattern test, is ==14321==ASan runtime does not come first in initial library list; you should either link runtime to your application or manually preload it with LD_PRELOAD.
FAIL: c-c++-common/asan/strncpy-overflow-1.c  -O3 -fomit-frame-pointer  output pattern test, is ==14494==ASan runtime does not come first in initial library list; you should either link runtime to your application or manually preload it with LD_PRELOAD.
FAIL: c-c++-common/asan/strncpy-overflow-1.c  -O3 -g  output pattern test, is ==14715==ASan runtime does not come first in initial library list; you should either link runtime to your application or manually preload it with LD_PRELOAD.
FAIL: c-c++-common/asan/strncpy-overflow-1.c  -Os  output pattern test, is ==14861==ASan runtime does not come first in initial library list; you should either link runtime to your application or manually preload it with LD_PRELOAD.
FAIL: c-c++-common/asan/strncpy-overflow-1.c  -O2 -flto -fno-use-linker-plugin -flto-partition=none  output pattern test, is ==15324==ASan runtime does not come first in initial library list; you should either link runtime to your application or manually preload it with LD_PRELOAD.
FAIL: c-c++-common/asan/strncpy-overflow-1.c  -O2 -flto -fuse-linker-plugin -fno-fat-lto-objects  output pattern test, is ==15581==ASan runtime does not come first in initial library list; you should either link runtime to your application or manually preload it with LD_PRELOAD.
FAIL: c-c++-common/asan/swapcontext-test-1.c  -O0  execution test
FAIL: c-c++-common/asan/swapcontext-test-1.c  -O1  execution test
FAIL: c-c++-common/asan/swapcontext-test-1.c  -O2  execution test
FAIL: c-c++-common/asan/swapcontext-test-1.c  -O3 -fomit-frame-pointer  execution test
FAIL: c-c++-common/asan/swapcontext-test-1.c  -O3 -fomit-frame-pointer -funroll-loops  execution test
FAIL: c-c++-common/asan/swapcontext-test-1.c  -O3 -fomit-frame-pointer -funroll-all-loops -finline-functions  execution test
FAIL: c-c++-common/asan/swapcontext-test-1.c  -O3 -g  execution test
FAIL: c-c++-common/asan/swapcontext-test-1.c  -Os  execution test
FAIL: c-c++-common/asan/swapcontext-test-1.c  -O2 -flto -fno-use-linker-plugin -flto-partition=none  execution test
FAIL: c-c++-common/asan/swapcontext-test-1.c  -O2 -flto -fuse-linker-plugin -fno-fat-lto-objects  execution test
FAIL: c-c++-common/asan/use-after-free-1.c  -O0  output pattern test, is ==18334==ASan runtime does not come first in initial library list; you should either link runtime to your application or manually preload it with LD_PRELOAD.
FAIL: c-c++-common/asan/use-after-free-1.c  -O1  output pattern test, is ==18516==ASan runtime does not come first in initial library list; you should either link runtime to your application or manually preload it with LD_PRELOAD.
FAIL: c-c++-common/asan/use-after-free-1.c  -O2  output pattern test, is ==18669==ASan runtime does not come first in initial library list; you should either link runtime to your application or manually preload it with LD_PRELOAD.
FAIL: c-c++-common/asan/use-after-free-1.c  -O3 -fomit-frame-pointer  output pattern test, is ==18842==ASan runtime does not come first in initial library list; you should either link runtime to your application or manually preload it with LD_PRELOAD.
FAIL: c-c++-common/asan/use-after-free-1.c  -O3 -g  output pattern test, is ==18997==ASan runtime does not come first in initial library list; you should either link runtime to your application or manually preload it with LD_PRELOAD.
FAIL: c-c++-common/asan/use-after-free-1.c  -Os  output pattern test, is ==19131==ASan runtime does not come first in initial library list; you should either link runtime to your application or manually preload it with LD_PRELOAD.
FAIL: c-c++-common/asan/use-after-free-1.c  -O2 -flto -fno-use-linker-plugin -flto-partition=none  output pattern test, is ==19521==ASan runtime does not come first in initial library list; you should either link runtime to your application or manually preload it with LD_PRELOAD.
FAIL: c-c++-common/asan/use-after-free-1.c  -O2 -flto -fuse-linker-plugin -fno-fat-lto-objects  output pattern test, is ==19688==ASan runtime does not come first in initial library list; you should either link runtime to your application or manually preload it with LD_PRELOAD.
FAIL: c-c++-common/asan/use-after-return-1.c  -O0  output pattern test, is ==19864==ASan runtime does not come first in initial library list; you should either link runtime to your application or manually preload it with LD_PRELOAD.
FAIL: c-c++-common/asan/use-after-return-1.c  -O1  output pattern test, is ==19980==ASan runtime does not come first in initial library list; you should either link runtime to your application or manually preload it with LD_PRELOAD.
FAIL: c-c++-common/asan/use-after-return-1.c  -O2  output pattern test, is ==20129==ASan runtime does not come first in initial library list; you should either link runtime to your application or manually preload it with LD_PRELOAD.
FAIL: c-c++-common/asan/use-after-return-1.c  -O3 -fomit-frame-pointer  output pattern test, is ==20335==ASan runtime does not come first in initial library list; you should either link runtime to your application or manually preload it with LD_PRELOAD.
FAIL: c-c++-common/asan/use-after-return-1.c  -O3 -g  output pattern test, is ==20469==ASan runtime does not come first in initial library list; you should either link runtime to your application or manually preload it with LD_PRELOAD.
FAIL: c-c++-common/asan/use-after-return-1.c  -Os  output pattern test, is ==20610==ASan runtime does not come first in initial library list; you should either link runtime to your application or manually preload it with LD_PRELOAD.
FAIL: c-c++-common/asan/use-after-return-1.c  -O2 -flto -fno-use-linker-plugin -flto-partition=none  output pattern test, is ==20829==ASan runtime does not come first in initial library list; you should either link runtime to your application or manually preload it with LD_PRELOAD.
FAIL: c-c++-common/asan/use-after-return-1.c  -O2 -flto -fuse-linker-plugin -fno-fat-lto-objects  output pattern test, is ==21042==ASan runtime does not come first in initial library list; you should either link runtime to your application or manually preload it with LD_PRELOAD.
FAIL: g++.dg/asan/deep-stack-uaf-1.C  -O0  output pattern test, is ==21440==ASan runtime does not come first in initial library list; you should either link runtime to your application or manually preload it with LD_PRELOAD.
FAIL: g++.dg/asan/deep-stack-uaf-1.C  -O1  output pattern test, is ==21847==ASan runtime does not come first in initial library list; you should either link runtime to your application or manually preload it with LD_PRELOAD.
FAIL: g++.dg/asan/deep-stack-uaf-1.C  -O2  output pattern test, is ==22421==ASan runtime does not come first in initial library list; you should either link runtime to your application or manually preload it with LD_PRELOAD.
FAIL: g++.dg/asan/deep-stack-uaf-1.C  -O3 -fomit-frame-pointer  output pattern test, is ==22853==ASan runtime does not come first in initial library list; you should either link runtime to your application or manually preload it with LD_PRELOAD.
FAIL: g++.dg/asan/deep-stack-uaf-1.C  -O3 -g  output pattern test, is ==23523==ASan runtime does not come first in initial library list; you should either link runtime to your application or manually preload it with LD_PRELOAD.
FAIL: g++.dg/asan/deep-stack-uaf-1.C  -Os  output pattern test, is ==23847==ASan runtime does not come first in initial library list; you should either link runtime to your application or manually preload it with LD_PRELOAD.
FAIL: g++.dg/asan/deep-tail-call-1.C  -O0  output pattern test, is ==23977==ASan runtime does not come first in initial library list; you should either link runtime to your application or manually preload it with LD_PRELOAD.
FAIL: g++.dg/asan/deep-tail-call-1.C  -O1  output pattern test, is ==24102==ASan runtime does not come first in initial library list; you should either link runtime to your application or manually preload it with LD_PRELOAD.
FAIL: g++.dg/asan/deep-tail-call-1.C  -O2  output pattern test, is ==24214==ASan runtime does not come first in initial library list; you should either link runtime to your application or manually preload it with LD_PRELOAD.
FAIL: g++.dg/asan/deep-tail-call-1.C  -O3 -fomit-frame-pointer  output pattern test, is ==24337==ASan runtime does not come first in initial library list; you should either link runtime to your application or manually preload it with LD_PRELOAD.
FAIL: g++.dg/asan/deep-tail-call-1.C  -O3 -g  output pattern test, is ==24468==ASan runtime does not come first in initial library list; you should either link runtime to your application or manually preload it with LD_PRELOAD.
FAIL: g++.dg/asan/deep-tail-call-1.C  -Os  output pattern test, is ==24611==ASan runtime does not come first in initial library list; you should either link runtime to your application or manually preload it with LD_PRELOAD.
FAIL: g++.dg/asan/deep-tail-call-1.C  -O2 -flto -fno-use-linker-plugin -flto-partition=none  output pattern test, is ==24920==ASan runtime does not come first in initial library list; you should either link runtime to your application or manually preload it with LD_PRELOAD.
FAIL: g++.dg/asan/deep-tail-call-1.C  -O2 -flto -fuse-linker-plugin -fno-fat-lto-objects  output pattern test, is ==25080==ASan runtime does not come first in initial library list; you should either link runtime to your application or manually preload it with LD_PRELOAD.
FAIL: g++.dg/asan/deep-thread-stack-1.C  -O0  output pattern test, is ==25289==ASan runtime does not come first in initial library list; you should either link runtime to your application or manually preload it with LD_PRELOAD.
FAIL: g++.dg/asan/deep-thread-stack-1.C  -O1  output pattern test, is ==25451==ASan runtime does not come first in initial library list; you should either link runtime to your application or manually preload it with LD_PRELOAD.
FAIL: g++.dg/asan/deep-thread-stack-1.C  -O2  output pattern test, is ==25577==ASan runtime does not come first in initial library list; you should either link runtime to your application or manually preload it with LD_PRELOAD.
FAIL: g++.dg/asan/deep-thread-stack-1.C  -O3 -fomit-frame-pointer  output pattern test, is ==25726==ASan runtime does not come first in initial library list; you should either link runtime to your application or manually preload it with LD_PRELOAD.
FAIL: g++.dg/asan/deep-thread-stack-1.C  -O3 -g  output pattern test, is ==25887==ASan runtime does not come first in initial library list; you should either link runtime to your application or manually preload it with LD_PRELOAD.
FAIL: g++.dg/asan/deep-thread-stack-1.C  -Os  output pattern test, is ==26005==ASan runtime does not come first in initial library list; you should either link runtime to your application or manually preload it with LD_PRELOAD.
FAIL: g++.dg/asan/deep-thread-stack-1.C  -O2 -flto -fno-use-linker-plugin -flto-partition=none  output pattern test, is ==26349==ASan runtime does not come first in initial library list; you should either link runtime to your application or manually preload it with LD_PRELOAD.
FAIL: g++.dg/asan/deep-thread-stack-1.C  -O2 -flto -fuse-linker-plugin -fno-fat-lto-objects  output pattern test, is ==26509==ASan runtime does not come first in initial library list; you should either link runtime to your application or manually preload it with LD_PRELOAD.
FAIL: g++.dg/asan/default-options-1.C  -O0  execution test
FAIL: g++.dg/asan/default-options-1.C  -O1  execution test
FAIL: g++.dg/asan/default-options-1.C  -O2  execution test
FAIL: g++.dg/asan/default-options-1.C  -O3 -fomit-frame-pointer  execution test
FAIL: g++.dg/asan/default-options-1.C  -O3 -g  execution test
FAIL: g++.dg/asan/default-options-1.C  -Os  execution test
FAIL: g++.dg/asan/default-options-1.C  -O2 -flto -fno-use-linker-plugin -flto-partition=none  execution test
FAIL: g++.dg/asan/default-options-1.C  -O2 -flto -fuse-linker-plugin -fno-fat-lto-objects  execution test
FAIL: g++.dg/asan/interception-failure-test-1.C  -O0  execution test
FAIL: g++.dg/asan/interception-failure-test-1.C  -O1  execution test
FAIL: g++.dg/asan/interception-failure-test-1.C  -O2  execution test
FAIL: g++.dg/asan/interception-failure-test-1.C  -O3 -fomit-frame-pointer  execution test
FAIL: g++.dg/asan/interception-failure-test-1.C  -O3 -g  execution test
FAIL: g++.dg/asan/interception-failure-test-1.C  -Os  execution test
FAIL: g++.dg/asan/interception-failure-test-1.C  -O2 -flto -fno-use-linker-plugin -flto-partition=none  execution test
FAIL: g++.dg/asan/interception-failure-test-1.C  -O2 -flto -fuse-linker-plugin -fno-fat-lto-objects  execution test
FAIL: g++.dg/asan/interception-malloc-test-1.C  -O0  output pattern test, is ==29287==ASan runtime does not come first in initial library list; you should either link runtime to your application or manually preload it with LD_PRELOAD.
FAIL: g++.dg/asan/interception-malloc-test-1.C  -O1  output pattern test, is ==29402==ASan runtime does not come first in initial library list; you should either link runtime to your application or manually preload it with LD_PRELOAD.
FAIL: g++.dg/asan/interception-malloc-test-1.C  -O2  output pattern test, is ==29509==ASan runtime does not come first in initial library list; you should either link runtime to your application or manually preload it with LD_PRELOAD.
FAIL: g++.dg/asan/interception-malloc-test-1.C  -O3 -fomit-frame-pointer  output pattern test, is ==29598==ASan runtime does not come first in initial library list; you should either link runtime to your application or manually preload it with LD_PRELOAD.
FAIL: g++.dg/asan/interception-malloc-test-1.C  -O3 -g  output pattern test, is ==29732==ASan runtime does not come first in initial library list; you should either link runtime to your application or manually preload it with LD_PRELOAD.
FAIL: g++.dg/asan/interception-malloc-test-1.C  -Os  output pattern test, is ==29875==ASan runtime does not come first in initial library list; you should either link runtime to your application or manually preload it with LD_PRELOAD.
FAIL: g++.dg/asan/interception-malloc-test-1.C  -O2 -flto -fno-use-linker-plugin -flto-partition=none  output pattern test, is ==30148==ASan runtime does not come first in initial library list; you should either link runtime to your application or manually preload it with LD_PRELOAD.
FAIL: g++.dg/asan/interception-malloc-test-1.C  -O2 -flto -fuse-linker-plugin -fno-fat-lto-objects  output pattern test, is ==30336==ASan runtime does not come first in initial library list; you should either link runtime to your application or manually preload it with LD_PRELOAD.
FAIL: g++.dg/asan/interception-test-1.C  -O0  output pattern test, is ==30431==ASan runtime does not come first in initial library list; you should either link runtime to your application or manually preload it with LD_PRELOAD.
FAIL: g++.dg/asan/interception-test-1.C  -O1  output pattern test, is ==30560==ASan runtime does not come first in initial library list; you should either link runtime to your application or manually preload it with LD_PRELOAD.
FAIL: g++.dg/asan/interception-test-1.C  -O2  output pattern test, is ==30727==ASan runtime does not come first in initial library list; you should either link runtime to your application or manually preload it with LD_PRELOAD.
FAIL: g++.dg/asan/interception-test-1.C  -O3 -fomit-frame-pointer  output pattern test, is ==30863==ASan runtime does not come first in initial library list; you should either link runtime to your application or manually preload it with LD_PRELOAD.
FAIL: g++.dg/asan/interception-test-1.C  -O3 -g  output pattern test, is ==30995==ASan runtime does not come first in initial library list; you should either link runtime to your application or manually preload it with LD_PRELOAD.
FAIL: g++.dg/asan/interception-test-1.C  -Os  output pattern test, is ==31150==ASan runtime does not come first in initial library list; you should either link runtime to your application or manually preload it with LD_PRELOAD.
FAIL: g++.dg/asan/interception-test-1.C  -O2 -flto -fno-use-linker-plugin -flto-partition=none  output pattern test, is ==31372==ASan runtime does not come first in initial library list; you should either link runtime to your application or manually preload it with LD_PRELOAD.
FAIL: g++.dg/asan/interception-test-1.C  -O2 -flto -fuse-linker-plugin -fno-fat-lto-objects  output pattern test, is ==31517==ASan runtime does not come first in initial library list; you should either link runtime to your application or manually preload it with LD_PRELOAD.
FAIL: g++.dg/asan/large-func-test-1.C  -O0  output pattern test, is ==31614==ASan runtime does not come first in initial library list; you should either link runtime to your application or manually preload it with LD_PRELOAD.
FAIL: g++.dg/asan/large-func-test-1.C  -O1  output pattern test, is ==31762==ASan runtime does not come first in initial library list; you should either link runtime to your application or manually preload it with LD_PRELOAD.
FAIL: g++.dg/asan/large-func-test-1.C  -O2  output pattern test, is ==31866==ASan runtime does not come first in initial library list; you should either link runtime to your application or manually preload it with LD_PRELOAD.
FAIL: g++.dg/asan/large-func-test-1.C  -O3 -fomit-frame-pointer  output pattern test, is ==32001==ASan runtime does not come first in initial library list; you should either link runtime to your application or manually preload it with LD_PRELOAD.
FAIL: g++.dg/asan/large-func-test-1.C  -O3 -g  output pattern test, is ==32184==ASan runtime does not come first in initial library list; you should either link runtime to your application or manually preload it with LD_PRELOAD.
FAIL: g++.dg/asan/large-func-test-1.C  -Os  output pattern test, is ==32285==ASan runtime does not come first in initial library list; you should either link runtime to your application or manually preload it with LD_PRELOAD.
FAIL: g++.dg/asan/large-func-test-1.C  -O2 -flto -fno-use-linker-plugin -flto-partition=none  output pattern test, is ==32647==ASan runtime does not come first in initial library list; you should either link runtime to your application or manually preload it with LD_PRELOAD.
FAIL: g++.dg/asan/large-func-test-1.C  -O2 -flto -fuse-linker-plugin -fno-fat-lto-objects  output pattern test, is ==431==ASan runtime does not come first in initial library list; you should either link runtime to your application or manually preload it with LD_PRELOAD.
FAIL: g++.dg/asan/pr55617.C  -O0  execution test
FAIL: g++.dg/asan/pr55617.C  -O1  execution test
FAIL: g++.dg/asan/pr55617.C  -O2  execution test
FAIL: g++.dg/asan/pr55617.C  -O3 -fomit-frame-pointer  execution test
FAIL: g++.dg/asan/pr55617.C  -O3 -g  execution test
FAIL: g++.dg/asan/pr55617.C  -Os  execution test
FAIL: g++.dg/asan/pr55617.C  -O2 -flto -fno-use-linker-plugin -flto-partition=none  execution test
FAIL: g++.dg/asan/pr55617.C  -O2 -flto -fuse-linker-plugin -fno-fat-lto-objects  execution test
FAIL: g++.dg/guality/pr55665.C  -O2  line 23 p == 40
FAIL: g++.dg/guality/pr55665.C  -O3 -fomit-frame-pointer  line 23 p == 40
FAIL: g++.dg/guality/pr55665.C  -O3 -g  line 23 p == 40

		=== g++ Summary ===

# of expected passes		85145
# of unexpected failures	201
# of expected failures		440
# of unsupported tests		3080
/scratch/toon/bd12180/gcc/testsuite/g++/../../xg++  version 4.10.0 20140610 (experimental) (GCC) 

		=== libatomic tests ===


Running target unix

		=== libatomic Summary ===

# of expected passes		54
		=== libgomp tests ===


Running target unix

		=== libgomp Summary ===

# of expected passes		2940
# of unsupported tests		35
		=== libitm tests ===


Running target unix

		=== libitm Summary ===

# of expected passes		26
# of expected failures		3
# of unsupported tests		1
		=== libstdc++ tests ===


Running target unix

		=== libstdc++ Summary ===

# of expected passes		9356
# of expected failures		69
# of unsupported tests		537

Compiler version: 4.10.0 20140610 (experimental) (GCC) 
Platform: x86_64-unknown-linux-gnu
configure flags: --prefix=/home/toon/compilers/install --with-gnu-as --with-gnu-ld --with-build-config=bootstrap-lto --enable-languages=fortran --disable-multilib --disable-nls --with-arch=core-avx2 --with-tune=core-avx2


Index Nav: [Date Index] [Subject Index] [Author Index] [Thread Index]
Message Nav: [Date Prev] [Date Next] [Thread Prev] [Thread Next]