This is the mail archive of the gcc-testresults@gcc.gnu.org mailing list for the GCC project.


Index Nav: [Date Index] [Subject Index] [Author Index] [Thread Index]
Message Nav: [Date Prev] [Date Next] [Thread Prev] [Thread Next]
Other format: [Raw text]

Results for 4.9.0 (Debian 4.9.0-9) testsuite on x86_64-pc-linux-gnu


LAST_UPDATED: Fri Jun 27 09:44:34 UTC 2014 (revision 212067)

Target: x86_64-linux-gnu
gcc version 4.9.0 (Debian 4.9.0-9) 
Native configuration is x86_64-pc-linux-gnu

		=== g++ tests ===


Running target unix

		=== g++ Summary for unix ===

# of expected passes		87827
# of expected failures		445
# of unsupported tests		3020

Running target unix/-fstack-protector
FAIL: g++.dg/asan/asan_test.C  -O2  AddressSanitizer_SimpleStackTest A[kSize + 31] = 0 execution test
FAIL: g++.dg/asan/asan_test.C  -O2  AddressSanitizer_SimpleStackTest A[kSize + 31] = 0 execution test
FAIL: g++.dg/asan/asan_test.C  -O2  AddressSanitizer_SimpleStackTest A[kSize + 31] = 0 execution test
FAIL: g++.dg/asan/asan_test.C  -O2  AddressSanitizer_SimpleStackTest A[kSize + 31] = 0 execution test
FAIL: g++.dg/fstack-protector-strong.C -std=gnu++98  scan-assembler-times stack_chk_fail 2
FAIL: g++.dg/fstack-protector-strong.C -std=gnu++11  scan-assembler-times stack_chk_fail 2
FAIL: g++.dg/fstack-protector-strong.C -std=gnu++1y  scan-assembler-times stack_chk_fail 2

		=== g++ Summary for unix/-fstack-protector ===

# of expected passes		87816
# of unexpected failures	7
# of expected failures		445
# of unsupported tests		3020

Running target unix/-m32

		=== g++ Summary for unix/-m32 ===

# of expected passes		86370
# of expected failures		445
# of unsupported tests		2749

Running target unix/-mx32

		=== g++ Summary for unix/-mx32 ===

# of expected passes		87905
# of expected failures		445
# of unsupported tests		2955

		=== g++ Summary ===

# of expected passes		349918
# of unexpected failures	7
# of expected failures		1780
# of unsupported tests		11744
/scratch/packages/gcc/4.9/gcc-4.9-4.9.0/build/gcc/testsuite/g++/../../xg++  version 4.9.0 (Debian 4.9.0-9) 

		=== gcc tests ===


Running target unix

		=== gcc Summary for unix ===

# of expected passes		105895
# of expected failures		255
# of unsupported tests		1398

Running target unix/-fstack-protector
FAIL: gcc.dg/fstack-protector-strong.c scan-assembler-times stack_chk_fail 10
FAIL: gcc.dg/stack-usage-1.c scan-file foo\\t(256|264)\\tstatic
FAIL: gcc.dg/superblock.c scan-rtl-dump-times sched2 "ADVANCING TO" 2

		=== gcc Summary for unix/-fstack-protector ===

# of expected passes		105892
# of unexpected failures	3
# of expected failures		255
# of unsupported tests		1398

Running target unix/-m32
FAIL: gcc.dg/pr45352-1.c (test for excess errors)
FAIL: gcc.dg/tm/memopt-15.c (test for excess errors)
FAIL: gcc.dg/tm/memopt-15.c scan-assembler _ITM_LM128
FAIL: gcc.dg/tree-ssa/pr44423.c (test for excess errors)

		=== gcc Summary for unix/-m32 ===

# of expected passes		105090
# of unexpected failures	4
# of expected failures		252
# of unsupported tests		1182

Running target unix/-mx32
FAIL: gcc.dg/pr61053.c  (test for errors, line 34)
FAIL: gcc.dg/pr61053.c  (test for errors, line 37)
FAIL: gcc.dg/pr61053.c (test for excess errors)
FAIL: gcc.misc-tests/linkage.c link

		=== gcc Summary for unix/-mx32 ===

# of expected passes		105346
# of unexpected failures	4
# of expected failures		252
# of unsupported tests		1388

		=== gcc Summary ===

# of expected passes		422223
# of unexpected failures	11
# of expected failures		1014
# of unsupported tests		5366
/scratch/packages/gcc/4.9/gcc-4.9-4.9.0/build/gcc/xgcc  version 4.9.0 (Debian 4.9.0-9) 

		=== gdc tests ===


Running target unix

		=== gdc Summary for unix ===

# of expected passes		16026
# of unexpected failures	16
# of unresolved testcases	16

Running target unix/-fstack-protector

		=== gdc Summary for unix/-fstack-protector ===

# of expected passes		16026
# of unexpected failures	16
# of unresolved testcases	16

Running target unix/-m32

		=== gdc Summary for unix/-m32 ===

# of expected passes		16026
# of unexpected failures	16
# of unresolved testcases	16

Running target unix/-mx32

		=== gdc Summary for unix/-mx32 ===

# of expected passes		16022
# of unexpected failures	20
# of unresolved testcases	16

		=== gdc Summary ===

# of expected passes		64100
# of unexpected failures	68
# of unresolved testcases	64
/scratch/packages/gcc/4.9/gcc-4.9-4.9.0/build/gcc/testsuite/gdc/../../gdc  version 4.9.0 (Debian 4.9.0-9) 

		=== gfortran tests ===


Running target unix

		=== gfortran Summary for unix ===

# of expected passes		45719
# of expected failures		52
# of unsupported tests		72

Running target unix/-fstack-protector

		=== gfortran Summary for unix/-fstack-protector ===

# of expected passes		45719
# of expected failures		52
# of unsupported tests		72

Running target unix/-m32

		=== gfortran Summary for unix/-m32 ===

# of expected passes		45432
# of expected failures		52
# of unsupported tests		210

Running target unix/-mx32

		=== gfortran Summary for unix/-mx32 ===

# of expected passes		45739
# of expected failures		52
# of unsupported tests		59

		=== gfortran Summary ===

# of expected passes		182609
# of expected failures		208
# of unsupported tests		413
/scratch/packages/gcc/4.9/gcc-4.9-4.9.0/build/gcc/testsuite/gfortran/../../gfortran  version 4.9.0 (Debian 4.9.0-9) 

		=== go tests ===


Running target unix

		=== go Summary for unix ===

# of expected passes		7258
# of expected failures		1
# of untested testcases		6
# of unsupported tests		1

Running target unix/-fstack-protector

		=== go Summary for unix/-fstack-protector ===

# of expected passes		7258
# of expected failures		1
# of untested testcases		6
# of unsupported tests		1

Running target unix/-m32

		=== go Summary for unix/-m32 ===

# of expected passes		7377
# of expected failures		1
# of untested testcases		6
# of unsupported tests		2

Running target unix/-mx32
FAIL: go.go-torture/execute/array-1.go compilation,  -O0 
FAIL: go.go-torture/execute/array-1.go compilation,  -O1 
FAIL: go.go-torture/execute/array-1.go compilation,  -O2 
FAIL: go.go-torture/execute/array-1.go compilation,  -O2 -fomit-frame-pointer -finline-functions 
FAIL: go.go-torture/execute/array-1.go compilation,  -O2 -fomit-frame-pointer -finline-functions -funroll-loops 
FAIL: go.go-torture/execute/array-1.go compilation,  -O2 -fbounds-check 
FAIL: go.go-torture/execute/array-1.go compilation,  -O3 -g 
FAIL: go.go-torture/execute/array-1.go compilation,  -Os 
FAIL: go.go-torture/execute/array-2.go compilation,  -O0 
FAIL: go.go-torture/execute/array-2.go compilation,  -O1 
FAIL: go.go-torture/execute/array-2.go compilation,  -O2 
FAIL: go.go-torture/execute/array-2.go compilation,  -O2 -fomit-frame-pointer -finline-functions 
FAIL: go.go-torture/execute/array-2.go compilation,  -O2 -fomit-frame-pointer -finline-functions -funroll-loops 
FAIL: go.go-torture/execute/array-2.go compilation,  -O2 -fbounds-check 
FAIL: go.go-torture/execute/array-2.go compilation,  -O3 -g 
FAIL: go.go-torture/execute/array-2.go compilation,  -Os 
FAIL: go.go-torture/execute/chan-1.go compilation,  -O0 
FAIL: go.go-torture/execute/chan-1.go compilation,  -O1 
FAIL: go.go-torture/execute/chan-1.go compilation,  -O2 
FAIL: go.go-torture/execute/chan-1.go compilation,  -O2 -fomit-frame-pointer -finline-functions 
FAIL: go.go-torture/execute/chan-1.go compilation,  -O2 -fomit-frame-pointer -finline-functions -funroll-loops 
FAIL: go.go-torture/execute/chan-1.go compilation,  -O2 -fbounds-check 
FAIL: go.go-torture/execute/chan-1.go compilation,  -O3 -g 
FAIL: go.go-torture/execute/chan-1.go compilation,  -Os 
FAIL: go.go-torture/execute/const-1.go compilation,  -O0 
FAIL: go.go-torture/execute/const-1.go compilation,  -O1 
FAIL: go.go-torture/execute/const-1.go compilation,  -O2 
FAIL: go.go-torture/execute/const-1.go compilation,  -O2 -fomit-frame-pointer -finline-functions 
FAIL: go.go-torture/execute/const-1.go compilation,  -O2 -fomit-frame-pointer -finline-functions -funroll-loops 
FAIL: go.go-torture/execute/const-1.go compilation,  -O2 -fbounds-check 
FAIL: go.go-torture/execute/const-1.go compilation,  -O3 -g 
FAIL: go.go-torture/execute/const-1.go compilation,  -Os 
FAIL: go.go-torture/execute/const-2.go compilation,  -O0 
FAIL: go.go-torture/execute/const-2.go compilation,  -O1 
FAIL: go.go-torture/execute/const-2.go compilation,  -O2 
FAIL: go.go-torture/execute/const-2.go compilation,  -O2 -fomit-frame-pointer -finline-functions 
FAIL: go.go-torture/execute/const-2.go compilation,  -O2 -fomit-frame-pointer -finline-functions -funroll-loops 
FAIL: go.go-torture/execute/const-2.go compilation,  -O2 -fbounds-check 
FAIL: go.go-torture/execute/const-2.go compilation,  -O3 -g 
FAIL: go.go-torture/execute/const-2.go compilation,  -Os 
FAIL: go.go-torture/execute/expr-1.go compilation,  -O0 
FAIL: go.go-torture/execute/expr-1.go compilation,  -O1 
FAIL: go.go-torture/execute/expr-1.go compilation,  -O2 
FAIL: go.go-torture/execute/expr-1.go compilation,  -O2 -fomit-frame-pointer -finline-functions 
FAIL: go.go-torture/execute/expr-1.go compilation,  -O2 -fomit-frame-pointer -finline-functions -funroll-loops 
FAIL: go.go-torture/execute/expr-1.go compilation,  -O2 -fbounds-check 
FAIL: go.go-torture/execute/expr-1.go compilation,  -O3 -g 
FAIL: go.go-torture/execute/expr-1.go compilation,  -Os 
FAIL: go.go-torture/execute/for-1.go compilation,  -O0 
FAIL: go.go-torture/execute/for-1.go compilation,  -O1 
FAIL: go.go-torture/execute/for-1.go compilation,  -O2 
FAIL: go.go-torture/execute/for-1.go compilation,  -O2 -fomit-frame-pointer -finline-functions 
FAIL: go.go-torture/execute/for-1.go compilation,  -O2 -fomit-frame-pointer -finline-functions -funroll-loops 
FAIL: go.go-torture/execute/for-1.go compilation,  -O2 -fbounds-check 
FAIL: go.go-torture/execute/for-1.go compilation,  -O3 -g 
FAIL: go.go-torture/execute/for-1.go compilation,  -Os 
FAIL: go.go-torture/execute/for-2.go compilation,  -O0 
FAIL: go.go-torture/execute/for-2.go compilation,  -O1 
FAIL: go.go-torture/execute/for-2.go compilation,  -O2 
FAIL: go.go-torture/execute/for-2.go compilation,  -O2 -fomit-frame-pointer -finline-functions 
FAIL: go.go-torture/execute/for-2.go compilation,  -O2 -fomit-frame-pointer -finline-functions -funroll-loops 
FAIL: go.go-torture/execute/for-2.go compilation,  -O2 -fbounds-check 
FAIL: go.go-torture/execute/for-2.go compilation,  -O3 -g 
FAIL: go.go-torture/execute/for-2.go compilation,  -Os 
FAIL: go.go-torture/execute/function-1.go compilation,  -O0 
FAIL: go.go-torture/execute/function-1.go compilation,  -O1 
FAIL: go.go-torture/execute/function-1.go compilation,  -O2 
FAIL: go.go-torture/execute/function-1.go compilation,  -O2 -fomit-frame-pointer -finline-functions 
FAIL: go.go-torture/execute/function-1.go compilation,  -O2 -fomit-frame-pointer -finline-functions -funroll-loops 
FAIL: go.go-torture/execute/function-1.go compilation,  -O2 -fbounds-check 
FAIL: go.go-torture/execute/function-1.go compilation,  -O3 -g 
FAIL: go.go-torture/execute/function-1.go compilation,  -Os 
FAIL: go.go-torture/execute/function-2.go compilation,  -O0 
FAIL: go.go-torture/execute/function-2.go compilation,  -O1 
FAIL: go.go-torture/execute/function-2.go compilation,  -O2 
FAIL: go.go-torture/execute/function-2.go compilation,  -O2 -fomit-frame-pointer -finline-functions 
FAIL: go.go-torture/execute/function-2.go compilation,  -O2 -fomit-frame-pointer -finline-functions -funroll-loops 
FAIL: go.go-torture/execute/function-2.go compilation,  -O2 -fbounds-check 
FAIL: go.go-torture/execute/function-2.go compilation,  -O3 -g 
FAIL: go.go-torture/execute/function-2.go compilation,  -Os 
FAIL: go.go-torture/execute/go-1.go compilation,  -O0 
FAIL: go.go-torture/execute/go-1.go compilation,  -O1 
FAIL: go.go-torture/execute/go-1.go compilation,  -O2 
FAIL: go.go-torture/execute/go-1.go compilation,  -O2 -fomit-frame-pointer -finline-functions 
FAIL: go.go-torture/execute/go-1.go compilation,  -O2 -fomit-frame-pointer -finline-functions -funroll-loops 
FAIL: go.go-torture/execute/go-1.go compilation,  -O2 -fbounds-check 
FAIL: go.go-torture/execute/go-1.go compilation,  -O3 -g 
FAIL: go.go-torture/execute/go-1.go compilation,  -Os 
FAIL: go.go-torture/execute/go-2.go compilation,  -O0 
FAIL: go.go-torture/execute/go-2.go compilation,  -O1 
FAIL: go.go-torture/execute/go-2.go compilation,  -O2 
FAIL: go.go-torture/execute/go-2.go compilation,  -O2 -fomit-frame-pointer -finline-functions 
FAIL: go.go-torture/execute/go-2.go compilation,  -O2 -fomit-frame-pointer -finline-functions -funroll-loops 
FAIL: go.go-torture/execute/go-2.go compilation,  -O2 -fbounds-check 
FAIL: go.go-torture/execute/go-2.go compilation,  -O3 -g 
FAIL: go.go-torture/execute/go-2.go compilation,  -Os 
FAIL: go.go-torture/execute/go-3.go compilation,  -O0 
FAIL: go.go-torture/execute/go-3.go compilation,  -O1 
FAIL: go.go-torture/execute/go-3.go compilation,  -O2 
FAIL: go.go-torture/execute/go-3.go compilation,  -O2 -fomit-frame-pointer -finline-functions 
FAIL: go.go-torture/execute/go-3.go compilation,  -O2 -fomit-frame-pointer -finline-functions -funroll-loops 
FAIL: go.go-torture/execute/go-3.go compilation,  -O2 -fbounds-check 
FAIL: go.go-torture/execute/go-3.go compilation,  -O3 -g 
FAIL: go.go-torture/execute/go-3.go compilation,  -Os 
FAIL: go.go-torture/execute/goto-1.go compilation,  -O0 
FAIL: go.go-torture/execute/goto-1.go compilation,  -O1 
FAIL: go.go-torture/execute/goto-1.go compilation,  -O2 
FAIL: go.go-torture/execute/goto-1.go compilation,  -O2 -fomit-frame-pointer -finline-functions 
FAIL: go.go-torture/execute/goto-1.go compilation,  -O2 -fomit-frame-pointer -finline-functions -funroll-loops 
FAIL: go.go-torture/execute/goto-1.go compilation,  -O2 -fbounds-check 
FAIL: go.go-torture/execute/goto-1.go compilation,  -O3 -g 
FAIL: go.go-torture/execute/goto-1.go compilation,  -Os 
FAIL: go.go-torture/execute/map-1.go compilation,  -O0 
FAIL: go.go-torture/execute/map-1.go compilation,  -O1 
FAIL: go.go-torture/execute/map-1.go compilation,  -O2 
FAIL: go.go-torture/execute/map-1.go compilation,  -O2 -fomit-frame-pointer -finline-functions 
FAIL: go.go-torture/execute/map-1.go compilation,  -O2 -fomit-frame-pointer -finline-functions -funroll-loops 
FAIL: go.go-torture/execute/map-1.go compilation,  -O2 -fbounds-check 
FAIL: go.go-torture/execute/map-1.go compilation,  -O3 -g 
FAIL: go.go-torture/execute/map-1.go compilation,  -Os 
FAIL: go.go-torture/execute/method-1.go compilation,  -O0 
FAIL: go.go-torture/execute/method-1.go compilation,  -O1 
FAIL: go.go-torture/execute/method-1.go compilation,  -O2 
FAIL: go.go-torture/execute/method-1.go compilation,  -O2 -fomit-frame-pointer -finline-functions 
FAIL: go.go-torture/execute/method-1.go compilation,  -O2 -fomit-frame-pointer -finline-functions -funroll-loops 
FAIL: go.go-torture/execute/method-1.go compilation,  -O2 -fbounds-check 
FAIL: go.go-torture/execute/method-1.go compilation,  -O3 -g 
FAIL: go.go-torture/execute/method-1.go compilation,  -Os 
FAIL: go.go-torture/execute/nested-1.go compilation,  -O0 
FAIL: go.go-torture/execute/nested-1.go compilation,  -O1 
FAIL: go.go-torture/execute/nested-1.go compilation,  -O2 
FAIL: go.go-torture/execute/nested-1.go compilation,  -O2 -fomit-frame-pointer -finline-functions 
FAIL: go.go-torture/execute/nested-1.go compilation,  -O2 -fomit-frame-pointer -finline-functions -funroll-loops 
FAIL: go.go-torture/execute/nested-1.go compilation,  -O2 -fbounds-check 
FAIL: go.go-torture/execute/nested-1.go compilation,  -O3 -g 
FAIL: go.go-torture/execute/nested-1.go compilation,  -Os 
FAIL: go.go-torture/execute/pointer-1.go compilation,  -O0 
FAIL: go.go-torture/execute/pointer-1.go compilation,  -O1 
FAIL: go.go-torture/execute/pointer-1.go compilation,  -O2 
FAIL: go.go-torture/execute/pointer-1.go compilation,  -O2 -fomit-frame-pointer -finline-functions 
FAIL: go.go-torture/execute/pointer-1.go compilation,  -O2 -fomit-frame-pointer -finline-functions -funroll-loops 
FAIL: go.go-torture/execute/pointer-1.go compilation,  -O2 -fbounds-check 
FAIL: go.go-torture/execute/pointer-1.go compilation,  -O3 -g 
FAIL: go.go-torture/execute/pointer-1.go compilation,  -Os 
FAIL: go.go-torture/execute/return-1.go compilation,  -O0 
FAIL: go.go-torture/execute/return-1.go compilation,  -O1 
FAIL: go.go-torture/execute/return-1.go compilation,  -O2 
FAIL: go.go-torture/execute/return-1.go compilation,  -O2 -fomit-frame-pointer -finline-functions 
FAIL: go.go-torture/execute/return-1.go compilation,  -O2 -fomit-frame-pointer -finline-functions -funroll-loops 
FAIL: go.go-torture/execute/return-1.go compilation,  -O2 -fbounds-check 
FAIL: go.go-torture/execute/return-1.go compilation,  -O3 -g 
FAIL: go.go-torture/execute/return-1.go compilation,  -Os 
FAIL: go.go-torture/execute/return-2.go compilation,  -O0 
FAIL: go.go-torture/execute/return-2.go compilation,  -O1 
FAIL: go.go-torture/execute/return-2.go compilation,  -O2 
FAIL: go.go-torture/execute/return-2.go compilation,  -O2 -fomit-frame-pointer -finline-functions 
FAIL: go.go-torture/execute/return-2.go compilation,  -O2 -fomit-frame-pointer -finline-functions -funroll-loops 
FAIL: go.go-torture/execute/return-2.go compilation,  -O2 -fbounds-check 
FAIL: go.go-torture/execute/return-2.go compilation,  -O3 -g 
FAIL: go.go-torture/execute/return-2.go compilation,  -Os 
FAIL: go.go-torture/execute/return-3.go compilation,  -O0 
FAIL: go.go-torture/execute/return-3.go compilation,  -O1 
FAIL: go.go-torture/execute/return-3.go compilation,  -O2 
FAIL: go.go-torture/execute/return-3.go compilation,  -O2 -fomit-frame-pointer -finline-functions 
FAIL: go.go-torture/execute/return-3.go compilation,  -O2 -fomit-frame-pointer -finline-functions -funroll-loops 
FAIL: go.go-torture/execute/return-3.go compilation,  -O2 -fbounds-check 
FAIL: go.go-torture/execute/return-3.go compilation,  -O3 -g 
FAIL: go.go-torture/execute/return-3.go compilation,  -Os 
FAIL: go.go-torture/execute/select-1.go compilation,  -O0 
FAIL: go.go-torture/execute/select-1.go compilation,  -O1 
FAIL: go.go-torture/execute/select-1.go compilation,  -O2 
FAIL: go.go-torture/execute/select-1.go compilation,  -O2 -fomit-frame-pointer -finline-functions 
FAIL: go.go-torture/execute/select-1.go compilation,  -O2 -fomit-frame-pointer -finline-functions -funroll-loops 
FAIL: go.go-torture/execute/select-1.go compilation,  -O2 -fbounds-check 
FAIL: go.go-torture/execute/select-1.go compilation,  -O3 -g 
FAIL: go.go-torture/execute/select-1.go compilation,  -Os 
FAIL: go.go-torture/execute/string-1.go compilation,  -O0 
FAIL: go.go-torture/execute/string-1.go compilation,  -O1 
FAIL: go.go-torture/execute/string-1.go compilation,  -O2 
FAIL: go.go-torture/execute/string-1.go compilation,  -O2 -fomit-frame-pointer -finline-functions 
FAIL: go.go-torture/execute/string-1.go compilation,  -O2 -fomit-frame-pointer -finline-functions -funroll-loops 
FAIL: go.go-torture/execute/string-1.go compilation,  -O2 -fbounds-check 
FAIL: go.go-torture/execute/string-1.go compilation,  -O3 -g 
FAIL: go.go-torture/execute/string-1.go compilation,  -Os 
FAIL: go.go-torture/execute/string-2.go compilation,  -O0 
FAIL: go.go-torture/execute/string-2.go compilation,  -O1 
FAIL: go.go-torture/execute/string-2.go compilation,  -O2 
FAIL: go.go-torture/execute/string-2.go compilation,  -O2 -fomit-frame-pointer -finline-functions 
FAIL: go.go-torture/execute/string-2.go compilation,  -O2 -fomit-frame-pointer -finline-functions -funroll-loops 
FAIL: go.go-torture/execute/string-2.go compilation,  -O2 -fbounds-check 
FAIL: go.go-torture/execute/string-2.go compilation,  -O3 -g 
FAIL: go.go-torture/execute/string-2.go compilation,  -Os 
FAIL: go.go-torture/execute/struct-1.go compilation,  -O0 
FAIL: go.go-torture/execute/struct-1.go compilation,  -O1 
FAIL: go.go-torture/execute/struct-1.go compilation,  -O2 
FAIL: go.go-torture/execute/struct-1.go compilation,  -O2 -fomit-frame-pointer -finline-functions 
FAIL: go.go-torture/execute/struct-1.go compilation,  -O2 -fomit-frame-pointer -finline-functions -funroll-loops 
FAIL: go.go-torture/execute/struct-1.go compilation,  -O2 -fbounds-check 
FAIL: go.go-torture/execute/struct-1.go compilation,  -O3 -g 
FAIL: go.go-torture/execute/struct-1.go compilation,  -Os 
FAIL: go.go-torture/execute/struct-2.go compilation,  -O0 
FAIL: go.go-torture/execute/struct-2.go compilation,  -O1 
FAIL: go.go-torture/execute/struct-2.go compilation,  -O2 
FAIL: go.go-torture/execute/struct-2.go compilation,  -O2 -fomit-frame-pointer -finline-functions 
FAIL: go.go-torture/execute/struct-2.go compilation,  -O2 -fomit-frame-pointer -finline-functions -funroll-loops 
FAIL: go.go-torture/execute/struct-2.go compilation,  -O2 -fbounds-check 
FAIL: go.go-torture/execute/struct-2.go compilation,  -O3 -g 
FAIL: go.go-torture/execute/struct-2.go compilation,  -Os 
FAIL: go.go-torture/execute/switch-1.go compilation,  -O0 
FAIL: go.go-torture/execute/switch-1.go compilation,  -O1 
FAIL: go.go-torture/execute/switch-1.go compilation,  -O2 
FAIL: go.go-torture/execute/switch-1.go compilation,  -O2 -fomit-frame-pointer -finline-functions 
FAIL: go.go-torture/execute/switch-1.go compilation,  -O2 -fomit-frame-pointer -finline-functions -funroll-loops 
FAIL: go.go-torture/execute/switch-1.go compilation,  -O2 -fbounds-check 
FAIL: go.go-torture/execute/switch-1.go compilation,  -O3 -g 
FAIL: go.go-torture/execute/switch-1.go compilation,  -Os 
FAIL: go.go-torture/execute/var-1.go compilation,  -O0 
FAIL: go.go-torture/execute/var-1.go compilation,  -O1 
FAIL: go.go-torture/execute/var-1.go compilation,  -O2 
FAIL: go.go-torture/execute/var-1.go compilation,  -O2 -fomit-frame-pointer -finline-functions 
FAIL: go.go-torture/execute/var-1.go compilation,  -O2 -fomit-frame-pointer -finline-functions -funroll-loops 
FAIL: go.go-torture/execute/var-1.go compilation,  -O2 -fbounds-check 
FAIL: go.go-torture/execute/var-1.go compilation,  -O3 -g 
FAIL: go.go-torture/execute/var-1.go compilation,  -Os 
FAIL: go.go-torture/execute/var-2.go compilation,  -O0 
FAIL: go.go-torture/execute/var-2.go compilation,  -O1 
FAIL: go.go-torture/execute/var-2.go compilation,  -O2 
FAIL: go.go-torture/execute/var-2.go compilation,  -O2 -fomit-frame-pointer -finline-functions 
FAIL: go.go-torture/execute/var-2.go compilation,  -O2 -fomit-frame-pointer -finline-functions -funroll-loops 
FAIL: go.go-torture/execute/var-2.go compilation,  -O2 -fbounds-check 
FAIL: go.go-torture/execute/var-2.go compilation,  -O3 -g 
FAIL: go.go-torture/execute/var-2.go compilation,  -Os 
FAIL: go.go-torture/execute/var-3.go compilation,  -O0 
FAIL: go.go-torture/execute/var-3.go compilation,  -O1 
FAIL: go.go-torture/execute/var-3.go compilation,  -O2 
FAIL: go.go-torture/execute/var-3.go compilation,  -O2 -fomit-frame-pointer -finline-functions 
FAIL: go.go-torture/execute/var-3.go compilation,  -O2 -fomit-frame-pointer -finline-functions -funroll-loops 
FAIL: go.go-torture/execute/var-3.go compilation,  -O2 -fbounds-check 
FAIL: go.go-torture/execute/var-3.go compilation,  -O3 -g 
FAIL: go.go-torture/execute/var-3.go compilation,  -Os 
FAIL: bug429.go  -O2 -g  (test for excess errors)
UNRESOLVED: bug429.go  -O2 -g  compilation failed to produce executable
FAIL: go.test/test/235.go compilation,  -O2 -g 
FAIL: go.test/test/64bit.go -O (test for excess errors)
FAIL: go.test/test/64bit.go execution
FAIL: go.test/test/alias1.go compilation,  -O2 -g 
FAIL: go.test/test/append.go compilation,  -O2 -g 
FAIL: go.test/test/args.go compilation,  -O2 -g 
FAIL: go.test/test/bigalg.go compilation,  -O2 -g 
FAIL: go.test/test/bigmap.go compilation,  -O2 -g 
FAIL: go.test/test/blank.go compilation,  -O2 -g 
FAIL: go.test/test/bom.go -O (test for excess errors)
FAIL: go.test/test/bom.go execution
FAIL: go.test/test/chan/doubleselect.go compilation,  -O2 -g 
FAIL: go.test/test/chan/fifo.go compilation,  -O2 -g 
FAIL: go.test/test/chan/goroutines.go compilation,  -O2 -g 
FAIL: go.test/test/chan/nonblock.go compilation,  -O2 -g 
FAIL: go.test/test/chan/powser1.go compilation,  -O2 -g 
FAIL: go.test/test/chan/powser2.go compilation,  -O2 -g 
FAIL: go.test/test/chan/select.go compilation,  -O2 -g 
FAIL: go.test/test/chan/select2.go compilation,  -O2 -g 
FAIL: go.test/test/chan/select3.go compilation,  -O2 -g 
FAIL: go.test/test/chan/select4.go compilation,  -O2 -g 
FAIL: go.test/test/chan/select5.go -O (test for excess errors)
FAIL: go.test/test/chan/select5.go execution
FAIL: go.test/test/chan/select6.go compilation,  -O2 -g 
FAIL: go.test/test/chan/select7.go compilation,  -O2 -g 
FAIL: go.test/test/chan/sendstmt.go compilation,  -O2 -g 
FAIL: go.test/test/chan/sieve1.go compilation,  -O2 -g 
FAIL: go.test/test/chan/sieve2.go compilation,  -O2 -g 
FAIL: go.test/test/chan/zerosize.go compilation,  -O2 -g 
FAIL: go.test/test/chancap.go compilation,  -O2 -g 
FAIL: go.test/test/char_lit.go compilation,  -O2 -g 
FAIL: go.test/test/closedchan.go compilation,  -O2 -g 
FAIL: go.test/test/cmp.go compilation,  -O2 -g 
FAIL: go.test/test/cmplxdivide.go
FAIL: go.test/test/complit.go compilation,  -O2 -g 
FAIL: go.test/test/compos.go compilation,  -O2 -g 
FAIL: go.test/test/const.go compilation,  -O2 -g 
FAIL: go.test/test/const3.go compilation,  -O2 -g 
FAIL: go.test/test/const4.go compilation,  -O2 -g 
FAIL: go.test/test/convT2X.go compilation,  -O2 -g 
FAIL: go.test/test/convert.go compilation,  -O2 -g 
FAIL: go.test/test/copy.go compilation,  -O2 -g 
FAIL: go.test/test/crlf.go -O (test for excess errors)
FAIL: go.test/test/crlf.go execution
FAIL: go.test/test/ddd.go compilation,  -O2 -g 
FAIL: go.test/test/ddd2.dir/ddd3.go compilation,  -O2 -g 
FAIL: go.test/test/decl.go compilation,  -O2 -g 
FAIL: go.test/test/defer.go compilation,  -O2 -g 
FAIL: go.test/test/deferfin.go compilation,  -O2 -g 
FAIL: go.test/test/deferprint.go -O (test for excess errors)
FAIL: go.test/test/deferprint.go execution
FAIL: go.test/test/divide.go compilation,  -O2 -g 
FAIL: go.test/test/divmod.go compilation,  -O2 -g 
FAIL: go.test/test/dwarf/dwarf.dir/main.go /scratch/packages/gcc/4.9/gcc-4.9-4.9.0/src/gcc/testsuite/go.test/test/dwarf/dwarf.dir/z1.go /scratch/packages/gcc/4.9/gcc-4.9-4.9.0/src/gcc/testsuite/go.test/test/dwarf/dwarf.dir/z10.go /scratch/packages/gcc/4.9/gcc-4.9-4.9.0/src/gcc/testsuite/go.test/test/dwarf/dwarf.dir/z11.go /scratch/packages/gcc/4.9/gcc-4.9-4.9.0/src/gcc/testsuite/go.test/test/dwarf/dwarf.dir/z12.go /scratch/packages/gcc/4.9/gcc-4.9-4.9.0/src/gcc/testsuite/go.test/test/dwarf/dwarf.dir/z13.go /scratch/packages/gcc/4.9/gcc-4.9-4.9.0/src/gcc/testsuite/go.test/test/dwarf/dwarf.dir/z14.go /scratch/packages/gcc/4.9/gcc-4.9-4.9.0/src/gcc/testsuite/go.test/test/dwarf/dwarf.dir/z15.go /scratch/packages/gcc/4.9/gcc-4.9-4.9.0/src/gcc/testsuite/go.test/test/dwarf/dwarf.dir/z16.go /scratch/packages/gcc/4.9/gcc-4.9-4.9.0/src/gcc/testsuite/go.test/test/dwarf/dwarf.dir/z17.go /scratch/packages/gcc/4.9/gcc-4.9-4.9.0/src/gcc/testsuite/go.test/test/dwarf/dwarf.dir/z18.go /scratch/packages/gcc/4.9/gcc-4.9-4.9.0/src/gcc/testsuite/go.test/test/dwarf/dwarf.dir/z19.go /scratch/packages/gcc/4.9/gcc-4.9-4.9.0/src/gcc/testsuite/go.test/test/dwarf/dwarf.dir/z2.go /scratch/packages/gcc/4.9/gcc-4.9-4.9.0/src/gcc/testsuite/go.test/test/dwarf/dwarf.dir/z20.go /scratch/packages/gcc/4.9/gcc-4.9-4.9.0/src/gcc/testsuite/go.test/test/dwarf/dwarf.dir/z3.go /scratch/packages/gcc/4.9/gcc-4.9-4.9.0/src/gcc/testsuite/go.test/test/dwarf/dwarf.dir/z4.go /scratch/packages/gcc/4.9/gcc-4.9-4.9.0/src/gcc/testsuite/go.test/test/dwarf/dwarf.dir/z5.go /scratch/packages/gcc/4.9/gcc-4.9-4.9.0/src/gcc/testsuite/go.test/test/dwarf/dwarf.dir/z6.go /scratch/packages/gcc/4.9/gcc-4.9-4.9.0/src/gcc/testsuite/go.test/test/dwarf/dwarf.dir/z7.go /scratch/packages/gcc/4.9/gcc-4.9-4.9.0/src/gcc/testsuite/go.test/test/dwarf/dwarf.dir/z8.go /scratch/packages/gcc/4.9/gcc-4.9-4.9.0/src/gcc/testsuite/go.test/test/dwarf/dwarf.dir/z9.go compilation,  -O2 -g 
FAIL: go.test/test/dwarf/linedirectives.go compilation,  -O2 -g 
FAIL: go.test/test/env.go compilation,  -O2 -g 
FAIL: go.test/test/escape.go compilation,  -O2 -g 
FAIL: go.test/test/escape3.go compilation,  -O2 -g 
FAIL: go.test/test/fixedbugs/bug000.go compilation,  -O2 -g 
FAIL: go.test/test/fixedbugs/bug002.go compilation,  -O2 -g 
FAIL: go.test/test/fixedbugs/bug003.go compilation,  -O2 -g 
FAIL: go.test/test/fixedbugs/bug004.go compilation,  -O2 -g 
FAIL: go.test/test/fixedbugs/bug005.go compilation,  -O2 -g 
FAIL: go.test/test/fixedbugs/bug006.go compilation,  -O2 -g 
FAIL: go.test/test/fixedbugs/bug007.go compilation,  -O2 -g 
FAIL: go.test/test/fixedbugs/bug008.go compilation,  -O2 -g 
FAIL: go.test/test/fixedbugs/bug009.go compilation,  -O2 -g 
FAIL: go.test/test/fixedbugs/bug010.go compilation,  -O2 -g 
FAIL: go.test/test/fixedbugs/bug011.go compilation,  -O2 -g 
FAIL: go.test/test/fixedbugs/bug012.go compilation,  -O2 -g 
FAIL: go.test/test/fixedbugs/bug013.go compilation,  -O2 -g 
FAIL: go.test/test/fixedbugs/bug017.go compilation,  -O2 -g 
FAIL: go.test/test/fixedbugs/bug021.go compilation,  -O2 -g 
FAIL: go.test/test/fixedbugs/bug023.go compilation,  -O2 -g 
FAIL: go.test/test/fixedbugs/bug024.go compilation,  -O2 -g 
FAIL: go.test/test/fixedbugs/bug026.go compilation,  -O2 -g 
FAIL: go.test/test/fixedbugs/bug027.go compilation,  -O2 -g 
FAIL: go.test/test/fixedbugs/bug028.go compilation,  -O2 -g 
FAIL: go.test/test/fixedbugs/bug031.go compilation,  -O2 -g 
FAIL: go.test/test/fixedbugs/bug045.go compilation,  -O2 -g 
FAIL: go.test/test/fixedbugs/bug047.go compilation,  -O2 -g 
FAIL: go.test/test/fixedbugs/bug048.go compilation,  -O2 -g 
FAIL: go.test/test/fixedbugs/bug052.go compilation,  -O2 -g 
FAIL: go.test/test/fixedbugs/bug053.go compilation,  -O2 -g 
FAIL: go.test/test/fixedbugs/bug054.go compilation,  -O2 -g 
FAIL: go.test/test/fixedbugs/bug055.go compilation,  -O2 -g 
FAIL: go.test/test/fixedbugs/bug056.go compilation,  -O2 -g 
FAIL: go.test/test/fixedbugs/bug058.go compilation,  -O2 -g 
FAIL: go.test/test/fixedbugs/bug059.go compilation,  -O2 -g 
FAIL: go.test/test/fixedbugs/bug060.go compilation,  -O2 -g 
FAIL: go.test/test/fixedbugs/bug061.go compilation,  -O2 -g 
FAIL: go.test/test/fixedbugs/bug065.go compilation,  -O2 -g 
FAIL: go.test/test/fixedbugs/bug067.go compilation,  -O2 -g 
FAIL: go.test/test/fixedbugs/bug070.go compilation,  -O2 -g 
FAIL: go.test/test/fixedbugs/bug075.go compilation,  -O2 -g 
FAIL: go.test/test/fixedbugs/bug076.go  -O  (test for excess errors)
FAIL: go.test/test/fixedbugs/bug078.go compilation,  -O2 -g 
FAIL: go.test/test/fixedbugs/bug082.go compilation,  -O2 -g 
FAIL: go.test/test/fixedbugs/bug084.go compilation,  -O2 -g 
FAIL: go.test/test/fixedbugs/bug092.go compilation,  -O2 -g 
FAIL: go.test/test/fixedbugs/bug093.go compilation,  -O2 -g 
FAIL: go.test/test/fixedbugs/bug097.go compilation,  -O2 -g 
FAIL: go.test/test/fixedbugs/bug099.go compilation,  -O2 -g 
FAIL: go.test/test/fixedbugs/bug101.go compilation,  -O2 -g 
FAIL: go.test/test/fixedbugs/bug102.go compilation,  -O2 -g 
FAIL: go.test/test/fixedbugs/bug110.go  -O  (test for excess errors)
FAIL: go.test/test/fixedbugs/bug111.go compilation,  -O2 -g 
FAIL: go.test/test/fixedbugs/bug113.go compilation,  -O2 -g 
FAIL: go.test/test/fixedbugs/bug114.go compilation,  -O2 -g 
FAIL: go.test/test/fixedbugs/bug116.go compilation,  -O2 -g 
FAIL: go.test/test/fixedbugs/bug119.go compilation,  -O2 -g 
FAIL: go.test/test/fixedbugs/bug120.go compilation,  -O2 -g 
FAIL: go.test/test/fixedbugs/bug128.go compilation,  -O2 -g 
FAIL: go.test/test/fixedbugs/bug130.go compilation,  -O2 -g 
FAIL: go.test/test/fixedbugs/bug141.go compilation,  -O2 -g 
FAIL: go.test/test/fixedbugs/bug142.go compilation,  -O2 -g 
FAIL: go.test/test/fixedbugs/bug147.go compilation,  -O2 -g 
FAIL: go.test/test/fixedbugs/bug148.go compilation,  -O2 -g 
FAIL: go.test/test/fixedbugs/bug1515.go compilation,  -O2 -g 
FAIL: go.test/test/fixedbugs/bug152.go compilation,  -O2 -g 
FAIL: go.test/test/fixedbugs/bug154.go compilation,  -O2 -g 
FAIL: go.test/test/fixedbugs/bug155.go  -O  (test for excess errors)
FAIL: go.test/test/fixedbugs/bug159.go compilation,  -O2 -g 
FAIL: go.test/test/fixedbugs/bug160.dir/y.go compilation,  -O2 -g 
FAIL: go.test/test/fixedbugs/bug167.go  -O  (test for excess errors)
FAIL: go.test/test/fixedbugs/bug168.go compilation,  -O2 -g 
FAIL: go.test/test/fixedbugs/bug177.go compilation,  -O2 -g 
FAIL: go.test/test/fixedbugs/bug178.go compilation,  -O2 -g 
FAIL: go.test/test/fixedbugs/bug180.go compilation,  -O2 -g 
FAIL: go.test/test/fixedbugs/bug184.go compilation,  -O2 -g 
FAIL: go.test/test/fixedbugs/bug185.go compilation,  -O2 -g 
FAIL: go.test/test/fixedbugs/bug187.go compilation,  -O2 -g 
FAIL: go.test/test/fixedbugs/bug191.dir/main.go compilation,  -O2 -g 
FAIL: go.test/test/fixedbugs/bug194.go compilation,  -O2 -g 
FAIL: go.test/test/fixedbugs/bug196.go compilation,  -O2 -g 
FAIL: go.test/test/fixedbugs/bug199.go compilation,  -O2 -g 
FAIL: go.test/test/fixedbugs/bug201.go compilation,  -O2 -g 
FAIL: go.test/test/fixedbugs/bug202.go compilation,  -O2 -g 
FAIL: go.test/test/fixedbugs/bug203.go compilation,  -O2 -g 
FAIL: go.test/test/fixedbugs/bug204.go compilation,  -O2 -g 
FAIL: go.test/test/fixedbugs/bug206.go -O (test for excess errors)
FAIL: go.test/test/fixedbugs/bug206.go execution
FAIL: go.test/test/fixedbugs/bug207.go compilation,  -O2 -g 
FAIL: go.test/test/fixedbugs/bug221.go compilation,  -O2 -g 
FAIL: go.test/test/fixedbugs/bug225.go compilation,  -O2 -g 
FAIL: go.test/test/fixedbugs/bug227.go compilation,  -O2 -g 
FAIL: go.test/test/fixedbugs/bug230.go compilation,  -O2 -g 
FAIL: go.test/test/fixedbugs/bug234.go compilation,  -O2 -g 
FAIL: go.test/test/fixedbugs/bug236.go compilation,  -O2 -g 
FAIL: go.test/test/fixedbugs/bug237.go compilation,  -O2 -g 
FAIL: go.test/test/fixedbugs/bug242.go compilation,  -O2 -g 
FAIL: go.test/test/fixedbugs/bug243.go compilation,  -O2 -g 
FAIL: go.test/test/fixedbugs/bug244.go compilation,  -O2 -g 
FAIL: go.test/test/fixedbugs/bug246.go compilation,  -O2 -g 
FAIL: go.test/test/fixedbugs/bug247.go compilation,  -O2 -g 
FAIL: go.test/test/fixedbugs/bug248.go
FAIL: go.test/test/fixedbugs/bug253.go compilation,  -O2 -g 
FAIL: go.test/test/fixedbugs/bug254.go compilation,  -O2 -g 
FAIL: go.test/test/fixedbugs/bug257.go compilation,  -O2 -g 
FAIL: go.test/test/fixedbugs/bug258.go compilation,  -O2 -g 
FAIL: go.test/test/fixedbugs/bug259.go compilation,  -O2 -g 
FAIL: go.test/test/fixedbugs/bug260.go compilation,  -O2 -g 
FAIL: go.test/test/fixedbugs/bug261.go compilation,  -O2 -g 
FAIL: go.test/test/fixedbugs/bug262.go compilation,  -O2 -g 
FAIL: go.test/test/fixedbugs/bug263.go compilation,  -O2 -g 
FAIL: go.test/test/fixedbugs/bug264.go compilation,  -O2 -g 
FAIL: go.test/test/fixedbugs/bug265.go compilation,  -O2 -g 
FAIL: go.test/test/fixedbugs/bug266.go compilation,  -O2 -g 
FAIL: go.test/test/fixedbugs/bug269.go compilation,  -O2 -g 
FAIL: go.test/test/fixedbugs/bug271.go compilation,  -O2 -g 
FAIL: go.test/test/fixedbugs/bug272.go compilation,  -O2 -g 
FAIL: go.test/test/fixedbugs/bug273.go compilation,  -O2 -g 
FAIL: go.test/test/fixedbugs/bug276.go compilation,  -O2 -g 
FAIL: go.test/test/fixedbugs/bug279.go compilation,  -O2 -g 
FAIL: go.test/test/fixedbugs/bug281.go compilation,  -O2 -g 
FAIL: go.test/test/fixedbugs/bug285.go compilation,  -O2 -g 
FAIL: go.test/test/fixedbugs/bug286.go compilation,  -O2 -g 
FAIL: go.test/test/fixedbugs/bug290.go compilation,  -O2 -g 
FAIL: go.test/test/fixedbugs/bug291.go compilation,  -O2 -g 
FAIL: go.test/test/fixedbugs/bug292.go compilation,  -O2 -g 
FAIL: go.test/test/fixedbugs/bug293.go compilation,  -O2 -g 
FAIL: go.test/test/fixedbugs/bug294.go compilation,  -O2 -g 
FAIL: go.test/test/fixedbugs/bug295.go compilation,  -O2 -g 
FAIL: go.test/test/fixedbugs/bug296.go compilation,  -O2 -g 
FAIL: go.test/test/fixedbugs/bug303.go compilation,  -O2 -g 
FAIL: go.test/test/fixedbugs/bug311.go compilation,  -O2 -g 
FAIL: go.test/test/fixedbugs/bug312.go compilation,  -O2 -g 
FAIL: go.test/test/fixedbugs/bug314.go compilation,  -O2 -g 
FAIL: go.test/test/fixedbugs/bug317.go compilation,  -O2 -g 
FAIL: go.test/test/fixedbugs/bug320.go compilation,  -O2 -g 
FAIL: go.test/test/fixedbugs/bug321.go compilation,  -O2 -g 
FAIL: go.test/test/fixedbugs/bug322.dir/main.go compilation,  -O2 -g 
FAIL: go.test/test/fixedbugs/bug324.dir/prog.go compilation,  -O2 -g 
FAIL: go.test/test/fixedbugs/bug327.go compilation,  -O2 -g 
FAIL: go.test/test/fixedbugs/bug328.go -O (test for excess errors)
FAIL: go.test/test/fixedbugs/bug328.go execution
FAIL: go.test/test/fixedbugs/bug329.go compilation,  -O2 -g 
FAIL: go.test/test/fixedbugs/bug331.go compilation,  -O2 -g 
FAIL: go.test/test/fixedbugs/bug333.go compilation,  -O2 -g 
FAIL: go.test/test/fixedbugs/bug336.go compilation,  -O2 -g 
FAIL: go.test/test/fixedbugs/bug339.go compilation,  -O2 -g 
FAIL: go.test/test/fixedbugs/bug341.go compilation,  -O2 -g 
FAIL: go.test/test/fixedbugs/bug343.go compilation,  -O2 -g 
FAIL: go.test/test/fixedbugs/bug346.go compilation,  -O2 -g 
FAIL: go.test/test/fixedbugs/bug347.go compilation,  -O0 -g 
FAIL: go.test/test/fixedbugs/bug348.go compilation,  -O0 -g 
FAIL: go.test/test/fixedbugs/bug352.go compilation,  -O2 -g 
FAIL: go.test/test/fixedbugs/bug355.go compilation,  -O2 -g 
FAIL: go.test/test/fixedbugs/bug356.go compilation,  -O2 -g 
FAIL: go.test/test/fixedbugs/bug364.go compilation,  -O2 -g 
FAIL: go.test/test/fixedbugs/bug366.go compilation,  -O2 -g 
FAIL: go.test/test/fixedbugs/bug367.dir/prog.go compilation,  -O2 -g 
FAIL: go.test/test/fixedbugs/bug368.go compilation,  -O2 -g 
FAIL: go.test/test/fixedbugs/bug369.go
FAIL: go.test/test/fixedbugs/bug370.go compilation,  -O2 -g 
FAIL: go.test/test/fixedbugs/bug372.go compilation,  -O2 -g 
FAIL: go.test/test/fixedbugs/bug375.go compilation,  -O2 -g 
FAIL: go.test/test/fixedbugs/bug378.go compilation,  -O2 -g 
FAIL: go.test/test/fixedbugs/bug401.go compilation,  -O2 -g 
FAIL: go.test/test/fixedbugs/bug402.go compilation,  -O2 -g 
FAIL: go.test/test/fixedbugs/bug405.go compilation,  -O2 -g 
FAIL: go.test/test/fixedbugs/bug406.go compilation,  -O2 -g 
FAIL: go.test/test/fixedbugs/bug409.go -O (test for excess errors)
FAIL: go.test/test/fixedbugs/bug409.go execution
FAIL: go.test/test/fixedbugs/bug414.dir/prog.go compilation,  -O2 -g 
FAIL: go.test/test/fixedbugs/bug423.go compilation,  -O2 -g 
FAIL: go.test/test/fixedbugs/bug424.dir/main.go compilation,  -O2 -g 
FAIL: go.test/test/fixedbugs/bug428.go compilation,  -O2 -g 
FAIL: go.test/test/fixedbugs/bug433.go compilation,  -O2 -g 
FAIL: go.test/test/fixedbugs/bug434.go compilation,  -O2 -g 
FAIL: go.test/test/fixedbugs/bug436.go compilation,  -O2 -g 
FAIL: go.test/test/fixedbugs/bug437.dir/x.go compilation,  -O2 -g 
FAIL: go.test/test/fixedbugs/bug440_32.go compilation,  -O2 -g 
FAIL: go.test/test/fixedbugs/bug440_64.go compilation,  -O2 -g 
FAIL: go.test/test/fixedbugs/bug441.go compilation,  -O2 -g 
FAIL: go.test/test/fixedbugs/bug442.go compilation,  -O2 -g 
FAIL: go.test/test/fixedbugs/bug444.go compilation,  -O2 -g 
FAIL: go.test/test/fixedbugs/bug446.go compilation,  -O2 -g 
FAIL: go.test/test/fixedbugs/bug447.go -O (test for excess errors)
FAIL: go.test/test/fixedbugs/bug447.go execution
FAIL: go.test/test/fixedbugs/bug449.go -O (test for excess errors)
FAIL: go.test/test/fixedbugs/bug449.go execution
FAIL: go.test/test/fixedbugs/bug450.go compilation,  -O2 -g 
FAIL: go.test/test/fixedbugs/bug452.go compilation,  -O2 -g 
FAIL: go.test/test/fixedbugs/bug453.go compilation,  -O2 -g 
FAIL: go.test/test/fixedbugs/bug454.go compilation,  -O2 -g 
FAIL: go.test/test/fixedbugs/bug455.go compilation,  -O2 -g 
FAIL: go.test/test/fixedbugs/bug456.go compilation,  -O2 -g 
FAIL: go.test/test/fixedbugs/bug457.go compilation,  -O2 -g 
FAIL: go.test/test/fixedbugs/bug461.go compilation,  -O2 -g 
FAIL: go.test/test/fixedbugs/bug465.dir/b.go compilation,  -O2 -g 
FAIL: go.test/test/fixedbugs/bug466.dir/b.go compilation,  -O2 -g 
FAIL: go.test/test/fixedbugs/bug468.dir/p2.go compilation,  -O2 -g 
FAIL: go.test/test/fixedbugs/bug470.go compilation,  -O2 -g 
FAIL: go.test/test/fixedbugs/bug472.dir/z.go compilation,  -O2 -g 
FAIL: go.test/test/fixedbugs/bug473.go compilation,  -O2 -g 
FAIL: go.test/test/fixedbugs/bug474.go compilation,  -O2 -g 
FAIL: go.test/test/fixedbugs/bug479.dir/b.go compilation,  -O2 -g 
FAIL: go.test/test/fixedbugs/issue2615.go compilation,  -O2 -g 
FAIL: go.test/test/fixedbugs/issue4066.go compilation,  -O2 -g 
FAIL: go.test/test/fixedbugs/issue4085b.go compilation,  -O2 -g 
FAIL: go.test/test/fixedbugs/issue4167.go compilation,  -O2 -g 
FAIL: go.test/test/fixedbugs/issue4252.dir/main.go compilation,  -O2 -g 
FAIL: go.test/test/fixedbugs/issue4313.go compilation,  -O2 -g 
FAIL: go.test/test/fixedbugs/issue4316.go compilation,  -O2 -g 
FAIL: go.test/test/fixedbugs/issue4353.go compilation,  -O2 -g 
FAIL: go.test/test/fixedbugs/issue4396a.go compilation,  -O2 -g 
FAIL: go.test/test/fixedbugs/issue4396b.go compilation,  -O2 -g 
FAIL: go.test/test/fixedbugs/issue4448.go compilation,  -O2 -g 
FAIL: go.test/test/fixedbugs/issue4495.go compilation,  -O2 -g 
FAIL: go.test/test/fixedbugs/issue4518.go compilation,  -O2 -g 
FAIL: go.test/test/fixedbugs/issue4562.go compilation,  -O2 -g 
FAIL: go.test/test/fixedbugs/issue4585.go compilation,  -O2 -g 
FAIL: go.test/test/fixedbugs/issue4590.dir/prog.go compilation,  -O2 -g 
FAIL: go.test/test/fixedbugs/issue4618.go compilation,  -O2 -g 
FAIL: go.test/test/fixedbugs/issue4620.go compilation,  -O2 -g 
FAIL: go.test/test/fixedbugs/issue4667.go compilation,  -O2 -g 
FAIL: go.test/test/fixedbugs/issue4748.go compilation,  -O2 -g 
FAIL: go.test/test/fixedbugs/issue4752.go compilation,  -O2 -g 
FAIL: go.test/test/fixedbugs/issue4785.go compilation,  -O2 -g 
FAIL: go.test/test/fixedbugs/issue4909b.go -O (test for excess errors)
FAIL: go.test/test/fixedbugs/issue4909b.go execution
FAIL: go.test/test/fixedbugs/issue4964.dir/b.go compilation,  -O2 -g 
FAIL: go.test/test/fixedbugs/issue5002.go  -O  (test for excess errors)
FAIL: go.test/test/fixedbugs/issue5056.go compilation,  -O2 -g 
FAIL: go.test/test/fixedbugs/issue5105.dir/b.go compilation,  -O2 -g 
FAIL: go.test/test/fixedbugs/issue5162.go -O (test for excess errors)
FAIL: go.test/test/fixedbugs/issue5162.go execution
FAIL: go.test/test/fixedbugs/issue5244.go compilation,  -O2 -g 
FAIL: go.test/test/fixedbugs/issue5260.dir/b.go compilation,  -O2 -g 
FAIL: go.test/test/fixedbugs/issue5291.dir/prog.go compilation,  -O2 -g 
FAIL: go.test/test/fixedbugs/issue5493.go compilation,  -O2 -g 
FAIL: go.test/test/fixedbugs/issue5515.go compilation,  -O2 -g 
FAIL: go.test/test/fixedbugs/issue5607.go compilation,  -O2 -g 
FAIL: go.test/test/fixedbugs/issue5704.go compilation,  -O2 -g 
FAIL: go.test/test/fixedbugs/issue5753.go compilation,  -O2 -g 
FAIL: go.test/test/fixedbugs/issue5809.go compilation,  -O2 -g 
FAIL: go.test/test/fixedbugs/issue5820.go compilation,  -O2 -g 
FAIL: go.test/test/fixedbugs/issue5841.go  -O  (test for excess errors)
FAIL: go.test/test/fixedbugs/issue5856.go compilation,  -O2 -g 
FAIL: go.test/test/fixedbugs/issue5963.go compilation,  -O2 -g 
FAIL: go.test/test/fixedbugs/issue6036.go  -O  (test for excess errors)
FAIL: go.test/test/fixedbugs/issue6055.go compilation,  -O2 -g 
FAIL: go.test/test/fixedbugs/issue6269.go compilation,  -O2 -g 
FAIL: go.test/test/fixedbugs/issue6789.dir/b.go compilation,  -O2 -g 
FAIL: go.test/test/fixedbugs/issue6899.go -O (test for excess errors)
FAIL: go.test/test/fixedbugs/issue6899.go execution
FAIL: go.test/test/float_lit.go compilation,  -O2 -g 
FAIL: go.test/test/floatcmp.go compilation,  -O2 -g 
FAIL: go.test/test/for.go compilation,  -O2 -g 
FAIL: go.test/test/func.go compilation,  -O2 -g 
FAIL: go.test/test/func5.go compilation,  -O2 -g 
FAIL: go.test/test/func6.go compilation,  -O2 -g 
FAIL: go.test/test/func7.go compilation,  -O2 -g 
FAIL: go.test/test/func8.go compilation,  -O2 -g 
FAIL: go.test/test/gc.go compilation,  -O2 -g 
FAIL: go.test/test/gc1.go compilation,  -O2 -g 
FAIL: go.test/test/gc2.go compilation,  -O2 -g 
FAIL: go.test/test/goprint.go -O (test for excess errors)
FAIL: go.test/test/goprint.go execution
FAIL: go.test/test/helloworld.go -O (test for excess errors)
FAIL: go.test/test/helloworld.go execution
FAIL: go.test/test/if.go compilation,  -O2 -g 
FAIL: go.test/test/index0.go -O (test for excess errors)
FAIL: go.test/test/index0.go execution
FAIL: go.test/test/index1.go -O (test for excess errors)
FAIL: go.test/test/index1.go execution
FAIL: go.test/test/index2.go -O (test for excess errors)
FAIL: go.test/test/index2.go execution
FAIL: go.test/test/indirect.go compilation,  -O2 -g 
FAIL: go.test/test/initcomma.go compilation,  -O2 -g 
FAIL: go.test/test/initialize.go compilation,  -O2 -g 
FAIL: go.test/test/int_lit.go compilation,  -O2 -g 
FAIL: go.test/test/intcvt.go compilation,  -O2 -g 
FAIL: go.test/test/interface/bigdata.go compilation,  -O2 -g 
FAIL: go.test/test/interface/convert.go compilation,  -O2 -g 
FAIL: go.test/test/interface/convert1.go compilation,  -O2 -g 
FAIL: go.test/test/interface/convert2.go compilation,  -O2 -g 
FAIL: go.test/test/interface/embed.go compilation,  -O2 -g 
FAIL: go.test/test/interface/embed1.dir/embed1.go compilation,  -O2 -g 
FAIL: go.test/test/interface/fail.go compilation,  -O2 -g 
FAIL: go.test/test/interface/fake.go compilation,  -O2 -g 
FAIL: go.test/test/interface/noeq.go compilation,  -O2 -g 
FAIL: go.test/test/interface/receiver.go compilation,  -O2 -g 
FAIL: go.test/test/interface/returntype.go compilation,  -O2 -g 
FAIL: go.test/test/interface/struct.go compilation,  -O2 -g 
FAIL: go.test/test/iota.go compilation,  -O2 -g 
FAIL: go.test/test/ken/array.go compilation,  -O2 -g 
FAIL: go.test/test/ken/chan.go compilation,  -O2 -g 
FAIL: go.test/test/ken/chan1.go compilation,  -O2 -g 
FAIL: go.test/test/ken/complit.go compilation,  -O2 -g 
FAIL: go.test/test/ken/convert.go compilation,  -O2 -g 
FAIL: go.test/test/ken/cplx0.go -O (test for excess errors)
FAIL: go.test/test/ken/cplx0.go execution
FAIL: go.test/test/ken/cplx1.go compilation,  -O2 -g 
FAIL: go.test/test/ken/cplx2.go compilation,  -O2 -g 
FAIL: go.test/test/ken/cplx3.go compilation,  -O2 -g 
FAIL: go.test/test/ken/cplx4.go compilation,  -O2 -g 
FAIL: go.test/test/ken/cplx5.go compilation,  -O2 -g 
FAIL: go.test/test/ken/divconst.go compilation,  -O2 -g 
FAIL: go.test/test/ken/divmod.go compilation,  -O2 -g 
FAIL: go.test/test/ken/embed.go compilation,  -O2 -g 
FAIL: go.test/test/ken/for.go compilation,  -O2 -g 
FAIL: go.test/test/ken/interbasic.go compilation,  -O2 -g 
FAIL: go.test/test/ken/interfun.go compilation,  -O2 -g 
FAIL: go.test/test/ken/intervar.go compilation,  -O2 -g 
FAIL: go.test/test/ken/label.go compilation,  -O2 -g 
FAIL: go.test/test/ken/litfun.go compilation,  -O2 -g 
FAIL: go.test/test/ken/mfunc.go compilation,  -O2 -g 
FAIL: go.test/test/ken/modconst.go compilation,  -O2 -g 
FAIL: go.test/test/ken/ptrfun.go compilation,  -O2 -g 
FAIL: go.test/test/ken/ptrvar.go compilation,  -O2 -g 
FAIL: go.test/test/ken/range.go compilation,  -O2 -g 
FAIL: go.test/test/ken/rob1.go compilation,  -O2 -g 
FAIL: go.test/test/ken/rob2.go compilation,  -O2 -g 
FAIL: go.test/test/ken/robfor.go compilation,  -O2 -g 
FAIL: go.test/test/ken/robfunc.go compilation,  -O2 -g 
FAIL: go.test/test/ken/shift.go compilation,  -O2 -g 
FAIL: go.test/test/ken/simparray.go compilation,  -O2 -g 
FAIL: go.test/test/ken/simpbool.go compilation,  -O2 -g 
FAIL: go.test/test/ken/simpconv.go compilation,  -O2 -g 
FAIL: go.test/test/ken/simpfun.go compilation,  -O2 -g 
FAIL: go.test/test/ken/simpswitch.go compilation,  -O2 -g 
FAIL: go.test/test/ken/simpvar.go compilation,  -O2 -g 
FAIL: go.test/test/ken/slicearray.go compilation,  -O2 -g 
FAIL: go.test/test/ken/sliceslice.go compilation,  -O2 -g 
FAIL: go.test/test/ken/string.go -O (test for excess errors)
FAIL: go.test/test/ken/string.go execution
FAIL: go.test/test/ken/strvar.go compilation,  -O2 -g 
FAIL: go.test/test/literal.go compilation,  -O2 -g 
FAIL: go.test/test/mallocfin.go compilation,  -O2 -g 
FAIL: go.test/test/map.go compilation,  -O2 -g 
FAIL: go.test/test/mapnan.go compilation,  -O2 -g 
FAIL: go.test/test/method.go compilation,  -O2 -g 
FAIL: go.test/test/method3.go compilation,  -O2 -g 
FAIL: go.test/test/method4.dir/prog.go compilation,  -O2 -g 
FAIL: go.test/test/method5.go compilation,  -O2 -g 
FAIL: go.test/test/named.go compilation,  -O2 -g 
FAIL: go.test/test/nil.go compilation,  -O2 -g 
FAIL: go.test/test/nilptr.go compilation,  -O2 -g 
FAIL: go.test/test/nilptr2.go compilation,  -O2 -g 
FAIL: go.test/test/nul1.go -O (test for excess errors)
FAIL: go.test/test/nul1.go execution
FAIL: go.test/test/peano.go compilation,  -O2 -g 
FAIL: go.test/test/printbig.go -O (test for excess errors)
FAIL: go.test/test/printbig.go execution
FAIL: go.test/test/range.go compilation,  -O2 -g 
FAIL: go.test/test/recover.go compilation,  -O2 -g 
FAIL: go.test/test/recover1.go compilation,  -O2 -g 
FAIL: go.test/test/recover2.go compilation,  -O2 -g 
FAIL: go.test/test/recover3.go compilation,  -O2 -g 
FAIL: go.test/test/rename.go compilation,  -O2 -g 
FAIL: go.test/test/reorder.go compilation,  -O2 -g 
FAIL: go.test/test/reorder2.go compilation,  -O2 -g 
FAIL: go.test/test/sieve.go  -O  (test for excess errors)
FAIL: go.test/test/sigchld.go -O (test for excess errors)
FAIL: go.test/test/sigchld.go execution
FAIL: go.test/test/simassign.go compilation,  -O2 -g 
FAIL: go.test/test/sizeof.go compilation,  -O2 -g 
FAIL: go.test/test/slice3.go -O (test for excess errors)
FAIL: go.test/test/slice3.go execution
FAIL: go.test/test/solitaire.go  -O  (test for excess errors)
FAIL: go.test/test/stack.go compilation,  -O2 -g 
FAIL: go.test/test/string_lit.go compilation,  -O2 -g 
FAIL: go.test/test/stringrange.go compilation,  -O2 -g 
FAIL: go.test/test/struct0.go compilation,  -O2 -g 
FAIL: go.test/test/switch.go compilation,  -O2 -g 
FAIL: go.test/test/turing.go compilation,  -O2 -g 
FAIL: go.test/test/typeswitch.go compilation,  -O2 -g 
FAIL: go.test/test/typeswitch1.go compilation,  -O2 -g 
FAIL: go.test/test/utf.go compilation,  -O2 -g 
FAIL: go.test/test/varinit.go compilation,  -O2 -g 
FAIL: go.test/test/zerodivide.go compilation,  -O2 -g 

		=== go Summary for unix/-mx32 ===

# of expected passes		1851
# of unexpected failures	674
# of untested testcases		630
# of unresolved testcases	1
# of unsupported tests		1

		=== go Summary ===

# of expected passes		23744
# of unexpected failures	674
# of expected failures		3
# of untested testcases		648
# of unresolved testcases	1
# of unsupported tests		5
/scratch/packages/gcc/4.9/gcc-4.9-4.9.0/build/gcc/testsuite/go/../../gccgo  version 4.9.0 (Debian 4.9.0-9) 

		=== obj-c++ tests ===


Running target unix

		=== obj-c++ Summary for unix ===

# of expected passes		1441
# of expected failures		10
# of unsupported tests		86

Running target unix/-fstack-protector

		=== obj-c++ Summary for unix/-fstack-protector ===

# of expected passes		1441
# of expected failures		10
# of unsupported tests		86

Running target unix/-m32

		=== obj-c++ Summary for unix/-m32 ===

# of expected passes		1449
# of expected failures		2
# of unsupported tests		86

Running target unix/-mx32

		=== obj-c++ Summary for unix/-mx32 ===

# of expected passes		1449
# of expected failures		2
# of unsupported tests		86

		=== obj-c++ Summary ===

# of expected passes		5780
# of expected failures		24
# of unsupported tests		344
/scratch/packages/gcc/4.9/gcc-4.9-4.9.0/build/gcc/testsuite/obj-c++/../../xg++  version 4.9.0 (Debian 4.9.0-9) 

		=== objc tests ===


Running target unix

		=== objc Summary for unix ===

# of expected passes		2988
# of expected failures		6
# of unsupported tests		74

Running target unix/-fstack-protector

		=== objc Summary for unix/-fstack-protector ===

# of expected passes		2988
# of expected failures		6
# of unsupported tests		74

Running target unix/-m32

		=== objc Summary for unix/-m32 ===

# of expected passes		2988
# of expected failures		6
# of unsupported tests		74

Running target unix/-mx32

		=== objc Summary for unix/-mx32 ===

# of expected passes		2988
# of expected failures		6
# of unsupported tests		74

		=== objc Summary ===

# of expected passes		11952
# of expected failures		24
# of unsupported tests		296
/scratch/packages/gcc/4.9/gcc-4.9-4.9.0/build/gcc/xgcc  version 4.9.0 (Debian 4.9.0-9) 

		=== boehm-gc tests ===


Running target unix

		=== boehm-gc Summary for unix ===

# of expected passes		12
# of unsupported tests		1

Running target unix/-fstack-protector

		=== boehm-gc Summary for unix/-fstack-protector ===

# of expected passes		12
# of unsupported tests		1

Running target unix/-m32

		=== boehm-gc Summary for unix/-m32 ===

# of expected passes		12
# of unsupported tests		1

Running target unix/-mx32

		=== boehm-gc Summary for unix/-mx32 ===

# of expected passes		12
# of unsupported tests		1

		=== boehm-gc Summary ===

# of expected passes		48
# of unsupported tests		4
		=== libatomic tests ===


Running target unix

		=== libatomic Summary for unix ===

# of expected passes		54

Running target unix/-fstack-protector

		=== libatomic Summary for unix/-fstack-protector ===

# of expected passes		54

Running target unix/-m32

		=== libatomic Summary for unix/-m32 ===

# of expected passes		44
# of unsupported tests		5

Running target unix/-mx32

		=== libatomic Summary for unix/-mx32 ===

# of expected passes		54

		=== libatomic Summary ===

# of expected passes		206
# of unsupported tests		5
		=== libffi tests ===


Running target unix

		=== libffi Summary for unix ===

# of expected passes		1819
# of unsupported tests		55

Running target unix/-fstack-protector

		=== libffi Summary for unix/-fstack-protector ===

# of expected passes		1819
# of unsupported tests		55

Running target unix/-m32

		=== libffi Summary for unix/-m32 ===

# of expected passes		1819
# of unsupported tests		55

Running target unix/-mx32

		=== libffi Summary for unix/-mx32 ===

# of expected passes		1819
# of unsupported tests		55

		=== libffi Summary ===

# of expected passes		7276
# of unsupported tests		220
		=== libgo tests ===


Running target unix
FAIL: os/exec

		=== libgo Summary for unix ===

# of expected passes		121
# of unexpected failures	1

Running target unix/-m32
FAIL: os/user

		=== libgo Summary for unix/-m32 ===

# of expected passes		121
# of unexpected failures	1

Running target unix/-mx32

		=== libgo Summary for unix/-mx32 ===


		=== libgo Summary ===

/scratch/packages/gcc/4.9/gcc-4.9-4.9.0/build/./gcc/gccgo version 4.9.0 (Debian 4.9.0-9)

		=== libgomp tests ===


Running target unix

		=== libgomp Summary for unix ===

# of expected passes		2446

Running target unix/-fstack-protector

		=== libgomp Summary for unix/-fstack-protector ===

# of expected passes		2446

Running target unix/-m32

		=== libgomp Summary for unix/-m32 ===

# of expected passes		2446

Running target unix/-mx32

		=== libgomp Summary for unix/-mx32 ===

# of expected passes		2446

		=== libgomp Summary ===

# of expected passes		9784
		=== libitm tests ===


Running target unix

		=== libitm Summary for unix ===

# of expected passes		26
# of expected failures		3
# of unsupported tests		1

Running target unix/-fstack-protector

		=== libitm Summary for unix/-fstack-protector ===

# of expected passes		26
# of expected failures		3
# of unsupported tests		1

Running target unix/-m32

		=== libitm Summary for unix/-m32 ===

# of expected passes		26
# of expected failures		3
# of unsupported tests		1

Running target unix/-mx32

		=== libitm Summary for unix/-mx32 ===

# of expected passes		26
# of expected failures		3
# of unsupported tests		1

		=== libitm Summary ===

# of expected passes		104
# of expected failures		12
# of unsupported tests		4
		=== libjava tests ===


Running target unix

		=== libjava Summary for unix ===

# of expected passes		2582
# of expected failures		4

Running target unix/-fstack-protector

		=== libjava Summary for unix/-fstack-protector ===

# of expected passes		2582
# of expected failures		4

		=== libjava Summary ===

# of expected passes		5164
# of expected failures		8
		=== libstdc++ tests ===


Running target unix
FAIL: 22_locale/numpunct/members/char/3.cc execution test
FAIL: 22_locale/time_get/get_date/wchar_t/4.cc execution test
FAIL: libstdc++-prettyprinters/48362.cc print t2
FAIL: libstdc++-prettyprinters/cxx11.cc print fl
FAIL: libstdc++-prettyprinters/cxx11.cc print rfl
FAIL: libstdc++-prettyprinters/debug.cc print deq
FAIL: libstdc++-prettyprinters/debug.cc print lst
FAIL: libstdc++-prettyprinters/debug.cc print mp
FAIL: libstdc++-prettyprinters/debug.cc print sp
FAIL: libstdc++-prettyprinters/debug.cc print sll
FAIL: libstdc++-prettyprinters/simple.cc print deq
FAIL: libstdc++-prettyprinters/simple.cc print lst
FAIL: libstdc++-prettyprinters/simple.cc print mp
FAIL: libstdc++-prettyprinters/simple.cc print sp
FAIL: libstdc++-prettyprinters/simple.cc print sll
FAIL: libstdc++-prettyprinters/simple11.cc print deq
FAIL: libstdc++-prettyprinters/simple11.cc print lst
FAIL: libstdc++-prettyprinters/simple11.cc print mp
FAIL: libstdc++-prettyprinters/simple11.cc print sp
FAIL: libstdc++-prettyprinters/simple11.cc print sll

		=== libstdc++ Summary for unix ===

# of expected passes		9993
# of unexpected failures	20
# of expected failures		41
# of unsupported tests		231

Running target unix/-fstack-protector
FAIL: 22_locale/numpunct/members/char/3.cc execution test
FAIL: 22_locale/time_get/get_date/wchar_t/4.cc execution test
FAIL: libstdc++-prettyprinters/48362.cc print t2
FAIL: libstdc++-prettyprinters/cxx11.cc print fl
FAIL: libstdc++-prettyprinters/cxx11.cc print rfl
FAIL: libstdc++-prettyprinters/debug.cc print deq
FAIL: libstdc++-prettyprinters/debug.cc print lst
FAIL: libstdc++-prettyprinters/debug.cc print mp
FAIL: libstdc++-prettyprinters/debug.cc print sp
FAIL: libstdc++-prettyprinters/debug.cc print sll
FAIL: libstdc++-prettyprinters/simple.cc print deq
FAIL: libstdc++-prettyprinters/simple.cc print lst
FAIL: libstdc++-prettyprinters/simple.cc print mp
FAIL: libstdc++-prettyprinters/simple.cc print sp
FAIL: libstdc++-prettyprinters/simple.cc print sll
FAIL: libstdc++-prettyprinters/simple11.cc print deq
FAIL: libstdc++-prettyprinters/simple11.cc print lst
FAIL: libstdc++-prettyprinters/simple11.cc print mp
FAIL: libstdc++-prettyprinters/simple11.cc print sp
FAIL: libstdc++-prettyprinters/simple11.cc print sll

		=== libstdc++ Summary for unix/-fstack-protector ===

# of expected passes		9993
# of unexpected failures	20
# of expected failures		41
# of unsupported tests		231

Running target unix/-m32
FAIL: 22_locale/numpunct/members/char/3.cc execution test
FAIL: 22_locale/time_get/get_date/wchar_t/4.cc execution test
FAIL: libstdc++-prettyprinters/48362.cc print t2
FAIL: libstdc++-prettyprinters/cxx11.cc print fl
FAIL: libstdc++-prettyprinters/cxx11.cc print rfl
FAIL: libstdc++-prettyprinters/debug.cc print deq
FAIL: libstdc++-prettyprinters/debug.cc print lst
FAIL: libstdc++-prettyprinters/debug.cc print mp
FAIL: libstdc++-prettyprinters/debug.cc print sp
FAIL: libstdc++-prettyprinters/debug.cc print sll
FAIL: libstdc++-prettyprinters/simple.cc print deq
FAIL: libstdc++-prettyprinters/simple.cc print lst
FAIL: libstdc++-prettyprinters/simple.cc print mp
FAIL: libstdc++-prettyprinters/simple.cc print sp
FAIL: libstdc++-prettyprinters/simple.cc print sll
FAIL: libstdc++-prettyprinters/simple11.cc print deq
FAIL: libstdc++-prettyprinters/simple11.cc print lst
FAIL: libstdc++-prettyprinters/simple11.cc print mp
FAIL: libstdc++-prettyprinters/simple11.cc print sp
FAIL: libstdc++-prettyprinters/simple11.cc print sll

		=== libstdc++ Summary for unix/-m32 ===

# of expected passes		10001
# of unexpected failures	20
# of expected failures		41
# of unsupported tests		227

Running target unix/-mx32
FAIL: 22_locale/numpunct/members/char/3.cc execution test
FAIL: 22_locale/time_get/get_date/wchar_t/4.cc execution test
FAIL: libstdc++-prettyprinters/48362.cc print t2
FAIL: libstdc++-prettyprinters/cxx11.cc print fl
FAIL: libstdc++-prettyprinters/cxx11.cc print rfl
FAIL: libstdc++-prettyprinters/debug.cc print deq
FAIL: libstdc++-prettyprinters/debug.cc print lst
FAIL: libstdc++-prettyprinters/debug.cc print mp
FAIL: libstdc++-prettyprinters/debug.cc print sp
FAIL: libstdc++-prettyprinters/debug.cc print sll
FAIL: libstdc++-prettyprinters/simple.cc print deq
FAIL: libstdc++-prettyprinters/simple.cc print lst
FAIL: libstdc++-prettyprinters/simple.cc print mp
FAIL: libstdc++-prettyprinters/simple.cc print sp
FAIL: libstdc++-prettyprinters/simple.cc print sll
FAIL: libstdc++-prettyprinters/simple11.cc print deq
FAIL: libstdc++-prettyprinters/simple11.cc print lst
FAIL: libstdc++-prettyprinters/simple11.cc print mp
FAIL: libstdc++-prettyprinters/simple11.cc print sp
FAIL: libstdc++-prettyprinters/simple11.cc print sll

		=== libstdc++ Summary for unix/-mx32 ===

# of expected passes		9993
# of unexpected failures	20
# of expected failures		41
# of unsupported tests		231

		=== libstdc++ Summary ===

# of expected passes		39980
# of unexpected failures	80
# of expected failures		164
# of unsupported tests		920

Compiler version: 4.9.0 (Debian 4.9.0-9) 
Platform: x86_64-pc-linux-gnu
configure flags: -v --with-pkgversion='Debian 4.9.0-9' --with-bugurl=file:///usr/share/doc/gcc-4.9/README.Bugs --enable-languages=c,c++,java,go,d,fortran,objc,obj-c++ --prefix=/usr --program-suffix=-4.9 --enable-shared --enable-linker-build-id --libexecdir=/usr/lib --without-included-gettext --enable-threads=posix --with-gxx-include-dir=/usr/include/c++/4.9 --libdir=/usr/lib --enable-nls --with-sysroot=/ --enable-clocale=gnu --enable-libstdcxx-debug --enable-libstdcxx-time=yes --enable-gnu-unique-object --disable-libmudflap --disable-vtable-verify --enable-plugin --with-system-zlib --disable-browser-plugin --enable-java-awt=gtk --enable-gtk-cairo --with-java-home=/usr/lib/jvm/java-1.5.0-gcj-4.9-amd64/jre --enable-java-home --with-jvm-root-dir=/usr/lib/jvm/java-1.5.0-gcj-4.9-amd64 --with-jvm-jar-dir=/usr/lib/jvm-exports/java-1.5.0-gcj-4.9-amd64 --with-arch-directory=amd64 --with-ecj-jar=/usr/share/java/eclipse-ecj.jar --enable-objc-gc --enable-multiarch --with-arch-32=i586 --with-abi=m64 --with-multilib-list=m32,m64,mx32 --enable-multilib --with-tune=generic --enable-checking=release --build=x86_64-linux-gnu --host=x86_64-linux-gnu --target=x86_64-linux-gnu
BOOT_CFLAGS=


Build Dependencies:
Desired=Unknown/Install/Remove/Purge/Hold
| Status=Not/Inst/Conf-files/Unpacked/halF-conf/Half-inst/trig-aWait/Trig-pend
|/ Err?=(none)/Reinst-required (Status,Err: uppercase=bad)
||/ Name                      Version              Architecture Description
+++-=========================-====================-============-===============================================================================
ii  binutils                  2.24.51.20140617-1   amd64        GNU assembler, linker and binary utilities
ii  binutils-arm-none-eabi    2.24.51.20140604-3+5 amd64        GNU assembler, linker and binary utilities for ARM Cortex-A/R/M processors
ii  binutils-doc              2.24.51.20140617-1   all          Documentation for the GNU assembler, linker and binary utilities
rc  binutils-gold             2.23.52.20130620-1   amd64        GNU gold linker utility
ii  g++-4.6                   4.6.4-7              amd64        GNU C++ compiler
ii  g++-4.7                   4.7.4-1              amd64        GNU C++ compiler
ii  g++-4.7-multilib          4.7.4-1              amd64        GNU C++ compiler (multilib files)
ii  g++-4.8                   4.8.3-4              amd64        GNU C++ compiler
ii  g++-4.8-multilib          4.8.3-4              amd64        GNU C++ compiler (multilib files)
ii  g++-4.9                   4.9.0-8              amd64        GNU C++ compiler
ii  g++-4.9-multilib          4.9.0-8              amd64        GNU C++ compiler (multilib files)
ii  g++-multilib              4:4.9.0-3            amd64        GNU C++ compiler (multilib files)
ii  libc6:amd64               2.19-4               amd64        GNU C Library: Shared libraries
ii  libcloog-isl-dev:amd64    0.18.2-1             amd64        Chunky Loop Generator (development files)
ii  libgmp-dev:amd64          2:6.0.0+dfsg-4       amd64        Multiprecision arithmetic library developers tools
ii  libgmp3-dev               2:6.0.0+dfsg-4       amd64        Multiprecision arithmetic library developers tools
ii  libisl-dev:amd64          0.12.2-2             amd64        manipulating sets and relations of integer points bounded by linear constraints
ii  libmpc-dev:amd64          1.0.1-1              amd64        multiple precision complex floating-point library development package
ii  libmpfr-dev:amd64         3.1.2-1              amd64        multiple precision floating-point computation developers tools


svn-updates:
  updates from the 4.9 branch upto 20140627 (r212067).

gcc-gfdl-build:
  Build a dummy s-tm-texi without access to the texinfo sources

gcc-textdomain:
  Set gettext's domain and textdomain to the versioned package name.

gcc-driver-extra-langs:
  Add options and specs for languages that are not built from a source
  (but built from separate sources).

gcc-hash-style-gnu:
  Link using --hash-style=gnu (aarch64, alpha, amd64, armel, armhf, ia64,
  i386, powerpc, ppc64, s390, sparc)

libstdc++-pic:
  Build and install libstdc++_pic.a library.

libstdc++-doclink:
  adjust hrefs to point to the local documentation

libstdc++-man-3cxx:
  Install libstdc++ man pages with suffix .3cxx instead of .3

libstdc++-test-installed:
  Add support to run the libstdc++-v3 testsuite using the
  installed shared libraries.

libjava-stacktrace:
  libgcj: Lookup source file name and line number in separated
  debug files found in /usr/lib/debug

libjava-jnipath:
  - Add /usr/lib/jni and /usr/lib/<multiarch>/jni to java.library.path.
  - When running the i386 binaries on amd64, look in
  - /usr/lib32/gcj-x.y and /usr/lib32/jni instead.

libjava-sjlj:
  Don't try to use _Unwind_Backtrace on SJLJ targets.
  See bug #387875, #388505, GCC PR 29206.

libjava-disable-plugin:
  Don't build the gcjwebplugin, even when configured with --enable-plugin

alpha-no-ev4-directive:
  never emit .ev4 directive.

boehm-gc-getnprocs:
  boehm-gc/pthread_support.c (GC_get_nprocs): Use sysconf as fallback.

note-gnu-stack:
  Add .note.GNU-stack sections for gcc's crt files, libffi and boehm-gc
  Taken from FC.

libgomp-omp_h-multilib:
  Fix up omp.h for multilibs.

sparc-force-cpu:
  On sparc default to ultrasparc (v9a) in 32bit mode

gccgo-version:
  Omit the subminor number from the go libdir

pr47818:
  Fix PR ada/47818: Pragma Assert is rejected with No_Implementation_Pragmas restriction.

pr49944:
  apply proposed patch for PR ada/49444.

gcc-base-version:
  Set base version to 4.9, introduce full version 4.9.x.

libgo-testsuite:
  Only run the libgo testsuite for flags configured in RUNTESTFLAGS

gcc-target-include-asm:
  Search \$(builddir)/sys-include for the asm header files

libgo-revert-timeout-exp:

libgo-setcontext-config:
  libgo: Overwrite the setcontext_clobbers_tls check on mips*

gcc-auto-build:
  Fix cross building a native compiler.

kfreebsd-unwind:
  DWARF2 EH unwinding support for AMD x86-64 and x86 KFreeBSD.

kfreebsd-boehm-gc:
  boehm-gc: use mmap instead of brk also on kfreebsd-*.

libffi-m68k:
  Apply #660525 fix to in-tree libffi

libitm-no-fortify-source:
  Build libitm with -U_FORTIFY_SOURCE on x86 and x86_64.

pr59758:
  Fix PR target/59758 (sparc), libsanitizer build failure.

pr57653:
  Proposed patch for PR c/57653.

libitm-aarch64:
  Build libitm on AArch64, patch taken from the trunk.

pr61257:
  Fix PR other/61257, check for working sys/sdt.h

pr61046:
  Fix PR c++/61046, taken from the trunk.

pr61336:
  Fix PR target/61336, taken from the trunk.

pr61126:

gcc-setmultilib-fix:

libstdc++-python3:
  Make the libstdc++-v3 pretty printer compatible with Python3.

ada-arm:

ada-hurd:

ada-kfreebsd:
  add support for GNU/kFreeBSD.

ada-mips:
  Improve support for mips.

gdc-4.9:
  This implements D language support in the GCC back end, and adds
  relevant documentation about the GDC front end (code part).

gdc-versym-cpu:
  Implements D CPU version conditions.

gdc-versym-os:
  Implements D OS version conditions.

gdc-frontend-posix:
  Fix build of the D frontend on the Hurd and KFreeBSD.

gdc-texinfo:
  Add macros for the gdc texinfo documentation.

gdc-libphobos-build:
  This implements building of libphobos library in GCC.

gcc-sysroot:
  Allow building --with-sysroot=/

sys-auxv-header:
  Check for the sys/auxv.h header file.

libcilkrts-targets:
  Disable libcilkrts on KFreeBSD and the Hurd. See #734973.

go-use-gold:
  Pass -fuse-ld=gold to gccgo on targets supporting -fsplit-stack

arm-multilib-soft:
  ARM hard/soft float multilib support

arm-multilib-defaults:
  Set MULTILIB_DEFAULTS for ARM multilib builds

gcc-ice-hack:
  Retry the build on an ice, save the calling options and preprocessed
  source when the ice is reproducible.

gcc-ice-apport:
  Report an ICE to apport (if apport is available
  and the environment variable GCC_NOAPPORT is not set)

libjava-fixed-symlinks:
  Remove unneed '..' elements from symlinks in JAVA_HOME

libffi-ro-eh_frame_sect:
  PR libffi/47248, force a read only eh frame section.

gcc-multiarch:
  - Remaining multiarch patches, not yet submitted upstream.
  - Add MULTIARCH_DIRNAME definitions for multilib configurations,
  which are used for the non-multilib builds.

libjava-multiarch:
  Install libjava libraries to multiarch location

libjava-nobiarch-check:
  For biarch builds, disable the testsuite for the non-default architecture
  for runtime libraries, which are not built by default (libjava).

config-ml:
  - Disable some biarch libraries for biarch builds.
  - Fix multilib builds on kernels which don't support all multilibs.

g++-multiarch-incdir:
  Use /usr/include/<multiarch>/c++/4.x as the include directory
  for host dependent c++ header files.

gcc-multilib-multiarch:
  Don't auto-detect multilib osdirnames.

mips-fix-loongson2f-nop:
  On mips, pass -mfix-loongson2f-nop to as, if -mno-fix-loongson2f-nop
  is not passed.

libgomp-kfreebsd-testsuite:
  Disable lock-2.c test on kfreebsd-*

go-testsuite:
  Skip Go testcase on AArch64 which hangs on the buildds.

libstdc++-link-pthread:
  Link libstdc++ tests requiring libpthread symbols with --no-as-needed.

fix-ffi_call_VFP-with-no-VFP-argument:
  armhf: Fix ffi_call_VFP with no VFP arguments.

ada-ppc64:

Counting all warnings,
there are 0 warnings in stage3 of this bootstrap.

Number of warnings per file:

Number of warning types:


Index Nav: [Date Index] [Subject Index] [Author Index] [Thread Index]
Message Nav: [Date Prev] [Date Next] [Thread Prev] [Thread Next]