This is the mail archive of the gcc-testresults@gcc.gnu.org mailing list for the GCC project.


Index Nav: [Date Index] [Subject Index] [Author Index] [Thread Index]
Message Nav: [Date Prev] [Date Next] [Thread Prev] [Thread Next]
Other format: [Raw text]

Results for 4.9.0 (Debian 4.9.0-9) testsuite on arm-unknown-linux-gnueabihf


LAST_UPDATED: Fri Jun 27 09:44:34 UTC 2014 (revision 212067)

Native configuration is arm-unknown-linux-gnueabihf

		=== boehm-gc tests ===


Running target unix

		=== boehm-gc Summary ===

# of expected passes		12
# of unsupported tests		1
		=== libatomic tests ===


Running target unix

		=== libatomic Summary ===

# of expected passes		44
# of unsupported tests		5
		=== libffi tests ===


Running target unix
XPASS: libffi.call/cls_longdouble.c -O0 -W -Wall execution test
XPASS: libffi.call/cls_longdouble.c -O2 execution test
XPASS: libffi.call/cls_longdouble.c -O3 execution test
XPASS: libffi.call/cls_longdouble.c -Os execution test
XPASS: libffi.call/cls_longdouble.c -O2 -fomit-frame-pointer execution test

		=== libffi Summary ===

# of expected passes		1814
# of unexpected successes	5
# of unsupported tests		55
		=== libgo tests ===


Running target unix
FAIL: bufio
FAIL: bytes
FAIL: fmt
FAIL: log
FAIL: net
FAIL: reflect
FAIL: runtime
FAIL: sync
FAIL: time
FAIL: crypto/cipher
FAIL: crypto/tls
FAIL: crypto/x509
FAIL: encoding/gob
FAIL: encoding/json
FAIL: html/template
FAIL: math/big
FAIL: net/http
FAIL: net/rpc
FAIL: old/regexp
FAIL: old/template
FAIL: sync/atomic
FAIL: text/template
FAIL: text/template/parse

		=== libgo Summary ===

# of expected passes		99
# of unexpected failures	23
/build/gcc-4.9-HiRXRa/gcc-4.9-4.9.0/build/./gcc/gccgo version 4.9.0 (Debian 4.9.0-9)

		=== libgomp tests ===


Running target unix
WARNING: program timed out.
FAIL: libgomp.graphite/force-parallel-6.c execution test

		=== libgomp Summary ===

# of expected passes		2443
# of unexpected failures	1
# of unsupported tests		1
		=== libjava tests ===


Running target unix
FAIL: Throw_2 execution - source compiled test
FAIL: Throw_2 -findirect-dispatch execution - source compiled test
FAIL: Throw_2 -O3 execution - source compiled test
FAIL: Throw_2 -O3 -findirect-dispatch execution - source compiled test

		=== libjava Summary ===

# of expected passes		2574
# of unexpected failures	4
# of expected failures		4
# of untested testcases		4
		=== libstdc++ tests ===


Running target unix
FAIL: 22_locale/numpunct/members/char/3.cc execution test
FAIL: 22_locale/time_get/get_date/wchar_t/4.cc execution test
FAIL: libstdc++-prettyprinters/48362.cc print t2
FAIL: libstdc++-prettyprinters/cxx11.cc print fl
FAIL: libstdc++-prettyprinters/cxx11.cc print rfl
FAIL: libstdc++-prettyprinters/cxx11.cc print uom
FAIL: libstdc++-prettyprinters/cxx11.cc print ruom
FAIL: libstdc++-prettyprinters/cxx11.cc print uomm
FAIL: libstdc++-prettyprinters/cxx11.cc print ruomm
FAIL: libstdc++-prettyprinters/cxx11.cc print uos
FAIL: libstdc++-prettyprinters/cxx11.cc print ruos
FAIL: libstdc++-prettyprinters/cxx11.cc print uoms
FAIL: libstdc++-prettyprinters/cxx11.cc print ruoms
FAIL: libstdc++-prettyprinters/cxx11.cc print tpl
FAIL: libstdc++-prettyprinters/cxx11.cc print rtpl
FAIL: libstdc++-prettyprinters/debug.cc print deq
FAIL: libstdc++-prettyprinters/debug.cc print lst
FAIL: libstdc++-prettyprinters/debug.cc print mp
FAIL: libstdc++-prettyprinters/debug.cc print sp
FAIL: libstdc++-prettyprinters/debug.cc print sll
FAIL: libstdc++-prettyprinters/simple.cc print deq
FAIL: libstdc++-prettyprinters/simple.cc print lst
FAIL: libstdc++-prettyprinters/simple.cc print mp
FAIL: libstdc++-prettyprinters/simple.cc print sp
FAIL: libstdc++-prettyprinters/simple.cc print sll
FAIL: libstdc++-prettyprinters/simple11.cc print deq
FAIL: libstdc++-prettyprinters/simple11.cc print lst
FAIL: libstdc++-prettyprinters/simple11.cc print mp
FAIL: libstdc++-prettyprinters/simple11.cc print sp
FAIL: libstdc++-prettyprinters/simple11.cc print sll
FAIL: libstdc++-prettyprinters/tr1.cc print uom
FAIL: libstdc++-prettyprinters/tr1.cc print uomm
FAIL: libstdc++-prettyprinters/tr1.cc print uos
FAIL: libstdc++-prettyprinters/tr1.cc print uoms

		=== libstdc++ Summary ===

# of expected passes		9767
# of unexpected failures	34
# of expected failures		41
# of unsupported tests		252
Target: arm-linux-gnueabihf
gcc version 4.9.0 (Debian 4.9.0-9) 

		=== g++ tests ===


Running target unix
FAIL: g++.dg/guality/pr55665.C  -O2  line 23 p == 40
FAIL: g++.dg/guality/pr55665.C  -O3 -fomit-frame-pointer  line 23 p == 40
FAIL: g++.dg/guality/pr55665.C  -O3 -g  line 23 p == 40

		=== g++ Summary ===

# of expected passes		81778
# of unexpected failures	3
# of expected failures		447
# of unsupported tests		3211
/build/gcc-4.9-HiRXRa/gcc-4.9-4.9.0/build/gcc/testsuite/g++/../../xg++  version 4.9.0 (Debian 4.9.0-9) 

		=== gcc tests ===


Running target unix
FAIL: gcc.dg/atomic/c11-atomic-exec-5.c  -O0  execution test
FAIL: gcc.dg/atomic/c11-atomic-exec-5.c  -O1  execution test
FAIL: gcc.dg/atomic/c11-atomic-exec-5.c  -O2  execution test
FAIL: gcc.dg/atomic/c11-atomic-exec-5.c  -O3 -fomit-frame-pointer  execution test
FAIL: gcc.dg/atomic/c11-atomic-exec-5.c  -O3 -fomit-frame-pointer -funroll-loops  execution test
FAIL: gcc.dg/atomic/c11-atomic-exec-5.c  -O3 -fomit-frame-pointer -funroll-all-loops -finline-functions  execution test
FAIL: gcc.dg/atomic/c11-atomic-exec-5.c  -O3 -g  execution test
FAIL: gcc.dg/atomic/c11-atomic-exec-5.c  -Os  execution test
FAIL: gcc.dg/atomic/c11-atomic-exec-5.c  -O2 -flto -fno-use-linker-plugin -flto-partition=none  execution test
FAIL: gcc.dg/atomic/c11-atomic-exec-5.c  -O2 -flto -fuse-linker-plugin -fno-fat-lto-objects  execution test
XPASS: gcc.dg/guality/example.c  -O0  execution test
XPASS: gcc.dg/guality/example.c  -O1  execution test
XPASS: gcc.dg/guality/guality.c  -O0  execution test
XPASS: gcc.dg/guality/guality.c  -O1  execution test
XPASS: gcc.dg/guality/guality.c  -O2  execution test
XPASS: gcc.dg/guality/guality.c  -O3 -fomit-frame-pointer  execution test
XPASS: gcc.dg/guality/guality.c  -O3 -g  execution test
XPASS: gcc.dg/guality/guality.c  -Os  execution test
XPASS: gcc.dg/guality/guality.c  -O2 -flto -fno-use-linker-plugin -flto-partition=none  execution test
XPASS: gcc.dg/guality/guality.c  -O2 -flto -fuse-linker-plugin -fno-fat-lto-objects  execution test
XPASS: gcc.dg/guality/inline-params.c  -O2  execution test
XPASS: gcc.dg/guality/inline-params.c  -O3 -fomit-frame-pointer  execution test
XPASS: gcc.dg/guality/inline-params.c  -O3 -g  execution test
XPASS: gcc.dg/guality/inline-params.c  -Os  execution test
XPASS: gcc.dg/guality/inline-params.c  -O2 -flto -fno-use-linker-plugin -flto-partition=none  execution test
FAIL: gcc.dg/guality/nrv-1.c  -O2 -flto -fuse-linker-plugin -fno-fat-lto-objects  line 20 a2.i[0] == 42
FAIL: gcc.dg/guality/pr36728-1.c  -O1  line 16 arg3 == 3
FAIL: gcc.dg/guality/pr36728-1.c  -O1  line 16 arg4 == 4
FAIL: gcc.dg/guality/pr36728-1.c  -O1  line 18 arg1 == 1
FAIL: gcc.dg/guality/pr36728-1.c  -O1  line 18 arg3 == 3
FAIL: gcc.dg/guality/pr36728-1.c  -O1  line 18 arg4 == 4
FAIL: gcc.dg/guality/pr36728-1.c  -O2  line 18 arg2 == 2
FAIL: gcc.dg/guality/pr36728-1.c  -O2  line 18 arg3 == 3
FAIL: gcc.dg/guality/pr36728-1.c  -O2  line 18 arg4 == 4
FAIL: gcc.dg/guality/pr36728-1.c  -O3 -fomit-frame-pointer  line 18 arg2 == 2
FAIL: gcc.dg/guality/pr36728-1.c  -O3 -fomit-frame-pointer  line 18 arg3 == 3
FAIL: gcc.dg/guality/pr36728-1.c  -O3 -fomit-frame-pointer  line 18 arg4 == 4
FAIL: gcc.dg/guality/pr36728-1.c  -O3 -g  line 18 arg2 == 2
FAIL: gcc.dg/guality/pr36728-1.c  -O3 -g  line 18 arg3 == 3
FAIL: gcc.dg/guality/pr36728-1.c  -O3 -g  line 18 arg4 == 4
FAIL: gcc.dg/guality/pr36728-1.c  -Os  line 16 arg1 == 1
FAIL: gcc.dg/guality/pr36728-1.c  -Os  line 16 arg2 == 2
FAIL: gcc.dg/guality/pr36728-1.c  -Os  line 16 arg3 == 3
FAIL: gcc.dg/guality/pr36728-1.c  -Os  line 16 arg4 == 4
FAIL: gcc.dg/guality/pr36728-1.c  -Os  line 18 arg1 == 1
FAIL: gcc.dg/guality/pr36728-1.c  -Os  line 18 arg2 == 2
FAIL: gcc.dg/guality/pr36728-1.c  -Os  line 18 arg3 == 3
FAIL: gcc.dg/guality/pr36728-1.c  -Os  line 18 arg4 == 4
FAIL: gcc.dg/guality/pr36728-1.c  -O2 -flto -fno-use-linker-plugin -flto-partition=none  line 18 arg2 == 2
FAIL: gcc.dg/guality/pr36728-1.c  -O2 -flto -fno-use-linker-plugin -flto-partition=none  line 18 arg3 == 3
FAIL: gcc.dg/guality/pr36728-1.c  -O2 -flto -fno-use-linker-plugin -flto-partition=none  line 18 arg4 == 4
FAIL: gcc.dg/guality/pr36728-1.c  -O2 -flto -fuse-linker-plugin -fno-fat-lto-objects  line 18 arg1 == 1
FAIL: gcc.dg/guality/pr36728-1.c  -O2 -flto -fuse-linker-plugin -fno-fat-lto-objects  line 18 arg2 == 2
FAIL: gcc.dg/guality/pr36728-1.c  -O2 -flto -fuse-linker-plugin -fno-fat-lto-objects  line 18 arg3 == 3
FAIL: gcc.dg/guality/pr36728-1.c  -O2 -flto -fuse-linker-plugin -fno-fat-lto-objects  line 18 arg4 == 4
FAIL: gcc.dg/guality/pr36728-2.c  -O1  line 16 arg3 == 3
FAIL: gcc.dg/guality/pr36728-2.c  -O1  line 16 arg4 == 4
FAIL: gcc.dg/guality/pr36728-2.c  -O1  line 18 arg2 == 2
FAIL: gcc.dg/guality/pr36728-2.c  -O1  line 18 arg3 == 3
FAIL: gcc.dg/guality/pr36728-2.c  -O1  line 18 arg4 == 4
FAIL: gcc.dg/guality/pr36728-2.c  -O2  line 16 arg4 == 4
FAIL: gcc.dg/guality/pr36728-2.c  -O2  line 16 y == 2
FAIL: gcc.dg/guality/pr36728-2.c  -O2  line 18 arg3 == 3
FAIL: gcc.dg/guality/pr36728-2.c  -O2  line 18 arg4 == 4
FAIL: gcc.dg/guality/pr36728-2.c  -O2  line 18 *x == (char) 25
FAIL: gcc.dg/guality/pr36728-2.c  -O2  line 18 y == 2
FAIL: gcc.dg/guality/pr36728-2.c  -O3 -fomit-frame-pointer  line 16 arg4 == 4
FAIL: gcc.dg/guality/pr36728-2.c  -O3 -fomit-frame-pointer  line 16 y == 2
FAIL: gcc.dg/guality/pr36728-2.c  -O3 -fomit-frame-pointer  line 18 arg3 == 3
FAIL: gcc.dg/guality/pr36728-2.c  -O3 -fomit-frame-pointer  line 18 arg4 == 4
FAIL: gcc.dg/guality/pr36728-2.c  -O3 -fomit-frame-pointer  line 18 *x == (char) 25
FAIL: gcc.dg/guality/pr36728-2.c  -O3 -fomit-frame-pointer  line 18 y == 2
FAIL: gcc.dg/guality/pr36728-2.c  -O3 -g  line 16 arg4 == 4
FAIL: gcc.dg/guality/pr36728-2.c  -O3 -g  line 16 y == 2
FAIL: gcc.dg/guality/pr36728-2.c  -O3 -g  line 18 arg3 == 3
FAIL: gcc.dg/guality/pr36728-2.c  -O3 -g  line 18 arg4 == 4
FAIL: gcc.dg/guality/pr36728-2.c  -O3 -g  line 18 *x == (char) 25
FAIL: gcc.dg/guality/pr36728-2.c  -O3 -g  line 18 y == 2
FAIL: gcc.dg/guality/pr36728-2.c  -Os  line 16 arg2 == 2
FAIL: gcc.dg/guality/pr36728-2.c  -Os  line 16 arg3 == 3
FAIL: gcc.dg/guality/pr36728-2.c  -Os  line 16 arg4 == 4
FAIL: gcc.dg/guality/pr36728-2.c  -Os  line 18 arg2 == 2
FAIL: gcc.dg/guality/pr36728-2.c  -Os  line 18 arg3 == 3
FAIL: gcc.dg/guality/pr36728-2.c  -Os  line 18 arg4 == 4
FAIL: gcc.dg/guality/pr36728-2.c  -O2 -flto -fno-use-linker-plugin -flto-partition=none  line 16 arg4 == 4
FAIL: gcc.dg/guality/pr36728-2.c  -O2 -flto -fno-use-linker-plugin -flto-partition=none  line 16 y == 2
FAIL: gcc.dg/guality/pr36728-2.c  -O2 -flto -fno-use-linker-plugin -flto-partition=none  line 18 arg3 == 3
FAIL: gcc.dg/guality/pr36728-2.c  -O2 -flto -fno-use-linker-plugin -flto-partition=none  line 18 arg4 == 4
FAIL: gcc.dg/guality/pr36728-2.c  -O2 -flto -fno-use-linker-plugin -flto-partition=none  line 18 *x == (char) 25
FAIL: gcc.dg/guality/pr36728-2.c  -O2 -flto -fno-use-linker-plugin -flto-partition=none  line 18 y == 2
FAIL: gcc.dg/guality/pr36728-2.c  -O2 -flto -fuse-linker-plugin -fno-fat-lto-objects  line 16 arg4 == 4
FAIL: gcc.dg/guality/pr36728-2.c  -O2 -flto -fuse-linker-plugin -fno-fat-lto-objects  line 16 y == 2
FAIL: gcc.dg/guality/pr36728-2.c  -O2 -flto -fuse-linker-plugin -fno-fat-lto-objects  line 18 arg1 == 1
FAIL: gcc.dg/guality/pr36728-2.c  -O2 -flto -fuse-linker-plugin -fno-fat-lto-objects  line 18 arg2 == 2
FAIL: gcc.dg/guality/pr36728-2.c  -O2 -flto -fuse-linker-plugin -fno-fat-lto-objects  line 18 arg3 == 3
FAIL: gcc.dg/guality/pr36728-2.c  -O2 -flto -fuse-linker-plugin -fno-fat-lto-objects  line 18 arg4 == 4
FAIL: gcc.dg/guality/pr36728-3.c  -O1  line 14 arg2 == 2
FAIL: gcc.dg/guality/pr36728-3.c  -O1  line 14 arg3 == 3
FAIL: gcc.dg/guality/pr36728-3.c  -O1  line 14 arg4 == 4
FAIL: gcc.dg/guality/pr36728-3.c  -O1  line 16 arg2 == 2
FAIL: gcc.dg/guality/pr36728-3.c  -O1  line 16 arg3 == 3
FAIL: gcc.dg/guality/pr36728-3.c  -O1  line 16 arg4 == 4
FAIL: gcc.dg/guality/pr36728-3.c  -O2  line 14 arg1 == 1
FAIL: gcc.dg/guality/pr36728-3.c  -O2  line 14 arg2 == 2
FAIL: gcc.dg/guality/pr36728-3.c  -O2  line 14 arg3 == 3
FAIL: gcc.dg/guality/pr36728-3.c  -O2  line 14 arg4 == 4
FAIL: gcc.dg/guality/pr36728-3.c  -O2  line 16 arg1 == 1
FAIL: gcc.dg/guality/pr36728-3.c  -O2  line 16 arg2 == 2
FAIL: gcc.dg/guality/pr36728-3.c  -O2  line 16 arg3 == 3
FAIL: gcc.dg/guality/pr36728-3.c  -O2  line 16 arg4 == 4
FAIL: gcc.dg/guality/pr36728-3.c  -O3 -fomit-frame-pointer  line 14 arg1 == 1
FAIL: gcc.dg/guality/pr36728-3.c  -O3 -fomit-frame-pointer  line 14 arg2 == 2
FAIL: gcc.dg/guality/pr36728-3.c  -O3 -fomit-frame-pointer  line 14 arg3 == 3
FAIL: gcc.dg/guality/pr36728-3.c  -O3 -fomit-frame-pointer  line 14 arg4 == 4
FAIL: gcc.dg/guality/pr36728-3.c  -O3 -fomit-frame-pointer  line 16 arg1 == 1
FAIL: gcc.dg/guality/pr36728-3.c  -O3 -fomit-frame-pointer  line 16 arg2 == 2
FAIL: gcc.dg/guality/pr36728-3.c  -O3 -fomit-frame-pointer  line 16 arg3 == 3
FAIL: gcc.dg/guality/pr36728-3.c  -O3 -fomit-frame-pointer  line 16 arg4 == 4
FAIL: gcc.dg/guality/pr36728-3.c  -O3 -g  line 14 arg1 == 1
FAIL: gcc.dg/guality/pr36728-3.c  -O3 -g  line 14 arg2 == 2
FAIL: gcc.dg/guality/pr36728-3.c  -O3 -g  line 14 arg3 == 3
FAIL: gcc.dg/guality/pr36728-3.c  -O3 -g  line 14 arg4 == 4
FAIL: gcc.dg/guality/pr36728-3.c  -O3 -g  line 16 arg1 == 1
FAIL: gcc.dg/guality/pr36728-3.c  -O3 -g  line 16 arg2 == 2
FAIL: gcc.dg/guality/pr36728-3.c  -O3 -g  line 16 arg3 == 3
FAIL: gcc.dg/guality/pr36728-3.c  -O3 -g  line 16 arg4 == 4
FAIL: gcc.dg/guality/pr36728-3.c  -Os  line 14 arg2 == 2
FAIL: gcc.dg/guality/pr36728-3.c  -Os  line 14 arg3 == 3
FAIL: gcc.dg/guality/pr36728-3.c  -Os  line 14 arg4 == 4
FAIL: gcc.dg/guality/pr36728-3.c  -Os  line 16 arg2 == 2
FAIL: gcc.dg/guality/pr36728-3.c  -Os  line 16 arg3 == 3
FAIL: gcc.dg/guality/pr36728-3.c  -Os  line 16 arg4 == 4
FAIL: gcc.dg/guality/pr36728-3.c  -O2 -flto -fno-use-linker-plugin -flto-partition=none  line 14 arg1 == 1
FAIL: gcc.dg/guality/pr36728-3.c  -O2 -flto -fno-use-linker-plugin -flto-partition=none  line 14 arg2 == 2
FAIL: gcc.dg/guality/pr36728-3.c  -O2 -flto -fno-use-linker-plugin -flto-partition=none  line 14 arg3 == 3
FAIL: gcc.dg/guality/pr36728-3.c  -O2 -flto -fno-use-linker-plugin -flto-partition=none  line 14 arg4 == 4
FAIL: gcc.dg/guality/pr36728-3.c  -O2 -flto -fno-use-linker-plugin -flto-partition=none  line 16 arg1 == 1
FAIL: gcc.dg/guality/pr36728-3.c  -O2 -flto -fno-use-linker-plugin -flto-partition=none  line 16 arg2 == 2
FAIL: gcc.dg/guality/pr36728-3.c  -O2 -flto -fno-use-linker-plugin -flto-partition=none  line 16 arg3 == 3
FAIL: gcc.dg/guality/pr36728-3.c  -O2 -flto -fno-use-linker-plugin -flto-partition=none  line 16 arg4 == 4
FAIL: gcc.dg/guality/pr36728-3.c  -O2 -flto -fuse-linker-plugin -fno-fat-lto-objects  line 14 arg1 == 1
FAIL: gcc.dg/guality/pr36728-3.c  -O2 -flto -fuse-linker-plugin -fno-fat-lto-objects  line 14 arg2 == 2
FAIL: gcc.dg/guality/pr36728-3.c  -O2 -flto -fuse-linker-plugin -fno-fat-lto-objects  line 14 arg3 == 3
FAIL: gcc.dg/guality/pr36728-3.c  -O2 -flto -fuse-linker-plugin -fno-fat-lto-objects  line 14 arg4 == 4
FAIL: gcc.dg/guality/pr36728-3.c  -O2 -flto -fuse-linker-plugin -fno-fat-lto-objects  line 16 arg1 == 1
FAIL: gcc.dg/guality/pr36728-3.c  -O2 -flto -fuse-linker-plugin -fno-fat-lto-objects  line 16 arg2 == 2
FAIL: gcc.dg/guality/pr36728-3.c  -O2 -flto -fuse-linker-plugin -fno-fat-lto-objects  line 16 arg3 == 3
FAIL: gcc.dg/guality/pr36728-3.c  -O2 -flto -fuse-linker-plugin -fno-fat-lto-objects  line 16 arg4 == 4
FAIL: gcc.dg/guality/pr36728-4.c  -O1  line 14 arg3 == 3
FAIL: gcc.dg/guality/pr36728-4.c  -O1  line 14 arg4 == 4
FAIL: gcc.dg/guality/pr36728-4.c  -O1  line 16 arg3 == 3
FAIL: gcc.dg/guality/pr36728-4.c  -O1  line 16 arg4 == 4
FAIL: gcc.dg/guality/pr36728-4.c  -O2  line 14 arg2 == 2
FAIL: gcc.dg/guality/pr36728-4.c  -O2  line 14 arg3 == 3
FAIL: gcc.dg/guality/pr36728-4.c  -O2  line 14 arg4 == 4
FAIL: gcc.dg/guality/pr36728-4.c  -O2  line 16 arg2 == 2
FAIL: gcc.dg/guality/pr36728-4.c  -O2  line 16 arg3 == 3
FAIL: gcc.dg/guality/pr36728-4.c  -O2  line 16 arg4 == 4
FAIL: gcc.dg/guality/pr36728-4.c  -O3 -fomit-frame-pointer  line 14 arg2 == 2
FAIL: gcc.dg/guality/pr36728-4.c  -O3 -fomit-frame-pointer  line 14 arg3 == 3
FAIL: gcc.dg/guality/pr36728-4.c  -O3 -fomit-frame-pointer  line 14 arg4 == 4
FAIL: gcc.dg/guality/pr36728-4.c  -O3 -fomit-frame-pointer  line 16 arg2 == 2
FAIL: gcc.dg/guality/pr36728-4.c  -O3 -fomit-frame-pointer  line 16 arg3 == 3
FAIL: gcc.dg/guality/pr36728-4.c  -O3 -fomit-frame-pointer  line 16 arg4 == 4
FAIL: gcc.dg/guality/pr36728-4.c  -O3 -g  line 14 arg2 == 2
FAIL: gcc.dg/guality/pr36728-4.c  -O3 -g  line 14 arg3 == 3
FAIL: gcc.dg/guality/pr36728-4.c  -O3 -g  line 14 arg4 == 4
FAIL: gcc.dg/guality/pr36728-4.c  -O3 -g  line 16 arg2 == 2
FAIL: gcc.dg/guality/pr36728-4.c  -O3 -g  line 16 arg3 == 3
FAIL: gcc.dg/guality/pr36728-4.c  -O3 -g  line 16 arg4 == 4
FAIL: gcc.dg/guality/pr36728-4.c  -Os  line 14 arg3 == 3
FAIL: gcc.dg/guality/pr36728-4.c  -Os  line 14 arg4 == 4
FAIL: gcc.dg/guality/pr36728-4.c  -Os  line 16 arg3 == 3
FAIL: gcc.dg/guality/pr36728-4.c  -Os  line 16 arg4 == 4
FAIL: gcc.dg/guality/pr36728-4.c  -O2 -flto -fno-use-linker-plugin -flto-partition=none  line 14 arg2 == 2
FAIL: gcc.dg/guality/pr36728-4.c  -O2 -flto -fno-use-linker-plugin -flto-partition=none  line 14 arg3 == 3
FAIL: gcc.dg/guality/pr36728-4.c  -O2 -flto -fno-use-linker-plugin -flto-partition=none  line 14 arg4 == 4
FAIL: gcc.dg/guality/pr36728-4.c  -O2 -flto -fno-use-linker-plugin -flto-partition=none  line 16 arg2 == 2
FAIL: gcc.dg/guality/pr36728-4.c  -O2 -flto -fno-use-linker-plugin -flto-partition=none  line 16 arg3 == 3
FAIL: gcc.dg/guality/pr36728-4.c  -O2 -flto -fno-use-linker-plugin -flto-partition=none  line 16 arg4 == 4
FAIL: gcc.dg/guality/pr36728-4.c  -O2 -flto -fuse-linker-plugin -fno-fat-lto-objects  line 14 arg2 == 2
FAIL: gcc.dg/guality/pr36728-4.c  -O2 -flto -fuse-linker-plugin -fno-fat-lto-objects  line 14 arg3 == 3
FAIL: gcc.dg/guality/pr36728-4.c  -O2 -flto -fuse-linker-plugin -fno-fat-lto-objects  line 14 arg4 == 4
FAIL: gcc.dg/guality/pr36728-4.c  -O2 -flto -fuse-linker-plugin -fno-fat-lto-objects  line 16 arg2 == 2
FAIL: gcc.dg/guality/pr36728-4.c  -O2 -flto -fuse-linker-plugin -fno-fat-lto-objects  line 16 arg3 == 3
FAIL: gcc.dg/guality/pr36728-4.c  -O2 -flto -fuse-linker-plugin -fno-fat-lto-objects  line 16 arg4 == 4
XPASS: gcc.dg/guality/pr41353-1.c  -O0  line 28 j == 28 + 37
XPASS: gcc.dg/guality/pr41447-1.c  -O0  execution test
XPASS: gcc.dg/guality/pr41447-1.c  -O1  execution test
XPASS: gcc.dg/guality/pr41447-1.c  -O2  execution test
XPASS: gcc.dg/guality/pr41447-1.c  -O3 -fomit-frame-pointer  execution test
XPASS: gcc.dg/guality/pr41447-1.c  -O3 -g  execution test
XPASS: gcc.dg/guality/pr41447-1.c  -Os  execution test
XPASS: gcc.dg/guality/pr41447-1.c  -O2 -flto -fno-use-linker-plugin -flto-partition=none  execution test
XPASS: gcc.dg/guality/pr41447-1.c  -O2 -flto -fuse-linker-plugin -fno-fat-lto-objects  execution test
XPASS: gcc.dg/guality/pr41616-1.c  -O0  execution test
XPASS: gcc.dg/guality/pr41616-1.c  -O1  execution test
XPASS: gcc.dg/guality/pr41616-1.c  -O2  execution test
XPASS: gcc.dg/guality/pr41616-1.c  -O3 -fomit-frame-pointer  execution test
XPASS: gcc.dg/guality/pr41616-1.c  -O3 -g  execution test
XPASS: gcc.dg/guality/pr41616-1.c  -Os  execution test
XPASS: gcc.dg/guality/pr41616-1.c  -O2 -flto -fno-use-linker-plugin -flto-partition=none  execution test
FAIL: gcc.dg/guality/pr48437.c  -O2 -flto -fno-use-linker-plugin -flto-partition=none  line 14 i == 0
FAIL: gcc.dg/guality/pr48437.c  -O2 -flto -fuse-linker-plugin -fno-fat-lto-objects  line 14 i == 0
FAIL: gcc.dg/guality/pr54200.c  -O1  line 20 z == 3
FAIL: gcc.dg/guality/pr54200.c  -O2  line 20 z == 3
FAIL: gcc.dg/guality/pr54200.c  -O3 -fomit-frame-pointer  line 20 z == 3
FAIL: gcc.dg/guality/pr54200.c  -O3 -g  line 20 z == 3
FAIL: gcc.dg/guality/pr54200.c  -Os  line 20 z == 3
FAIL: gcc.dg/guality/pr54200.c  -O2 -flto -fno-use-linker-plugin -flto-partition=none  line 20 z == 3
FAIL: gcc.dg/guality/pr54200.c  -O2 -flto -fuse-linker-plugin -fno-fat-lto-objects  line 20 z == 3
FAIL: gcc.dg/guality/pr54519-1.c  -O2 -flto -fno-use-linker-plugin -flto-partition=none  line 20 y == 25
FAIL: gcc.dg/guality/pr54519-1.c  -O2 -flto -fno-use-linker-plugin -flto-partition=none  line 20 z == 6
FAIL: gcc.dg/guality/pr54519-1.c  -O2 -flto -fno-use-linker-plugin -flto-partition=none  line 23 y == 117
FAIL: gcc.dg/guality/pr54519-1.c  -O2 -flto -fno-use-linker-plugin -flto-partition=none  line 23 z == 8
FAIL: gcc.dg/guality/pr54519-1.c  -O2 -flto -fuse-linker-plugin -fno-fat-lto-objects  line 20 y == 25
FAIL: gcc.dg/guality/pr54519-1.c  -O2 -flto -fuse-linker-plugin -fno-fat-lto-objects  line 20 z == 6
FAIL: gcc.dg/guality/pr54519-2.c  -O2 -flto -fno-use-linker-plugin -flto-partition=none  line 17 y == 25
FAIL: gcc.dg/guality/pr54519-2.c  -O2 -flto -fuse-linker-plugin -fno-fat-lto-objects  line 17 y == 25
FAIL: gcc.dg/guality/pr54519-3.c  -O1  line 20 z == 6
FAIL: gcc.dg/guality/pr54519-3.c  -O1  line 23 z == 8
FAIL: gcc.dg/guality/pr54519-3.c  -O2  line 20 z == 6
FAIL: gcc.dg/guality/pr54519-3.c  -O2  line 23 z == 8
FAIL: gcc.dg/guality/pr54519-3.c  -O3 -fomit-frame-pointer  line 20 z == 6
FAIL: gcc.dg/guality/pr54519-3.c  -O3 -fomit-frame-pointer  line 23 z == 8
FAIL: gcc.dg/guality/pr54519-3.c  -O3 -g  line 20 z == 6
FAIL: gcc.dg/guality/pr54519-3.c  -O3 -g  line 23 z == 8
FAIL: gcc.dg/guality/pr54519-3.c  -Os  line 20 z == 6
FAIL: gcc.dg/guality/pr54519-3.c  -Os  line 23 z == 8
FAIL: gcc.dg/guality/pr54519-3.c  -O2 -flto -fno-use-linker-plugin -flto-partition=none  line 20 y == 25
FAIL: gcc.dg/guality/pr54519-3.c  -O2 -flto -fno-use-linker-plugin -flto-partition=none  line 20 z == 6
FAIL: gcc.dg/guality/pr54519-3.c  -O2 -flto -fno-use-linker-plugin -flto-partition=none  line 23 y == 117
FAIL: gcc.dg/guality/pr54519-3.c  -O2 -flto -fno-use-linker-plugin -flto-partition=none  line 23 z == 8
FAIL: gcc.dg/guality/pr54519-3.c  -O2 -flto -fuse-linker-plugin -fno-fat-lto-objects  line 20 y == 25
FAIL: gcc.dg/guality/pr54519-3.c  -O2 -flto -fuse-linker-plugin -fno-fat-lto-objects  line 20 z == 6
FAIL: gcc.dg/guality/pr54519-3.c  -O2 -flto -fuse-linker-plugin -fno-fat-lto-objects  line 23 y == 117
FAIL: gcc.dg/guality/pr54519-3.c  -O2 -flto -fuse-linker-plugin -fno-fat-lto-objects  line 23 z == 8
FAIL: gcc.dg/guality/pr54519-4.c  -O1  line 17 y == 25
FAIL: gcc.dg/guality/pr54519-4.c  -O2  line 17 y == 25
FAIL: gcc.dg/guality/pr54519-4.c  -O3 -fomit-frame-pointer  line 17 y == 25
FAIL: gcc.dg/guality/pr54519-4.c  -O3 -g  line 17 y == 25
FAIL: gcc.dg/guality/pr54519-4.c  -Os  line 17 y == 25
FAIL: gcc.dg/guality/pr54519-4.c  -O2 -flto -fno-use-linker-plugin -flto-partition=none  line 17 y == 25
FAIL: gcc.dg/guality/pr54519-4.c  -O2 -flto -fuse-linker-plugin -fno-fat-lto-objects  line 17 y == 25
FAIL: gcc.dg/guality/pr54519-5.c  -O2 -flto -fno-use-linker-plugin -flto-partition=none  line 17 y == 25
FAIL: gcc.dg/guality/pr54519-5.c  -O2 -flto -fuse-linker-plugin -fno-fat-lto-objects  line 17 y == 25
FAIL: gcc.dg/guality/pr54693-2.c  -O3 -fomit-frame-pointer -funroll-all-loops -finline-functions  line 21 i == v + 1
FAIL: gcc.dg/guality/pr54693-2.c  -Os  line 21 y == 20 - 2 * i
FAIL: gcc.dg/guality/pr54693-2.c  -Os  line 21 z == 30 - 3 * i
FAIL: gcc.dg/guality/pr54970.c  -O1  line 15 a[0] == 1
FAIL: gcc.dg/guality/pr54970.c  -O1  line 20 a[0] == 1
FAIL: gcc.dg/guality/pr54970.c  -O1  line 25 a[0] == 1
FAIL: gcc.dg/guality/pr54970.c  -O1  line 31 *p == 6
FAIL: gcc.dg/guality/pr54970.c  -O1  line 31 *q == 5
FAIL: gcc.dg/guality/pr54970.c  -O1  line 36 *p == 26
FAIL: gcc.dg/guality/pr54970.c  -O1  line 36 *q == 5
FAIL: gcc.dg/guality/pr54970.c  -O1  line 45 *p == 26
FAIL: gcc.dg/guality/pr54970.c  -O1  line 45 p[-1] == 25
FAIL: gcc.dg/guality/pr54970.c  -O1  line 45 p[-2] == 4
FAIL: gcc.dg/guality/pr54970.c  -O1  line 45 q[-1] == 4
FAIL: gcc.dg/guality/pr54970.c  -O1  line 45 q[1] == 26
FAIL: gcc.dg/guality/pr54970.c  -O1  line 45 *q == 25
FAIL: gcc.dg/guality/pr54970.c  -O2  line 15 a[0] == 1
FAIL: gcc.dg/guality/pr54970.c  -O2  line 20 a[0] == 1
FAIL: gcc.dg/guality/pr54970.c  -O2  line 25 a[0] == 1
FAIL: gcc.dg/guality/pr54970.c  -O2  line 31 *p == 6
FAIL: gcc.dg/guality/pr54970.c  -O2  line 31 *q == 5
FAIL: gcc.dg/guality/pr54970.c  -O2  line 36 *p == 26
FAIL: gcc.dg/guality/pr54970.c  -O2  line 36 *q == 5
FAIL: gcc.dg/guality/pr54970.c  -O2  line 45 *p == 26
FAIL: gcc.dg/guality/pr54970.c  -O2  line 45 p[-1] == 25
FAIL: gcc.dg/guality/pr54970.c  -O2  line 45 p[-2] == 4
FAIL: gcc.dg/guality/pr54970.c  -O2  line 45 q[-1] == 4
FAIL: gcc.dg/guality/pr54970.c  -O2  line 45 q[1] == 26
FAIL: gcc.dg/guality/pr54970.c  -O2  line 45 *q == 25
FAIL: gcc.dg/guality/pr54970.c  -O3 -fomit-frame-pointer  line 15 a[0] == 1
FAIL: gcc.dg/guality/pr54970.c  -O3 -fomit-frame-pointer  line 20 a[0] == 1
FAIL: gcc.dg/guality/pr54970.c  -O3 -fomit-frame-pointer  line 25 a[0] == 1
FAIL: gcc.dg/guality/pr54970.c  -O3 -fomit-frame-pointer  line 31 *p == 6
FAIL: gcc.dg/guality/pr54970.c  -O3 -fomit-frame-pointer  line 31 *q == 5
FAIL: gcc.dg/guality/pr54970.c  -O3 -fomit-frame-pointer  line 36 *p == 26
FAIL: gcc.dg/guality/pr54970.c  -O3 -fomit-frame-pointer  line 36 *q == 5
FAIL: gcc.dg/guality/pr54970.c  -O3 -fomit-frame-pointer  line 45 *p == 26
FAIL: gcc.dg/guality/pr54970.c  -O3 -fomit-frame-pointer  line 45 p[-1] == 25
FAIL: gcc.dg/guality/pr54970.c  -O3 -fomit-frame-pointer  line 45 p[-2] == 4
FAIL: gcc.dg/guality/pr54970.c  -O3 -fomit-frame-pointer  line 45 q[-1] == 4
FAIL: gcc.dg/guality/pr54970.c  -O3 -fomit-frame-pointer  line 45 q[1] == 26
FAIL: gcc.dg/guality/pr54970.c  -O3 -fomit-frame-pointer  line 45 *q == 25
FAIL: gcc.dg/guality/pr54970.c  -O3 -g  line 15 a[0] == 1
FAIL: gcc.dg/guality/pr54970.c  -O3 -g  line 20 a[0] == 1
FAIL: gcc.dg/guality/pr54970.c  -O3 -g  line 25 a[0] == 1
FAIL: gcc.dg/guality/pr54970.c  -O3 -g  line 31 *p == 6
FAIL: gcc.dg/guality/pr54970.c  -O3 -g  line 31 *q == 5
FAIL: gcc.dg/guality/pr54970.c  -O3 -g  line 36 *p == 26
FAIL: gcc.dg/guality/pr54970.c  -O3 -g  line 36 *q == 5
FAIL: gcc.dg/guality/pr54970.c  -O3 -g  line 45 *p == 26
FAIL: gcc.dg/guality/pr54970.c  -O3 -g  line 45 p[-1] == 25
FAIL: gcc.dg/guality/pr54970.c  -O3 -g  line 45 p[-2] == 4
FAIL: gcc.dg/guality/pr54970.c  -O3 -g  line 45 q[-1] == 4
FAIL: gcc.dg/guality/pr54970.c  -O3 -g  line 45 q[1] == 26
FAIL: gcc.dg/guality/pr54970.c  -O3 -g  line 45 *q == 25
FAIL: gcc.dg/guality/pr54970.c  -Os  line 15 a[0] == 1
FAIL: gcc.dg/guality/pr54970.c  -Os  line 20 a[0] == 1
FAIL: gcc.dg/guality/pr54970.c  -Os  line 25 a[0] == 1
FAIL: gcc.dg/guality/pr54970.c  -Os  line 31 *p == 6
FAIL: gcc.dg/guality/pr54970.c  -Os  line 31 *q == 5
FAIL: gcc.dg/guality/pr54970.c  -Os  line 36 *p == 26
FAIL: gcc.dg/guality/pr54970.c  -Os  line 36 *q == 5
FAIL: gcc.dg/guality/pr54970.c  -Os  line 45 *p == 26
FAIL: gcc.dg/guality/pr54970.c  -Os  line 45 p[-1] == 25
FAIL: gcc.dg/guality/pr54970.c  -Os  line 45 p[-2] == 4
FAIL: gcc.dg/guality/pr54970.c  -Os  line 45 q[-1] == 4
FAIL: gcc.dg/guality/pr54970.c  -Os  line 45 q[1] == 26
FAIL: gcc.dg/guality/pr54970.c  -Os  line 45 *q == 25
FAIL: gcc.dg/guality/pr54970.c  -O2 -flto -fno-use-linker-plugin -flto-partition=none  line 15 a[0] == 1
FAIL: gcc.dg/guality/pr54970.c  -O2 -flto -fno-use-linker-plugin -flto-partition=none  line 20 a[0] == 1
FAIL: gcc.dg/guality/pr54970.c  -O2 -flto -fno-use-linker-plugin -flto-partition=none  line 25 a[0] == 1
FAIL: gcc.dg/guality/pr54970.c  -O2 -flto -fno-use-linker-plugin -flto-partition=none  line 31 *p == 6
FAIL: gcc.dg/guality/pr54970.c  -O2 -flto -fno-use-linker-plugin -flto-partition=none  line 31 *q == 5
FAIL: gcc.dg/guality/pr54970.c  -O2 -flto -fno-use-linker-plugin -flto-partition=none  line 36 *p == 26
FAIL: gcc.dg/guality/pr54970.c  -O2 -flto -fno-use-linker-plugin -flto-partition=none  line 36 *q == 5
FAIL: gcc.dg/guality/pr54970.c  -O2 -flto -fno-use-linker-plugin -flto-partition=none  line 45 *p == 26
FAIL: gcc.dg/guality/pr54970.c  -O2 -flto -fno-use-linker-plugin -flto-partition=none  line 45 p[-1] == 25
FAIL: gcc.dg/guality/pr54970.c  -O2 -flto -fno-use-linker-plugin -flto-partition=none  line 45 p[-2] == 4
FAIL: gcc.dg/guality/pr54970.c  -O2 -flto -fno-use-linker-plugin -flto-partition=none  line 45 q[-1] == 4
FAIL: gcc.dg/guality/pr54970.c  -O2 -flto -fno-use-linker-plugin -flto-partition=none  line 45 q[1] == 26
FAIL: gcc.dg/guality/pr54970.c  -O2 -flto -fno-use-linker-plugin -flto-partition=none  line 45 *q == 25
FAIL: gcc.dg/guality/pr54970.c  -O2 -flto -fuse-linker-plugin -fno-fat-lto-objects  line 15 a[0] == 1
FAIL: gcc.dg/guality/pr54970.c  -O2 -flto -fuse-linker-plugin -fno-fat-lto-objects  line 20 a[0] == 1
FAIL: gcc.dg/guality/pr54970.c  -O2 -flto -fuse-linker-plugin -fno-fat-lto-objects  line 25 a[0] == 1
FAIL: gcc.dg/guality/pr54970.c  -O2 -flto -fuse-linker-plugin -fno-fat-lto-objects  line 31 *p == 6
FAIL: gcc.dg/guality/pr54970.c  -O2 -flto -fuse-linker-plugin -fno-fat-lto-objects  line 31 *q == 5
FAIL: gcc.dg/guality/pr54970.c  -O2 -flto -fuse-linker-plugin -fno-fat-lto-objects  line 36 *p == 26
FAIL: gcc.dg/guality/pr54970.c  -O2 -flto -fuse-linker-plugin -fno-fat-lto-objects  line 36 *q == 5
FAIL: gcc.dg/guality/pr54970.c  -O2 -flto -fuse-linker-plugin -fno-fat-lto-objects  line 45 *p == 26
FAIL: gcc.dg/guality/pr54970.c  -O2 -flto -fuse-linker-plugin -fno-fat-lto-objects  line 45 p[-1] == 25
FAIL: gcc.dg/guality/pr54970.c  -O2 -flto -fuse-linker-plugin -fno-fat-lto-objects  line 45 p[-2] == 4
FAIL: gcc.dg/guality/pr54970.c  -O2 -flto -fuse-linker-plugin -fno-fat-lto-objects  line 45 q[-1] == 4
FAIL: gcc.dg/guality/pr54970.c  -O2 -flto -fuse-linker-plugin -fno-fat-lto-objects  line 45 q[1] == 26
FAIL: gcc.dg/guality/pr54970.c  -O2 -flto -fuse-linker-plugin -fno-fat-lto-objects  line 45 *q == 25
FAIL: gcc.dg/guality/sra-1.c  -O2  line 43 a.j == 14
FAIL: gcc.dg/guality/sra-1.c  -O3 -fomit-frame-pointer  line 43 a.j == 14
FAIL: gcc.dg/guality/sra-1.c  -O3 -g  line 43 a.j == 14
FAIL: gcc.dg/guality/sra-1.c  -Os  line 43 a.j == 14
FAIL: gcc.dg/guality/sra-1.c  -O2 -flto -fno-use-linker-plugin -flto-partition=none  line 43 a.j == 14
FAIL: gcc.dg/guality/sra-1.c  -O2 -flto -fuse-linker-plugin -fno-fat-lto-objects  line 43 a.j == 14
FAIL: gcc.dg/guality/vla-1.c  -O0  line 17 sizeof (a) == 6
FAIL: gcc.dg/guality/vla-1.c  -O0  line 24 sizeof (a) == 17 * sizeof (short)
FAIL: gcc.dg/guality/vla-1.c  -O1  line 17 sizeof (a) == 6
FAIL: gcc.dg/guality/vla-1.c  -O1  line 24 sizeof (a) == 17 * sizeof (short)
FAIL: gcc.dg/guality/vla-1.c  -O2  line 17 sizeof (a) == 6
FAIL: gcc.dg/guality/vla-1.c  -O2  line 24 sizeof (a) == 17 * sizeof (short)
FAIL: gcc.dg/guality/vla-1.c  -O3 -fomit-frame-pointer  line 17 sizeof (a) == 6
FAIL: gcc.dg/guality/vla-1.c  -O3 -fomit-frame-pointer  line 24 sizeof (a) == 17 * sizeof (short)
FAIL: gcc.dg/guality/vla-1.c  -O3 -g  line 17 sizeof (a) == 6
FAIL: gcc.dg/guality/vla-1.c  -O3 -g  line 24 sizeof (a) == 17 * sizeof (short)
FAIL: gcc.dg/guality/vla-1.c  -Os  line 17 sizeof (a) == 6
FAIL: gcc.dg/guality/vla-1.c  -Os  line 24 sizeof (a) == 17 * sizeof (short)
FAIL: gcc.dg/guality/vla-1.c  -O2 -flto -fno-use-linker-plugin -flto-partition=none  line 17 sizeof (a) == 6
FAIL: gcc.dg/guality/vla-1.c  -O2 -flto -fno-use-linker-plugin -flto-partition=none  line 24 sizeof (a) == 17 * sizeof (short)
FAIL: gcc.dg/guality/vla-1.c  -O2 -flto -fuse-linker-plugin -fno-fat-lto-objects  line 17 sizeof (a) == 6
FAIL: gcc.dg/guality/vla-1.c  -O2 -flto -fuse-linker-plugin -fno-fat-lto-objects  line 24 sizeof (a) == 17 * sizeof (short)
FAIL: gcc.dg/guality/vla-2.c  -O0  line 16 sizeof (a) == 5 * sizeof (int)
FAIL: gcc.dg/guality/vla-2.c  -O0  line 25 sizeof (a) == 6 * sizeof (int)
FAIL: gcc.dg/guality/vla-2.c  -O1  line 16 sizeof (a) == 5 * sizeof (int)
FAIL: gcc.dg/guality/vla-2.c  -O1  line 25 sizeof (a) == 6 * sizeof (int)
FAIL: gcc.dg/guality/vla-2.c  -O2  line 16 sizeof (a) == 5 * sizeof (int)
FAIL: gcc.dg/guality/vla-2.c  -O2  line 25 sizeof (a) == 6 * sizeof (int)
FAIL: gcc.dg/guality/vla-2.c  -O3 -fomit-frame-pointer  line 16 sizeof (a) == 5 * sizeof (int)
FAIL: gcc.dg/guality/vla-2.c  -O3 -fomit-frame-pointer  line 25 sizeof (a) == 6 * sizeof (int)
FAIL: gcc.dg/guality/vla-2.c  -O3 -g  line 16 sizeof (a) == 5 * sizeof (int)
FAIL: gcc.dg/guality/vla-2.c  -O3 -g  line 25 sizeof (a) == 6 * sizeof (int)
FAIL: gcc.dg/guality/vla-2.c  -Os  line 16 sizeof (a) == 5 * sizeof (int)
FAIL: gcc.dg/guality/vla-2.c  -Os  line 25 sizeof (a) == 6 * sizeof (int)
FAIL: gcc.dg/guality/vla-2.c  -O2 -flto -fno-use-linker-plugin -flto-partition=none  line 16 sizeof (a) == 5 * sizeof (int)
FAIL: gcc.dg/guality/vla-2.c  -O2 -flto -fno-use-linker-plugin -flto-partition=none  line 25 sizeof (a) == 6 * sizeof (int)
FAIL: gcc.dg/guality/vla-2.c  -O2 -flto -fuse-linker-plugin -fno-fat-lto-objects  line 16 sizeof (a) == 5 * sizeof (int)
FAIL: gcc.dg/guality/vla-2.c  -O2 -flto -fuse-linker-plugin -fno-fat-lto-objects  line 25 sizeof (a) == 6 * sizeof (int)
FAIL: gcc.dg/simulate-thread/atomic-other-longlong.c  -O2 -g  thread simulation test
FAIL: gcc.dg/simulate-thread/atomic-other-longlong.c  -O3 -g  thread simulation test
FAIL: gcc.dg/tree-ssa/sra-12.c scan-tree-dump-times release_ssa "l;" 0
FAIL: gcc.target/arm/aapcs/neon-vect1.c execution test
FAIL: gcc.target/arm/aapcs/neon-vect2.c execution test
FAIL: gcc.target/arm/aapcs/neon-vect3.c execution test
FAIL: gcc.target/arm/aapcs/neon-vect4.c execution test
FAIL: gcc.target/arm/aapcs/neon-vect5.c execution test
FAIL: gcc.target/arm/aapcs/neon-vect6.c execution test
FAIL: gcc.target/arm/aapcs/neon-vect8.c execution test
FAIL: gcc.target/arm/builtin-bswap-1.c (test for excess errors)
UNRESOLVED: gcc.target/arm/builtin-bswap-1.c scan-assembler-not orr[ \\t]
UNRESOLVED: gcc.target/arm/builtin-bswap-1.c scan-assembler-times revsh\\\\t 2
UNRESOLVED: gcc.target/arm/builtin-bswap-1.c scan-assembler-times rev16\\\\t 2
UNRESOLVED: gcc.target/arm/builtin-bswap-1.c scan-assembler-times rev\\\\t 4
FAIL: gcc.target/arm/builtin-bswap16-1.c (test for excess errors)
UNRESOLVED: gcc.target/arm/builtin-bswap16-1.c scan-assembler-not orr[ \\t]
FAIL: gcc.target/arm/g2.c (test for excess errors)
UNRESOLVED: gcc.target/arm/g2.c scan-assembler mla[ \\t].*
FAIL: gcc.target/arm/neon-vext-execute.c execution test
FAIL: gcc.target/arm/pr40887.c (test for excess errors)
UNRESOLVED: gcc.target/arm/pr40887.c scan-assembler blx
FAIL: gcc.target/arm/scd42-1.c (test for excess errors)
UNRESOLVED: gcc.target/arm/scd42-1.c scan-assembler mov[ \\t].*17
FAIL: gcc.target/arm/scd42-2.c (test for excess errors)
UNRESOLVED: gcc.target/arm/scd42-2.c scan-assembler mov[ \\t].*272
FAIL: gcc.target/arm/scd42-3.c (test for excess errors)
UNRESOLVED: gcc.target/arm/scd42-3.c scan-assembler ldr[ \\t].*
FAIL: gcc.target/arm/xor-and.c (test for excess errors)
UNRESOLVED: gcc.target/arm/xor-and.c scan-assembler orr
UNRESOLVED: gcc.target/arm/xor-and.c scan-assembler-not mvn
UNRESOLVED: gcc.target/arm/xor-and.c scan-assembler-not uxth

		=== gcc Summary ===

# of expected passes		98675
# of unexpected failures	366
# of unexpected successes	31
# of expected failures		268
# of unresolved testcases	13
# of unsupported tests		1748
/build/gcc-4.9-HiRXRa/gcc-4.9-4.9.0/build/gcc/xgcc  version 4.9.0 (Debian 4.9.0-9) 

		=== gfortran tests ===


Running target unix

		=== gfortran Summary ===

# of expected passes		44470
# of expected failures		53
# of unsupported tests		420
/build/gcc-4.9-HiRXRa/gcc-4.9-4.9.0/build/gcc/testsuite/gfortran/../../gfortran  version 4.9.0 (Debian 4.9.0-9) 

		=== go tests ===


Running target unix
FAIL: ./index0-out.go execution,  -O0 -g -fno-var-tracking-assignments 
FAIL: ./slice3-out.go execution,  -O0 -g -fno-var-tracking-assignments 
FAIL: go.test/test/chan/select3.go execution,  -O2 -g 
FAIL: go.test/test/closedchan.go execution,  -O2 -g 
FAIL: go.test/test/cmp.go execution,  -O2 -g 
FAIL: go.test/test/divmod.go execution,  -O2 -g 
FAIL: go.test/test/fixedbugs/bug113.go execution,  -O2 -g 
FAIL: go.test/test/fixedbugs/bug148.go execution,  -O2 -g 
FAIL: go.test/test/fixedbugs/bug266.go execution,  -O2 -g 
FAIL: go.test/test/fixedbugs/bug272.go execution,  -O2 -g 
FAIL: go.test/test/fixedbugs/bug273.go execution,  -O2 -g 
FAIL: go.test/test/fixedbugs/bug324.dir/prog.go execution,  -O2 -g 
FAIL: go.test/test/fixedbugs/bug347.go execution,  -O0 -g 
FAIL: go.test/test/fixedbugs/bug348.go execution,  -O0 -g 
FAIL: go.test/test/fixedbugs/bug444.go execution,  -O2 -g 
FAIL: go.test/test/fixedbugs/issue4066.go execution,  -O2 -g 
FAIL: go.test/test/fixedbugs/issue4085b.go execution,  -O2 -g 
FAIL: go.test/test/fixedbugs/issue4353.go execution,  -O2 -g 
FAIL: go.test/test/fixedbugs/issue4562.go execution,  -O2 -g 
FAIL: go.test/test/fixedbugs/issue6055.go execution,  -O2 -g 
FAIL: go.test/test/interface/fail.go execution,  -O2 -g 
FAIL: go.test/test/interface/noeq.go execution,  -O2 -g 
FAIL: go.test/test/interface/returntype.go execution,  -O2 -g 
FAIL: go.test/test/method.go execution,  -O2 -g 
FAIL: go.test/test/method5.go execution,  -O2 -g 
FAIL: go.test/test/nil.go execution,  -O2 -g 
FAIL: go.test/test/nilptr.go execution,  -O2 -g 
FAIL: go.test/test/nilptr2.go execution,  -O2 -g 
FAIL: go.test/test/recover.go execution,  -O2 -g 
FAIL: go.test/test/recover1.go execution,  -O2 -g 
FAIL: go.test/test/recover2.go execution,  -O2 -g 
FAIL: go.test/test/recover3.go execution,  -O2 -g 

		=== go Summary ===

# of expected passes		7339
# of unexpected failures	32
# of expected failures		1
# of untested testcases		9
# of unsupported tests		2
/build/gcc-4.9-HiRXRa/gcc-4.9-4.9.0/build/gcc/testsuite/go/../../gccgo  version 4.9.0 (Debian 4.9.0-9) 

		=== obj-c++ tests ===


Running target unix

		=== obj-c++ Summary ===

# of expected passes		1449
# of expected failures		2
# of unsupported tests		86
/build/gcc-4.9-HiRXRa/gcc-4.9-4.9.0/build/gcc/testsuite/obj-c++/../../xg++  version 4.9.0 (Debian 4.9.0-9) 

		=== objc tests ===


Running target unix

		=== objc Summary ===

# of expected passes		2994
# of unsupported tests		74
/build/gcc-4.9-HiRXRa/gcc-4.9-4.9.0/build/gcc/xgcc  version 4.9.0 (Debian 4.9.0-9) 


Compiler version: 4.9.0 (Debian 4.9.0-9) 
Platform: arm-unknown-linux-gnueabihf
configure flags: -v --with-pkgversion='Debian 4.9.0-9' --with-bugurl=file:///usr/share/doc/gcc-4.9/README.Bugs --enable-languages=c,c++,java,go,d,fortran,objc,obj-c++ --prefix=/usr --program-suffix=-4.9 --enable-shared --enable-linker-build-id --libexecdir=/usr/lib --without-included-gettext --enable-threads=posix --with-gxx-include-dir=/usr/include/c++/4.9 --libdir=/usr/lib --enable-nls --with-sysroot=/ --enable-clocale=gnu --enable-libstdcxx-debug --enable-libstdcxx-time=yes --enable-gnu-unique-object --disable-libmudflap --disable-libitm --disable-libquadmath --enable-plugin --with-system-zlib --disable-browser-plugin --enable-java-awt=gtk --enable-gtk-cairo --with-java-home=/usr/lib/jvm/java-1.5.0-gcj-4.9-armhf/jre --enable-java-home --with-jvm-root-dir=/usr/lib/jvm/java-1.5.0-gcj-4.9-armhf --with-jvm-jar-dir=/usr/lib/jvm-exports/java-1.5.0-gcj-4.9-armhf --with-arch-directory=arm --with-ecj-jar=/usr/share/java/eclipse-ecj.jar --enable-objc-gc --enable-multiarch --disable-sjlj-exceptions --with-arch=armv7-a --with-fpu=vfpv3-d16 --with-float=hard --with-mode=thumb --enable-checking=release --build=arm-linux-gnueabihf --host=arm-linux-gnueabihf --target=arm-linux-gnueabihf
BOOT_CFLAGS=


Build Dependencies:
Desired=Unknown/Install/Remove/Purge/Hold
| Status=Not/Inst/Conf-files/Unpacked/halF-conf/Half-inst/trig-aWait/Trig-pend
|/ Err?=(none)/Reinst-required (Status,Err: uppercase=bad)
||/ Name                      Version            Architecture Description
+++-=========================-==================-============-===============================================================================
ii  binutils                  2.24.51.20140425-1 armhf        GNU assembler, linker and binary utilities
ii  g++-4.8                   4.8.2-21           armhf        GNU C++ compiler
ii  libc6:armhf               2.19-4             armhf        GNU C Library: Shared libraries
ii  libcloog-isl-dev:armhf    0.18.2-1           armhf        Chunky Loop Generator (development files)
ii  libgmp-dev:armhf          2:6.0.0+dfsg-4     armhf        Multiprecision arithmetic library developers tools
ii  libisl-dev:armhf          0.12.2-2           armhf        manipulating sets and relations of integer points bounded by linear constraints
ii  libmpc-dev:armhf          1.0.1-1            armhf        multiple precision complex floating-point library development package
ii  libmpfr-dev:armhf         3.1.2-1            armhf        multiple precision floating-point computation developers tools


svn-updates:
  updates from the 4.9 branch upto 20140627 (r212067).

gcc-gfdl-build:
  Build a dummy s-tm-texi without access to the texinfo sources

gcc-textdomain:
  Set gettext's domain and textdomain to the versioned package name.

gcc-driver-extra-langs:
  Add options and specs for languages that are not built from a source
  (but built from separate sources).

gcc-hash-style-gnu:
  Link using --hash-style=gnu (aarch64, alpha, amd64, armel, armhf, ia64,
  i386, powerpc, ppc64, s390, sparc)

libstdc++-pic:
  Build and install libstdc++_pic.a library.

libstdc++-doclink:
  adjust hrefs to point to the local documentation

libstdc++-man-3cxx:
  Install libstdc++ man pages with suffix .3cxx instead of .3

libstdc++-test-installed:
  Add support to run the libstdc++-v3 testsuite using the
  installed shared libraries.

libjava-stacktrace:
  libgcj: Lookup source file name and line number in separated
  debug files found in /usr/lib/debug

libjava-jnipath:
  - Add /usr/lib/jni and /usr/lib/<multiarch>/jni to java.library.path.
  - When running the i386 binaries on amd64, look in
  - /usr/lib32/gcj-x.y and /usr/lib32/jni instead.

libjava-sjlj:
  Don't try to use _Unwind_Backtrace on SJLJ targets.
  See bug #387875, #388505, GCC PR 29206.

libjava-disable-plugin:
  Don't build the gcjwebplugin, even when configured with --enable-plugin

alpha-no-ev4-directive:
  never emit .ev4 directive.

boehm-gc-getnprocs:
  boehm-gc/pthread_support.c (GC_get_nprocs): Use sysconf as fallback.

note-gnu-stack:
  Add .note.GNU-stack sections for gcc's crt files, libffi and boehm-gc
  Taken from FC.

libgomp-omp_h-multilib:
  Fix up omp.h for multilibs.

sparc-force-cpu:
  On sparc default to ultrasparc (v9a) in 32bit mode

gccgo-version:
  Omit the subminor number from the go libdir

pr47818:
  Fix PR ada/47818: Pragma Assert is rejected with No_Implementation_Pragmas restriction.

pr49944:
  apply proposed patch for PR ada/49444.

gcc-base-version:
  Set base version to 4.9, introduce full version 4.9.x.

libgo-testsuite:
  Only run the libgo testsuite for flags configured in RUNTESTFLAGS

gcc-target-include-asm:
  Search \$(builddir)/sys-include for the asm header files

libgo-revert-timeout-exp:

libgo-setcontext-config:
  libgo: Overwrite the setcontext_clobbers_tls check on mips*

gcc-auto-build:
  Fix cross building a native compiler.

kfreebsd-unwind:
  DWARF2 EH unwinding support for AMD x86-64 and x86 KFreeBSD.

kfreebsd-boehm-gc:
  boehm-gc: use mmap instead of brk also on kfreebsd-*.

libffi-m68k:
  Apply #660525 fix to in-tree libffi

libitm-no-fortify-source:
  Build libitm with -U_FORTIFY_SOURCE on x86 and x86_64.

pr59758:
  Fix PR target/59758 (sparc), libsanitizer build failure.

pr57653:
  Proposed patch for PR c/57653.

libitm-aarch64:
  Build libitm on AArch64, patch taken from the trunk.

pr61257:
  Fix PR other/61257, check for working sys/sdt.h

pr61046:
  Fix PR c++/61046, taken from the trunk.

pr61336:
  Fix PR target/61336, taken from the trunk.

pr61126:

gcc-setmultilib-fix:

libstdc++-python3:
  Make the libstdc++-v3 pretty printer compatible with Python3.

ada-arm:

ada-hurd:

ada-kfreebsd:
  add support for GNU/kFreeBSD.

ada-mips:
  Improve support for mips.

gdc-4.9:
  This implements D language support in the GCC back end, and adds
  relevant documentation about the GDC front end (code part).

gdc-versym-cpu:
  Implements D CPU version conditions.

gdc-versym-os:
  Implements D OS version conditions.

gdc-frontend-posix:
  Fix build of the D frontend on the Hurd and KFreeBSD.

gdc-texinfo:
  Add macros for the gdc texinfo documentation.

gdc-driver-nophobos:
  Modify gdc driver to have no libphobos by default.

disable-gdc-tests:
  Disable D tests, hang on many buildds

libjava-armel-unwind:
  On armel, apply kludge to fix unwinder infinitely looping 'til it runs out
  of memory (http://gcc.gnu.org/ml/java/2008-06/msg00010.html).

gcj-arm-mode:
  For armhf, force arm mode instead of thumb mode

gcc-sysroot:
  Allow building --with-sysroot=/

sys-auxv-header:
  Check for the sys/auxv.h header file.

libcilkrts-targets:
  Disable libcilkrts on KFreeBSD and the Hurd. See #734973.

go-use-gold:
  Pass -fuse-ld=gold to gccgo on targets supporting -fsplit-stack

arm-multilib-defaults:
  Set MULTILIB_DEFAULTS for ARM multilib builds

gcc-ice-hack:
  Retry the build on an ice, save the calling options and preprocessed
  source when the ice is reproducible.

gcc-ice-apport:
  Report an ICE to apport (if apport is available
  and the environment variable GCC_NOAPPORT is not set)

libjava-fixed-symlinks:
  Remove unneed '..' elements from symlinks in JAVA_HOME

libffi-ro-eh_frame_sect:
  PR libffi/47248, force a read only eh frame section.

gcc-multiarch:
  - Remaining multiarch patches, not yet submitted upstream.
  - Add MULTIARCH_DIRNAME definitions for multilib configurations,
  which are used for the non-multilib builds.

libjava-multiarch:
  Install libjava libraries to multiarch location

libjava-nobiarch-check:
  For biarch builds, disable the testsuite for the non-default architecture
  for runtime libraries, which are not built by default (libjava).

config-ml:
  - Disable some biarch libraries for biarch builds.
  - Fix multilib builds on kernels which don't support all multilibs.

g++-multiarch-incdir:
  Use /usr/include/<multiarch>/c++/4.x as the include directory
  for host dependent c++ header files.

gcc-multilib-multiarch:
  Don't auto-detect multilib osdirnames.

mips-fix-loongson2f-nop:
  On mips, pass -mfix-loongson2f-nop to as, if -mno-fix-loongson2f-nop
  is not passed.

libgomp-kfreebsd-testsuite:
  Disable lock-2.c test on kfreebsd-*

go-testsuite:
  Skip Go testcase on AArch64 which hangs on the buildds.

libstdc++-link-pthread:
  Link libstdc++ tests requiring libpthread symbols with --no-as-needed.

fix-ffi_call_VFP-with-no-VFP-argument:
  armhf: Fix ffi_call_VFP with no VFP arguments.

ada-ppc64:

Counting all warnings,
there are 0 warnings in stage3 of this bootstrap.

Number of warnings per file:

Number of warning types:


Index Nav: [Date Index] [Subject Index] [Author Index] [Thread Index]
Message Nav: [Date Prev] [Date Next] [Thread Prev] [Thread Next]