This is the mail archive of the
gcc-testresults@gcc.gnu.org
mailing list for the GCC project.
Results for 4.9.0 (Debian 4.9.0-9) testsuite on i586-pc-linux-gnu
- From: Matthias Klose <doko at debian dot org>
- To: gcc-testresults at gcc dot gnu dot org
- Cc: debian-gcc at lists dot debian dot org
- Date: Sat, 28 Jun 2014 17:54:23 +0000
- Subject: Results for 4.9.0 (Debian 4.9.0-9) testsuite on i586-pc-linux-gnu
- Authentication-results: sourceware.org; auth=none
- Reply-to: Matthias Klose <doko at debian dot org>
LAST_UPDATED: Fri Jun 27 09:44:34 UTC 2014 (revision 212067)
Target: i586-linux-gnu
gcc version 4.9.0 (Debian 4.9.0-9)
Native configuration is i586-pc-linux-gnu
=== g++ tests ===
Running target unix
FAIL: g++.dg/guality/pr55665.C -O2 line 23 p == 40
FAIL: g++.dg/guality/pr55665.C -O3 -fomit-frame-pointer line 23 p == 40
FAIL: g++.dg/guality/pr55665.C -O3 -g line 23 p == 40
=== g++ Summary for unix ===
# of expected passes 86431
# of unexpected failures 3
# of expected failures 445
# of unsupported tests 2774
Running target unix/-fstack-protector
FAIL: g++.dg/asan/asan_test.C -O2 AddressSanitizer_SimpleStackTest A[kSize + 31] = 0 execution test
FAIL: g++.dg/asan/asan_test.C -O2 AddressSanitizer_SimpleStackTest A[kSize + 10] = 0 execution test
FAIL: g++.dg/asan/asan_test.C -O2 AddressSanitizer_SimpleStackTest A[kSize + 31] = 0 execution test
FAIL: g++.dg/asan/asan_test.C -O2 AddressSanitizer_SimpleStackTest A[kSize + 31] = 0 execution test
FAIL: g++.dg/asan/asan_test.C -O2 AddressSanitizer_SimpleStackTest A[kSize + 31] = 0 execution test
FAIL: g++.dg/asan/asan_test.C -O2 AddressSanitizer_SimpleStackTest A[kSize + 31] = 0 execution test
FAIL: g++.dg/fstack-protector-strong.C -std=gnu++98 scan-assembler-times stack_chk_fail 2
FAIL: g++.dg/fstack-protector-strong.C -std=gnu++11 scan-assembler-times stack_chk_fail 2
FAIL: g++.dg/fstack-protector-strong.C -std=gnu++1y scan-assembler-times stack_chk_fail 2
FAIL: g++.dg/guality/pr55665.C -O2 line 23 p == 40
FAIL: g++.dg/guality/pr55665.C -O3 -fomit-frame-pointer line 23 p == 40
FAIL: g++.dg/guality/pr55665.C -O3 -g line 23 p == 40
=== g++ Summary for unix/-fstack-protector ===
# of expected passes 86416
# of unexpected failures 12
# of expected failures 445
# of unsupported tests 2774
Running target unix/-m64
=== g++ Summary for unix/-m64 ===
# of expected passes 87768
# of expected failures 445
# of unsupported tests 3079
=== g++ Summary ===
# of expected passes 260615
# of unexpected failures 15
# of expected failures 1335
# of unsupported tests 8627
/build/gcc-4.9-XzPotW/gcc-4.9-4.9.0/build/gcc/testsuite/g++/../../xg++ version 4.9.0 (Debian 4.9.0-9)
=== gcc tests ===
Running target unix
=== gcc Summary for unix ===
# of expected passes 105029
# of expected failures 252
# of unsupported tests 1217
Running target unix/-fstack-protector
FAIL: gcc.dg/fstack-protector-strong.c scan-assembler-times stack_chk_fail 10
FAIL: gcc.dg/stack-usage-1.c scan-file foo\\t(256|264)\\tstatic
FAIL: gcc.dg/superblock.c scan-rtl-dump-times sched2 "ADVANCING TO" 2
XPASS: gcc.dg/guality/example.c -O0 execution test
XPASS: gcc.dg/guality/example.c -O1 execution test
XPASS: gcc.dg/guality/guality.c -O0 execution test
XPASS: gcc.dg/guality/guality.c -O1 execution test
XPASS: gcc.dg/guality/guality.c -O2 execution test
XPASS: gcc.dg/guality/guality.c -O3 -fomit-frame-pointer execution test
XPASS: gcc.dg/guality/guality.c -O3 -g execution test
XPASS: gcc.dg/guality/guality.c -Os execution test
XPASS: gcc.dg/guality/guality.c -O2 -flto -fno-use-linker-plugin -flto-partition=none execution test
XPASS: gcc.dg/guality/guality.c -O2 -flto -fuse-linker-plugin -fno-fat-lto-objects execution test
XPASS: gcc.dg/guality/inline-params.c -O2 execution test
XPASS: gcc.dg/guality/inline-params.c -O3 -fomit-frame-pointer execution test
XPASS: gcc.dg/guality/inline-params.c -O3 -g execution test
XPASS: gcc.dg/guality/inline-params.c -Os execution test
XPASS: gcc.dg/guality/inline-params.c -O2 -flto -fno-use-linker-plugin -flto-partition=none execution test
XPASS: gcc.dg/guality/pr41353-1.c -O0 line 28 j == 28 + 37
XPASS: gcc.dg/guality/pr41353-1.c -O1 line 28 j == 28 + 37
XPASS: gcc.dg/guality/pr41353-1.c -O2 line 28 j == 28 + 37
XPASS: gcc.dg/guality/pr41353-1.c -O3 -fomit-frame-pointer line 28 j == 28 + 37
XPASS: gcc.dg/guality/pr41353-1.c -O3 -g line 28 j == 28 + 37
XPASS: gcc.dg/guality/pr41353-1.c -Os line 28 j == 28 + 37
XPASS: gcc.dg/guality/pr41353-1.c -O2 -flto -fno-use-linker-plugin -flto-partition=none line 28 j == 28 + 37
XPASS: gcc.dg/guality/pr41353-1.c -O2 -flto -fuse-linker-plugin -fno-fat-lto-objects line 28 j == 28 + 37
XPASS: gcc.dg/guality/pr41447-1.c -O0 execution test
XPASS: gcc.dg/guality/pr41447-1.c -O1 execution test
XPASS: gcc.dg/guality/pr41447-1.c -Os execution test
XPASS: gcc.dg/guality/pr41447-1.c -O2 -flto -fuse-linker-plugin -fno-fat-lto-objects execution test
XPASS: gcc.dg/guality/pr41616-1.c -O0 execution test
XPASS: gcc.dg/guality/pr41616-1.c -O1 execution test
XPASS: gcc.dg/guality/pr41616-1.c -O2 execution test
XPASS: gcc.dg/guality/pr41616-1.c -O3 -fomit-frame-pointer execution test
XPASS: gcc.dg/guality/pr41616-1.c -O3 -g execution test
XPASS: gcc.dg/guality/pr41616-1.c -Os execution test
XPASS: gcc.dg/guality/pr41616-1.c -O2 -flto -fno-use-linker-plugin -flto-partition=none execution test
FAIL: gcc.dg/guality/pr48437.c -O2 -flto -fno-use-linker-plugin -flto-partition=none line 14 i == 0
FAIL: gcc.dg/guality/pr48437.c -O2 -flto -fuse-linker-plugin -fno-fat-lto-objects line 14 i == 0
FAIL: gcc.dg/guality/pr54200.c -O2 -flto -fuse-linker-plugin -fno-fat-lto-objects line 20 z == 3
FAIL: gcc.dg/guality/pr54519-1.c -O2 line 20 y == 25
FAIL: gcc.dg/guality/pr54519-1.c -O2 line 20 z == 6
FAIL: gcc.dg/guality/pr54519-1.c -O2 line 23 y == 117
FAIL: gcc.dg/guality/pr54519-1.c -O2 line 23 z == 8
FAIL: gcc.dg/guality/pr54519-1.c -O3 -fomit-frame-pointer line 20 x == 36
FAIL: gcc.dg/guality/pr54519-1.c -O3 -fomit-frame-pointer line 20 y == 25
FAIL: gcc.dg/guality/pr54519-1.c -O3 -fomit-frame-pointer line 20 z == 6
FAIL: gcc.dg/guality/pr54519-1.c -O3 -g line 20 x == 36
FAIL: gcc.dg/guality/pr54519-1.c -O3 -g line 20 y == 25
FAIL: gcc.dg/guality/pr54519-1.c -O3 -g line 20 z == 6
FAIL: gcc.dg/guality/pr54519-1.c -O2 -flto -fno-use-linker-plugin -flto-partition=none line 20 y == 25
FAIL: gcc.dg/guality/pr54519-1.c -O2 -flto -fno-use-linker-plugin -flto-partition=none line 20 z == 6
FAIL: gcc.dg/guality/pr54519-1.c -O2 -flto -fno-use-linker-plugin -flto-partition=none line 23 y == 117
FAIL: gcc.dg/guality/pr54519-1.c -O2 -flto -fno-use-linker-plugin -flto-partition=none line 23 z == 8
FAIL: gcc.dg/guality/pr54519-2.c -O2 -flto -fno-use-linker-plugin -flto-partition=none line 17 y == 25
FAIL: gcc.dg/guality/pr54519-2.c -O2 -flto -fuse-linker-plugin -fno-fat-lto-objects line 17 y == 25
FAIL: gcc.dg/guality/pr54519-3.c -O2 line 20 x == 36
FAIL: gcc.dg/guality/pr54519-3.c -O2 line 20 y == 25
FAIL: gcc.dg/guality/pr54519-3.c -O2 line 20 z == 6
FAIL: gcc.dg/guality/pr54519-3.c -O2 line 23 x == 98
FAIL: gcc.dg/guality/pr54519-3.c -O2 line 23 y == 117
FAIL: gcc.dg/guality/pr54519-3.c -O2 line 23 z == 8
FAIL: gcc.dg/guality/pr54519-3.c -O3 -fomit-frame-pointer line 20 x == 36
FAIL: gcc.dg/guality/pr54519-3.c -O3 -fomit-frame-pointer line 20 y == 25
FAIL: gcc.dg/guality/pr54519-3.c -O3 -fomit-frame-pointer line 20 z == 6
FAIL: gcc.dg/guality/pr54519-3.c -O3 -fomit-frame-pointer line 23 x == 98
FAIL: gcc.dg/guality/pr54519-3.c -O3 -fomit-frame-pointer line 23 y == 117
FAIL: gcc.dg/guality/pr54519-3.c -O3 -fomit-frame-pointer line 23 z == 8
FAIL: gcc.dg/guality/pr54519-3.c -O3 -g line 20 x == 36
FAIL: gcc.dg/guality/pr54519-3.c -O3 -g line 20 y == 25
FAIL: gcc.dg/guality/pr54519-3.c -O3 -g line 20 z == 6
FAIL: gcc.dg/guality/pr54519-3.c -O3 -g line 23 x == 98
FAIL: gcc.dg/guality/pr54519-3.c -O3 -g line 23 y == 117
FAIL: gcc.dg/guality/pr54519-3.c -O3 -g line 23 z == 8
FAIL: gcc.dg/guality/pr54519-3.c -O2 -flto -fno-use-linker-plugin -flto-partition=none line 20 x == 36
FAIL: gcc.dg/guality/pr54519-3.c -O2 -flto -fno-use-linker-plugin -flto-partition=none line 20 y == 25
FAIL: gcc.dg/guality/pr54519-3.c -O2 -flto -fno-use-linker-plugin -flto-partition=none line 20 z == 6
FAIL: gcc.dg/guality/pr54519-3.c -O2 -flto -fno-use-linker-plugin -flto-partition=none line 23 x == 98
FAIL: gcc.dg/guality/pr54519-3.c -O2 -flto -fno-use-linker-plugin -flto-partition=none line 23 y == 117
FAIL: gcc.dg/guality/pr54519-3.c -O2 -flto -fno-use-linker-plugin -flto-partition=none line 23 z == 8
FAIL: gcc.dg/guality/pr54519-3.c -O2 -flto -fuse-linker-plugin -fno-fat-lto-objects line 20 y == 25
FAIL: gcc.dg/guality/pr54519-3.c -O2 -flto -fuse-linker-plugin -fno-fat-lto-objects line 20 z == 6
FAIL: gcc.dg/guality/pr54519-3.c -O2 -flto -fuse-linker-plugin -fno-fat-lto-objects line 23 y == 117
FAIL: gcc.dg/guality/pr54519-3.c -O2 -flto -fuse-linker-plugin -fno-fat-lto-objects line 23 z == 8
FAIL: gcc.dg/guality/pr54519-4.c -O2 -flto -fno-use-linker-plugin -flto-partition=none line 17 y == 25
FAIL: gcc.dg/guality/pr54519-4.c -O2 -flto -fuse-linker-plugin -fno-fat-lto-objects line 17 y == 25
FAIL: gcc.dg/guality/pr54519-5.c -O2 -flto -fno-use-linker-plugin -flto-partition=none line 17 y == 25
FAIL: gcc.dg/guality/pr54519-5.c -O2 -flto -fuse-linker-plugin -fno-fat-lto-objects line 17 y == 25
FAIL: gcc.dg/guality/pr54693-2.c -O3 -fomit-frame-pointer -funroll-loops line 21 i == v + 1
FAIL: gcc.dg/guality/pr54693-2.c -O3 -fomit-frame-pointer -funroll-all-loops -finline-functions line 21 i == v + 1
FAIL: gcc.dg/guality/pr54970.c -Os line 15 a[0] == 1
FAIL: gcc.dg/guality/pr54970.c -Os line 20 a[0] == 1
FAIL: gcc.dg/guality/pr54970.c -Os line 25 a[0] == 1
FAIL: gcc.dg/guality/pr54970.c -Os line 31 *p == 6
FAIL: gcc.dg/guality/pr54970.c -Os line 31 *q == 5
FAIL: gcc.dg/guality/pr54970.c -Os line 36 *p == 26
FAIL: gcc.dg/guality/pr54970.c -Os line 36 *q == 5
FAIL: gcc.dg/guality/pr54970.c -Os line 45 *p == 26
FAIL: gcc.dg/guality/pr54970.c -Os line 45 p[-1] == 25
FAIL: gcc.dg/guality/pr54970.c -Os line 45 p[-2] == 4
FAIL: gcc.dg/guality/pr54970.c -Os line 45 q[-1] == 4
FAIL: gcc.dg/guality/pr54970.c -Os line 45 q[1] == 26
FAIL: gcc.dg/guality/pr54970.c -Os line 45 *q == 25
FAIL: gcc.dg/guality/sra-1.c -O2 -flto -fuse-linker-plugin -fno-fat-lto-objects line 43 a.j == 14
FAIL: gcc.dg/guality/vla-1.c -O0 line 17 sizeof (a) == 6
FAIL: gcc.dg/guality/vla-1.c -O0 line 24 sizeof (a) == 17 * sizeof (short)
FAIL: gcc.dg/guality/vla-1.c -O1 line 17 sizeof (a) == 6
FAIL: gcc.dg/guality/vla-1.c -O1 line 24 sizeof (a) == 17 * sizeof (short)
FAIL: gcc.dg/guality/vla-1.c -O2 line 17 sizeof (a) == 6
FAIL: gcc.dg/guality/vla-1.c -O2 line 24 sizeof (a) == 17 * sizeof (short)
FAIL: gcc.dg/guality/vla-1.c -O3 -fomit-frame-pointer line 17 sizeof (a) == 6
FAIL: gcc.dg/guality/vla-1.c -O3 -fomit-frame-pointer line 24 sizeof (a) == 17 * sizeof (short)
FAIL: gcc.dg/guality/vla-1.c -O3 -g line 17 sizeof (a) == 6
FAIL: gcc.dg/guality/vla-1.c -O3 -g line 24 sizeof (a) == 17 * sizeof (short)
FAIL: gcc.dg/guality/vla-1.c -Os line 17 sizeof (a) == 6
FAIL: gcc.dg/guality/vla-1.c -Os line 24 sizeof (a) == 17 * sizeof (short)
FAIL: gcc.dg/guality/vla-1.c -O2 -flto -fno-use-linker-plugin -flto-partition=none line 17 sizeof (a) == 6
FAIL: gcc.dg/guality/vla-1.c -O2 -flto -fno-use-linker-plugin -flto-partition=none line 24 sizeof (a) == 17 * sizeof (short)
FAIL: gcc.dg/guality/vla-1.c -O2 -flto -fuse-linker-plugin -fno-fat-lto-objects line 17 sizeof (a) == 6
FAIL: gcc.dg/guality/vla-1.c -O2 -flto -fuse-linker-plugin -fno-fat-lto-objects line 24 sizeof (a) == 17 * sizeof (short)
FAIL: gcc.dg/guality/vla-2.c -O0 line 16 sizeof (a) == 5 * sizeof (int)
FAIL: gcc.dg/guality/vla-2.c -O0 line 25 sizeof (a) == 6 * sizeof (int)
FAIL: gcc.dg/guality/vla-2.c -O1 line 16 sizeof (a) == 5 * sizeof (int)
FAIL: gcc.dg/guality/vla-2.c -O1 line 25 sizeof (a) == 6 * sizeof (int)
FAIL: gcc.dg/guality/vla-2.c -O2 line 16 sizeof (a) == 5 * sizeof (int)
FAIL: gcc.dg/guality/vla-2.c -O2 line 25 sizeof (a) == 6 * sizeof (int)
FAIL: gcc.dg/guality/vla-2.c -O3 -fomit-frame-pointer line 16 sizeof (a) == 5 * sizeof (int)
FAIL: gcc.dg/guality/vla-2.c -O3 -fomit-frame-pointer line 25 sizeof (a) == 6 * sizeof (int)
FAIL: gcc.dg/guality/vla-2.c -O3 -g line 16 sizeof (a) == 5 * sizeof (int)
FAIL: gcc.dg/guality/vla-2.c -O3 -g line 25 sizeof (a) == 6 * sizeof (int)
FAIL: gcc.dg/guality/vla-2.c -Os line 16 sizeof (a) == 5 * sizeof (int)
FAIL: gcc.dg/guality/vla-2.c -Os line 25 sizeof (a) == 6 * sizeof (int)
FAIL: gcc.dg/guality/vla-2.c -O2 -flto -fno-use-linker-plugin -flto-partition=none line 16 sizeof (a) == 5 * sizeof (int)
FAIL: gcc.dg/guality/vla-2.c -O2 -flto -fno-use-linker-plugin -flto-partition=none line 25 sizeof (a) == 6 * sizeof (int)
FAIL: gcc.dg/guality/vla-2.c -O2 -flto -fuse-linker-plugin -fno-fat-lto-objects line 16 sizeof (a) == 5 * sizeof (int)
FAIL: gcc.dg/guality/vla-2.c -O2 -flto -fuse-linker-plugin -fno-fat-lto-objects line 25 sizeof (a) == 6 * sizeof (int)
=== gcc Summary for unix/-fstack-protector ===
# of expected passes 107663
# of unexpected failures 102
# of unexpected successes 34
# of expected failures 266
# of unsupported tests 1348
Running target unix/-m64
=== gcc Summary for unix/-m64 ===
# of expected passes 108375
# of unexpected failures 99
# of unexpected successes 34
# of expected failures 269
# of unsupported tests 1640
=== gcc Summary ===
# of expected passes 321067
# of unexpected failures 201
# of unexpected successes 68
# of expected failures 787
# of unsupported tests 4205
/build/gcc-4.9-XzPotW/gcc-4.9-4.9.0/build/gcc/xgcc version 4.9.0 (Debian 4.9.0-9)
=== gdc tests ===
Running target unix
=== gdc Summary for unix ===
# of expected passes 16026
# of unexpected failures 16
# of unresolved testcases 16
Running target unix/-fstack-protector
=== gdc Summary for unix/-fstack-protector ===
# of expected passes 16026
# of unexpected failures 16
# of unresolved testcases 16
Running target unix/-m64
=== gdc Summary for unix/-m64 ===
# of expected passes 16026
# of unexpected failures 16
# of unresolved testcases 16
=== gdc Summary ===
# of expected passes 48078
# of unexpected failures 48
# of unresolved testcases 48
/build/gcc-4.9-XzPotW/gcc-4.9-4.9.0/build/gcc/testsuite/gdc/../../gdc version 4.9.0 (Debian 4.9.0-9)
=== gfortran tests ===
Running target unix
=== gfortran Summary for unix ===
# of expected passes 45412
# of expected failures 52
# of unsupported tests 222
Running target unix/-fstack-protector
=== gfortran Summary for unix/-fstack-protector ===
# of expected passes 45412
# of expected failures 52
# of unsupported tests 222
Running target unix/-m64
=== gfortran Summary for unix/-m64 ===
# of expected passes 45706
# of expected failures 52
# of unsupported tests 85
=== gfortran Summary ===
# of expected passes 136530
# of expected failures 156
# of unsupported tests 529
/build/gcc-4.9-XzPotW/gcc-4.9-4.9.0/build/gcc/testsuite/gfortran/../../gfortran version 4.9.0 (Debian 4.9.0-9)
=== go tests ===
Running target unix
=== go Summary for unix ===
# of expected passes 7377
# of expected failures 1
# of untested testcases 6
# of unsupported tests 2
Running target unix/-fstack-protector
=== go Summary for unix/-fstack-protector ===
# of expected passes 7377
# of expected failures 1
# of untested testcases 6
# of unsupported tests 2
Running target unix/-m64
FAIL: go.test/test/fixedbugs/issue4348.go -O (test for excess errors)
FAIL: go.test/test/fixedbugs/issue6036.go -O (test for excess errors)
=== go Summary for unix/-m64 ===
# of expected passes 7256
# of unexpected failures 2
# of expected failures 1
# of untested testcases 6
# of unsupported tests 1
=== go Summary ===
# of expected passes 22010
# of unexpected failures 2
# of expected failures 3
# of untested testcases 18
# of unsupported tests 5
/build/gcc-4.9-XzPotW/gcc-4.9-4.9.0/build/gcc/testsuite/go/../../gccgo version 4.9.0 (Debian 4.9.0-9)
=== obj-c++ tests ===
Running target unix
=== obj-c++ Summary for unix ===
# of expected passes 1449
# of expected failures 2
# of unsupported tests 86
Running target unix/-fstack-protector
=== obj-c++ Summary for unix/-fstack-protector ===
# of expected passes 1449
# of expected failures 2
# of unsupported tests 86
Running target unix/-m64
=== obj-c++ Summary for unix/-m64 ===
# of expected passes 1441
# of expected failures 10
# of unsupported tests 86
=== obj-c++ Summary ===
# of expected passes 4339
# of expected failures 14
# of unsupported tests 258
/build/gcc-4.9-XzPotW/gcc-4.9-4.9.0/build/gcc/testsuite/obj-c++/../../xg++ version 4.9.0 (Debian 4.9.0-9)
=== objc tests ===
Running target unix
=== objc Summary for unix ===
# of expected passes 2988
# of expected failures 6
# of unsupported tests 74
Running target unix/-fstack-protector
=== objc Summary for unix/-fstack-protector ===
# of expected passes 2988
# of expected failures 6
# of unsupported tests 74
Running target unix/-m64
=== objc Summary for unix/-m64 ===
# of expected passes 2988
# of expected failures 6
# of unsupported tests 74
=== objc Summary ===
# of expected passes 8964
# of expected failures 18
# of unsupported tests 222
/build/gcc-4.9-XzPotW/gcc-4.9-4.9.0/build/gcc/xgcc version 4.9.0 (Debian 4.9.0-9)
=== boehm-gc tests ===
Running target unix
=== boehm-gc Summary for unix ===
# of expected passes 12
# of unsupported tests 1
Running target unix/-fstack-protector
=== boehm-gc Summary for unix/-fstack-protector ===
# of expected passes 12
# of unsupported tests 1
Running target unix/-m64
FAIL: boehm-gc.c/gctest.c -O2 execution test
=== boehm-gc Summary for unix/-m64 ===
# of expected passes 11
# of unexpected failures 1
# of unsupported tests 1
=== boehm-gc Summary ===
# of expected passes 35
# of unexpected failures 1
# of unsupported tests 3
=== libatomic tests ===
Running target unix
=== libatomic Summary for unix ===
# of expected passes 44
# of unsupported tests 5
Running target unix/-fstack-protector
=== libatomic Summary for unix/-fstack-protector ===
# of expected passes 44
# of unsupported tests 5
Running target unix/-m64
=== libatomic Summary for unix/-m64 ===
# of expected passes 54
=== libatomic Summary ===
# of expected passes 142
# of unsupported tests 10
=== libffi tests ===
Running target unix
=== libffi Summary for unix ===
# of expected passes 1819
# of unsupported tests 55
Running target unix/-fstack-protector
=== libffi Summary for unix/-fstack-protector ===
# of expected passes 1819
# of unsupported tests 55
Running target unix/-m64
=== libffi Summary for unix/-m64 ===
# of expected passes 1819
# of unsupported tests 55
=== libffi Summary ===
# of expected passes 5457
# of unsupported tests 165
=== libgo tests ===
Running target unix
=== libgo Summary for unix ===
# of expected passes 122
Running target unix/-m64
=== libgo Summary for unix/-m64 ===
Running target unix/-mx32
=== libgo Summary for unix/-mx32 ===
=== libgo Summary ===
/build/gcc-4.9-XzPotW/gcc-4.9-4.9.0/build/./gcc/gccgo version 4.9.0 (Debian 4.9.0-9)
=== libgomp tests ===
Running target unix
FAIL: libgomp.fortran/lib1.f90 -O3 -fomit-frame-pointer -funroll-loops execution test
=== libgomp Summary for unix ===
# of expected passes 2445
# of unexpected failures 1
Running target unix/-fstack-protector
=== libgomp Summary for unix/-fstack-protector ===
# of expected passes 2446
Running target unix/-m64
=== libgomp Summary for unix/-m64 ===
# of expected passes 2446
=== libgomp Summary ===
# of expected passes 7337
# of unexpected failures 1
=== libitm tests ===
Running target unix
=== libitm Summary for unix ===
# of expected passes 26
# of expected failures 3
# of unsupported tests 1
Running target unix/-fstack-protector
=== libitm Summary for unix/-fstack-protector ===
# of expected passes 26
# of expected failures 3
# of unsupported tests 1
Running target unix/-m64
=== libitm Summary for unix/-m64 ===
# of expected passes 26
# of expected failures 3
# of unsupported tests 1
=== libitm Summary ===
# of expected passes 78
# of expected failures 9
# of unsupported tests 3
=== libjava tests ===
Running target unix
=== libjava Summary for unix ===
# of expected passes 2582
# of expected failures 4
Running target unix/-fstack-protector
=== libjava Summary for unix/-fstack-protector ===
# of expected passes 2582
# of expected failures 4
=== libjava Summary ===
# of expected passes 5164
# of expected failures 8
=== libstdc++ tests ===
Running target unix
FAIL: 22_locale/numpunct/members/char/3.cc execution test
FAIL: 22_locale/time_get/get_date/wchar_t/4.cc execution test
FAIL: libstdc++-prettyprinters/48362.cc print t2
FAIL: libstdc++-prettyprinters/cxx11.cc print fl
FAIL: libstdc++-prettyprinters/cxx11.cc print rfl
FAIL: libstdc++-prettyprinters/cxx11.cc print uom
FAIL: libstdc++-prettyprinters/cxx11.cc print ruom
FAIL: libstdc++-prettyprinters/cxx11.cc print uomm
FAIL: libstdc++-prettyprinters/cxx11.cc print ruomm
FAIL: libstdc++-prettyprinters/cxx11.cc print uos
FAIL: libstdc++-prettyprinters/cxx11.cc print ruos
FAIL: libstdc++-prettyprinters/cxx11.cc print uoms
FAIL: libstdc++-prettyprinters/cxx11.cc print ruoms
FAIL: libstdc++-prettyprinters/cxx11.cc print tpl
FAIL: libstdc++-prettyprinters/cxx11.cc print rtpl
FAIL: libstdc++-prettyprinters/debug.cc print deq
FAIL: libstdc++-prettyprinters/debug.cc print lst
FAIL: libstdc++-prettyprinters/debug.cc print mp
FAIL: libstdc++-prettyprinters/debug.cc print sp
FAIL: libstdc++-prettyprinters/debug.cc print sll
FAIL: libstdc++-prettyprinters/simple.cc print deq
FAIL: libstdc++-prettyprinters/simple.cc print lst
FAIL: libstdc++-prettyprinters/simple.cc print mp
FAIL: libstdc++-prettyprinters/simple.cc print sp
FAIL: libstdc++-prettyprinters/simple.cc print sll
FAIL: libstdc++-prettyprinters/simple11.cc print deq
FAIL: libstdc++-prettyprinters/simple11.cc print lst
FAIL: libstdc++-prettyprinters/simple11.cc print mp
FAIL: libstdc++-prettyprinters/simple11.cc print sp
FAIL: libstdc++-prettyprinters/simple11.cc print sll
FAIL: libstdc++-prettyprinters/tr1.cc print uom
FAIL: libstdc++-prettyprinters/tr1.cc print uomm
FAIL: libstdc++-prettyprinters/tr1.cc print uos
FAIL: libstdc++-prettyprinters/tr1.cc print uoms
=== libstdc++ Summary for unix ===
# of expected passes 10015
# of unexpected failures 34
# of expected failures 41
# of unsupported tests 225
Running target unix/-fstack-protector
FAIL: 22_locale/numpunct/members/char/3.cc execution test
FAIL: 22_locale/time_get/get_date/wchar_t/4.cc execution test
FAIL: libstdc++-prettyprinters/48362.cc print t2
FAIL: libstdc++-prettyprinters/cxx11.cc print fl
FAIL: libstdc++-prettyprinters/cxx11.cc print rfl
FAIL: libstdc++-prettyprinters/cxx11.cc print uom
FAIL: libstdc++-prettyprinters/cxx11.cc print ruom
FAIL: libstdc++-prettyprinters/cxx11.cc print uomm
FAIL: libstdc++-prettyprinters/cxx11.cc print ruomm
FAIL: libstdc++-prettyprinters/cxx11.cc print uos
FAIL: libstdc++-prettyprinters/cxx11.cc print ruos
FAIL: libstdc++-prettyprinters/cxx11.cc print uoms
FAIL: libstdc++-prettyprinters/cxx11.cc print ruoms
FAIL: libstdc++-prettyprinters/cxx11.cc print tpl
FAIL: libstdc++-prettyprinters/cxx11.cc print rtpl
FAIL: libstdc++-prettyprinters/debug.cc print deq
FAIL: libstdc++-prettyprinters/debug.cc print lst
FAIL: libstdc++-prettyprinters/debug.cc print mp
FAIL: libstdc++-prettyprinters/debug.cc print sp
FAIL: libstdc++-prettyprinters/debug.cc print sll
FAIL: libstdc++-prettyprinters/simple.cc print deq
FAIL: libstdc++-prettyprinters/simple.cc print lst
FAIL: libstdc++-prettyprinters/simple.cc print mp
FAIL: libstdc++-prettyprinters/simple.cc print sp
FAIL: libstdc++-prettyprinters/simple.cc print sll
FAIL: libstdc++-prettyprinters/simple11.cc print deq
FAIL: libstdc++-prettyprinters/simple11.cc print lst
FAIL: libstdc++-prettyprinters/simple11.cc print mp
FAIL: libstdc++-prettyprinters/simple11.cc print sp
FAIL: libstdc++-prettyprinters/simple11.cc print sll
FAIL: libstdc++-prettyprinters/tr1.cc print uom
FAIL: libstdc++-prettyprinters/tr1.cc print uomm
FAIL: libstdc++-prettyprinters/tr1.cc print uos
FAIL: libstdc++-prettyprinters/tr1.cc print uoms
=== libstdc++ Summary for unix/-fstack-protector ===
# of expected passes 10015
# of unexpected failures 34
# of expected failures 41
# of unsupported tests 225
Running target unix/-m64
FAIL: libstdc++-abi/abi_check
FAIL: 22_locale/numpunct/members/char/3.cc execution test
FAIL: 22_locale/time_get/get_date/wchar_t/4.cc execution test
FAIL: 27_io/ios_base/storage/2.cc execution test
WARNING: program timed out.
=== libstdc++ Summary for unix/-m64 ===
# of expected passes 9921
# of unexpected failures 4
# of expected failures 41
# of unsupported tests 237
=== libstdc++ Summary ===
# of expected passes 29951
# of unexpected failures 72
# of expected failures 123
# of unsupported tests 687
Compiler version: 4.9.0 (Debian 4.9.0-9)
Platform: i586-pc-linux-gnu
configure flags: -v --with-pkgversion='Debian 4.9.0-9' --with-bugurl=file:///usr/share/doc/gcc-4.9/README.Bugs --enable-languages=c,c++,java,go,d,fortran,objc,obj-c++ --prefix=/usr --program-suffix=-4.9 --enable-shared --enable-linker-build-id --libexecdir=/usr/lib --without-included-gettext --enable-threads=posix --with-gxx-include-dir=/usr/include/c++/4.9 --libdir=/usr/lib --enable-nls --with-sysroot=/ --enable-clocale=gnu --enable-libstdcxx-debug --enable-libstdcxx-time=yes --enable-gnu-unique-object --disable-libmudflap --disable-vtable-verify --enable-plugin --with-system-zlib --disable-browser-plugin --enable-java-awt=gtk --enable-gtk-cairo --with-java-home=/usr/lib/jvm/java-1.5.0-gcj-4.9-i386/jre --enable-java-home --with-jvm-root-dir=/usr/lib/jvm/java-1.5.0-gcj-4.9-i386 --with-jvm-jar-dir=/usr/lib/jvm-exports/java-1.5.0-gcj-4.9-i386 --with-arch-directory=i386 --with-ecj-jar=/usr/share/java/eclipse-ecj.jar --enable-objc-gc --enable-targets=all --enable-multiarch --with-arch-32=i586 --with-multilib-list=m32,m64,mx32 --enable-multilib --with-tune=generic --enable-checking=release --build=i586-linux-gnu --host=i586-linux-gnu --target=i586-linux-gnu
BOOT_CFLAGS=
Build Dependencies:
Desired=Unknown/Install/Remove/Purge/Hold
| Status=Not/Inst/Conf-files/Unpacked/halF-conf/Half-inst/trig-aWait/Trig-pend
|/ Err?=(none)/Reinst-required (Status,Err: uppercase=bad)
||/ Name Version Architecture Description
+++-=========================-==================-============-===============================================================================
ii binutils 2.24.51.20140617-1 i386 GNU assembler, linker and binary utilities
ii g++-4.9 4.9.0-8 i386 GNU C++ compiler
ii g++-4.9-multilib 4.9.0-8 i386 GNU C++ compiler (multilib files)
ii g++-multilib 4:4.9.0-3 i386 GNU C++ compiler (multilib files)
ii libc6:i386 2.19-4 i386 GNU C Library: Shared libraries
ii libcloog-isl-dev:i386 0.18.2-1 i386 Chunky Loop Generator (development files)
ii libgmp-dev:i386 2:6.0.0+dfsg-4 i386 Multiprecision arithmetic library developers tools
ii libisl-dev:i386 0.12.2-2 i386 manipulating sets and relations of integer points bounded by linear constraints
ii libmpc-dev:i386 1.0.1-1 i386 multiple precision complex floating-point library development package
ii libmpfr-dev:i386 3.1.2-1 i386 multiple precision floating-point computation developers tools
svn-updates:
updates from the 4.9 branch upto 20140627 (r212067).
gcc-gfdl-build:
Build a dummy s-tm-texi without access to the texinfo sources
gcc-textdomain:
Set gettext's domain and textdomain to the versioned package name.
gcc-driver-extra-langs:
Add options and specs for languages that are not built from a source
(but built from separate sources).
gcc-hash-style-gnu:
Link using --hash-style=gnu (aarch64, alpha, amd64, armel, armhf, ia64,
i386, powerpc, ppc64, s390, sparc)
libstdc++-pic:
Build and install libstdc++_pic.a library.
libstdc++-doclink:
adjust hrefs to point to the local documentation
libstdc++-man-3cxx:
Install libstdc++ man pages with suffix .3cxx instead of .3
libstdc++-test-installed:
Add support to run the libstdc++-v3 testsuite using the
installed shared libraries.
libjava-stacktrace:
libgcj: Lookup source file name and line number in separated
debug files found in /usr/lib/debug
libjava-jnipath:
- Add /usr/lib/jni and /usr/lib/<multiarch>/jni to java.library.path.
- When running the i386 binaries on amd64, look in
- /usr/lib32/gcj-x.y and /usr/lib32/jni instead.
libjava-sjlj:
Don't try to use _Unwind_Backtrace on SJLJ targets.
See bug #387875, #388505, GCC PR 29206.
libjava-disable-plugin:
Don't build the gcjwebplugin, even when configured with --enable-plugin
alpha-no-ev4-directive:
never emit .ev4 directive.
boehm-gc-getnprocs:
boehm-gc/pthread_support.c (GC_get_nprocs): Use sysconf as fallback.
note-gnu-stack:
Add .note.GNU-stack sections for gcc's crt files, libffi and boehm-gc
Taken from FC.
libgomp-omp_h-multilib:
Fix up omp.h for multilibs.
sparc-force-cpu:
On sparc default to ultrasparc (v9a) in 32bit mode
gccgo-version:
Omit the subminor number from the go libdir
pr47818:
Fix PR ada/47818: Pragma Assert is rejected with No_Implementation_Pragmas restriction.
pr49944:
apply proposed patch for PR ada/49444.
gcc-base-version:
Set base version to 4.9, introduce full version 4.9.x.
libgo-testsuite:
Only run the libgo testsuite for flags configured in RUNTESTFLAGS
gcc-target-include-asm:
Search \$(builddir)/sys-include for the asm header files
libgo-revert-timeout-exp:
libgo-setcontext-config:
libgo: Overwrite the setcontext_clobbers_tls check on mips*
gcc-auto-build:
Fix cross building a native compiler.
kfreebsd-unwind:
DWARF2 EH unwinding support for AMD x86-64 and x86 KFreeBSD.
kfreebsd-boehm-gc:
boehm-gc: use mmap instead of brk also on kfreebsd-*.
libffi-m68k:
Apply #660525 fix to in-tree libffi
libitm-no-fortify-source:
Build libitm with -U_FORTIFY_SOURCE on x86 and x86_64.
pr59758:
Fix PR target/59758 (sparc), libsanitizer build failure.
pr57653:
Proposed patch for PR c/57653.
libitm-aarch64:
Build libitm on AArch64, patch taken from the trunk.
pr61257:
Fix PR other/61257, check for working sys/sdt.h
pr61046:
Fix PR c++/61046, taken from the trunk.
pr61336:
Fix PR target/61336, taken from the trunk.
pr61126:
gcc-setmultilib-fix:
libstdc++-python3:
Make the libstdc++-v3 pretty printer compatible with Python3.
ada-arm:
ada-hurd:
ada-kfreebsd:
add support for GNU/kFreeBSD.
ada-mips:
Improve support for mips.
gdc-4.9:
This implements D language support in the GCC back end, and adds
relevant documentation about the GDC front end (code part).
gdc-versym-cpu:
Implements D CPU version conditions.
gdc-versym-os:
Implements D OS version conditions.
gdc-frontend-posix:
Fix build of the D frontend on the Hurd and KFreeBSD.
gdc-texinfo:
Add macros for the gdc texinfo documentation.
gdc-libphobos-build:
This implements building of libphobos library in GCC.
gcc-sysroot:
Allow building --with-sysroot=/
sys-auxv-header:
Check for the sys/auxv.h header file.
libcilkrts-targets:
Disable libcilkrts on KFreeBSD and the Hurd. See #734973.
go-use-gold:
Pass -fuse-ld=gold to gccgo on targets supporting -fsplit-stack
arm-multilib-soft:
ARM hard/soft float multilib support
arm-multilib-defaults:
Set MULTILIB_DEFAULTS for ARM multilib builds
gcc-ice-hack:
Retry the build on an ice, save the calling options and preprocessed
source when the ice is reproducible.
gcc-ice-apport:
Report an ICE to apport (if apport is available
and the environment variable GCC_NOAPPORT is not set)
libjava-fixed-symlinks:
Remove unneed '..' elements from symlinks in JAVA_HOME
libffi-ro-eh_frame_sect:
PR libffi/47248, force a read only eh frame section.
gcc-multiarch:
- Remaining multiarch patches, not yet submitted upstream.
- Add MULTIARCH_DIRNAME definitions for multilib configurations,
which are used for the non-multilib builds.
libjava-multiarch:
Install libjava libraries to multiarch location
libjava-nobiarch-check:
For biarch builds, disable the testsuite for the non-default architecture
for runtime libraries, which are not built by default (libjava).
config-ml:
- Disable some biarch libraries for biarch builds.
- Fix multilib builds on kernels which don't support all multilibs.
g++-multiarch-incdir:
Use /usr/include/<multiarch>/c++/4.x as the include directory
for host dependent c++ header files.
gcc-multilib-multiarch:
Don't auto-detect multilib osdirnames.
mips-fix-loongson2f-nop:
On mips, pass -mfix-loongson2f-nop to as, if -mno-fix-loongson2f-nop
is not passed.
libgomp-kfreebsd-testsuite:
Disable lock-2.c test on kfreebsd-*
go-testsuite:
Skip Go testcase on AArch64 which hangs on the buildds.
libstdc++-link-pthread:
Link libstdc++ tests requiring libpthread symbols with --no-as-needed.
fix-ffi_call_VFP-with-no-VFP-argument:
armhf: Fix ffi_call_VFP with no VFP arguments.
ada-ppc64:
Counting all warnings,
there are 0 warnings in stage3 of this bootstrap.
Number of warnings per file:
Number of warning types: