This is the mail archive of the gcc-testresults@gcc.gnu.org mailing list for the GCC project.


Index Nav: [Date Index] [Subject Index] [Author Index] [Thread Index]
Message Nav: [Date Prev] [Date Next] [Thread Prev] [Thread Next]
Other format: [Raw text]

Results for 4.8.3 (Debian 4.8.3-4) testsuite on x86_64-pc-linux-gnu


LAST_UPDATED: Thu Jun 26 08:55:49 UTC 2014 (revision 212014)

Target: x86_64-linux-gnu
gcc version 4.8.3 (Debian 4.8.3-4) 
Native configuration is x86_64-pc-linux-gnu

		=== g++ tests ===


Running target unix

		=== g++ Summary for unix ===

# of expected passes		54546
# of expected failures		292
# of unsupported tests		916

Running target unix/-fstack-protector
FAIL: g++.dg/asan/asan_test.C  -O2  AddressSanitizer_SimpleStackTest A[kSize + 31] = 0 execution test
FAIL: g++.dg/asan/asan_test.C  -O2  AddressSanitizer_SimpleStackTest A[kSize + 31] = 0 execution test
FAIL: g++.dg/asan/asan_test.C  -O2  AddressSanitizer_SimpleStackTest A[kSize + 31] = 0 execution test
FAIL: g++.dg/asan/asan_test.C  -O2  AddressSanitizer_SimpleStackTest A[kSize + 31] = 0 execution test

		=== g++ Summary for unix/-fstack-protector ===

# of expected passes		54538
# of unexpected failures	4
# of expected failures		292
# of unsupported tests		916

Running target unix/-m32

		=== g++ Summary for unix/-m32 ===

# of expected passes		53796
# of expected failures		292
# of unsupported tests		672

Running target unix/-mx32

		=== g++ Summary for unix/-mx32 ===

# of expected passes		54705
# of expected failures		292
# of unsupported tests		868

		=== g++ Summary ===

# of expected passes		217585
# of unexpected failures	4
# of expected failures		1168
# of unsupported tests		3372
/scratch/packages/gcc/4.8/gcc-4.8-4.8.3/build/gcc/testsuite/g++/../../xg++  version 4.8.3 (Debian 4.8.3-4) 

		=== gcc tests ===


Running target unix
FAIL: gcc.c-torture/execute/divcmp-1.c execution,  -O3 -fomit-frame-pointer 
FAIL: gcc.dg/pch/decl-3.c  -O0 -g -I. -Dwithout_PCH (test for excess errors)

		=== gcc Summary for unix ===

# of expected passes		95136
# of unexpected failures	2
# of expected failures		264
# of unsupported tests		1367

Running target unix/-fstack-protector
FAIL: gcc.dg/stack-usage-1.c scan-file foo\\t(256|264)\\tstatic
FAIL: gcc.dg/superblock.c scan-rtl-dump-times sched2 "ADVANCING TO" 2

		=== gcc Summary for unix/-fstack-protector ===

# of expected passes		95136
# of unexpected failures	2
# of expected failures		264
# of unsupported tests		1367

Running target unix/-m32
FAIL: gcc.dg/pr45352-1.c (test for excess errors)
FAIL: gcc.dg/tm/memopt-15.c (test for excess errors)
FAIL: gcc.dg/tm/memopt-15.c scan-assembler _ITM_LM128
FAIL: gcc.dg/tree-ssa/pr44423.c (test for excess errors)
UNRESOLVED: gcc.dg/tree-ssa/pr44423.c scan-tree-dump-times esra "Created a replacement" 0

		=== gcc Summary for unix/-m32 ===

# of expected passes		94718
# of unexpected failures	4
# of expected failures		262
# of unresolved testcases	1
# of unsupported tests		1080

Running target unix/-mx32
FAIL: gcc.misc-tests/linkage.c link

		=== gcc Summary for unix/-mx32 ===

# of expected passes		94818
# of unexpected failures	1
# of expected failures		261
# of unsupported tests		1338

		=== gcc Summary ===

# of expected passes		379808
# of unexpected failures	9
# of expected failures		1051
# of unresolved testcases	1
# of unsupported tests		5152
/scratch/packages/gcc/4.8/gcc-4.8-4.8.3/build/gcc/xgcc  version 4.8.3 (Debian 4.8.3-4) 

		=== gdc tests ===


Running target unix

		=== gdc Summary for unix ===

# of expected passes		16026
# of unexpected failures	16
# of unresolved testcases	16

Running target unix/-fstack-protector

		=== gdc Summary for unix/-fstack-protector ===

# of expected passes		16026
# of unexpected failures	16
# of unresolved testcases	16

Running target unix/-m32

		=== gdc Summary for unix/-m32 ===

# of expected passes		16026
# of unexpected failures	16
# of unresolved testcases	16

Running target unix/-mx32

		=== gdc Summary for unix/-mx32 ===

# of expected passes		16022
# of unexpected failures	20
# of unresolved testcases	16

		=== gdc Summary ===

# of expected passes		64100
# of unexpected failures	68
# of unresolved testcases	64
/scratch/packages/gcc/4.8/gcc-4.8-4.8.3/build/gcc/testsuite/gdc/../../gdc  version 4.8.3 (Debian 4.8.3-4) 

		=== gfortran tests ===


Running target unix

		=== gfortran Summary for unix ===

# of expected passes		43956
# of expected failures		56
# of unsupported tests		70

Running target unix/-fstack-protector

		=== gfortran Summary for unix/-fstack-protector ===

# of expected passes		43956
# of expected failures		56
# of unsupported tests		70

Running target unix/-m32

		=== gfortran Summary for unix/-m32 ===

# of expected passes		43669
# of expected failures		56
# of unsupported tests		208

Running target unix/-mx32

		=== gfortran Summary for unix/-mx32 ===

# of expected passes		43977
# of expected failures		56
# of unsupported tests		57

		=== gfortran Summary ===

# of expected passes		175558
# of expected failures		224
# of unsupported tests		405
/scratch/packages/gcc/4.8/gcc-4.8-4.8.3/build/gcc/testsuite/gfortran/../../gfortran  version 4.8.3 (Debian 4.8.3-4) 

		=== go tests ===


Running target unix

		=== go Summary for unix ===

# of expected passes		5067
# of expected failures		1
# of untested testcases		2

Running target unix/-fstack-protector

		=== go Summary for unix/-fstack-protector ===

# of expected passes		5067
# of expected failures		1
# of untested testcases		2

Running target unix/-m32

		=== go Summary for unix/-m32 ===

# of expected passes		5187
# of expected failures		1
# of untested testcases		2

Running target unix/-mx32

		=== go Summary for unix/-mx32 ===

# of expected passes		5187
# of expected failures		1
# of untested testcases		2

		=== go Summary ===

# of expected passes		20508
# of expected failures		4
# of untested testcases		8
/scratch/packages/gcc/4.8/gcc-4.8-4.8.3/build/gcc/testsuite/go/../../gccgo  version 4.8.3 (Debian 4.8.3-4) 

		=== obj-c++ tests ===


Running target unix

		=== obj-c++ Summary for unix ===

# of expected passes		1442
# of expected failures		10
# of unsupported tests		86

Running target unix/-fstack-protector

		=== obj-c++ Summary for unix/-fstack-protector ===

# of expected passes		1442
# of expected failures		10
# of unsupported tests		86

Running target unix/-m32

		=== obj-c++ Summary for unix/-m32 ===

# of expected passes		1450
# of expected failures		2
# of unsupported tests		86

Running target unix/-mx32

		=== obj-c++ Summary for unix/-mx32 ===

# of expected passes		1450
# of expected failures		2
# of unsupported tests		86

		=== obj-c++ Summary ===

# of expected passes		5784
# of expected failures		24
# of unsupported tests		344
/scratch/packages/gcc/4.8/gcc-4.8-4.8.3/build/gcc/testsuite/obj-c++/../../xg++  version 4.8.3 (Debian 4.8.3-4) 

		=== objc tests ===


Running target unix

		=== objc Summary for unix ===

# of expected passes		2988
# of expected failures		6
# of unsupported tests		74

Running target unix/-fstack-protector

		=== objc Summary for unix/-fstack-protector ===

# of expected passes		2988
# of expected failures		6
# of unsupported tests		74

Running target unix/-m32

		=== objc Summary for unix/-m32 ===

# of expected passes		2988
# of expected failures		6
# of unsupported tests		74

Running target unix/-mx32

		=== objc Summary for unix/-mx32 ===

# of expected passes		2988
# of expected failures		6
# of unsupported tests		74

		=== objc Summary ===

# of expected passes		11952
# of expected failures		24
# of unsupported tests		296
/scratch/packages/gcc/4.8/gcc-4.8-4.8.3/build/gcc/xgcc  version 4.8.3 (Debian 4.8.3-4) 

		=== boehm-gc tests ===


Running target unix

		=== boehm-gc Summary for unix ===

# of expected passes		12
# of unsupported tests		1

Running target unix/-fstack-protector

		=== boehm-gc Summary for unix/-fstack-protector ===

# of expected passes		12
# of unsupported tests		1

Running target unix/-m32

		=== boehm-gc Summary for unix/-m32 ===

# of expected passes		12
# of unsupported tests		1

Running target unix/-mx32

		=== boehm-gc Summary for unix/-mx32 ===

# of expected passes		12
# of unsupported tests		1

		=== boehm-gc Summary ===

# of expected passes		48
# of unsupported tests		4
		=== libatomic tests ===


Running target unix

		=== libatomic Summary for unix ===

# of expected passes		54

Running target unix/-fstack-protector

		=== libatomic Summary for unix/-fstack-protector ===

# of expected passes		54

Running target unix/-m32

		=== libatomic Summary for unix/-m32 ===

# of expected passes		44
# of unsupported tests		5

Running target unix/-mx32

		=== libatomic Summary for unix/-mx32 ===

# of expected passes		54

		=== libatomic Summary ===

# of expected passes		206
# of unsupported tests		5
		=== libffi tests ===


Running target unix

		=== libffi Summary for unix ===

# of expected passes		1819
# of unsupported tests		55

Running target unix/-fstack-protector

		=== libffi Summary for unix/-fstack-protector ===

# of expected passes		1819
# of unsupported tests		55

Running target unix/-m32

		=== libffi Summary for unix/-m32 ===

# of expected passes		1819
# of unsupported tests		55

Running target unix/-mx32

		=== libffi Summary for unix/-mx32 ===

# of expected passes		1819
# of unsupported tests		55

		=== libffi Summary ===

# of expected passes		7276
# of unsupported tests		220
		=== libgo tests ===


Running target unix

		=== libgo Summary for unix ===

# of expected passes		122

Running target unix/-m32
FAIL: os/user

		=== libgo Summary for unix/-m32 ===

# of expected passes		121
# of unexpected failures	1

Running target unix/-mx32

		=== libgo Summary for unix/-mx32 ===


		=== libgo Summary ===

/scratch/packages/gcc/4.8/gcc-4.8-4.8.3/build/./gcc/gccgo version 4.8.3 (Debian 4.8.3-4)

		=== libgomp tests ===


Running target unix

		=== libgomp Summary for unix ===

# of expected passes		3056

Running target unix/-fstack-protector

		=== libgomp Summary for unix/-fstack-protector ===

# of expected passes		3056

Running target unix/-m32

		=== libgomp Summary for unix/-m32 ===

# of expected passes		3056

Running target unix/-mx32

		=== libgomp Summary for unix/-mx32 ===

# of expected passes		3056

		=== libgomp Summary ===

# of expected passes		12224
		=== libitm tests ===


Running target unix

		=== libitm Summary for unix ===

# of expected passes		26
# of expected failures		3
# of unsupported tests		1

Running target unix/-fstack-protector

		=== libitm Summary for unix/-fstack-protector ===

# of expected passes		26
# of expected failures		3
# of unsupported tests		1

Running target unix/-m32

		=== libitm Summary for unix/-m32 ===

# of expected passes		26
# of expected failures		3
# of unsupported tests		1

Running target unix/-mx32

		=== libitm Summary for unix/-mx32 ===

# of expected passes		26
# of expected failures		3
# of unsupported tests		1

		=== libitm Summary ===

# of expected passes		104
# of expected failures		12
# of unsupported tests		4
		=== libjava tests ===


Running target unix

		=== libjava Summary for unix ===

# of expected passes		2582
# of expected failures		4

Running target unix/-fstack-protector

		=== libjava Summary for unix/-fstack-protector ===

# of expected passes		2582
# of expected failures		4

		=== libjava Summary ===

# of expected passes		5164
# of expected failures		8
		=== libstdc++ tests ===


Running target unix
FAIL: 22_locale/numpunct/members/char/3.cc execution test
FAIL: 22_locale/time_get/get_date/wchar_t/4.cc execution test
FAIL: libstdc++-prettyprinters/48362.cc print t2
FAIL: libstdc++-prettyprinters/cxx11.cc print fl
FAIL: libstdc++-prettyprinters/debug.cc print deq
FAIL: libstdc++-prettyprinters/debug.cc print lst
FAIL: libstdc++-prettyprinters/debug.cc print mp
FAIL: libstdc++-prettyprinters/debug.cc print sp
FAIL: libstdc++-prettyprinters/debug.cc print sll
FAIL: libstdc++-prettyprinters/simple.cc print deq
FAIL: libstdc++-prettyprinters/simple.cc print lst
FAIL: libstdc++-prettyprinters/simple.cc print mp
FAIL: libstdc++-prettyprinters/simple.cc print sp
FAIL: libstdc++-prettyprinters/simple.cc print sll

		=== libstdc++ Summary for unix ===

# of expected passes		9340
# of unexpected failures	14
# of expected failures		45
# of unsupported tests		219

Running target unix/-fstack-protector
FAIL: 22_locale/numpunct/members/char/3.cc execution test
FAIL: 22_locale/time_get/get_date/wchar_t/4.cc execution test
FAIL: libstdc++-prettyprinters/48362.cc print t2
FAIL: libstdc++-prettyprinters/cxx11.cc print fl
FAIL: libstdc++-prettyprinters/debug.cc print deq
FAIL: libstdc++-prettyprinters/debug.cc print lst
FAIL: libstdc++-prettyprinters/debug.cc print mp
FAIL: libstdc++-prettyprinters/debug.cc print sp
FAIL: libstdc++-prettyprinters/debug.cc print sll
FAIL: libstdc++-prettyprinters/simple.cc print deq
FAIL: libstdc++-prettyprinters/simple.cc print lst
FAIL: libstdc++-prettyprinters/simple.cc print mp
FAIL: libstdc++-prettyprinters/simple.cc print sp
FAIL: libstdc++-prettyprinters/simple.cc print sll

		=== libstdc++ Summary for unix/-fstack-protector ===

# of expected passes		9340
# of unexpected failures	14
# of expected failures		45
# of unsupported tests		219

Running target unix/-m32
FAIL: 22_locale/numpunct/members/char/3.cc execution test
FAIL: 22_locale/time_get/get_date/wchar_t/4.cc execution test
FAIL: libstdc++-prettyprinters/48362.cc print t2
FAIL: libstdc++-prettyprinters/cxx11.cc print fl
FAIL: libstdc++-prettyprinters/debug.cc print deq
FAIL: libstdc++-prettyprinters/debug.cc print lst
FAIL: libstdc++-prettyprinters/debug.cc print mp
FAIL: libstdc++-prettyprinters/debug.cc print sp
FAIL: libstdc++-prettyprinters/debug.cc print sll
FAIL: libstdc++-prettyprinters/simple.cc print deq
FAIL: libstdc++-prettyprinters/simple.cc print lst
FAIL: libstdc++-prettyprinters/simple.cc print mp
FAIL: libstdc++-prettyprinters/simple.cc print sp
FAIL: libstdc++-prettyprinters/simple.cc print sll

		=== libstdc++ Summary for unix/-m32 ===

# of expected passes		9348
# of unexpected failures	14
# of expected failures		45
# of unsupported tests		215

Running target unix/-mx32
FAIL: 22_locale/numpunct/members/char/3.cc execution test
FAIL: 22_locale/time_get/get_date/wchar_t/4.cc execution test
FAIL: libstdc++-prettyprinters/48362.cc print t2
FAIL: libstdc++-prettyprinters/cxx11.cc print fl
FAIL: libstdc++-prettyprinters/debug.cc print deq
FAIL: libstdc++-prettyprinters/debug.cc print lst
FAIL: libstdc++-prettyprinters/debug.cc print mp
FAIL: libstdc++-prettyprinters/debug.cc print sp
FAIL: libstdc++-prettyprinters/debug.cc print sll
FAIL: libstdc++-prettyprinters/simple.cc print deq
FAIL: libstdc++-prettyprinters/simple.cc print lst
FAIL: libstdc++-prettyprinters/simple.cc print mp
FAIL: libstdc++-prettyprinters/simple.cc print sp
FAIL: libstdc++-prettyprinters/simple.cc print sll

		=== libstdc++ Summary for unix/-mx32 ===

# of expected passes		9340
# of unexpected failures	14
# of expected failures		45
# of unsupported tests		219

		=== libstdc++ Summary ===

# of expected passes		37368
# of unexpected failures	56
# of expected failures		180
# of unsupported tests		872

Compiler version: 4.8.3 (Debian 4.8.3-4) 
Platform: x86_64-pc-linux-gnu
configure flags: -v --with-pkgversion='Debian 4.8.3-4' --with-bugurl=file:///usr/share/doc/gcc-4.8/README.Bugs --enable-languages=c,c++,java,go,d,fortran,objc,obj-c++ --prefix=/usr --program-suffix=-4.8 --enable-shared --enable-linker-build-id --libexecdir=/usr/lib --without-included-gettext --enable-threads=posix --with-gxx-include-dir=/usr/include/c++/4.8 --libdir=/usr/lib --enable-nls --with-sysroot=/ --enable-clocale=gnu --enable-libstdcxx-debug --enable-libstdcxx-time=yes --enable-gnu-unique-object --disable-libmudflap --enable-plugin --with-system-zlib --disable-browser-plugin --enable-java-awt=gtk --enable-gtk-cairo --with-java-home=/usr/lib/jvm/java-1.5.0-gcj-4.8-amd64/jre --enable-java-home --with-jvm-root-dir=/usr/lib/jvm/java-1.5.0-gcj-4.8-amd64 --with-jvm-jar-dir=/usr/lib/jvm-exports/java-1.5.0-gcj-4.8-amd64 --with-arch-directory=amd64 --with-ecj-jar=/usr/share/java/eclipse-ecj.jar --enable-objc-gc --enable-multiarch --with-arch-32=i586 --with-abi=m64 --with-multilib-list=m32,m64,mx32 --with-tune=generic --enable-checking=release --build=x86_64-linux-gnu --host=x86_64-linux-gnu --target=x86_64-linux-gnu
BOOT_CFLAGS=


Build Dependencies:
Desired=Unknown/Install/Remove/Purge/Hold
| Status=Not/Inst/Conf-files/Unpacked/halF-conf/Half-inst/trig-aWait/Trig-pend
|/ Err?=(none)/Reinst-required (Status,Err: uppercase=bad)
||/ Name                      Version              Architecture Description
+++-=========================-====================-============-===============================================================================
ii  binutils                  2.24.51.20140617-1   amd64        GNU assembler, linker and binary utilities
ii  binutils-arm-none-eabi    2.24.51.20140604-3+5 amd64        GNU assembler, linker and binary utilities for ARM Cortex-A/R/M processors
ii  binutils-doc              2.24.51.20140617-1   all          Documentation for the GNU assembler, linker and binary utilities
rc  binutils-gold             2.23.52.20130620-1   amd64        GNU gold linker utility
ii  g++-4.6                   4.6.4-7              amd64        GNU C++ compiler
ii  g++-4.7                   4.7.4-1              amd64        GNU C++ compiler
ii  g++-4.7-multilib          4.7.4-1              amd64        GNU C++ compiler (multilib files)
ii  g++-4.8                   4.8.3-3              amd64        GNU C++ compiler
ii  g++-4.8-multilib          4.8.3-3              amd64        GNU C++ compiler (multilib files)
ii  g++-4.9                   4.9.0-8              amd64        GNU C++ compiler
ii  g++-4.9-multilib          4.9.0-8              amd64        GNU C++ compiler (multilib files)
ii  g++-multilib              4:4.9.0-3            amd64        GNU C++ compiler (multilib files)
ii  libc6:amd64               2.19-4               amd64        GNU C Library: Shared libraries
ii  libcloog-isl-dev:amd64    0.18.2-1             amd64        Chunky Loop Generator (development files)
ii  libgmp-dev:amd64          2:6.0.0+dfsg-4       amd64        Multiprecision arithmetic library developers tools
ii  libgmp3-dev               2:6.0.0+dfsg-4       amd64        Multiprecision arithmetic library developers tools
ii  libisl-dev:amd64          0.12.2-2             amd64        manipulating sets and relations of integer points bounded by linear constraints
ii  libmpc-dev:amd64          1.0.1-1              amd64        multiple precision complex floating-point library development package
ii  libmpfr-dev:amd64         3.1.2-1              amd64        multiple precision floating-point computation developers tools


svn-updates:
  updates from the 4.8 branch upto 20140626 (r212014).

gcc-gfdl-build:
  Build a dummy s-tm-texi without access to the texinfo sources

gcc-textdomain:
  Set gettext's domain and textdomain to the versioned package name.

gcc-driver-extra-langs:
  Add options and specs for languages that are not built from a source
  (but built from separate sources).

gcc-hash-style-gnu:
  Link using --hash-style=gnu (aarch64, alpha, amd64, armel, armhf, ia64,
  i386, powerpc, ppc64, s390, sparc)

libstdc++-pic:
  Build and install libstdc++_pic.a library.

libstdc++-doclink:
  adjust hrefs to point to the local documentation

libstdc++-man-3cxx:
  Install libstdc++ man pages with suffix .3cxx instead of .3

libstdc++-test-installed:
  Add support to run the libstdc++-v3 testsuite using the
  installed shared libraries.

libjava-stacktrace:
  libgcj: Lookup source file name and line number in separated
  debug files found in /usr/lib/debug

libjava-jnipath:
  - Add /usr/lib/jni and /usr/lib/<multiarch>/jni to java.library.path.
  - When running the i386 binaries on amd64, look in
  - /usr/lib32/gcj-x.y and /usr/lib32/jni instead.

libjava-sjlj:
  Don't try to use _Unwind_Backtrace on SJLJ targets.
  See bug #387875, #388505, GCC PR 29206.

libjava-disable-plugin:
  Don't build the gcjwebplugin, even when configured with --enable-plugin

alpha-no-ev4-directive:
  never emit .ev4 directive.

boehm-gc-getnprocs:
  boehm-gc/pthread_support.c (GC_get_nprocs): Use sysconf as fallback.

note-gnu-stack:
  Add .note.GNU-stack sections for gcc's crt files, libffi and boehm-gc
  Taken from FC.

libgomp-omp_h-multilib:
  Fix up omp.h for multilibs.

sparc-force-cpu:
  On sparc default to ultrasparc (v9a) in 32bit mode

gccgo-version:
  Omit the subminor number from the go libdir

pr47818:
  Fix PR ada/47818: Pragma Assert is rejected with No_Implementation_Pragmas restriction.

pr49944:
  apply proposed patch for PR ada/49444.

gcc-base-version:
  Set base version to 4.8, introduce full version 4.8.x.

libgo-testsuite:
  Only run the libgo testsuite for flags configured in RUNTESTFLAGS

gcc-target-include-asm:
  Search \$(builddir)/sys-include for the asm header files

libgo-revert-timeout-exp:

arm-sanitizer:
  Enable libsanitizer on ARM.

libgo-setcontext-config:
  libgo: Overwrite the setcontext_clobbers_tls check on mips*

pr57211:
  Fix PR c++/57211, don't warn about unused parameters of defaulted functions.

kfreebsd-unwind:
  DWARF2 EH unwinding support for AMD x86-64 and x86 KFreeBSD.

libgcc-no-limits-h:
  Don't include <limits.h> in libgcc/libgcc2.c.

kfreebsd-boehm-gc:
  boehm-gc: use mmap instead of brk also on kfreebsd-*.

pr49847:
  Proposed patch for PR rtl-optimization/49847 (cc0 targets).

libffi-m68k:
  Apply #660525 fix to in-tree libffi

m68k-picflag:
  backport of trunk r204854
  fixes relocation errors when linking large libs (smokeqt, python-qt4)

sys-auxv-header:
  Check for the sys/auxv.h header file.

go-use-gold:
  Pass -fuse-ld=gold to gccgo on targets supporting -fsplit-stack

go-testsuite:
  Skip Go testcase on AArch64 which hangs on the buildds.

pr57363:
  Fix PR libgcc/57363, taken from the trunk.

fix-ffi_call_VFP-with-no-VFP-argument:
  armhf: Fix ffi_call_VFP with no VFP arguments.

pr61106:
  Proposed patch for PR driver/61106

pr61126:
  Proposed patch for PR driver/61126.

pr57653:
  Proposed patch for PR c/57653.

libitm-aarch64:
  Build libitm on AArch64, patch taken from the trunk.

pr61046:
  Fix PR c++/61046, taken from the trunk.

pr61336:
  Fix PR target/61336, taken from the trunk.

gcc-setmultilib-fix:

libstdc++-python3:
  Make the libstdc++-v3 pretty printer compatible with Python3.

gdc-4.8:
  This implements D language support in the GCC back end, and adds
  relevant documentation about the GDC front end (code part).

gdc-versym-cpu:
  Implements D CPU version conditions.

gdc-versym-os:
  Implements D OS version conditions.

gdc-frontend-posix:
  Fix build of the D frontend on the Hurd and KFreeBSD.

gdc-texinfo:
  Add macros for the gdc texinfo documentation.

gdc-libphobos-build:
  This implements building of libphobos library in GCC.

libjava-testsuite:
  Mark libjava sourcelocation test as failing. PR libjava/55637

gcc-sysroot:
  Allow building --with-sysroot=/

goarch-aarch64:
  Introduce the arm64 goarch.

libgo-explicit-reservation:
  Fix statically linked gccgo binaries on AArch64.

ada-kfreebsd:
  add support for GNU/kFreeBSD.

arm-multilib-soft:
  ARM hard/soft float multilib support

arm-multilib-defaults:
  Set MULTILIB_DEFAULTS for ARM multilib builds

gcc-ice-hack:
  Retry the build on an ice, save the calling options and preprocessed
  source when the ice is reproducible.

gcc-ice-apport:
  Report an ICE to apport (if apport is available
  and the environment variable GCC_NOAPPORT is not set)

libjava-fixed-symlinks:
  Remove unneed '..' elements from symlinks in JAVA_HOME

ada-mips:
  Improve support for mips.

libffi-ro-eh_frame_sect:
  PR libffi/47248, force a read only eh frame section.

gcc-multiarch:
  - Remaining multiarch patches, not yet submitted upstream.
  - Add MULTIARCH_DIRNAME definitions for multilib configurations,
  which are used for the non-multilib builds.

libjava-multiarch:
  Install libjava libraries to multiarch location

libjava-nobiarch-check:
  For biarch builds, disable the testsuite for the non-default architecture
  for runtime libraries, which are not built by default (libjava).

config-ml:
  - Disable some biarch libraries for biarch builds.
  - Fix multilib builds on kernels which don't support all multilibs.

g++-multiarch-incdir:
  Use /usr/include/<multiarch>/c++/4.x as the include directory
  for host dependent c++ header files.

gcc-multilib-multiarch:
  Don't auto-detect multilib osdirnames.

mips-fix-loongson2f-nop:
  On mips, pass -mfix-loongson2f-nop to as, if -mno-fix-loongson2f-nop
  is not passed.

libgomp-kfreebsd-testsuite:
  Disable lock-2.c test on kfreebsd-*

Counting all warnings,
there are 0 warnings in stage3 of this bootstrap.

Number of warnings per file:

Number of warning types:


Index Nav: [Date Index] [Subject Index] [Author Index] [Thread Index]
Message Nav: [Date Prev] [Date Next] [Thread Prev] [Thread Next]