This is the mail archive of the
gcc-testresults@gcc.gnu.org
mailing list for the GCC project.
Results for 4.10.0 20140627 (experimental) [trunk revision 212058] (GCC) testsuite on sh4-unknown-linux-gnu
- From: Kaz Kojima <kkojima at rr dot iij4u dot or dot jp>
- To: gcc-testresults at gcc dot gnu dot org
- Date: Fri, 27 Jun 2014 22:01:05 +0900
- Subject: Results for 4.10.0 20140627 (experimental) [trunk revision 212058] (GCC) testsuite on sh4-unknown-linux-gnu
- Authentication-results: sourceware.org; auth=none
Remote host: linux 2.6.30 sh4
GNU C Library version 2.7.90
LAST_UPDATED: Fri Jun 27 00:37:25 UTC 2014 (revision 212058)
Target is sh4-unknown-linux-gnu
Host is i686-pc-linux-gnu
=== g++ tests ===
Running target unix
WARNING: Assuming target board is the local machine (which is probably wrong).
=== g++ Summary ===
# of expected passes 77059
# of expected failures 437
# of unsupported tests 3274
/home/ldroot/dodes/xsh-gcc-orig/gcc/testsuite/g++/../../xg++ version 4.10.0 20140627 (experimental) [trunk revision 212058] (GCC)
Host is i686-pc-linux-gnu
=== gcc tests ===
Running target unix
WARNING: Assuming target board is the local machine (which is probably wrong).
FAIL: gcc.c-torture/compile/pr28865.c -O0 (test for excess errors)
FAIL: gcc.c-torture/execute/builtin-prefetch-6.c execution, -O3 -fomit-frame-pointer -funroll-loops
FAIL: gcc.c-torture/execute/builtin-prefetch-6.c execution, -O3 -fomit-frame-pointer -funroll-all-loops -finline-functions
FAIL: gcc.dg/atomic/c11-atomic-exec-4.c -Os (internal compiler error)
FAIL: gcc.dg/atomic/c11-atomic-exec-4.c -Os (test for excess errors)
UNRESOLVED: gcc.dg/atomic/c11-atomic-exec-4.c -Os compilation failed to produce executable
FAIL: gcc.dg/20020312-2.c (internal compiler error)
FAIL: gcc.dg/20020312-2.c (test for excess errors)
UNRESOLVED: gcc.dg/20020312-2.c compilation failed to produce executable
FAIL: gcc.dg/cproj-fails-with-broken-glibc.c execution test
FAIL: gcc.dg/delay-slot-2.c scan-assembler printf
FAIL: gcc.dg/tree-prof/cold_partition_label.c compilation, -fprofile-use -D_PROFILE_USE (internal compiler error)
UNRESOLVED: gcc.dg/tree-prof/cold_partition_label.c execution, -fprofile-use -D_PROFILE_USE
FAIL: gcc.dg/tree-prof/pr52027.c compilation, -fprofile-use -D_PROFILE_USE (internal compiler error)
UNRESOLVED: gcc.dg/tree-prof/pr52027.c execution, -fprofile-use -D_PROFILE_USE
FAIL: gcc.dg/tree-prof/va-arg-pack-1.c compilation, -fprofile-use -D_PROFILE_USE (internal compiler error)
UNRESOLVED: gcc.dg/tree-prof/va-arg-pack-1.c execution, -fprofile-use -D_PROFILE_USE
XPASS: gcc.dg/tree-ssa/20040204-1.c scan-tree-dump-times optimized "link_error" 0
FAIL: gcc.dg/tree-ssa/sra-12.c scan-tree-dump-times release_ssa "l;" 0
FAIL: gcc.target/sh/pr51244-19.c scan-assembler-not movt
FAIL: gcc.target/sh/pr51244-8.c scan-assembler-not shad|neg
FAIL: gcc.target/sh/pr52933-2.c scan-assembler-not tst
FAIL: gcc.target/sh/pr53568-1.c scan-assembler-times swap.b 16
FAIL: gcc.target/sh/pr53568-1.c scan-assembler-times mov 1
FAIL: gcc.target/sh/pr53568-1.c scan-assembler-not {shll8|shlr8|shld|shad}
FAIL: gcc.target/sh/sp-switch.c scan-assembler .long\\t_alt_stack
=== gcc Summary ===
# of expected passes 85763
# of unexpected failures 20
# of unexpected successes 1
# of expected failures 118
# of unresolved testcases 5
# of unsupported tests 1503
/home/ldroot/dodes/xsh-gcc-orig/gcc/xgcc version 4.10.0 20140627 (experimental) [trunk revision 212058] (GCC)
Host is i686-pc-linux-gnu
=== gfortran tests ===
Running target unix
WARNING: Assuming target board is the local machine (which is probably wrong).
FAIL: gfortran.dg/assumed_rank_1.f90 -O2 execution test
FAIL: gfortran.dg/assumed_rank_2.f90 -O2 execution test
FAIL: gfortran.dg/assumed_rank_bounds_1.f90 -O2 execution test
FAIL: gfortran.dg/bind_c_array_params_2.f90 -O scan-assembler-times call[^\\n\\r]*myBindC 1
FAIL: gfortran.dg/common_14.f90 -O (test for warnings, line 16)
FAIL: gfortran.dg/common_14.f90 -O (test for warnings, line 22)
FAIL: gfortran.dg/common_14.f90 -O (test for excess errors)
FAIL: gfortran.dg/nearest_1.f90 -O0 execution test
FAIL: gfortran.dg/nearest_1.f90 -O1 execution test
FAIL: gfortran.dg/nearest_1.f90 -O2 execution test
FAIL: gfortran.dg/nearest_1.f90 -O3 -fomit-frame-pointer execution test
FAIL: gfortran.dg/nearest_1.f90 -O3 -fomit-frame-pointer -funroll-loops execution test
FAIL: gfortran.dg/nearest_1.f90 -O3 -fomit-frame-pointer -funroll-all-loops -finline-functions execution test
FAIL: gfortran.dg/nearest_1.f90 -O3 -g execution test
FAIL: gfortran.dg/nearest_1.f90 -Os execution test
FAIL: gfortran.dg/proc_ptr_comp_13.f90 -O0 execution test
=== gfortran Summary ===
# of expected passes 44756
# of unexpected failures 16
# of expected failures 38
# of unsupported tests 401
/home/ldroot/dodes/xsh-gcc-orig/gcc/testsuite/gfortran/../../gfortran version 4.10.0 20140627 (experimental) [trunk revision 212058] (GCC)
Host is i686-pc-linux-gnu
=== objc tests ===
Running target unix
WARNING: Assuming target board is the local machine (which is probably wrong).
=== objc Summary ===
# of expected passes 3010
# of unsupported tests 74
/home/ldroot/dodes/xsh-gcc-orig/gcc/xgcc version 4.10.0 20140627 (experimental) [trunk revision 212058] (GCC)
Host is sh4-unknown-linux-gnu
=== boehm-gc tests ===
Running target unix
WARNING: Assuming target board is the local machine (which is probably wrong).
=== boehm-gc Summary ===
# of expected passes 12
# of unsupported tests 1
Host is sh4-unknown-linux-gnu
=== libatomic tests ===
Running target unix
WARNING: Assuming target board is the local machine (which is probably wrong).
=== libatomic Summary ===
# of expected passes 44
# of unsupported tests 5
Host is sh4-unknown-linux-gnu
=== libffi tests ===
Running target unix
WARNING: Assuming target board is the local machine (which is probably wrong).
=== libffi Summary ===
# of expected passes 1819
# of unsupported tests 55
Host is sh4-unknown-linux-gnu
=== libgomp tests ===
Running target unix
WARNING: Assuming target board is the local machine (which is probably wrong).
FAIL: libgomp.c/depend-3.c execution test
=== libgomp Summary ===
# of expected passes 3165
# of unexpected failures 1
# of unsupported tests 43
Host is sh4-unknown-linux-gnu
=== libitm tests ===
Running target unix
WARNING: Assuming target board is the local machine (which is probably wrong).
=== libitm Summary ===
# of expected passes 26
# of expected failures 3
# of unsupported tests 1
Host is sh4-unknown-linux-gnu
=== libjava tests ===
Running target unix
WARNING: Assuming target board is the local machine (which is probably wrong).
=== libjava Summary ===
# of expected passes 2413
# of expected failures 4
# of untested testcases 4
Host is sh4-unknown-linux-gnu
=== libstdc++ tests ===
Running target unix
WARNING: Assuming target board is the local machine (which is probably wrong).
FAIL: 20_util/pair/swap.cc (test for excess errors)
UNRESOLVED: 20_util/pair/swap.cc compilation failed to produce executable
FAIL: 20_util/scoped_allocator/1.cc (test for excess errors)
UNRESOLVED: 20_util/scoped_allocator/1.cc compilation failed to produce executable
FAIL: 20_util/scoped_allocator/2.cc (test for excess errors)
UNRESOLVED: 20_util/scoped_allocator/2.cc compilation failed to produce executable
FAIL: 23_containers/forward_list/allocator/copy.cc (test for excess errors)
UNRESOLVED: 23_containers/forward_list/allocator/copy.cc compilation failed to produce executable
FAIL: 23_containers/forward_list/allocator/copy_assign.cc (test for excess errors)
UNRESOLVED: 23_containers/forward_list/allocator/copy_assign.cc compilation failed to produce executable
FAIL: 23_containers/forward_list/allocator/move.cc (test for excess errors)
UNRESOLVED: 23_containers/forward_list/allocator/move.cc compilation failed to produce executable
FAIL: 23_containers/forward_list/allocator/move_assign.cc (test for excess errors)
UNRESOLVED: 23_containers/forward_list/allocator/move_assign.cc compilation failed to produce executable
FAIL: 23_containers/forward_list/allocator/noexcept.cc (test for excess errors)
FAIL: 23_containers/forward_list/allocator/swap.cc (test for excess errors)
UNRESOLVED: 23_containers/forward_list/allocator/swap.cc compilation failed to produce executable
FAIL: 23_containers/forward_list/cons/10.cc (test for excess errors)
UNRESOLVED: 23_containers/forward_list/cons/10.cc compilation failed to produce executable
FAIL: 23_containers/forward_list/debug/construct4_neg.cc (test for excess errors)
UNRESOLVED: 23_containers/forward_list/debug/construct4_neg.cc compilation failed to produce executable
FAIL: 23_containers/forward_list/debug/move_assign_neg.cc (test for excess errors)
UNRESOLVED: 23_containers/forward_list/debug/move_assign_neg.cc compilation failed to produce executable
FAIL: 23_containers/forward_list/debug/move_neg.cc (test for excess errors)
UNRESOLVED: 23_containers/forward_list/debug/move_neg.cc compilation failed to produce executable
FAIL: 23_containers/map/allocator/copy.cc (test for excess errors)
UNRESOLVED: 23_containers/map/allocator/copy.cc compilation failed to produce executable
FAIL: 23_containers/map/allocator/copy_assign.cc (test for excess errors)
UNRESOLVED: 23_containers/map/allocator/copy_assign.cc compilation failed to produce executable
FAIL: 23_containers/map/allocator/move.cc (test for excess errors)
UNRESOLVED: 23_containers/map/allocator/move.cc compilation failed to produce executable
FAIL: 23_containers/map/allocator/move_assign.cc (test for excess errors)
UNRESOLVED: 23_containers/map/allocator/move_assign.cc compilation failed to produce executable
FAIL: 23_containers/map/allocator/noexcept.cc (test for excess errors)
FAIL: 23_containers/map/allocator/swap.cc (test for excess errors)
UNRESOLVED: 23_containers/map/allocator/swap.cc compilation failed to produce executable
FAIL: 23_containers/map/debug/construct5_neg.cc (test for excess errors)
UNRESOLVED: 23_containers/map/debug/construct5_neg.cc compilation failed to produce executable
FAIL: 23_containers/map/debug/move_assign_neg.cc (test for excess errors)
UNRESOLVED: 23_containers/map/debug/move_assign_neg.cc compilation failed to produce executable
FAIL: 23_containers/map/debug/move_neg.cc (test for excess errors)
UNRESOLVED: 23_containers/map/debug/move_neg.cc compilation failed to produce executable
FAIL: 23_containers/multimap/allocator/copy.cc (test for excess errors)
UNRESOLVED: 23_containers/multimap/allocator/copy.cc compilation failed to produce executable
FAIL: 23_containers/multimap/allocator/copy_assign.cc (test for excess errors)
UNRESOLVED: 23_containers/multimap/allocator/copy_assign.cc compilation failed to produce executable
FAIL: 23_containers/multimap/allocator/move.cc (test for excess errors)
UNRESOLVED: 23_containers/multimap/allocator/move.cc compilation failed to produce executable
FAIL: 23_containers/multimap/allocator/move_assign.cc (test for excess errors)
UNRESOLVED: 23_containers/multimap/allocator/move_assign.cc compilation failed to produce executable
FAIL: 23_containers/multimap/allocator/noexcept.cc (test for excess errors)
FAIL: 23_containers/multimap/allocator/swap.cc (test for excess errors)
UNRESOLVED: 23_containers/multimap/allocator/swap.cc compilation failed to produce executable
FAIL: 23_containers/multimap/debug/construct5_neg.cc (test for excess errors)
UNRESOLVED: 23_containers/multimap/debug/construct5_neg.cc compilation failed to produce executable
FAIL: 23_containers/multimap/debug/move_assign_neg.cc (test for excess errors)
UNRESOLVED: 23_containers/multimap/debug/move_assign_neg.cc compilation failed to produce executable
FAIL: 23_containers/multimap/debug/move_neg.cc (test for excess errors)
UNRESOLVED: 23_containers/multimap/debug/move_neg.cc compilation failed to produce executable
FAIL: 23_containers/multiset/allocator/copy.cc (test for excess errors)
UNRESOLVED: 23_containers/multiset/allocator/copy.cc compilation failed to produce executable
FAIL: 23_containers/multiset/allocator/copy_assign.cc (test for excess errors)
UNRESOLVED: 23_containers/multiset/allocator/copy_assign.cc compilation failed to produce executable
FAIL: 23_containers/multiset/allocator/move.cc (test for excess errors)
UNRESOLVED: 23_containers/multiset/allocator/move.cc compilation failed to produce executable
FAIL: 23_containers/multiset/allocator/move_assign.cc (test for excess errors)
UNRESOLVED: 23_containers/multiset/allocator/move_assign.cc compilation failed to produce executable
FAIL: 23_containers/multiset/allocator/noexcept.cc (test for excess errors)
FAIL: 23_containers/multiset/allocator/swap.cc (test for excess errors)
UNRESOLVED: 23_containers/multiset/allocator/swap.cc compilation failed to produce executable
FAIL: 23_containers/multiset/debug/construct5_neg.cc (test for excess errors)
UNRESOLVED: 23_containers/multiset/debug/construct5_neg.cc compilation failed to produce executable
FAIL: 23_containers/multiset/debug/move_assign_neg.cc (test for excess errors)
UNRESOLVED: 23_containers/multiset/debug/move_assign_neg.cc compilation failed to produce executable
FAIL: 23_containers/multiset/debug/move_neg.cc (test for excess errors)
UNRESOLVED: 23_containers/multiset/debug/move_neg.cc compilation failed to produce executable
FAIL: 23_containers/set/allocator/copy.cc (test for excess errors)
UNRESOLVED: 23_containers/set/allocator/copy.cc compilation failed to produce executable
FAIL: 23_containers/set/allocator/copy_assign.cc (test for excess errors)
UNRESOLVED: 23_containers/set/allocator/copy_assign.cc compilation failed to produce executable
FAIL: 23_containers/set/allocator/move.cc (test for excess errors)
UNRESOLVED: 23_containers/set/allocator/move.cc compilation failed to produce executable
FAIL: 23_containers/set/allocator/move_assign.cc (test for excess errors)
UNRESOLVED: 23_containers/set/allocator/move_assign.cc compilation failed to produce executable
FAIL: 23_containers/set/allocator/noexcept.cc (test for excess errors)
FAIL: 23_containers/set/allocator/swap.cc (test for excess errors)
UNRESOLVED: 23_containers/set/allocator/swap.cc compilation failed to produce executable
FAIL: 23_containers/set/debug/construct5_neg.cc (test for excess errors)
UNRESOLVED: 23_containers/set/debug/construct5_neg.cc compilation failed to produce executable
FAIL: 23_containers/set/debug/move_assign_neg.cc (test for excess errors)
UNRESOLVED: 23_containers/set/debug/move_assign_neg.cc compilation failed to produce executable
FAIL: 23_containers/set/debug/move_neg.cc (test for excess errors)
UNRESOLVED: 23_containers/set/debug/move_neg.cc compilation failed to produce executable
FAIL: 23_containers/unordered_map/allocator/copy.cc (test for excess errors)
UNRESOLVED: 23_containers/unordered_map/allocator/copy.cc compilation failed to produce executable
FAIL: 23_containers/unordered_map/allocator/copy_assign.cc (test for excess errors)
UNRESOLVED: 23_containers/unordered_map/allocator/copy_assign.cc compilation failed to produce executable
FAIL: 23_containers/unordered_map/allocator/move.cc (test for excess errors)
UNRESOLVED: 23_containers/unordered_map/allocator/move.cc compilation failed to produce executable
FAIL: 23_containers/unordered_map/debug/construct5_neg.cc (test for excess errors)
UNRESOLVED: 23_containers/unordered_map/debug/construct5_neg.cc compilation failed to produce executable
FAIL: 23_containers/unordered_map/debug/move_neg.cc (test for excess errors)
UNRESOLVED: 23_containers/unordered_map/debug/move_neg.cc compilation failed to produce executable
FAIL: 23_containers/unordered_multimap/allocator/copy.cc (test for excess errors)
UNRESOLVED: 23_containers/unordered_multimap/allocator/copy.cc compilation failed to produce executable
FAIL: 23_containers/unordered_multimap/allocator/copy_assign.cc (test for excess errors)
UNRESOLVED: 23_containers/unordered_multimap/allocator/copy_assign.cc compilation failed to produce executable
FAIL: 23_containers/unordered_multimap/allocator/move.cc (test for excess errors)
UNRESOLVED: 23_containers/unordered_multimap/allocator/move.cc compilation failed to produce executable
FAIL: 23_containers/unordered_multimap/debug/construct5_neg.cc (test for excess errors)
UNRESOLVED: 23_containers/unordered_multimap/debug/construct5_neg.cc compilation failed to produce executable
FAIL: 23_containers/unordered_multimap/debug/move_neg.cc (test for excess errors)
UNRESOLVED: 23_containers/unordered_multimap/debug/move_neg.cc compilation failed to produce executable
FAIL: 23_containers/unordered_multiset/allocator/copy.cc (test for excess errors)
UNRESOLVED: 23_containers/unordered_multiset/allocator/copy.cc compilation failed to produce executable
FAIL: 23_containers/unordered_multiset/allocator/copy_assign.cc (test for excess errors)
UNRESOLVED: 23_containers/unordered_multiset/allocator/copy_assign.cc compilation failed to produce executable
FAIL: 23_containers/unordered_multiset/allocator/move.cc (test for excess errors)
UNRESOLVED: 23_containers/unordered_multiset/allocator/move.cc compilation failed to produce executable
FAIL: 23_containers/unordered_multiset/debug/construct5_neg.cc (test for excess errors)
UNRESOLVED: 23_containers/unordered_multiset/debug/construct5_neg.cc compilation failed to produce executable
FAIL: 23_containers/unordered_multiset/debug/move_neg.cc (test for excess errors)
UNRESOLVED: 23_containers/unordered_multiset/debug/move_neg.cc compilation failed to produce executable
FAIL: 23_containers/unordered_set/allocator/copy.cc (test for excess errors)
UNRESOLVED: 23_containers/unordered_set/allocator/copy.cc compilation failed to produce executable
FAIL: 23_containers/unordered_set/allocator/copy_assign.cc (test for excess errors)
UNRESOLVED: 23_containers/unordered_set/allocator/copy_assign.cc compilation failed to produce executable
FAIL: 23_containers/unordered_set/allocator/move.cc (test for excess errors)
UNRESOLVED: 23_containers/unordered_set/allocator/move.cc compilation failed to produce executable
FAIL: 23_containers/unordered_set/debug/construct5_neg.cc (test for excess errors)
UNRESOLVED: 23_containers/unordered_set/debug/construct5_neg.cc compilation failed to produce executable
FAIL: 23_containers/unordered_set/debug/move_neg.cc (test for excess errors)
UNRESOLVED: 23_containers/unordered_set/debug/move_neg.cc compilation failed to produce executable
FAIL: 23_containers/vector/allocator/copy.cc (test for excess errors)
UNRESOLVED: 23_containers/vector/allocator/copy.cc compilation failed to produce executable
FAIL: 23_containers/vector/allocator/copy_assign.cc (test for excess errors)
UNRESOLVED: 23_containers/vector/allocator/copy_assign.cc compilation failed to produce executable
FAIL: 23_containers/vector/allocator/move.cc (test for excess errors)
UNRESOLVED: 23_containers/vector/allocator/move.cc compilation failed to produce executable
FAIL: 23_containers/vector/allocator/move_assign.cc (test for excess errors)
UNRESOLVED: 23_containers/vector/allocator/move_assign.cc compilation failed to produce executable
FAIL: 23_containers/vector/allocator/noexcept.cc (test for excess errors)
FAIL: 23_containers/vector/allocator/swap.cc (test for excess errors)
UNRESOLVED: 23_containers/vector/allocator/swap.cc compilation failed to produce executable
FAIL: 23_containers/vector/capacity/shrink_to_fit2.cc (test for excess errors)
UNRESOLVED: 23_containers/vector/capacity/shrink_to_fit2.cc compilation failed to produce executable
FAIL: 23_containers/vector/debug/move_assign_neg.cc (test for excess errors)
UNRESOLVED: 23_containers/vector/debug/move_assign_neg.cc compilation failed to produce executable
FAIL: 23_containers/vector/debug/move_neg.cc (test for excess errors)
UNRESOLVED: 23_containers/vector/debug/move_neg.cc compilation failed to produce executable
FAIL: 30_threads/packaged_task/cons/alloc.cc (test for excess errors)
UNRESOLVED: 30_threads/packaged_task/cons/alloc.cc compilation failed to produce executable
FAIL: 30_threads/promise/cons/alloc.cc (test for excess errors)
UNRESOLVED: 30_threads/promise/cons/alloc.cc compilation failed to produce executable
=== libstdc++ Summary ===
# of expected passes 8735
# of unexpected failures 80
# of expected failures 44
# of unresolved testcases 74
# of unsupported tests 656
Compiler version: 4.10.0 20140627 (experimental) [trunk revision 212058] (GCC)
Platform: sh4-unknown-linux-gnu
configure flags: --target=sh4-unknown-linux-gnu --enable-build-with-cxx --enable-lto --enable-shared --enable-threads=posix --enable-clocale=gnu --enable-libitm --enable-libgcj --with-ld=/usr/local/bin/sh4-unknown-linux-gnu-ld --with-as=/usr/local/bin/sh4-unknown-linux-gnu-as --with-sysroot=/exp/ldroot --with-mpfr=/opt3/i686-pc-linux-gnu --with-mpc=/opt3/i686-pc-linux-gnu --with-libelf=/opt3/i686-pc-linux-gnu --with-ppl=no target_alias=sh4-unknown-linux-gnu --enable-languages=c,c++,fortran,java,lto,objc