This is the mail archive of the gcc-testresults@gcc.gnu.org mailing list for the GCC project.


Index Nav: [Date Index] [Subject Index] [Author Index] [Thread Index]
Message Nav: [Date Prev] [Date Next] [Thread Prev] [Thread Next]
Other format: [Raw text]

FW: Results for 4.10.0 20140627 (experimental) (GCC) testsuite on x86_64-unknown-linux-gnu




________________________________________
From: jenkins@blackduck.caveonetworks.com
Sent: Friday, June 27, 2014 1:48:07 AM (UTC-08:00) Pacific Time (US & Canada)
To: apinski@cavium.com
Subject: Results for 4.10.0 20140627 (experimental) (GCC) testsuite on x86_64-unknown-linux-gnu

Native configuration is x86_64-unknown-linux-gnu

                === gcc tests ===


Running target unix//-m32
FAIL: gcc.dg/cproj-fails-with-broken-glibc.c execution test
FAIL: gcc.dg/torture/tls/run-ld.c  -O1  -pie -fpie  execution test
FAIL: gcc.dg/torture/tls/run-ld.c  -O2  -pie -fpie  execution test
FAIL: gcc.dg/torture/tls/run-ld.c  -O3 -fomit-frame-pointer  -pie -fpie  execution test
FAIL: gcc.dg/torture/tls/run-ld.c  -O3 -g  -pie -fpie  execution test
FAIL: gcc.dg/torture/tls/run-ld.c  -Os  -pie -fpie  execution test
FAIL: gcc.dg/torture/tls/run-ld.c  -O1  -pie -fPIE  execution test
FAIL: gcc.dg/torture/tls/run-ld.c  -O2  -pie -fPIE  execution test
FAIL: gcc.dg/torture/tls/run-ld.c  -O3 -fomit-frame-pointer  -pie -fPIE  execution test
FAIL: gcc.dg/torture/tls/run-ld.c  -O3 -g  -pie -fPIE  execution test
FAIL: gcc.dg/torture/tls/run-ld.c  -Os  -pie -fPIE  execution test
FAIL: gcc.target/i386/pr49095.c scan-assembler-not test[lq]

                === gcc Summary for unix//-m32 ===

# of expected passes            104769
# of unexpected failures        12
# of expected failures          245
# of unsupported tests          1869

Running target unix//-m64
FAIL: gcc.dg/cproj-fails-with-broken-glibc.c execution test
FAIL: gcc.target/i386/pr56114.c (test for excess errors)

                === gcc Summary for unix//-m64 ===

# of expected passes            105520
# of unexpected failures        2
# of expected failures          247
# of unsupported tests          2095

                === gcc Summary ===

# of expected passes            210289
# of unexpected failures        14
# of expected failures          492
# of unsupported tests          3964
/var/lib/jenkins/workspace/GCCupstream/objdir/gcc/xgcc  version 4.10.0 20140627 (experimental) (GCC)

                === gfortran tests ===


Running target unix//-m32

                === gfortran Summary for unix//-m32 ===

# of expected passes            45787
# of expected failures          38
# of unsupported tests          219

Running target unix//-m64

                === gfortran Summary for unix//-m64 ===

# of expected passes            46076
# of expected failures          38
# of unsupported tests          79

                === gfortran Summary ===

# of expected passes            91863
# of expected failures          76
# of unsupported tests          298
/var/lib/jenkins/workspace/GCCupstream/objdir/gcc/testsuite/gfortran/../../gfortran  version 4.10.0 20140627 (experimental) (GCC)

                === g++ tests ===


Running target unix//-m32
FAIL: g++.dg/other/anon5.C -std=gnu++98 (test for excess errors)
FAIL: g++.dg/other/anon5.C -std=gnu++11 (test for excess errors)
FAIL: g++.dg/other/anon5.C -std=gnu++1y (test for excess errors)
FAIL: g++.dg/other/pr59492.C -std=gnu++98 (test for excess errors)
FAIL: g++.dg/other/pr59492.C -std=gnu++11 (test for excess errors)
FAIL: g++.dg/other/pr59492.C -std=gnu++1y (test for excess errors)

                === g++ Summary for unix//-m32 ===

# of expected passes            85117
# of unexpected failures        6
# of expected failures          440
# of unsupported tests          2822

Running target unix//-m64
FAIL: g++.dg/other/anon5.C -std=gnu++98 (test for excess errors)
FAIL: g++.dg/other/anon5.C -std=gnu++11 (test for excess errors)
FAIL: g++.dg/other/anon5.C -std=gnu++1y (test for excess errors)

                === g++ Summary for unix//-m64 ===

# of expected passes            86663
# of unexpected failures        3
# of expected failures          440
# of unsupported tests          3069

                === g++ Summary ===

# of expected passes            171780
# of unexpected failures        9
# of expected failures          880
# of unsupported tests          5891
/var/lib/jenkins/workspace/GCCupstream/objdir/gcc/testsuite/g++/../../xg++  version 4.10.0 20140627 (experimental) (GCC)

                === objc tests ===


Running target unix//-m32

                === objc Summary for unix//-m32 ===

# of expected passes            3004
# of expected failures          6
# of unsupported tests          74

Running target unix//-m64

                === objc Summary for unix//-m64 ===

# of expected passes            3004
# of expected failures          6
# of unsupported tests          74

                === objc Summary ===

# of expected passes            6008
# of expected failures          12
# of unsupported tests          148
/var/lib/jenkins/workspace/GCCupstream/objdir/gcc/xgcc  version 4.10.0 20140627 (experimental) (GCC)

                === boehm-gc tests ===


Running target unix//-m32

                === boehm-gc Summary for unix//-m32 ===

# of expected passes            12
# of unsupported tests          1

Running target unix//-m64

                === boehm-gc Summary for unix//-m64 ===

# of expected passes            12
# of unsupported tests          1

                === boehm-gc Summary ===

# of expected passes            24
# of unsupported tests          2
                === libatomic tests ===


Running target unix//-m32

                === libatomic Summary for unix//-m32 ===

# of expected passes            44
# of unsupported tests          5

Running target unix//-m64

                === libatomic Summary for unix//-m64 ===

# of expected passes            54

                === libatomic Summary ===

# of expected passes            98
# of unsupported tests          5
                === libffi tests ===


Running target unix//-m32

                === libffi Summary for unix//-m32 ===

# of expected passes            1819
# of unsupported tests          55

Running target unix//-m64

                === libffi Summary for unix//-m64 ===

# of expected passes            1819
# of unsupported tests          55

                === libffi Summary ===

# of expected passes            3638
# of unsupported tests          110
                === libgomp tests ===


Running target unix//-m32

                === libgomp Summary for unix//-m32 ===

# of expected passes            3182
# of unsupported tests          35

Running target unix//-m64

                === libgomp Summary for unix//-m64 ===

# of expected passes            3182
# of unsupported tests          35

                === libgomp Summary ===

# of expected passes            6364
# of unsupported tests          70
                === libitm tests ===


Running target unix//-m32

                === libitm Summary for unix//-m32 ===

# of expected passes            26
# of expected failures          3
# of unsupported tests          1

Running target unix//-m64

                === libitm Summary for unix//-m64 ===

# of expected passes            26
# of expected failures          3
# of unsupported tests          1

                === libitm Summary ===

# of expected passes            52
# of expected failures          6
# of unsupported tests          2
                === libjava tests ===


Running target unix//-m32

                === libjava Summary for unix//-m32 ===

# of expected passes            2582
# of expected failures          4

Running target unix//-m64

                === libjava Summary for unix//-m64 ===

# of expected passes            2582
# of expected failures          4

                === libjava Summary ===

# of expected passes            5164
# of expected failures          8
                === libstdc++ tests ===


Running target unix//-m32
FAIL: 20_util/pair/swap.cc (test for excess errors)
UNRESOLVED: 20_util/pair/swap.cc compilation failed to produce executable
FAIL: 20_util/scoped_allocator/1.cc (test for excess errors)
UNRESOLVED: 20_util/scoped_allocator/1.cc compilation failed to produce executable
FAIL: 20_util/scoped_allocator/2.cc (test for excess errors)
UNRESOLVED: 20_util/scoped_allocator/2.cc compilation failed to produce executable
FAIL: 23_containers/forward_list/allocator/copy.cc (test for excess errors)
UNRESOLVED: 23_containers/forward_list/allocator/copy.cc compilation failed to produce executable
FAIL: 23_containers/forward_list/allocator/copy_assign.cc (test for excess errors)
UNRESOLVED: 23_containers/forward_list/allocator/copy_assign.cc compilation failed to produce executable
FAIL: 23_containers/forward_list/allocator/move.cc (test for excess errors)
UNRESOLVED: 23_containers/forward_list/allocator/move.cc compilation failed to produce executable
FAIL: 23_containers/forward_list/allocator/move_assign.cc (test for excess errors)
UNRESOLVED: 23_containers/forward_list/allocator/move_assign.cc compilation failed to produce executable
FAIL: 23_containers/forward_list/allocator/noexcept.cc (test for excess errors)
FAIL: 23_containers/forward_list/allocator/swap.cc (test for excess errors)
UNRESOLVED: 23_containers/forward_list/allocator/swap.cc compilation failed to produce executable
FAIL: 23_containers/forward_list/cons/10.cc (test for excess errors)
UNRESOLVED: 23_containers/forward_list/cons/10.cc compilation failed to produce executable
FAIL: 23_containers/forward_list/debug/construct4_neg.cc (test for excess errors)
UNRESOLVED: 23_containers/forward_list/debug/construct4_neg.cc compilation failed to produce executable
FAIL: 23_containers/forward_list/debug/move_assign_neg.cc (test for excess errors)
UNRESOLVED: 23_containers/forward_list/debug/move_assign_neg.cc compilation failed to produce executable
FAIL: 23_containers/forward_list/debug/move_neg.cc (test for excess errors)
UNRESOLVED: 23_containers/forward_list/debug/move_neg.cc compilation failed to produce executable
FAIL: 23_containers/map/allocator/copy.cc (test for excess errors)
UNRESOLVED: 23_containers/map/allocator/copy.cc compilation failed to produce executable
FAIL: 23_containers/map/allocator/copy_assign.cc (test for excess errors)
UNRESOLVED: 23_containers/map/allocator/copy_assign.cc compilation failed to produce executable
FAIL: 23_containers/map/allocator/move.cc (test for excess errors)
UNRESOLVED: 23_containers/map/allocator/move.cc compilation failed to produce executable
FAIL: 23_containers/map/allocator/move_assign.cc (test for excess errors)
UNRESOLVED: 23_containers/map/allocator/move_assign.cc compilation failed to produce executable
FAIL: 23_containers/map/allocator/noexcept.cc (test for excess errors)
FAIL: 23_containers/map/allocator/swap.cc (test for excess errors)
UNRESOLVED: 23_containers/map/allocator/swap.cc compilation failed to produce executable
FAIL: 23_containers/map/debug/construct5_neg.cc (test for excess errors)
UNRESOLVED: 23_containers/map/debug/construct5_neg.cc compilation failed to produce executable
FAIL: 23_containers/map/debug/move_assign_neg.cc (test for excess errors)
UNRESOLVED: 23_containers/map/debug/move_assign_neg.cc compilation failed to produce executable
FAIL: 23_containers/map/debug/move_neg.cc (test for excess errors)
UNRESOLVED: 23_containers/map/debug/move_neg.cc compilation failed to produce executable
FAIL: 23_containers/multimap/allocator/copy.cc (test for excess errors)
UNRESOLVED: 23_containers/multimap/allocator/copy.cc compilation failed to produce executable
FAIL: 23_containers/multimap/allocator/copy_assign.cc (test for excess errors)
UNRESOLVED: 23_containers/multimap/allocator/copy_assign.cc compilation failed to produce executable
FAIL: 23_containers/multimap/allocator/move.cc (test for excess errors)
UNRESOLVED: 23_containers/multimap/allocator/move.cc compilation failed to produce executable
FAIL: 23_containers/multimap/allocator/move_assign.cc (test for excess errors)
UNRESOLVED: 23_containers/multimap/allocator/move_assign.cc compilation failed to produce executable
FAIL: 23_containers/multimap/allocator/noexcept.cc (test for excess errors)
FAIL: 23_containers/multimap/allocator/swap.cc (test for excess errors)
UNRESOLVED: 23_containers/multimap/allocator/swap.cc compilation failed to produce executable
FAIL: 23_containers/multimap/debug/construct5_neg.cc (test for excess errors)
UNRESOLVED: 23_containers/multimap/debug/construct5_neg.cc compilation failed to produce executable
FAIL: 23_containers/multimap/debug/move_assign_neg.cc (test for excess errors)
UNRESOLVED: 23_containers/multimap/debug/move_assign_neg.cc compilation failed to produce executable
FAIL: 23_containers/multimap/debug/move_neg.cc (test for excess errors)
UNRESOLVED: 23_containers/multimap/debug/move_neg.cc compilation failed to produce executable
FAIL: 23_containers/multiset/allocator/copy.cc (test for excess errors)
UNRESOLVED: 23_containers/multiset/allocator/copy.cc compilation failed to produce executable
FAIL: 23_containers/multiset/allocator/copy_assign.cc (test for excess errors)
UNRESOLVED: 23_containers/multiset/allocator/copy_assign.cc compilation failed to produce executable
FAIL: 23_containers/multiset/allocator/move.cc (test for excess errors)
UNRESOLVED: 23_containers/multiset/allocator/move.cc compilation failed to produce executable
FAIL: 23_containers/multiset/allocator/move_assign.cc (test for excess errors)
UNRESOLVED: 23_containers/multiset/allocator/move_assign.cc compilation failed to produce executable
FAIL: 23_containers/multiset/allocator/noexcept.cc (test for excess errors)
FAIL: 23_containers/multiset/allocator/swap.cc (test for excess errors)
UNRESOLVED: 23_containers/multiset/allocator/swap.cc compilation failed to produce executable
FAIL: 23_containers/multiset/debug/construct5_neg.cc (test for excess errors)
UNRESOLVED: 23_containers/multiset/debug/construct5_neg.cc compilation failed to produce executable
FAIL: 23_containers/multiset/debug/move_assign_neg.cc (test for excess errors)
UNRESOLVED: 23_containers/multiset/debug/move_assign_neg.cc compilation failed to produce executable
FAIL: 23_containers/multiset/debug/move_neg.cc (test for excess errors)
UNRESOLVED: 23_containers/multiset/debug/move_neg.cc compilation failed to produce executable
FAIL: 23_containers/set/allocator/copy.cc (test for excess errors)
UNRESOLVED: 23_containers/set/allocator/copy.cc compilation failed to produce executable
FAIL: 23_containers/set/allocator/copy_assign.cc (test for excess errors)
UNRESOLVED: 23_containers/set/allocator/copy_assign.cc compilation failed to produce executable
FAIL: 23_containers/set/allocator/move.cc (test for excess errors)
UNRESOLVED: 23_containers/set/allocator/move.cc compilation failed to produce executable
FAIL: 23_containers/set/allocator/move_assign.cc (test for excess errors)
UNRESOLVED: 23_containers/set/allocator/move_assign.cc compilation failed to produce executable
FAIL: 23_containers/set/allocator/noexcept.cc (test for excess errors)
FAIL: 23_containers/set/allocator/swap.cc (test for excess errors)
UNRESOLVED: 23_containers/set/allocator/swap.cc compilation failed to produce executable
FAIL: 23_containers/set/debug/construct5_neg.cc (test for excess errors)
UNRESOLVED: 23_containers/set/debug/construct5_neg.cc compilation failed to produce executable
FAIL: 23_containers/set/debug/move_assign_neg.cc (test for excess errors)
UNRESOLVED: 23_containers/set/debug/move_assign_neg.cc compilation failed to produce executable
FAIL: 23_containers/set/debug/move_neg.cc (test for excess errors)
UNRESOLVED: 23_containers/set/debug/move_neg.cc compilation failed to produce executable
FAIL: 23_containers/unordered_map/allocator/copy.cc (test for excess errors)
UNRESOLVED: 23_containers/unordered_map/allocator/copy.cc compilation failed to produce executable
FAIL: 23_containers/unordered_map/allocator/copy_assign.cc (test for excess errors)
UNRESOLVED: 23_containers/unordered_map/allocator/copy_assign.cc compilation failed to produce executable
FAIL: 23_containers/unordered_map/allocator/move.cc (test for excess errors)
UNRESOLVED: 23_containers/unordered_map/allocator/move.cc compilation failed to produce executable
FAIL: 23_containers/unordered_map/debug/construct5_neg.cc (test for excess errors)
UNRESOLVED: 23_containers/unordered_map/debug/construct5_neg.cc compilation failed to produce executable
FAIL: 23_containers/unordered_map/debug/move_neg.cc (test for excess errors)
UNRESOLVED: 23_containers/unordered_map/debug/move_neg.cc compilation failed to produce executable
FAIL: 23_containers/unordered_multimap/allocator/copy.cc (test for excess errors)
UNRESOLVED: 23_containers/unordered_multimap/allocator/copy.cc compilation failed to produce executable
FAIL: 23_containers/unordered_multimap/allocator/copy_assign.cc (test for excess errors)
UNRESOLVED: 23_containers/unordered_multimap/allocator/copy_assign.cc compilation failed to produce executable
FAIL: 23_containers/unordered_multimap/allocator/move.cc (test for excess errors)
UNRESOLVED: 23_containers/unordered_multimap/allocator/move.cc compilation failed to produce executable
FAIL: 23_containers/unordered_multimap/debug/construct5_neg.cc (test for excess errors)
UNRESOLVED: 23_containers/unordered_multimap/debug/construct5_neg.cc compilation failed to produce executable
FAIL: 23_containers/unordered_multimap/debug/move_neg.cc (test for excess errors)
UNRESOLVED: 23_containers/unordered_multimap/debug/move_neg.cc compilation failed to produce executable
FAIL: 23_containers/unordered_multiset/allocator/copy.cc (test for excess errors)
UNRESOLVED: 23_containers/unordered_multiset/allocator/copy.cc compilation failed to produce executable
FAIL: 23_containers/unordered_multiset/allocator/copy_assign.cc (test for excess errors)
UNRESOLVED: 23_containers/unordered_multiset/allocator/copy_assign.cc compilation failed to produce executable
FAIL: 23_containers/unordered_multiset/allocator/move.cc (test for excess errors)
UNRESOLVED: 23_containers/unordered_multiset/allocator/move.cc compilation failed to produce executable
FAIL: 23_containers/unordered_multiset/debug/construct5_neg.cc (test for excess errors)
UNRESOLVED: 23_containers/unordered_multiset/debug/construct5_neg.cc compilation failed to produce executable
FAIL: 23_containers/unordered_multiset/debug/move_neg.cc (test for excess errors)
UNRESOLVED: 23_containers/unordered_multiset/debug/move_neg.cc compilation failed to produce executable
FAIL: 23_containers/unordered_set/allocator/copy.cc (test for excess errors)
UNRESOLVED: 23_containers/unordered_set/allocator/copy.cc compilation failed to produce executable
FAIL: 23_containers/unordered_set/allocator/copy_assign.cc (test for excess errors)
UNRESOLVED: 23_containers/unordered_set/allocator/copy_assign.cc compilation failed to produce executable
FAIL: 23_containers/unordered_set/allocator/move.cc (test for excess errors)
UNRESOLVED: 23_containers/unordered_set/allocator/move.cc compilation failed to produce executable
FAIL: 23_containers/unordered_set/debug/construct5_neg.cc (test for excess errors)
UNRESOLVED: 23_containers/unordered_set/debug/construct5_neg.cc compilation failed to produce executable
FAIL: 23_containers/unordered_set/debug/move_neg.cc (test for excess errors)
UNRESOLVED: 23_containers/unordered_set/debug/move_neg.cc compilation failed to produce executable
FAIL: 23_containers/vector/allocator/copy.cc (test for excess errors)
UNRESOLVED: 23_containers/vector/allocator/copy.cc compilation failed to produce executable
FAIL: 23_containers/vector/allocator/copy_assign.cc (test for excess errors)
UNRESOLVED: 23_containers/vector/allocator/copy_assign.cc compilation failed to produce executable
FAIL: 23_containers/vector/allocator/move.cc (test for excess errors)
UNRESOLVED: 23_containers/vector/allocator/move.cc compilation failed to produce executable
FAIL: 23_containers/vector/allocator/move_assign.cc (test for excess errors)
UNRESOLVED: 23_containers/vector/allocator/move_assign.cc compilation failed to produce executable
FAIL: 23_containers/vector/allocator/noexcept.cc (test for excess errors)
FAIL: 23_containers/vector/allocator/swap.cc (test for excess errors)
UNRESOLVED: 23_containers/vector/allocator/swap.cc compilation failed to produce executable
FAIL: 23_containers/vector/capacity/shrink_to_fit2.cc (test for excess errors)
UNRESOLVED: 23_containers/vector/capacity/shrink_to_fit2.cc compilation failed to produce executable
FAIL: 23_containers/vector/debug/move_assign_neg.cc (test for excess errors)
UNRESOLVED: 23_containers/vector/debug/move_assign_neg.cc compilation failed to produce executable
FAIL: 23_containers/vector/debug/move_neg.cc (test for excess errors)
UNRESOLVED: 23_containers/vector/debug/move_neg.cc compilation failed to produce executable
FAIL: 30_threads/packaged_task/cons/alloc.cc (test for excess errors)
UNRESOLVED: 30_threads/packaged_task/cons/alloc.cc compilation failed to produce executable
FAIL: 30_threads/promise/cons/alloc.cc (test for excess errors)
UNRESOLVED: 30_threads/promise/cons/alloc.cc compilation failed to produce executable

                === libstdc++ Summary for unix//-m32 ===

# of expected passes            9261
# of unexpected failures        80
# of expected failures          44
# of unresolved testcases       74
# of unsupported tests          533

Running target unix//-m64
FAIL: 20_util/pair/swap.cc (test for excess errors)
UNRESOLVED: 20_util/pair/swap.cc compilation failed to produce executable
FAIL: 20_util/scoped_allocator/1.cc (test for excess errors)
UNRESOLVED: 20_util/scoped_allocator/1.cc compilation failed to produce executable
FAIL: 20_util/scoped_allocator/2.cc (test for excess errors)
UNRESOLVED: 20_util/scoped_allocator/2.cc compilation failed to produce executable
FAIL: 23_containers/forward_list/allocator/copy.cc (test for excess errors)
UNRESOLVED: 23_containers/forward_list/allocator/copy.cc compilation failed to produce executable
FAIL: 23_containers/forward_list/allocator/copy_assign.cc (test for excess errors)
UNRESOLVED: 23_containers/forward_list/allocator/copy_assign.cc compilation failed to produce executable
FAIL: 23_containers/forward_list/allocator/move.cc (test for excess errors)
UNRESOLVED: 23_containers/forward_list/allocator/move.cc compilation failed to produce executable
FAIL: 23_containers/forward_list/allocator/move_assign.cc (test for excess errors)
UNRESOLVED: 23_containers/forward_list/allocator/move_assign.cc compilation failed to produce executable
FAIL: 23_containers/forward_list/allocator/noexcept.cc (test for excess errors)
FAIL: 23_containers/forward_list/allocator/swap.cc (test for excess errors)
UNRESOLVED: 23_containers/forward_list/allocator/swap.cc compilation failed to produce executable
FAIL: 23_containers/forward_list/cons/10.cc (test for excess errors)
UNRESOLVED: 23_containers/forward_list/cons/10.cc compilation failed to produce executable
FAIL: 23_containers/forward_list/debug/construct4_neg.cc (test for excess errors)
UNRESOLVED: 23_containers/forward_list/debug/construct4_neg.cc compilation failed to produce executable
FAIL: 23_containers/forward_list/debug/move_assign_neg.cc (test for excess errors)
UNRESOLVED: 23_containers/forward_list/debug/move_assign_neg.cc compilation failed to produce executable
FAIL: 23_containers/forward_list/debug/move_neg.cc (test for excess errors)
UNRESOLVED: 23_containers/forward_list/debug/move_neg.cc compilation failed to produce executable
FAIL: 23_containers/map/allocator/copy.cc (test for excess errors)
UNRESOLVED: 23_containers/map/allocator/copy.cc compilation failed to produce executable
FAIL: 23_containers/map/allocator/copy_assign.cc (test for excess errors)
UNRESOLVED: 23_containers/map/allocator/copy_assign.cc compilation failed to produce executable
FAIL: 23_containers/map/allocator/move.cc (test for excess errors)
UNRESOLVED: 23_containers/map/allocator/move.cc compilation failed to produce executable
FAIL: 23_containers/map/allocator/move_assign.cc (test for excess errors)
UNRESOLVED: 23_containers/map/allocator/move_assign.cc compilation failed to produce executable
FAIL: 23_containers/map/allocator/noexcept.cc (test for excess errors)
FAIL: 23_containers/map/allocator/swap.cc (test for excess errors)
UNRESOLVED: 23_containers/map/allocator/swap.cc compilation failed to produce executable
FAIL: 23_containers/map/debug/construct5_neg.cc (test for excess errors)
UNRESOLVED: 23_containers/map/debug/construct5_neg.cc compilation failed to produce executable
FAIL: 23_containers/map/debug/move_assign_neg.cc (test for excess errors)
UNRESOLVED: 23_containers/map/debug/move_assign_neg.cc compilation failed to produce executable
FAIL: 23_containers/map/debug/move_neg.cc (test for excess errors)
UNRESOLVED: 23_containers/map/debug/move_neg.cc compilation failed to produce executable
FAIL: 23_containers/multimap/allocator/copy.cc (test for excess errors)
UNRESOLVED: 23_containers/multimap/allocator/copy.cc compilation failed to produce executable
FAIL: 23_containers/multimap/allocator/copy_assign.cc (test for excess errors)
UNRESOLVED: 23_containers/multimap/allocator/copy_assign.cc compilation failed to produce executable
FAIL: 23_containers/multimap/allocator/move.cc (test for excess errors)
UNRESOLVED: 23_containers/multimap/allocator/move.cc compilation failed to produce executable
FAIL: 23_containers/multimap/allocator/move_assign.cc (test for excess errors)
UNRESOLVED: 23_containers/multimap/allocator/move_assign.cc compilation failed to produce executable
FAIL: 23_containers/multimap/allocator/noexcept.cc (test for excess errors)
FAIL: 23_containers/multimap/allocator/swap.cc (test for excess errors)
UNRESOLVED: 23_containers/multimap/allocator/swap.cc compilation failed to produce executable
FAIL: 23_containers/multimap/debug/construct5_neg.cc (test for excess errors)
UNRESOLVED: 23_containers/multimap/debug/construct5_neg.cc compilation failed to produce executable
FAIL: 23_containers/multimap/debug/move_assign_neg.cc (test for excess errors)
UNRESOLVED: 23_containers/multimap/debug/move_assign_neg.cc compilation failed to produce executable
FAIL: 23_containers/multimap/debug/move_neg.cc (test for excess errors)
UNRESOLVED: 23_containers/multimap/debug/move_neg.cc compilation failed to produce executable
FAIL: 23_containers/multiset/allocator/copy.cc (test for excess errors)
UNRESOLVED: 23_containers/multiset/allocator/copy.cc compilation failed to produce executable
FAIL: 23_containers/multiset/allocator/copy_assign.cc (test for excess errors)
UNRESOLVED: 23_containers/multiset/allocator/copy_assign.cc compilation failed to produce executable
FAIL: 23_containers/multiset/allocator/move.cc (test for excess errors)
UNRESOLVED: 23_containers/multiset/allocator/move.cc compilation failed to produce executable
FAIL: 23_containers/multiset/allocator/move_assign.cc (test for excess errors)
UNRESOLVED: 23_containers/multiset/allocator/move_assign.cc compilation failed to produce executable
FAIL: 23_containers/multiset/allocator/noexcept.cc (test for excess errors)
FAIL: 23_containers/multiset/allocator/swap.cc (test for excess errors)
UNRESOLVED: 23_containers/multiset/allocator/swap.cc compilation failed to produce executable
FAIL: 23_containers/multiset/debug/construct5_neg.cc (test for excess errors)
UNRESOLVED: 23_containers/multiset/debug/construct5_neg.cc compilation failed to produce executable
FAIL: 23_containers/multiset/debug/move_assign_neg.cc (test for excess errors)
UNRESOLVED: 23_containers/multiset/debug/move_assign_neg.cc compilation failed to produce executable
FAIL: 23_containers/multiset/debug/move_neg.cc (test for excess errors)
UNRESOLVED: 23_containers/multiset/debug/move_neg.cc compilation failed to produce executable
FAIL: 23_containers/set/allocator/copy.cc (test for excess errors)
UNRESOLVED: 23_containers/set/allocator/copy.cc compilation failed to produce executable
FAIL: 23_containers/set/allocator/copy_assign.cc (test for excess errors)
UNRESOLVED: 23_containers/set/allocator/copy_assign.cc compilation failed to produce executable
FAIL: 23_containers/set/allocator/move.cc (test for excess errors)
UNRESOLVED: 23_containers/set/allocator/move.cc compilation failed to produce executable
FAIL: 23_containers/set/allocator/move_assign.cc (test for excess errors)
UNRESOLVED: 23_containers/set/allocator/move_assign.cc compilation failed to produce executable
FAIL: 23_containers/set/allocator/noexcept.cc (test for excess errors)
FAIL: 23_containers/set/allocator/swap.cc (test for excess errors)
UNRESOLVED: 23_containers/set/allocator/swap.cc compilation failed to produce executable
FAIL: 23_containers/set/debug/construct5_neg.cc (test for excess errors)
UNRESOLVED: 23_containers/set/debug/construct5_neg.cc compilation failed to produce executable
FAIL: 23_containers/set/debug/move_assign_neg.cc (test for excess errors)
UNRESOLVED: 23_containers/set/debug/move_assign_neg.cc compilation failed to produce executable
FAIL: 23_containers/set/debug/move_neg.cc (test for excess errors)
UNRESOLVED: 23_containers/set/debug/move_neg.cc compilation failed to produce executable
FAIL: 23_containers/unordered_map/allocator/copy.cc (test for excess errors)
UNRESOLVED: 23_containers/unordered_map/allocator/copy.cc compilation failed to produce executable
FAIL: 23_containers/unordered_map/allocator/copy_assign.cc (test for excess errors)
UNRESOLVED: 23_containers/unordered_map/allocator/copy_assign.cc compilation failed to produce executable
FAIL: 23_containers/unordered_map/allocator/move.cc (test for excess errors)
UNRESOLVED: 23_containers/unordered_map/allocator/move.cc compilation failed to produce executable
FAIL: 23_containers/unordered_map/debug/construct5_neg.cc (test for excess errors)
UNRESOLVED: 23_containers/unordered_map/debug/construct5_neg.cc compilation failed to produce executable
FAIL: 23_containers/unordered_map/debug/move_neg.cc (test for excess errors)
UNRESOLVED: 23_containers/unordered_map/debug/move_neg.cc compilation failed to produce executable
FAIL: 23_containers/unordered_multimap/allocator/copy.cc (test for excess errors)
UNRESOLVED: 23_containers/unordered_multimap/allocator/copy.cc compilation failed to produce executable
FAIL: 23_containers/unordered_multimap/allocator/copy_assign.cc (test for excess errors)
UNRESOLVED: 23_containers/unordered_multimap/allocator/copy_assign.cc compilation failed to produce executable
FAIL: 23_containers/unordered_multimap/allocator/move.cc (test for excess errors)
UNRESOLVED: 23_containers/unordered_multimap/allocator/move.cc compilation failed to produce executable
FAIL: 23_containers/unordered_multimap/debug/construct5_neg.cc (test for excess errors)
UNRESOLVED: 23_containers/unordered_multimap/debug/construct5_neg.cc compilation failed to produce executable
FAIL: 23_containers/unordered_multimap/debug/move_neg.cc (test for excess errors)
UNRESOLVED: 23_containers/unordered_multimap/debug/move_neg.cc compilation failed to produce executable
FAIL: 23_containers/unordered_multiset/allocator/copy.cc (test for excess errors)
UNRESOLVED: 23_containers/unordered_multiset/allocator/copy.cc compilation failed to produce executable
FAIL: 23_containers/unordered_multiset/allocator/copy_assign.cc (test for excess errors)
UNRESOLVED: 23_containers/unordered_multiset/allocator/copy_assign.cc compilation failed to produce executable
FAIL: 23_containers/unordered_multiset/allocator/move.cc (test for excess errors)
UNRESOLVED: 23_containers/unordered_multiset/allocator/move.cc compilation failed to produce executable
FAIL: 23_containers/unordered_multiset/debug/construct5_neg.cc (test for excess errors)
UNRESOLVED: 23_containers/unordered_multiset/debug/construct5_neg.cc compilation failed to produce executable
FAIL: 23_containers/unordered_multiset/debug/move_neg.cc (test for excess errors)
UNRESOLVED: 23_containers/unordered_multiset/debug/move_neg.cc compilation failed to produce executable
FAIL: 23_containers/unordered_set/allocator/copy.cc (test for excess errors)
UNRESOLVED: 23_containers/unordered_set/allocator/copy.cc compilation failed to produce executable
FAIL: 23_containers/unordered_set/allocator/copy_assign.cc (test for excess errors)
UNRESOLVED: 23_containers/unordered_set/allocator/copy_assign.cc compilation failed to produce executable
FAIL: 23_containers/unordered_set/allocator/move.cc (test for excess errors)
UNRESOLVED: 23_containers/unordered_set/allocator/move.cc compilation failed to produce executable
FAIL: 23_containers/unordered_set/debug/construct5_neg.cc (test for excess errors)
UNRESOLVED: 23_containers/unordered_set/debug/construct5_neg.cc compilation failed to produce executable
FAIL: 23_containers/unordered_set/debug/move_neg.cc (test for excess errors)
UNRESOLVED: 23_containers/unordered_set/debug/move_neg.cc compilation failed to produce executable
FAIL: 23_containers/vector/allocator/copy.cc (test for excess errors)
UNRESOLVED: 23_containers/vector/allocator/copy.cc compilation failed to produce executable
FAIL: 23_containers/vector/allocator/copy_assign.cc (test for excess errors)
UNRESOLVED: 23_containers/vector/allocator/copy_assign.cc compilation failed to produce executable
FAIL: 23_containers/vector/allocator/move.cc (test for excess errors)
UNRESOLVED: 23_containers/vector/allocator/move.cc compilation failed to produce executable
FAIL: 23_containers/vector/allocator/move_assign.cc (test for excess errors)
UNRESOLVED: 23_containers/vector/allocator/move_assign.cc compilation failed to produce executable
FAIL: 23_containers/vector/allocator/noexcept.cc (test for excess errors)
FAIL: 23_containers/vector/allocator/swap.cc (test for excess errors)
UNRESOLVED: 23_containers/vector/allocator/swap.cc compilation failed to produce executable
FAIL: 23_containers/vector/capacity/shrink_to_fit2.cc (test for excess errors)
UNRESOLVED: 23_containers/vector/capacity/shrink_to_fit2.cc compilation failed to produce executable
FAIL: 23_containers/vector/debug/move_assign_neg.cc (test for excess errors)
UNRESOLVED: 23_containers/vector/debug/move_assign_neg.cc compilation failed to produce executable
FAIL: 23_containers/vector/debug/move_neg.cc (test for excess errors)
UNRESOLVED: 23_containers/vector/debug/move_neg.cc compilation failed to produce executable
FAIL: 30_threads/packaged_task/cons/alloc.cc (test for excess errors)
UNRESOLVED: 30_threads/packaged_task/cons/alloc.cc compilation failed to produce executable
FAIL: 30_threads/promise/cons/alloc.cc (test for excess errors)
UNRESOLVED: 30_threads/promise/cons/alloc.cc compilation failed to produce executable

                === libstdc++ Summary for unix//-m64 ===

# of expected passes            9253
# of unexpected failures        80
# of expected failures          44
# of unresolved testcases       74
# of unsupported tests          537

                === libstdc++ Summary ===

# of expected passes            18514
# of unexpected failures        160
# of expected failures          88
# of unresolved testcases       148
# of unsupported tests          1070

Compiler version: 4.10.0 20140627 (experimental) (GCC)
Platform: x86_64-unknown-linux-gnu
configure flags: --prefix=/var/lib/jenkins/workspace/GCCupstream/objdir/install


Index Nav: [Date Index] [Subject Index] [Author Index] [Thread Index]
Message Nav: [Date Prev] [Date Next] [Thread Prev] [Thread Next]