This is the mail archive of the gcc-testresults@gcc.gnu.org mailing list for the GCC project.


Index Nav: [Date Index] [Subject Index] [Author Index] [Thread Index]
Message Nav: [Date Prev] [Date Next] [Thread Prev] [Thread Next]
Other format: [Raw text]

Results for 4.10.0 20140624 (Tue Jun 24 20:25:39 PDT 2014 build.sh rev=990 s=FCtrunk -FSF t=DGNOBOARD NLAe600 -V nightly_NLAe600) (GCC) testsuite on powerpc-unknown-linux-gnualtivec


Native configuration is powerpc-unknown-linux-gnualtivec

		=== gcc tests ===


Running target unix
FAIL: gcc.c-torture/compile/pr34856.c  -O2  (internal compiler error)
FAIL: gcc.c-torture/compile/pr34856.c  -O2  (test for excess errors)
FAIL: gcc.c-torture/compile/pr34856.c  -O3 -fomit-frame-pointer  (internal compiler error)
FAIL: gcc.c-torture/compile/pr34856.c  -O3 -fomit-frame-pointer  (test for excess errors)
FAIL: gcc.c-torture/compile/pr34856.c  -O3 -fomit-frame-pointer -funroll-loops  (internal compiler error)
FAIL: gcc.c-torture/compile/pr34856.c  -O3 -fomit-frame-pointer -funroll-loops  (test for excess errors)
FAIL: gcc.c-torture/compile/pr34856.c  -O3 -fomit-frame-pointer -funroll-all-loops -finline-functions  (internal compiler error)
FAIL: gcc.c-torture/compile/pr34856.c  -O3 -fomit-frame-pointer -funroll-all-loops -finline-functions  (test for excess errors)
FAIL: gcc.c-torture/compile/pr34856.c  -O3 -g  (internal compiler error)
FAIL: gcc.c-torture/compile/pr34856.c  -O3 -g  (test for excess errors)
FAIL: gcc.c-torture/compile/pr34856.c  -Os  (internal compiler error)
FAIL: gcc.c-torture/compile/pr34856.c  -Os  (test for excess errors)
FAIL: gcc.c-torture/compile/pr34856.c  -O2 -flto -fno-use-linker-plugin -flto-partition=none  (internal compiler error)
FAIL: gcc.c-torture/compile/pr34856.c  -O2 -flto -fno-use-linker-plugin -flto-partition=none  (test for excess errors)
FAIL: gcc.c-torture/compile/pr60655-2.c  -O3 -g  (test for excess errors)
FAIL: c-c++-common/asan/asan-interface-1.c  -O0  execution test
FAIL: c-c++-common/asan/asan-interface-1.c  -O1  execution test
FAIL: c-c++-common/asan/asan-interface-1.c  -O2  execution test
FAIL: c-c++-common/asan/asan-interface-1.c  -O3 -fomit-frame-pointer  execution test
FAIL: c-c++-common/asan/asan-interface-1.c  -O3 -g  execution test
FAIL: c-c++-common/asan/asan-interface-1.c  -Os  execution test
FAIL: c-c++-common/asan/asan-interface-1.c  -O2 -flto -fno-use-linker-plugin -flto-partition=none  execution test
FAIL: c-c++-common/asan/asan-interface-1.c  -O2 -flto -fuse-linker-plugin -fno-fat-lto-objects  execution test
FAIL: c-c++-common/asan/clone-test-1.c  -O0  execution test
FAIL: c-c++-common/asan/clone-test-1.c  -O1  execution test
FAIL: c-c++-common/asan/clone-test-1.c  -O2  execution test
FAIL: c-c++-common/asan/clone-test-1.c  -O3 -fomit-frame-pointer  execution test
FAIL: c-c++-common/asan/clone-test-1.c  -O3 -fomit-frame-pointer -funroll-loops  execution test
FAIL: c-c++-common/asan/clone-test-1.c  -O3 -fomit-frame-pointer -funroll-all-loops -finline-functions  execution test
FAIL: c-c++-common/asan/clone-test-1.c  -O3 -g  execution test
FAIL: c-c++-common/asan/clone-test-1.c  -Os  execution test
FAIL: c-c++-common/asan/clone-test-1.c  -O2 -flto -fno-use-linker-plugin -flto-partition=none  execution test
FAIL: c-c++-common/asan/clone-test-1.c  -O2 -flto -fuse-linker-plugin -fno-fat-lto-objects  execution test
FAIL: c-c++-common/asan/global-overflow-1.c  -O0  output pattern test, is ==19105==ASan runtime does not come first in initial library list; you should either link runtime to your application or manually preload it with LD_PRELOAD.
FAIL: c-c++-common/asan/global-overflow-1.c  -O1  output pattern test, is ==19368==ASan runtime does not come first in initial library list; you should either link runtime to your application or manually preload it with LD_PRELOAD.
FAIL: c-c++-common/asan/global-overflow-1.c  -O2  output pattern test, is ==19661==ASan runtime does not come first in initial library list; you should either link runtime to your application or manually preload it with LD_PRELOAD.
FAIL: c-c++-common/asan/global-overflow-1.c  -O3 -fomit-frame-pointer  output pattern test, is ==19982==ASan runtime does not come first in initial library list; you should either link runtime to your application or manually preload it with LD_PRELOAD.
FAIL: c-c++-common/asan/global-overflow-1.c  -O3 -g  output pattern test, is ==20207==ASan runtime does not come first in initial library list; you should either link runtime to your application or manually preload it with LD_PRELOAD.
FAIL: c-c++-common/asan/global-overflow-1.c  -Os  output pattern test, is ==20578==ASan runtime does not come first in initial library list; you should either link runtime to your application or manually preload it with LD_PRELOAD.
FAIL: c-c++-common/asan/global-overflow-1.c  -O2 -flto -fno-use-linker-plugin -flto-partition=none  output pattern test, is ==21157==ASan runtime does not come first in initial library list; you should either link runtime to your application or manually preload it with LD_PRELOAD.
FAIL: c-c++-common/asan/global-overflow-1.c  -O2 -flto -fuse-linker-plugin -fno-fat-lto-objects  output pattern test, is ==21503==ASan runtime does not come first in initial library list; you should either link runtime to your application or manually preload it with LD_PRELOAD.
FAIL: c-c++-common/asan/heap-overflow-1.c  -O0  output pattern test, is ==21796==ASan runtime does not come first in initial library list; you should either link runtime to your application or manually preload it with LD_PRELOAD.
FAIL: c-c++-common/asan/heap-overflow-1.c  -O1  output pattern test, is ==22070==ASan runtime does not come first in initial library list; you should either link runtime to your application or manually preload it with LD_PRELOAD.
FAIL: c-c++-common/asan/heap-overflow-1.c  -O2  output pattern test, is ==22318==ASan runtime does not come first in initial library list; you should either link runtime to your application or manually preload it with LD_PRELOAD.
FAIL: c-c++-common/asan/heap-overflow-1.c  -O3 -fomit-frame-pointer  output pattern test, is ==22538==ASan runtime does not come first in initial library list; you should either link runtime to your application or manually preload it with LD_PRELOAD.
FAIL: c-c++-common/asan/heap-overflow-1.c  -O3 -g  output pattern test, is ==22825==ASan runtime does not come first in initial library list; you should either link runtime to your application or manually preload it with LD_PRELOAD.
FAIL: c-c++-common/asan/heap-overflow-1.c  -Os  output pattern test, is ==23177==ASan runtime does not come first in initial library list; you should either link runtime to your application or manually preload it with LD_PRELOAD.
FAIL: c-c++-common/asan/heap-overflow-1.c  -O2 -flto -fno-use-linker-plugin -flto-partition=none  output pattern test, is ==24002==ASan runtime does not come first in initial library list; you should either link runtime to your application or manually preload it with LD_PRELOAD.
FAIL: c-c++-common/asan/heap-overflow-1.c  -O2 -flto -fuse-linker-plugin -fno-fat-lto-objects  output pattern test, is ==24437==ASan runtime does not come first in initial library list; you should either link runtime to your application or manually preload it with LD_PRELOAD.
FAIL: c-c++-common/asan/memcmp-1.c  -O0  output pattern test, is ==29310==ASan runtime does not come first in initial library list; you should either link runtime to your application or manually preload it with LD_PRELOAD.
FAIL: c-c++-common/asan/memcmp-1.c  -O1  output pattern test, is ==29577==ASan runtime does not come first in initial library list; you should either link runtime to your application or manually preload it with LD_PRELOAD.
FAIL: c-c++-common/asan/memcmp-1.c  -O2  output pattern test, is ==29904==ASan runtime does not come first in initial library list; you should either link runtime to your application or manually preload it with LD_PRELOAD.
FAIL: c-c++-common/asan/memcmp-1.c  -O3 -fomit-frame-pointer  output pattern test, is ==30179==ASan runtime does not come first in initial library list; you should either link runtime to your application or manually preload it with LD_PRELOAD.
FAIL: c-c++-common/asan/memcmp-1.c  -O3 -g  output pattern test, is ==30488==ASan runtime does not come first in initial library list; you should either link runtime to your application or manually preload it with LD_PRELOAD.
FAIL: c-c++-common/asan/memcmp-1.c  -Os  output pattern test, is ==30742==ASan runtime does not come first in initial library list; you should either link runtime to your application or manually preload it with LD_PRELOAD.
FAIL: c-c++-common/asan/memcmp-1.c  -O2 -flto -fno-use-linker-plugin -flto-partition=none  output pattern test, is ==31516==ASan runtime does not come first in initial library list; you should either link runtime to your application or manually preload it with LD_PRELOAD.
FAIL: c-c++-common/asan/memcmp-1.c  -O2 -flto -fuse-linker-plugin -fno-fat-lto-objects  output pattern test, is ==31977==ASan runtime does not come first in initial library list; you should either link runtime to your application or manually preload it with LD_PRELOAD.
FAIL: c-c++-common/asan/misalign-1.c  -O0  output pattern test, is ==1344==ASan runtime does not come first in initial library list; you should either link runtime to your application or manually preload it with LD_PRELOAD.
FAIL: c-c++-common/asan/misalign-1.c  -O1  output pattern test, is ==1661==ASan runtime does not come first in initial library list; you should either link runtime to your application or manually preload it with LD_PRELOAD.
FAIL: c-c++-common/asan/misalign-1.c  -O2  output pattern test, is ==2042==ASan runtime does not come first in initial library list; you should either link runtime to your application or manually preload it with LD_PRELOAD.
FAIL: c-c++-common/asan/misalign-1.c  -O3 -fomit-frame-pointer  output pattern test, is ==2377==ASan runtime does not come first in initial library list; you should either link runtime to your application or manually preload it with LD_PRELOAD.
FAIL: c-c++-common/asan/misalign-1.c  -O3 -g  output pattern test, is ==2694==ASan runtime does not come first in initial library list; you should either link runtime to your application or manually preload it with LD_PRELOAD.
FAIL: c-c++-common/asan/misalign-1.c  -Os  output pattern test, is ==3012==ASan runtime does not come first in initial library list; you should either link runtime to your application or manually preload it with LD_PRELOAD.
FAIL: c-c++-common/asan/misalign-1.c  -O2 -flto -fno-use-linker-plugin -flto-partition=none  output pattern test, is ==3743==ASan runtime does not come first in initial library list; you should either link runtime to your application or manually preload it with LD_PRELOAD.
FAIL: c-c++-common/asan/misalign-1.c  -O2 -flto -fuse-linker-plugin -fno-fat-lto-objects  output pattern test, is ==4238==ASan runtime does not come first in initial library list; you should either link runtime to your application or manually preload it with LD_PRELOAD.
FAIL: c-c++-common/asan/misalign-2.c  -O0  output pattern test, is ==4642==ASan runtime does not come first in initial library list; you should either link runtime to your application or manually preload it with LD_PRELOAD.
FAIL: c-c++-common/asan/misalign-2.c  -O1  output pattern test, is ==4999==ASan runtime does not come first in initial library list; you should either link runtime to your application or manually preload it with LD_PRELOAD.
FAIL: c-c++-common/asan/misalign-2.c  -O2  output pattern test, is ==5365==ASan runtime does not come first in initial library list; you should either link runtime to your application or manually preload it with LD_PRELOAD.
FAIL: c-c++-common/asan/misalign-2.c  -O3 -fomit-frame-pointer  output pattern test, is ==5617==ASan runtime does not come first in initial library list; you should either link runtime to your application or manually preload it with LD_PRELOAD.
FAIL: c-c++-common/asan/misalign-2.c  -O3 -g  output pattern test, is ==5907==ASan runtime does not come first in initial library list; you should either link runtime to your application or manually preload it with LD_PRELOAD.
FAIL: c-c++-common/asan/misalign-2.c  -Os  output pattern test, is ==6285==ASan runtime does not come first in initial library list; you should either link runtime to your application or manually preload it with LD_PRELOAD.
FAIL: c-c++-common/asan/misalign-2.c  -O2 -flto -fno-use-linker-plugin -flto-partition=none  output pattern test, is ==7024==ASan runtime does not come first in initial library list; you should either link runtime to your application or manually preload it with LD_PRELOAD.
FAIL: c-c++-common/asan/misalign-2.c  -O2 -flto -fuse-linker-plugin -fno-fat-lto-objects  output pattern test, is ==7517==ASan runtime does not come first in initial library list; you should either link runtime to your application or manually preload it with LD_PRELOAD.
FAIL: c-c++-common/asan/null-deref-1.c  -O0  output pattern test, is ==15391==ASan runtime does not come first in initial library list; you should either link runtime to your application or manually preload it with LD_PRELOAD.
FAIL: c-c++-common/asan/null-deref-1.c  -O1  output pattern test, is ==15697==ASan runtime does not come first in initial library list; you should either link runtime to your application or manually preload it with LD_PRELOAD.
FAIL: c-c++-common/asan/null-deref-1.c  -O2  output pattern test, is ==15980==ASan runtime does not come first in initial library list; you should either link runtime to your application or manually preload it with LD_PRELOAD.
FAIL: c-c++-common/asan/null-deref-1.c  -O3 -fomit-frame-pointer  output pattern test, is ==16177==ASan runtime does not come first in initial library list; you should either link runtime to your application or manually preload it with LD_PRELOAD.
FAIL: c-c++-common/asan/null-deref-1.c  -O3 -g  output pattern test, is ==16441==ASan runtime does not come first in initial library list; you should either link runtime to your application or manually preload it with LD_PRELOAD.
FAIL: c-c++-common/asan/null-deref-1.c  -Os  output pattern test, is ==16688==ASan runtime does not come first in initial library list; you should either link runtime to your application or manually preload it with LD_PRELOAD.
FAIL: c-c++-common/asan/null-deref-1.c  -O2 -flto -fno-use-linker-plugin -flto-partition=none  output pattern test, is ==17319==ASan runtime does not come first in initial library list; you should either link runtime to your application or manually preload it with LD_PRELOAD.
FAIL: c-c++-common/asan/null-deref-1.c  -O2 -flto -fuse-linker-plugin -fno-fat-lto-objects  output pattern test, is ==17734==ASan runtime does not come first in initial library list; you should either link runtime to your application or manually preload it with LD_PRELOAD.
FAIL: c-c++-common/asan/pr59063-1.c  -O0  execution test
FAIL: c-c++-common/asan/pr59063-1.c  -O1  execution test
FAIL: c-c++-common/asan/pr59063-1.c  -O2  execution test
FAIL: c-c++-common/asan/pr59063-1.c  -O3 -fomit-frame-pointer  execution test
FAIL: c-c++-common/asan/pr59063-1.c  -O3 -g  execution test
FAIL: c-c++-common/asan/pr59063-1.c  -Os  execution test
FAIL: c-c++-common/asan/pr59063-1.c  -O2 -flto -fno-use-linker-plugin -flto-partition=none  execution test
FAIL: c-c++-common/asan/pr59063-1.c  -O2 -flto -fuse-linker-plugin -fno-fat-lto-objects  execution test
FAIL: c-c++-common/asan/pr61530.c  -O0  output pattern test, is ==25845==ASan runtime does not come first in initial library list; you should either link runtime to your application or manually preload it with LD_PRELOAD.
FAIL: c-c++-common/asan/pr61530.c  -O1  output pattern test, is ==26107==ASan runtime does not come first in initial library list; you should either link runtime to your application or manually preload it with LD_PRELOAD.
FAIL: c-c++-common/asan/pr61530.c  -O2  output pattern test, is ==26426==ASan runtime does not come first in initial library list; you should either link runtime to your application or manually preload it with LD_PRELOAD.
FAIL: c-c++-common/asan/pr61530.c  -O3 -fomit-frame-pointer  output pattern test, is ==26674==ASan runtime does not come first in initial library list; you should either link runtime to your application or manually preload it with LD_PRELOAD.
FAIL: c-c++-common/asan/pr61530.c  -O3 -g  output pattern test, is ==26980==ASan runtime does not come first in initial library list; you should either link runtime to your application or manually preload it with LD_PRELOAD.
FAIL: c-c++-common/asan/pr61530.c  -Os  output pattern test, is ==27283==ASan runtime does not come first in initial library list; you should either link runtime to your application or manually preload it with LD_PRELOAD.
FAIL: c-c++-common/asan/pr61530.c  -O2 -flto -fno-use-linker-plugin -flto-partition=none  output pattern test, is ==27913==ASan runtime does not come first in initial library list; you should either link runtime to your application or manually preload it with LD_PRELOAD.
FAIL: c-c++-common/asan/pr61530.c  -O2 -flto -fuse-linker-plugin -fno-fat-lto-objects  output pattern test, is ==28308==ASan runtime does not come first in initial library list; you should either link runtime to your application or manually preload it with LD_PRELOAD.
FAIL: c-c++-common/asan/rlimit-mmap-test-1.c  -O0  output pattern test, is ==28743==ASan runtime does not come first in initial library list; you should either link runtime to your application or manually preload it with LD_PRELOAD.
FAIL: c-c++-common/asan/sanity-check-pure-c-1.c  -O0  output pattern test, is ==29028==ASan runtime does not come first in initial library list; you should either link runtime to your application or manually preload it with LD_PRELOAD.
FAIL: c-c++-common/asan/sanity-check-pure-c-1.c  -O1  output pattern test, is ==29306==ASan runtime does not come first in initial library list; you should either link runtime to your application or manually preload it with LD_PRELOAD.
FAIL: c-c++-common/asan/sanity-check-pure-c-1.c  -O2  output pattern test, is ==29566==ASan runtime does not come first in initial library list; you should either link runtime to your application or manually preload it with LD_PRELOAD.
FAIL: c-c++-common/asan/sanity-check-pure-c-1.c  -O3 -fomit-frame-pointer  output pattern test, is ==29831==ASan runtime does not come first in initial library list; you should either link runtime to your application or manually preload it with LD_PRELOAD.
FAIL: c-c++-common/asan/sanity-check-pure-c-1.c  -O3 -g  output pattern test, is ==30050==ASan runtime does not come first in initial library list; you should either link runtime to your application or manually preload it with LD_PRELOAD.
FAIL: c-c++-common/asan/sanity-check-pure-c-1.c  -Os  output pattern test, is ==30213==ASan runtime does not come first in initial library list; you should either link runtime to your application or manually preload it with LD_PRELOAD.
FAIL: c-c++-common/asan/sanity-check-pure-c-1.c  -O2 -flto -fno-use-linker-plugin -flto-partition=none  output pattern test, is ==30652==ASan runtime does not come first in initial library list; you should either link runtime to your application or manually preload it with LD_PRELOAD.
FAIL: c-c++-common/asan/sanity-check-pure-c-1.c  -O2 -flto -fuse-linker-plugin -fno-fat-lto-objects  output pattern test, is ==30954==ASan runtime does not come first in initial library list; you should either link runtime to your application or manually preload it with LD_PRELOAD.
FAIL: c-c++-common/asan/stack-overflow-1.c  -O0  output pattern test, is ==1407==ASan runtime does not come first in initial library list; you should either link runtime to your application or manually preload it with LD_PRELOAD.
FAIL: c-c++-common/asan/stack-overflow-1.c  -O1  output pattern test, is ==1652==ASan runtime does not come first in initial library list; you should either link runtime to your application or manually preload it with LD_PRELOAD.
FAIL: c-c++-common/asan/stack-overflow-1.c  -O2  output pattern test, is ==1829==ASan runtime does not come first in initial library list; you should either link runtime to your application or manually preload it with LD_PRELOAD.
FAIL: c-c++-common/asan/stack-overflow-1.c  -O3 -fomit-frame-pointer  output pattern test, is ==2010==ASan runtime does not come first in initial library list; you should either link runtime to your application or manually preload it with LD_PRELOAD.
FAIL: c-c++-common/asan/stack-overflow-1.c  -O3 -g  output pattern test, is ==2258==ASan runtime does not come first in initial library list; you should either link runtime to your application or manually preload it with LD_PRELOAD.
FAIL: c-c++-common/asan/stack-overflow-1.c  -Os  output pattern test, is ==2501==ASan runtime does not come first in initial library list; you should either link runtime to your application or manually preload it with LD_PRELOAD.
FAIL: c-c++-common/asan/stack-overflow-1.c  -O2 -flto -fno-use-linker-plugin -flto-partition=none  output pattern test, is ==3042==ASan runtime does not come first in initial library list; you should either link runtime to your application or manually preload it with LD_PRELOAD.
FAIL: c-c++-common/asan/stack-overflow-1.c  -O2 -flto -fuse-linker-plugin -fno-fat-lto-objects  output pattern test, is ==3344==ASan runtime does not come first in initial library list; you should either link runtime to your application or manually preload it with LD_PRELOAD.
FAIL: c-c++-common/asan/strip-path-prefix-1.c  -O2  output pattern test, is ==3607==ASan runtime does not come first in initial library list; you should either link runtime to your application or manually preload it with LD_PRELOAD.
FAIL: c-c++-common/asan/strip-path-prefix-1.c  -O2 -flto -fno-use-linker-plugin -flto-partition=none  output pattern test, is ==4136==ASan runtime does not come first in initial library list; you should either link runtime to your application or manually preload it with LD_PRELOAD.
FAIL: c-c++-common/asan/strip-path-prefix-1.c  -O2 -flto -fuse-linker-plugin -fno-fat-lto-objects  output pattern test, is ==4504==ASan runtime does not come first in initial library list; you should either link runtime to your application or manually preload it with LD_PRELOAD.
FAIL: c-c++-common/asan/strlen-overflow-1.c  -O0  output pattern test, is ==4687==ASan runtime does not come first in initial library list; you should either link runtime to your application or manually preload it with LD_PRELOAD.
FAIL: c-c++-common/asan/strlen-overflow-1.c  -O1  output pattern test, is ==4937==ASan runtime does not come first in initial library list; you should either link runtime to your application or manually preload it with LD_PRELOAD.
FAIL: c-c++-common/asan/strlen-overflow-1.c  -O2  output pattern test, is ==5245==ASan runtime does not come first in initial library list; you should either link runtime to your application or manually preload it with LD_PRELOAD.
FAIL: c-c++-common/asan/strlen-overflow-1.c  -O3 -fomit-frame-pointer  output pattern test, is ==5581==ASan runtime does not come first in initial library list; you should either link runtime to your application or manually preload it with LD_PRELOAD.
FAIL: c-c++-common/asan/strlen-overflow-1.c  -O3 -fomit-frame-pointer -funroll-loops  output pattern test, is ==5942==ASan runtime does not come first in initial library list; you should either link runtime to your application or manually preload it with LD_PRELOAD.
FAIL: c-c++-common/asan/strlen-overflow-1.c  -O3 -fomit-frame-pointer -funroll-all-loops -finline-functions  output pattern test, is ==6320==ASan runtime does not come first in initial library list; you should either link runtime to your application or manually preload it with LD_PRELOAD.
FAIL: c-c++-common/asan/strlen-overflow-1.c  -O3 -g  output pattern test, is ==6659==ASan runtime does not come first in initial library list; you should either link runtime to your application or manually preload it with LD_PRELOAD.
FAIL: c-c++-common/asan/strlen-overflow-1.c  -Os  output pattern test, is ==7029==ASan runtime does not come first in initial library list; you should either link runtime to your application or manually preload it with LD_PRELOAD.
FAIL: c-c++-common/asan/strncpy-overflow-1.c  -O0  output pattern test, is ==7271==ASan runtime does not come first in initial library list; you should either link runtime to your application or manually preload it with LD_PRELOAD.
FAIL: c-c++-common/asan/strncpy-overflow-1.c  -O1  output pattern test, is ==7603==ASan runtime does not come first in initial library list; you should either link runtime to your application or manually preload it with LD_PRELOAD.
FAIL: c-c++-common/asan/strncpy-overflow-1.c  -O2  output pattern test, is ==7947==ASan runtime does not come first in initial library list; you should either link runtime to your application or manually preload it with LD_PRELOAD.
FAIL: c-c++-common/asan/strncpy-overflow-1.c  -O3 -fomit-frame-pointer  output pattern test, is ==8285==ASan runtime does not come first in initial library list; you should either link runtime to your application or manually preload it with LD_PRELOAD.
FAIL: c-c++-common/asan/strncpy-overflow-1.c  -O3 -g  output pattern test, is ==8570==ASan runtime does not come first in initial library list; you should either link runtime to your application or manually preload it with LD_PRELOAD.
FAIL: c-c++-common/asan/strncpy-overflow-1.c  -Os  output pattern test, is ==8843==ASan runtime does not come first in initial library list; you should either link runtime to your application or manually preload it with LD_PRELOAD.
FAIL: c-c++-common/asan/strncpy-overflow-1.c  -O2 -flto -fno-use-linker-plugin -flto-partition=none  output pattern test, is ==9518==ASan runtime does not come first in initial library list; you should either link runtime to your application or manually preload it with LD_PRELOAD.
FAIL: c-c++-common/asan/strncpy-overflow-1.c  -O2 -flto -fuse-linker-plugin -fno-fat-lto-objects  output pattern test, is ==9906==ASan runtime does not come first in initial library list; you should either link runtime to your application or manually preload it with LD_PRELOAD.
FAIL: c-c++-common/asan/swapcontext-test-1.c  -O0  execution test
FAIL: c-c++-common/asan/swapcontext-test-1.c  -O1  execution test
FAIL: c-c++-common/asan/swapcontext-test-1.c  -O2  execution test
FAIL: c-c++-common/asan/swapcontext-test-1.c  -O3 -fomit-frame-pointer  execution test
FAIL: c-c++-common/asan/swapcontext-test-1.c  -O3 -fomit-frame-pointer -funroll-loops  execution test
FAIL: c-c++-common/asan/swapcontext-test-1.c  -O3 -fomit-frame-pointer -funroll-all-loops -finline-functions  execution test
FAIL: c-c++-common/asan/swapcontext-test-1.c  -O3 -g  execution test
FAIL: c-c++-common/asan/swapcontext-test-1.c  -Os  execution test
FAIL: c-c++-common/asan/swapcontext-test-1.c  -O2 -flto -fno-use-linker-plugin -flto-partition=none  execution test
FAIL: c-c++-common/asan/swapcontext-test-1.c  -O2 -flto -fuse-linker-plugin -fno-fat-lto-objects  execution test
FAIL: c-c++-common/asan/use-after-free-1.c  -O0  output pattern test, is ==14058==ASan runtime does not come first in initial library list; you should either link runtime to your application or manually preload it with LD_PRELOAD.
FAIL: c-c++-common/asan/use-after-free-1.c  -O1  output pattern test, is ==14359==ASan runtime does not come first in initial library list; you should either link runtime to your application or manually preload it with LD_PRELOAD.
FAIL: c-c++-common/asan/use-after-free-1.c  -O2  output pattern test, is ==14639==ASan runtime does not come first in initial library list; you should either link runtime to your application or manually preload it with LD_PRELOAD.
FAIL: c-c++-common/asan/use-after-free-1.c  -O3 -fomit-frame-pointer  output pattern test, is ==14906==ASan runtime does not come first in initial library list; you should either link runtime to your application or manually preload it with LD_PRELOAD.
FAIL: c-c++-common/asan/use-after-free-1.c  -O3 -g  output pattern test, is ==15248==ASan runtime does not come first in initial library list; you should either link runtime to your application or manually preload it with LD_PRELOAD.
FAIL: c-c++-common/asan/use-after-free-1.c  -Os  output pattern test, is ==15483==ASan runtime does not come first in initial library list; you should either link runtime to your application or manually preload it with LD_PRELOAD.
FAIL: c-c++-common/asan/use-after-free-1.c  -O2 -flto -fno-use-linker-plugin -flto-partition=none  output pattern test, is ==16138==ASan runtime does not come first in initial library list; you should either link runtime to your application or manually preload it with LD_PRELOAD.
FAIL: c-c++-common/asan/use-after-free-1.c  -O2 -flto -fuse-linker-plugin -fno-fat-lto-objects  output pattern test, is ==16685==ASan runtime does not come first in initial library list; you should either link runtime to your application or manually preload it with LD_PRELOAD.
FAIL: c-c++-common/asan/use-after-return-1.c  -O0  output pattern test, is ==17000==ASan runtime does not come first in initial library list; you should either link runtime to your application or manually preload it with LD_PRELOAD.
FAIL: c-c++-common/asan/use-after-return-1.c  -O1  output pattern test, is ==17312==ASan runtime does not come first in initial library list; you should either link runtime to your application or manually preload it with LD_PRELOAD.
FAIL: c-c++-common/asan/use-after-return-1.c  -O2  output pattern test, is ==17691==ASan runtime does not come first in initial library list; you should either link runtime to your application or manually preload it with LD_PRELOAD.
FAIL: c-c++-common/asan/use-after-return-1.c  -O3 -fomit-frame-pointer  output pattern test, is ==18015==ASan runtime does not come first in initial library list; you should either link runtime to your application or manually preload it with LD_PRELOAD.
FAIL: c-c++-common/asan/use-after-return-1.c  -O3 -g  output pattern test, is ==18285==ASan runtime does not come first in initial library list; you should either link runtime to your application or manually preload it with LD_PRELOAD.
FAIL: c-c++-common/asan/use-after-return-1.c  -Os  output pattern test, is ==18628==ASan runtime does not come first in initial library list; you should either link runtime to your application or manually preload it with LD_PRELOAD.
FAIL: c-c++-common/asan/use-after-return-1.c  -O2 -flto -fno-use-linker-plugin -flto-partition=none  output pattern test, is ==19235==ASan runtime does not come first in initial library list; you should either link runtime to your application or manually preload it with LD_PRELOAD.
FAIL: c-c++-common/asan/use-after-return-1.c  -O2 -flto -fuse-linker-plugin -fno-fat-lto-objects  output pattern test, is ==19701==ASan runtime does not come first in initial library list; you should either link runtime to your application or manually preload it with LD_PRELOAD.
FAIL: gcc.dg/asan/nosanitize-and-inline.c  -O0  execution test
FAIL: gcc.dg/asan/nosanitize-and-inline.c  -O1  execution test
FAIL: gcc.dg/asan/nosanitize-and-inline.c  -O2  execution test
FAIL: gcc.dg/asan/nosanitize-and-inline.c  -O3 -fomit-frame-pointer  execution test
FAIL: gcc.dg/asan/nosanitize-and-inline.c  -O3 -fomit-frame-pointer -funroll-loops  execution test
FAIL: gcc.dg/asan/nosanitize-and-inline.c  -O3 -fomit-frame-pointer -funroll-all-loops -finline-functions  execution test
FAIL: gcc.dg/asan/nosanitize-and-inline.c  -O3 -g  execution test
FAIL: gcc.dg/asan/nosanitize-and-inline.c  -Os  execution test
FAIL: gcc.dg/asan/nosanitize-and-inline.c  -O2 -flto -fno-use-linker-plugin -flto-partition=none  execution test
FAIL: gcc.dg/asan/nosanitize-and-inline.c  -O2 -flto -fuse-linker-plugin -fno-fat-lto-objects  execution test
FAIL: gcc.dg/atomic/c11-atomic-exec-5.c  -O0  execution test
FAIL: gcc.dg/atomic/c11-atomic-exec-5.c  -O1  execution test
FAIL: gcc.dg/atomic/c11-atomic-exec-5.c  -O2  execution test
FAIL: gcc.dg/atomic/c11-atomic-exec-5.c  -O3 -fomit-frame-pointer  execution test
FAIL: gcc.dg/atomic/c11-atomic-exec-5.c  -O3 -fomit-frame-pointer -funroll-loops  execution test
FAIL: gcc.dg/atomic/c11-atomic-exec-5.c  -O3 -fomit-frame-pointer -funroll-all-loops -finline-functions  execution test
FAIL: gcc.dg/atomic/c11-atomic-exec-5.c  -O3 -g  execution test
FAIL: gcc.dg/atomic/c11-atomic-exec-5.c  -Os  execution test
FAIL: gcc.dg/atomic/c11-atomic-exec-5.c  -O2 -flto -fno-use-linker-plugin -flto-partition=none  execution test
FAIL: gcc.dg/atomic/c11-atomic-exec-5.c  -O2 -flto -fuse-linker-plugin -fno-fat-lto-objects  execution test
FAIL: tmpdir-gcc.dg-struct-layout-1/t024 c_compat_x_tst.o-c_compat_y_tst.o execute 
FAIL: gcc.dg/20021014-1.c execution test
FAIL: gcc.dg/and-1.c scan-assembler-not nand
FAIL: gcc.dg/binop-xor1.c scan-tree-dump-times optimized "\\\\^" 1
FAIL: gcc.dg/nest.c execution test
FAIL: gcc.dg/nested-func-4.c execution test
FAIL: gcc.dg/pr32450.c execution test
FAIL: gcc.dg/pr34856.c (internal compiler error)
FAIL: gcc.dg/pr34856.c (test for excess errors)
FAIL: gcc.dg/pr43643.c execution test
FAIL: gcc.dg/pr46728-9.c (test for excess errors)
UNRESOLVED: gcc.dg/pr46728-9.c compilation failed to produce executable
FAIL: gcc.dg/noncompile/920507-1.c  -O0  (internal compiler error)
FAIL: gcc.dg/noncompile/920507-1.c  -O0  (test for excess errors)
FAIL: gcc.dg/noncompile/920507-1.c  -O1  (internal compiler error)
FAIL: gcc.dg/noncompile/920507-1.c  -O1  (test for excess errors)
FAIL: gcc.dg/noncompile/920507-1.c  -O2  (internal compiler error)
FAIL: gcc.dg/noncompile/920507-1.c  -O2  (test for excess errors)
FAIL: gcc.dg/noncompile/920507-1.c  -O3 -fomit-frame-pointer  (internal compiler error)
FAIL: gcc.dg/noncompile/920507-1.c  -O3 -fomit-frame-pointer  (test for excess errors)
FAIL: gcc.dg/noncompile/920507-1.c  -O3 -g  (internal compiler error)
FAIL: gcc.dg/noncompile/920507-1.c  -O3 -g  (test for excess errors)
FAIL: gcc.dg/noncompile/920507-1.c  -Os  (internal compiler error)
FAIL: gcc.dg/noncompile/920507-1.c  -Os  (test for excess errors)
FAIL: gcc.dg/noncompile/920507-1.c  -O2 -flto -fno-use-linker-plugin -flto-partition=none  (internal compiler error)
FAIL: gcc.dg/noncompile/920507-1.c  -O2 -flto -fno-use-linker-plugin -flto-partition=none  (test for excess errors)
FAIL: gcc.dg/noncompile/920507-1.c  -O2 -flto -fuse-linker-plugin -fno-fat-lto-objects  (internal compiler error)
FAIL: gcc.dg/noncompile/920507-1.c  -O2 -flto -fuse-linker-plugin -fno-fat-lto-objects  (test for excess errors)
FAIL: gcc.dg/torture/pr41094.c  -O0  (test for excess errors)
UNRESOLVED: gcc.dg/torture/pr41094.c  -O0  compilation failed to produce executable
FAIL: gcc.dg/tree-ssa/loop-19.c scan-tree-dump-times optimized "MEM.(base: &|symbol: )a," 2
FAIL: gcc.dg/tree-ssa/loop-19.c scan-tree-dump-times optimized "MEM.(base: &|symbol: )c," 2
FAIL: gcc.dg/tree-ssa/sra-12.c scan-tree-dump-times release_ssa "l;" 0
FAIL: gcc.dg/tree-ssa/ssa-dom-thread-4.c scan-tree-dump-times dom1 "Threaded" 3
FAIL: gcc.dg/tree-ssa/vrp47.c scan-tree-dump-times vrp1 "[xy][^ ]* !=" 0
FAIL: gcc.dg/vect/costmodel/ppc/costmodel-bb-slp-9a.c scan-tree-dump-times slp2 "basic block vectorized using SLP" 1
FAIL: gcc.dg/vect/pr37539.c (test for excess errors)
UNRESOLVED: gcc.dg/vect/pr37539.c compilation failed to produce executable
FAIL: gcc.dg/vect/pr56826.c (test for excess errors)
UNRESOLVED: gcc.dg/vect/pr56826.c compilation failed to produce executable
FAIL: gcc.dg/vect/pr59651.c (test for excess errors)
UNRESOLVED: gcc.dg/vect/pr59651.c compilation failed to produce executable
FAIL: gcc.dg/vect/pr37539.c -flto -ffat-lto-objects (test for excess errors)
UNRESOLVED: gcc.dg/vect/pr37539.c -flto -ffat-lto-objects compilation failed to produce executable
FAIL: gcc.dg/vect/pr56826.c -flto -ffat-lto-objects (test for excess errors)
UNRESOLVED: gcc.dg/vect/pr56826.c -flto -ffat-lto-objects compilation failed to produce executable
FAIL: gcc.dg/vect/pr59651.c -flto -ffat-lto-objects (test for excess errors)
UNRESOLVED: gcc.dg/vect/pr59651.c -flto -ffat-lto-objects compilation failed to produce executable
FAIL: gcc.dg/vect/no-vfa-vect-depend-2.c scan-tree-dump-times vect "vectorized 1 loops" 1
FAIL: gcc.dg/vect/no-vfa-vect-depend-3.c scan-tree-dump-times vect "vectorized 1 loops" 4
FAIL: gcc.dg/vmx/extract-vsx-be-order.c  -O0  (test for excess errors)
UNRESOLVED: gcc.dg/vmx/extract-vsx-be-order.c  -O0  compilation failed to produce executable
FAIL: gcc.dg/vmx/extract-vsx.c  -O0  (test for excess errors)
UNRESOLVED: gcc.dg/vmx/extract-vsx.c  -O0  compilation failed to produce executable
FAIL: gcc.dg/vmx/gcc-bug-5.c  -O3 -g  (internal compiler error)
FAIL: gcc.dg/vmx/gcc-bug-5.c  -O3 -g  (test for excess errors)
FAIL: gcc.dg/vmx/gcc-bug-6.c  -O3 -g  (internal compiler error)
FAIL: gcc.dg/vmx/gcc-bug-6.c  -O3 -g  (test for excess errors)
FAIL: gcc.dg/vmx/ld-vsx-be-order.c  -O0  (test for excess errors)
UNRESOLVED: gcc.dg/vmx/ld-vsx-be-order.c  -O0  compilation failed to produce executable
FAIL: gcc.dg/vmx/ld-vsx.c  -O0  (test for excess errors)
UNRESOLVED: gcc.dg/vmx/ld-vsx.c  -O0  compilation failed to produce executable
FAIL: gcc.dg/vmx/ldl-vsx-be-order.c  -O0  (test for excess errors)
UNRESOLVED: gcc.dg/vmx/ldl-vsx-be-order.c  -O0  compilation failed to produce executable
FAIL: gcc.dg/vmx/ldl-vsx.c  -O0  (test for excess errors)
UNRESOLVED: gcc.dg/vmx/ldl-vsx.c  -O0  compilation failed to produce executable
FAIL: gcc.dg/vmx/merge-vsx-be-order.c  -O0  (test for excess errors)
UNRESOLVED: gcc.dg/vmx/merge-vsx-be-order.c  -O0  compilation failed to produce executable
FAIL: gcc.dg/vmx/merge-vsx-be-order.c  -O1  (test for excess errors)
UNRESOLVED: gcc.dg/vmx/merge-vsx-be-order.c  -O1  compilation failed to produce executable
FAIL: gcc.dg/vmx/merge-vsx-be-order.c  -Os  (test for excess errors)
UNRESOLVED: gcc.dg/vmx/merge-vsx-be-order.c  -Os  compilation failed to produce executable
FAIL: gcc.dg/vmx/merge-vsx.c  -O0  (test for excess errors)
UNRESOLVED: gcc.dg/vmx/merge-vsx.c  -O0  compilation failed to produce executable
FAIL: gcc.dg/vmx/merge-vsx.c  -O1  (test for excess errors)
UNRESOLVED: gcc.dg/vmx/merge-vsx.c  -O1  compilation failed to produce executable
FAIL: gcc.dg/vmx/merge-vsx.c  -Os  (test for excess errors)
UNRESOLVED: gcc.dg/vmx/merge-vsx.c  -Os  compilation failed to produce executable
FAIL: gcc.dg/vmx/splat-vsx-be-order.c  -O0  (test for excess errors)
UNRESOLVED: gcc.dg/vmx/splat-vsx-be-order.c  -O0  compilation failed to produce executable
FAIL: gcc.dg/vmx/splat-vsx-be-order.c  -O1  (test for excess errors)
UNRESOLVED: gcc.dg/vmx/splat-vsx-be-order.c  -O1  compilation failed to produce executable
FAIL: gcc.dg/vmx/splat-vsx.c  -O0  (test for excess errors)
UNRESOLVED: gcc.dg/vmx/splat-vsx.c  -O0  compilation failed to produce executable
FAIL: gcc.dg/vmx/splat-vsx.c  -O1  (test for excess errors)
UNRESOLVED: gcc.dg/vmx/splat-vsx.c  -O1  compilation failed to produce executable
FAIL: gcc.dg/vmx/st-vsx-be-order.c  -O0  (test for excess errors)
UNRESOLVED: gcc.dg/vmx/st-vsx-be-order.c  -O0  compilation failed to produce executable
FAIL: gcc.dg/vmx/st-vsx.c  -O0  (test for excess errors)
UNRESOLVED: gcc.dg/vmx/st-vsx.c  -O0  compilation failed to produce executable
FAIL: gcc.dg/vmx/stl-vsx-be-order.c  -O0  (test for excess errors)
UNRESOLVED: gcc.dg/vmx/stl-vsx-be-order.c  -O0  compilation failed to produce executable
FAIL: gcc.dg/vmx/stl-vsx.c  -O0  (test for excess errors)
UNRESOLVED: gcc.dg/vmx/stl-vsx.c  -O0  compilation failed to produce executable
FAIL: gcc.dg/vmx/varargs-7.c  -O3 -g  (internal compiler error)
FAIL: gcc.dg/vmx/varargs-7.c  -O3 -g  (test for excess errors)
UNRESOLVED: gcc.dg/vmx/varargs-7.c  -O3 -g  compilation failed to produce executable
FAIL: gcc.target/powerpc/405-dlmzb-strlen-1.c scan-assembler dlmzb\\\\. 
FAIL: gcc.target/powerpc/440-dlmzb-strlen-1.c scan-assembler dlmzb\\\\. 
FAIL: gcc.target/powerpc/dfp-builtin-1.c (test for excess errors)
UNRESOLVED: gcc.target/powerpc/dfp-builtin-1.c scan-assembler-times ddedpd  4
UNRESOLVED: gcc.target/powerpc/dfp-builtin-1.c scan-assembler-times denbcd  2
UNRESOLVED: gcc.target/powerpc/dfp-builtin-1.c scan-assembler-times dxex  1
UNRESOLVED: gcc.target/powerpc/dfp-builtin-1.c scan-assembler-times diex  1
UNRESOLVED: gcc.target/powerpc/dfp-builtin-1.c scan-assembler-times dscli  2
UNRESOLVED: gcc.target/powerpc/dfp-builtin-1.c scan-assembler-times dscri  2
UNRESOLVED: gcc.target/powerpc/dfp-builtin-1.c scan-assembler-not bl __builtin
UNRESOLVED: gcc.target/powerpc/dfp-builtin-1.c scan-assembler-not dctqpq
UNRESOLVED: gcc.target/powerpc/dfp-builtin-1.c scan-assembler-not drdpq
UNRESOLVED: gcc.target/powerpc/dfp-builtin-1.c scan-assembler-not stfd
UNRESOLVED: gcc.target/powerpc/dfp-builtin-1.c scan-assembler-not lfd
FAIL: gcc.target/powerpc/dfp-builtin-2.c (test for excess errors)
UNRESOLVED: gcc.target/powerpc/dfp-builtin-2.c scan-assembler-times ddedpdq  4
UNRESOLVED: gcc.target/powerpc/dfp-builtin-2.c scan-assembler-times denbcdq  2
UNRESOLVED: gcc.target/powerpc/dfp-builtin-2.c scan-assembler-times dxexq  1
UNRESOLVED: gcc.target/powerpc/dfp-builtin-2.c scan-assembler-times diexq  1
UNRESOLVED: gcc.target/powerpc/dfp-builtin-2.c scan-assembler-times dscliq  2
UNRESOLVED: gcc.target/powerpc/dfp-builtin-2.c scan-assembler-times dscriq  2
UNRESOLVED: gcc.target/powerpc/dfp-builtin-2.c scan-assembler-not bl __builtin
UNRESOLVED: gcc.target/powerpc/dfp-builtin-2.c scan-assembler-not dctqpq
UNRESOLVED: gcc.target/powerpc/dfp-builtin-2.c scan-assembler-not drdpq
UNRESOLVED: gcc.target/powerpc/dfp-builtin-2.c scan-assembler-not stfd
UNRESOLVED: gcc.target/powerpc/dfp-builtin-2.c scan-assembler-not lfd
FAIL: gcc.target/powerpc/dfp-dd-2.c (test for excess errors)
UNRESOLVED: gcc.target/powerpc/dfp-dd-2.c scan-assembler-times fneg 1
UNRESOLVED: gcc.target/powerpc/dfp-dd-2.c scan-assembler-times fabs 1
UNRESOLVED: gcc.target/powerpc/dfp-dd-2.c scan-assembler-times fnabs 1
UNRESOLVED: gcc.target/powerpc/dfp-dd-2.c scan-assembler-times fmr 0
FAIL: gcc.target/powerpc/dfp-dd.c (test for excess errors)
UNRESOLVED: gcc.target/powerpc/dfp-dd.c scan-assembler dadd
UNRESOLVED: gcc.target/powerpc/dfp-dd.c scan-assembler ddiv
UNRESOLVED: gcc.target/powerpc/dfp-dd.c scan-assembler dmul
UNRESOLVED: gcc.target/powerpc/dfp-dd.c scan-assembler dsub
UNRESOLVED: gcc.target/powerpc/dfp-dd.c scan-assembler-times dcmpu 6
UNRESOLVED: gcc.target/powerpc/dfp-dd.c scan-assembler-times dctfix 2
UNRESOLVED: gcc.target/powerpc/dfp-dd.c scan-assembler-times drintn 2
UNRESOLVED: gcc.target/powerpc/dfp-dd.c scan-assembler-times dcffixq 2
FAIL: gcc.target/powerpc/dfp-td-2.c (test for excess errors)
UNRESOLVED: gcc.target/powerpc/dfp-td-2.c scan-assembler-times fneg 1
UNRESOLVED: gcc.target/powerpc/dfp-td-2.c scan-assembler-times fabs 1
UNRESOLVED: gcc.target/powerpc/dfp-td-2.c scan-assembler-times fnabs 1
UNRESOLVED: gcc.target/powerpc/dfp-td-2.c scan-assembler-times fmr 0
FAIL: gcc.target/powerpc/dfp-td-3.c (test for excess errors)
UNRESOLVED: gcc.target/powerpc/dfp-td-3.c scan-assembler-times fneg 1
UNRESOLVED: gcc.target/powerpc/dfp-td-3.c scan-assembler-times fabs 1
UNRESOLVED: gcc.target/powerpc/dfp-td-3.c scan-assembler-times fnabs 1
UNRESOLVED: gcc.target/powerpc/dfp-td-3.c scan-assembler-times fmr 3
FAIL: gcc.target/powerpc/dfp-td.c (test for excess errors)
UNRESOLVED: gcc.target/powerpc/dfp-td.c scan-assembler daddq
UNRESOLVED: gcc.target/powerpc/dfp-td.c scan-assembler ddivq
UNRESOLVED: gcc.target/powerpc/dfp-td.c scan-assembler dmulq
UNRESOLVED: gcc.target/powerpc/dfp-td.c scan-assembler dsubq
UNRESOLVED: gcc.target/powerpc/dfp-td.c scan-assembler-times dcmpuq 6
UNRESOLVED: gcc.target/powerpc/dfp-td.c scan-assembler-times dctfixq 2
UNRESOLVED: gcc.target/powerpc/dfp-td.c scan-assembler-times drintnq 2
UNRESOLVED: gcc.target/powerpc/dfp-td.c scan-assembler-times dcffixq 2
FAIL: gcc.target/powerpc/pr39902-2.c (test for excess errors)
UNRESOLVED: gcc.target/powerpc/pr39902-2.c scan-assembler-not fneg
FAIL: gcc.target/powerpc/pr48857.c scan-assembler-not ld
FAIL: gcc.target/powerpc/pr53199.c scan-assembler-times lwbrx 6
FAIL: gcc.target/powerpc/pr53199.c scan-assembler-times stwbrx 6

		=== gcc Summary ===

# of expected passes		95572
# of unexpected failures	260
# of expected failures		216
# of unresolved testcases	80
# of unsupported tests		1736
/home/local/nightly/build/opt/freescale/NLAe600/obj_gcc/gcc/xgcc  version 4.10.0 20140624 (Tue Jun 24 20:25:39 PDT 2014         build.sh rev=990 s=FCtrunk -FSF t=DGNOBOARD NLAe600 -V nightly_NLAe600) (GCC) 

		=== gfortran tests ===


Running target unix
FAIL: gfortran.dg/allocatable_function_1.f90  -O0   scan-tree-dump-times original "free" 10
FAIL: gfortran.dg/allocatable_function_1.f90  -O1   scan-tree-dump-times original "free" 10
FAIL: gfortran.dg/allocatable_function_1.f90  -O2   scan-tree-dump-times original "free" 10
FAIL: gfortran.dg/allocatable_function_1.f90  -O3 -fomit-frame-pointer   scan-tree-dump-times original "free" 10
FAIL: gfortran.dg/allocatable_function_1.f90  -O3 -fomit-frame-pointer -funroll-loops   scan-tree-dump-times original "free" 10
FAIL: gfortran.dg/allocatable_function_1.f90  -O3 -fomit-frame-pointer -funroll-all-loops -finline-functions   scan-tree-dump-times original "free" 10
FAIL: gfortran.dg/allocatable_function_1.f90  -O3 -g   scan-tree-dump-times original "free" 10
FAIL: gfortran.dg/allocatable_function_1.f90  -Os   scan-tree-dump-times original "free" 10
FAIL: gfortran.dg/bessel_6.f90  -O0  execution test
FAIL: gfortran.dg/bessel_6.f90  -O1  execution test
FAIL: gfortran.dg/bessel_6.f90  -O2  execution test
FAIL: gfortran.dg/bessel_6.f90  -O3 -fomit-frame-pointer  execution test
FAIL: gfortran.dg/bessel_6.f90  -O3 -fomit-frame-pointer -funroll-loops  execution test
FAIL: gfortran.dg/bessel_6.f90  -O3 -fomit-frame-pointer -funroll-all-loops -finline-functions  execution test
FAIL: gfortran.dg/bessel_6.f90  -O3 -g  execution test
FAIL: gfortran.dg/bessel_6.f90  -Os  execution test
FAIL: gfortran.dg/bind_c_array_params_2.f90  -O   scan-assembler-times call[^\\n\\r]*myBindC 1
XPASS: gfortran.dg/nint_2.f90  -O0  execution test

		=== gfortran Summary ===

# of expected passes		45774
# of unexpected failures	17
# of unexpected successes	1
# of expected failures		76
# of unsupported tests		249
/home/local/nightly/build/opt/freescale/NLAe600/obj_gcc/gcc/testsuite/gfortran/../../gfortran  version 4.10.0 20140624 (Tue Jun 24 20:25:39 PDT 2014         build.sh rev=990 s=FCtrunk -FSF t=DGNOBOARD NLAe600 -V nightly_NLAe600) (GCC) 

		=== g++ tests ===


Running target unix
FAIL: c-c++-common/asan/asan-interface-1.c  -O0  execution test
FAIL: c-c++-common/asan/asan-interface-1.c  -O1  execution test
FAIL: c-c++-common/asan/asan-interface-1.c  -O2  execution test
FAIL: c-c++-common/asan/asan-interface-1.c  -O3 -fomit-frame-pointer  execution test
FAIL: c-c++-common/asan/asan-interface-1.c  -O3 -g  execution test
FAIL: c-c++-common/asan/asan-interface-1.c  -Os  execution test
FAIL: c-c++-common/asan/asan-interface-1.c  -O2 -flto -fno-use-linker-plugin -flto-partition=none  execution test
FAIL: c-c++-common/asan/asan-interface-1.c  -O2 -flto -fuse-linker-plugin -fno-fat-lto-objects  execution test
FAIL: c-c++-common/asan/clone-test-1.c  -O0  execution test
FAIL: c-c++-common/asan/clone-test-1.c  -O1  execution test
FAIL: c-c++-common/asan/clone-test-1.c  -O2  execution test
FAIL: c-c++-common/asan/clone-test-1.c  -O3 -fomit-frame-pointer  execution test
FAIL: c-c++-common/asan/clone-test-1.c  -O3 -fomit-frame-pointer -funroll-loops  execution test
FAIL: c-c++-common/asan/clone-test-1.c  -O3 -fomit-frame-pointer -funroll-all-loops -finline-functions  execution test
FAIL: c-c++-common/asan/clone-test-1.c  -O3 -g  execution test
FAIL: c-c++-common/asan/clone-test-1.c  -Os  execution test
FAIL: c-c++-common/asan/clone-test-1.c  -O2 -flto -fno-use-linker-plugin -flto-partition=none  execution test
FAIL: c-c++-common/asan/clone-test-1.c  -O2 -flto -fuse-linker-plugin -fno-fat-lto-objects  execution test
FAIL: c-c++-common/asan/global-overflow-1.c  -O0  output pattern test, is ==17781==ASan runtime does not come first in initial library list; you should either link runtime to your application or manually preload it with LD_PRELOAD.
FAIL: c-c++-common/asan/global-overflow-1.c  -O1  output pattern test, is ==18077==ASan runtime does not come first in initial library list; you should either link runtime to your application or manually preload it with LD_PRELOAD.
FAIL: c-c++-common/asan/global-overflow-1.c  -O2  output pattern test, is ==18408==ASan runtime does not come first in initial library list; you should either link runtime to your application or manually preload it with LD_PRELOAD.
FAIL: c-c++-common/asan/global-overflow-1.c  -O3 -fomit-frame-pointer  output pattern test, is ==18716==ASan runtime does not come first in initial library list; you should either link runtime to your application or manually preload it with LD_PRELOAD.
FAIL: c-c++-common/asan/global-overflow-1.c  -O3 -g  output pattern test, is ==19077==ASan runtime does not come first in initial library list; you should either link runtime to your application or manually preload it with LD_PRELOAD.
FAIL: c-c++-common/asan/global-overflow-1.c  -Os  output pattern test, is ==19560==ASan runtime does not come first in initial library list; you should either link runtime to your application or manually preload it with LD_PRELOAD.
FAIL: c-c++-common/asan/global-overflow-1.c  -O2 -flto -fno-use-linker-plugin -flto-partition=none  output pattern test, is ==20265==ASan runtime does not come first in initial library list; you should either link runtime to your application or manually preload it with LD_PRELOAD.
FAIL: c-c++-common/asan/global-overflow-1.c  -O2 -flto -fuse-linker-plugin -fno-fat-lto-objects  output pattern test, is ==20809==ASan runtime does not come first in initial library list; you should either link runtime to your application or manually preload it with LD_PRELOAD.
FAIL: c-c++-common/asan/heap-overflow-1.c  -O0  output pattern test, is ==21393==ASan runtime does not come first in initial library list; you should either link runtime to your application or manually preload it with LD_PRELOAD.
FAIL: c-c++-common/asan/heap-overflow-1.c  -O1  output pattern test, is ==21712==ASan runtime does not come first in initial library list; you should either link runtime to your application or manually preload it with LD_PRELOAD.
FAIL: c-c++-common/asan/heap-overflow-1.c  -O2  output pattern test, is ==22079==ASan runtime does not come first in initial library list; you should either link runtime to your application or manually preload it with LD_PRELOAD.
FAIL: c-c++-common/asan/heap-overflow-1.c  -O3 -fomit-frame-pointer  output pattern test, is ==22365==ASan runtime does not come first in initial library list; you should either link runtime to your application or manually preload it with LD_PRELOAD.
FAIL: c-c++-common/asan/heap-overflow-1.c  -O3 -g  output pattern test, is ==22624==ASan runtime does not come first in initial library list; you should either link runtime to your application or manually preload it with LD_PRELOAD.
FAIL: c-c++-common/asan/heap-overflow-1.c  -Os  output pattern test, is ==22927==ASan runtime does not come first in initial library list; you should either link runtime to your application or manually preload it with LD_PRELOAD.
FAIL: c-c++-common/asan/heap-overflow-1.c  -O2 -flto -fno-use-linker-plugin -flto-partition=none  output pattern test, is ==23769==ASan runtime does not come first in initial library list; you should either link runtime to your application or manually preload it with LD_PRELOAD.
FAIL: c-c++-common/asan/heap-overflow-1.c  -O2 -flto -fuse-linker-plugin -fno-fat-lto-objects  output pattern test, is ==24332==ASan runtime does not come first in initial library list; you should either link runtime to your application or manually preload it with LD_PRELOAD.
FAIL: c-c++-common/asan/memcmp-1.c  -O0  output pattern test, is ==29727==ASan runtime does not come first in initial library list; you should either link runtime to your application or manually preload it with LD_PRELOAD.
FAIL: c-c++-common/asan/memcmp-1.c  -O1  output pattern test, is ==30052==ASan runtime does not come first in initial library list; you should either link runtime to your application or manually preload it with LD_PRELOAD.
FAIL: c-c++-common/asan/memcmp-1.c  -O2  output pattern test, is ==30299==ASan runtime does not come first in initial library list; you should either link runtime to your application or manually preload it with LD_PRELOAD.
FAIL: c-c++-common/asan/memcmp-1.c  -O3 -fomit-frame-pointer  output pattern test, is ==30633==ASan runtime does not come first in initial library list; you should either link runtime to your application or manually preload it with LD_PRELOAD.
FAIL: c-c++-common/asan/memcmp-1.c  -O3 -g  output pattern test, is ==31010==ASan runtime does not come first in initial library list; you should either link runtime to your application or manually preload it with LD_PRELOAD.
FAIL: c-c++-common/asan/memcmp-1.c  -Os  output pattern test, is ==31372==ASan runtime does not come first in initial library list; you should either link runtime to your application or manually preload it with LD_PRELOAD.
FAIL: c-c++-common/asan/memcmp-1.c  -O2 -flto -fno-use-linker-plugin -flto-partition=none  output pattern test, is ==32120==ASan runtime does not come first in initial library list; you should either link runtime to your application or manually preload it with LD_PRELOAD.
FAIL: c-c++-common/asan/memcmp-1.c  -O2 -flto -fuse-linker-plugin -fno-fat-lto-objects  output pattern test, is ==32634==ASan runtime does not come first in initial library list; you should either link runtime to your application or manually preload it with LD_PRELOAD.
FAIL: c-c++-common/asan/misalign-1.c  -O0  output pattern test, is ==1896==ASan runtime does not come first in initial library list; you should either link runtime to your application or manually preload it with LD_PRELOAD.
FAIL: c-c++-common/asan/misalign-1.c  -O1  output pattern test, is ==2273==ASan runtime does not come first in initial library list; you should either link runtime to your application or manually preload it with LD_PRELOAD.
FAIL: c-c++-common/asan/misalign-1.c  -O2  output pattern test, is ==2660==ASan runtime does not come first in initial library list; you should either link runtime to your application or manually preload it with LD_PRELOAD.
FAIL: c-c++-common/asan/misalign-1.c  -O3 -fomit-frame-pointer  output pattern test, is ==3049==ASan runtime does not come first in initial library list; you should either link runtime to your application or manually preload it with LD_PRELOAD.
FAIL: c-c++-common/asan/misalign-1.c  -O3 -g  output pattern test, is ==3404==ASan runtime does not come first in initial library list; you should either link runtime to your application or manually preload it with LD_PRELOAD.
FAIL: c-c++-common/asan/misalign-1.c  -Os  output pattern test, is ==3757==ASan runtime does not come first in initial library list; you should either link runtime to your application or manually preload it with LD_PRELOAD.
FAIL: c-c++-common/asan/misalign-1.c  -O2 -flto -fno-use-linker-plugin -flto-partition=none  output pattern test, is ==4524==ASan runtime does not come first in initial library list; you should either link runtime to your application or manually preload it with LD_PRELOAD.
FAIL: c-c++-common/asan/misalign-1.c  -O2 -flto -fuse-linker-plugin -fno-fat-lto-objects  output pattern test, is ==5020==ASan runtime does not come first in initial library list; you should either link runtime to your application or manually preload it with LD_PRELOAD.
FAIL: c-c++-common/asan/misalign-2.c  -O0  output pattern test, is ==5424==ASan runtime does not come first in initial library list; you should either link runtime to your application or manually preload it with LD_PRELOAD.
FAIL: c-c++-common/asan/misalign-2.c  -O1  output pattern test, is ==5744==ASan runtime does not come first in initial library list; you should either link runtime to your application or manually preload it with LD_PRELOAD.
FAIL: c-c++-common/asan/misalign-2.c  -O2  output pattern test, is ==6148==ASan runtime does not come first in initial library list; you should either link runtime to your application or manually preload it with LD_PRELOAD.
FAIL: c-c++-common/asan/misalign-2.c  -O3 -fomit-frame-pointer  output pattern test, is ==6516==ASan runtime does not come first in initial library list; you should either link runtime to your application or manually preload it with LD_PRELOAD.
FAIL: c-c++-common/asan/misalign-2.c  -O3 -g  output pattern test, is ==6843==ASan runtime does not come first in initial library list; you should either link runtime to your application or manually preload it with LD_PRELOAD.
FAIL: c-c++-common/asan/misalign-2.c  -Os  output pattern test, is ==7212==ASan runtime does not come first in initial library list; you should either link runtime to your application or manually preload it with LD_PRELOAD.
FAIL: c-c++-common/asan/misalign-2.c  -O2 -flto -fno-use-linker-plugin -flto-partition=none  output pattern test, is ==7972==ASan runtime does not come first in initial library list; you should either link runtime to your application or manually preload it with LD_PRELOAD.
FAIL: c-c++-common/asan/misalign-2.c  -O2 -flto -fuse-linker-plugin -fno-fat-lto-objects  output pattern test, is ==8465==ASan runtime does not come first in initial library list; you should either link runtime to your application or manually preload it with LD_PRELOAD.
FAIL: c-c++-common/asan/null-deref-1.c  -O0  output pattern test, is ==16310==ASan runtime does not come first in initial library list; you should either link runtime to your application or manually preload it with LD_PRELOAD.
FAIL: c-c++-common/asan/null-deref-1.c  -O1  output pattern test, is ==16551==ASan runtime does not come first in initial library list; you should either link runtime to your application or manually preload it with LD_PRELOAD.
FAIL: c-c++-common/asan/null-deref-1.c  -O2  output pattern test, is ==16845==ASan runtime does not come first in initial library list; you should either link runtime to your application or manually preload it with LD_PRELOAD.
FAIL: c-c++-common/asan/null-deref-1.c  -O3 -fomit-frame-pointer  output pattern test, is ==17153==ASan runtime does not come first in initial library list; you should either link runtime to your application or manually preload it with LD_PRELOAD.
FAIL: c-c++-common/asan/null-deref-1.c  -O3 -g  output pattern test, is ==17465==ASan runtime does not come first in initial library list; you should either link runtime to your application or manually preload it with LD_PRELOAD.
FAIL: c-c++-common/asan/null-deref-1.c  -Os  output pattern test, is ==17698==ASan runtime does not come first in initial library list; you should either link runtime to your application or manually preload it with LD_PRELOAD.
FAIL: c-c++-common/asan/null-deref-1.c  -O2 -flto -fno-use-linker-plugin -flto-partition=none  output pattern test, is ==18344==ASan runtime does not come first in initial library list; you should either link runtime to your application or manually preload it with LD_PRELOAD.
FAIL: c-c++-common/asan/null-deref-1.c  -O2 -flto -fuse-linker-plugin -fno-fat-lto-objects  output pattern test, is ==18796==ASan runtime does not come first in initial library list; you should either link runtime to your application or manually preload it with LD_PRELOAD.
FAIL: c-c++-common/asan/pr59063-1.c  -O0  execution test
FAIL: c-c++-common/asan/pr59063-1.c  -O1  execution test
FAIL: c-c++-common/asan/pr59063-1.c  -O2  execution test
FAIL: c-c++-common/asan/pr59063-1.c  -O3 -fomit-frame-pointer  execution test
FAIL: c-c++-common/asan/pr59063-1.c  -O3 -g  execution test
FAIL: c-c++-common/asan/pr59063-1.c  -Os  execution test
FAIL: c-c++-common/asan/pr59063-1.c  -O2 -flto -fno-use-linker-plugin -flto-partition=none  execution test
FAIL: c-c++-common/asan/pr59063-1.c  -O2 -flto -fuse-linker-plugin -fno-fat-lto-objects  execution test
FAIL: c-c++-common/asan/pr61530.c  -O0  output pattern test, is ==27705==ASan runtime does not come first in initial library list; you should either link runtime to your application or manually preload it with LD_PRELOAD.
FAIL: c-c++-common/asan/pr61530.c  -O1  output pattern test, is ==27991==ASan runtime does not come first in initial library list; you should either link runtime to your application or manually preload it with LD_PRELOAD.
FAIL: c-c++-common/asan/pr61530.c  -O2  output pattern test, is ==28275==ASan runtime does not come first in initial library list; you should either link runtime to your application or manually preload it with LD_PRELOAD.
FAIL: c-c++-common/asan/pr61530.c  -O3 -fomit-frame-pointer  output pattern test, is ==28608==ASan runtime does not come first in initial library list; you should either link runtime to your application or manually preload it with LD_PRELOAD.
FAIL: c-c++-common/asan/pr61530.c  -O3 -g  output pattern test, is ==28948==ASan runtime does not come first in initial library list; you should either link runtime to your application or manually preload it with LD_PRELOAD.
FAIL: c-c++-common/asan/pr61530.c  -Os  output pattern test, is ==29323==ASan runtime does not come first in initial library list; you should either link runtime to your application or manually preload it with LD_PRELOAD.
FAIL: c-c++-common/asan/pr61530.c  -O2 -flto -fno-use-linker-plugin -flto-partition=none  output pattern test, is ==29887==ASan runtime does not come first in initial library list; you should either link runtime to your application or manually preload it with LD_PRELOAD.
FAIL: c-c++-common/asan/pr61530.c  -O2 -flto -fuse-linker-plugin -fno-fat-lto-objects  output pattern test, is ==30247==ASan runtime does not come first in initial library list; you should either link runtime to your application or manually preload it with LD_PRELOAD.
FAIL: c-c++-common/asan/rlimit-mmap-test-1.c  -O0  output pattern test, is ==30682==ASan runtime does not come first in initial library list; you should either link runtime to your application or manually preload it with LD_PRELOAD.
FAIL: c-c++-common/asan/sanity-check-pure-c-1.c  -O0  output pattern test, is ==30938==ASan runtime does not come first in initial library list; you should either link runtime to your application or manually preload it with LD_PRELOAD.
FAIL: c-c++-common/asan/sanity-check-pure-c-1.c  -O1  output pattern test, is ==31209==ASan runtime does not come first in initial library list; you should either link runtime to your application or manually preload it with LD_PRELOAD.
FAIL: c-c++-common/asan/sanity-check-pure-c-1.c  -O2  output pattern test, is ==31433==ASan runtime does not come first in initial library list; you should either link runtime to your application or manually preload it with LD_PRELOAD.
FAIL: c-c++-common/asan/sanity-check-pure-c-1.c  -O3 -fomit-frame-pointer  output pattern test, is ==31657==ASan runtime does not come first in initial library list; you should either link runtime to your application or manually preload it with LD_PRELOAD.
FAIL: c-c++-common/asan/sanity-check-pure-c-1.c  -O3 -g  output pattern test, is ==31890==ASan runtime does not come first in initial library list; you should either link runtime to your application or manually preload it with LD_PRELOAD.
FAIL: c-c++-common/asan/sanity-check-pure-c-1.c  -Os  output pattern test, is ==32179==ASan runtime does not come first in initial library list; you should either link runtime to your application or manually preload it with LD_PRELOAD.
FAIL: c-c++-common/asan/sanity-check-pure-c-1.c  -O2 -flto -fno-use-linker-plugin -flto-partition=none  output pattern test, is ==32712==ASan runtime does not come first in initial library list; you should either link runtime to your application or manually preload it with LD_PRELOAD.
FAIL: c-c++-common/asan/sanity-check-pure-c-1.c  -O2 -flto -fuse-linker-plugin -fno-fat-lto-objects  output pattern test, is ==647==ASan runtime does not come first in initial library list; you should either link runtime to your application or manually preload it with LD_PRELOAD.
FAIL: c-c++-common/asan/stack-overflow-1.c  -O0  output pattern test, is ==3580==ASan runtime does not come first in initial library list; you should either link runtime to your application or manually preload it with LD_PRELOAD.
FAIL: c-c++-common/asan/stack-overflow-1.c  -O1  output pattern test, is ==3788==ASan runtime does not come first in initial library list; you should either link runtime to your application or manually preload it with LD_PRELOAD.
FAIL: c-c++-common/asan/stack-overflow-1.c  -O2  output pattern test, is ==4057==ASan runtime does not come first in initial library list; you should either link runtime to your application or manually preload it with LD_PRELOAD.
FAIL: c-c++-common/asan/stack-overflow-1.c  -O3 -fomit-frame-pointer  output pattern test, is ==4270==ASan runtime does not come first in initial library list; you should either link runtime to your application or manually preload it with LD_PRELOAD.
FAIL: c-c++-common/asan/stack-overflow-1.c  -O3 -g  output pattern test, is ==4516==ASan runtime does not come first in initial library list; you should either link runtime to your application or manually preload it with LD_PRELOAD.
FAIL: c-c++-common/asan/stack-overflow-1.c  -Os  output pattern test, is ==4772==ASan runtime does not come first in initial library list; you should either link runtime to your application or manually preload it with LD_PRELOAD.
FAIL: c-c++-common/asan/stack-overflow-1.c  -O2 -flto -fno-use-linker-plugin -flto-partition=none  output pattern test, is ==5347==ASan runtime does not come first in initial library list; you should either link runtime to your application or manually preload it with LD_PRELOAD.
FAIL: c-c++-common/asan/stack-overflow-1.c  -O2 -flto -fuse-linker-plugin -fno-fat-lto-objects  output pattern test, is ==5710==ASan runtime does not come first in initial library list; you should either link runtime to your application or manually preload it with LD_PRELOAD.
FAIL: c-c++-common/asan/strip-path-prefix-1.c  -O2  output pattern test, is ==6042==ASan runtime does not come first in initial library list; you should either link runtime to your application or manually preload it with LD_PRELOAD.
FAIL: c-c++-common/asan/strip-path-prefix-1.c  -O2 -flto -fno-use-linker-plugin -flto-partition=none  output pattern test, is ==6718==ASan runtime does not come first in initial library list; you should either link runtime to your application or manually preload it with LD_PRELOAD.
FAIL: c-c++-common/asan/strip-path-prefix-1.c  -O2 -flto -fuse-linker-plugin -fno-fat-lto-objects  output pattern test, is ==7207==ASan runtime does not come first in initial library list; you should either link runtime to your application or manually preload it with LD_PRELOAD.
FAIL: c-c++-common/asan/strlen-overflow-1.c  -O0  output pattern test, is ==7517==ASan runtime does not come first in initial library list; you should either link runtime to your application or manually preload it with LD_PRELOAD.
FAIL: c-c++-common/asan/strlen-overflow-1.c  -O1  output pattern test, is ==7787==ASan runtime does not come first in initial library list; you should either link runtime to your application or manually preload it with LD_PRELOAD.
FAIL: c-c++-common/asan/strlen-overflow-1.c  -O2  output pattern test, is ==8085==ASan runtime does not come first in initial library list; you should either link runtime to your application or manually preload it with LD_PRELOAD.
FAIL: c-c++-common/asan/strlen-overflow-1.c  -O3 -fomit-frame-pointer  output pattern test, is ==8464==ASan runtime does not come first in initial library list; you should either link runtime to your application or manually preload it with LD_PRELOAD.
FAIL: c-c++-common/asan/strlen-overflow-1.c  -O3 -fomit-frame-pointer -funroll-loops  output pattern test, is ==8725==ASan runtime does not come first in initial library list; you should either link runtime to your application or manually preload it with LD_PRELOAD.
FAIL: c-c++-common/asan/strlen-overflow-1.c  -O3 -fomit-frame-pointer -funroll-all-loops -finline-functions  output pattern test, is ==8980==ASan runtime does not come first in initial library list; you should either link runtime to your application or manually preload it with LD_PRELOAD.
FAIL: c-c++-common/asan/strlen-overflow-1.c  -O3 -g  output pattern test, is ==9290==ASan runtime does not come first in initial library list; you should either link runtime to your application or manually preload it with LD_PRELOAD.
FAIL: c-c++-common/asan/strlen-overflow-1.c  -Os  output pattern test, is ==9547==ASan runtime does not come first in initial library list; you should either link runtime to your application or manually preload it with LD_PRELOAD.
FAIL: c-c++-common/asan/strncpy-overflow-1.c  -O0  output pattern test, is ==9822==ASan runtime does not come first in initial library list; you should either link runtime to your application or manually preload it with LD_PRELOAD.
FAIL: c-c++-common/asan/strncpy-overflow-1.c  -O1  output pattern test, is ==10106==ASan runtime does not come first in initial library list; you should either link runtime to your application or manually preload it with LD_PRELOAD.
FAIL: c-c++-common/asan/strncpy-overflow-1.c  -O2  output pattern test, is ==10397==ASan runtime does not come first in initial library list; you should either link runtime to your application or manually preload it with LD_PRELOAD.
FAIL: c-c++-common/asan/strncpy-overflow-1.c  -O3 -fomit-frame-pointer  output pattern test, is ==10727==ASan runtime does not come first in initial library list; you should either link runtime to your application or manually preload it with LD_PRELOAD.
FAIL: c-c++-common/asan/strncpy-overflow-1.c  -O3 -g  output pattern test, is ==11136==ASan runtime does not come first in initial library list; you should either link runtime to your application or manually preload it with LD_PRELOAD.
FAIL: c-c++-common/asan/strncpy-overflow-1.c  -Os  output pattern test, is ==11397==ASan runtime does not come first in initial library list; you should either link runtime to your application or manually preload it with LD_PRELOAD.
FAIL: c-c++-common/asan/strncpy-overflow-1.c  -O2 -flto -fno-use-linker-plugin -flto-partition=none  output pattern test, is ==11980==ASan runtime does not come first in initial library list; you should either link runtime to your application or manually preload it with LD_PRELOAD.
FAIL: c-c++-common/asan/strncpy-overflow-1.c  -O2 -flto -fuse-linker-plugin -fno-fat-lto-objects  output pattern test, is ==12388==ASan runtime does not come first in initial library list; you should either link runtime to your application or manually preload it with LD_PRELOAD.
FAIL: c-c++-common/asan/swapcontext-test-1.c  -O0  execution test
FAIL: c-c++-common/asan/swapcontext-test-1.c  -O1  execution test
FAIL: c-c++-common/asan/swapcontext-test-1.c  -O2  execution test
FAIL: c-c++-common/asan/swapcontext-test-1.c  -O3 -fomit-frame-pointer  execution test
FAIL: c-c++-common/asan/swapcontext-test-1.c  -O3 -fomit-frame-pointer -funroll-loops  execution test
FAIL: c-c++-common/asan/swapcontext-test-1.c  -O3 -fomit-frame-pointer -funroll-all-loops -finline-functions  execution test
FAIL: c-c++-common/asan/swapcontext-test-1.c  -O3 -g  execution test
FAIL: c-c++-common/asan/swapcontext-test-1.c  -Os  execution test
FAIL: c-c++-common/asan/swapcontext-test-1.c  -O2 -flto -fno-use-linker-plugin -flto-partition=none  execution test
FAIL: c-c++-common/asan/swapcontext-test-1.c  -O2 -flto -fuse-linker-plugin -fno-fat-lto-objects  execution test
FAIL: c-c++-common/asan/use-after-free-1.c  -O0  output pattern test, is ==17539==ASan runtime does not come first in initial library list; you should either link runtime to your application or manually preload it with LD_PRELOAD.
FAIL: c-c++-common/asan/use-after-free-1.c  -O1  output pattern test, is ==17879==ASan runtime does not come first in initial library list; you should either link runtime to your application or manually preload it with LD_PRELOAD.
FAIL: c-c++-common/asan/use-after-free-1.c  -O2  output pattern test, is ==18248==ASan runtime does not come first in initial library list; you should either link runtime to your application or manually preload it with LD_PRELOAD.
FAIL: c-c++-common/asan/use-after-free-1.c  -O3 -fomit-frame-pointer  output pattern test, is ==18718==ASan runtime does not come first in initial library list; you should either link runtime to your application or manually preload it with LD_PRELOAD.
FAIL: c-c++-common/asan/use-after-free-1.c  -O3 -g  output pattern test, is ==19071==ASan runtime does not come first in initial library list; you should either link runtime to your application or manually preload it with LD_PRELOAD.
FAIL: c-c++-common/asan/use-after-free-1.c  -Os  output pattern test, is ==19368==ASan runtime does not come first in initial library list; you should either link runtime to your application or manually preload it with LD_PRELOAD.
FAIL: c-c++-common/asan/use-after-free-1.c  -O2 -flto -fno-use-linker-plugin -flto-partition=none  output pattern test, is ==19928==ASan runtime does not come first in initial library list; you should either link runtime to your application or manually preload it with LD_PRELOAD.
FAIL: c-c++-common/asan/use-after-free-1.c  -O2 -flto -fuse-linker-plugin -fno-fat-lto-objects  output pattern test, is ==20331==ASan runtime does not come first in initial library list; you should either link runtime to your application or manually preload it with LD_PRELOAD.
FAIL: c-c++-common/asan/use-after-return-1.c  -O0  output pattern test, is ==20624==ASan runtime does not come first in initial library list; you should either link runtime to your application or manually preload it with LD_PRELOAD.
FAIL: c-c++-common/asan/use-after-return-1.c  -O1  output pattern test, is ==20934==ASan runtime does not come first in initial library list; you should either link runtime to your application or manually preload it with LD_PRELOAD.
FAIL: c-c++-common/asan/use-after-return-1.c  -O2  output pattern test, is ==21224==ASan runtime does not come first in initial library list; you should either link runtime to your application or manually preload it with LD_PRELOAD.
FAIL: c-c++-common/asan/use-after-return-1.c  -O3 -fomit-frame-pointer  output pattern test, is ==21580==ASan runtime does not come first in initial library list; you should either link runtime to your application or manually preload it with LD_PRELOAD.
FAIL: c-c++-common/asan/use-after-return-1.c  -O3 -g  output pattern test, is ==21909==ASan runtime does not come first in initial library list; you should either link runtime to your application or manually preload it with LD_PRELOAD.
FAIL: c-c++-common/asan/use-after-return-1.c  -Os  output pattern test, is ==22245==ASan runtime does not come first in initial library list; you should either link runtime to your application or manually preload it with LD_PRELOAD.
FAIL: c-c++-common/asan/use-after-return-1.c  -O2 -flto -fno-use-linker-plugin -flto-partition=none  output pattern test, is ==22910==ASan runtime does not come first in initial library list; you should either link runtime to your application or manually preload it with LD_PRELOAD.
FAIL: c-c++-common/asan/use-after-return-1.c  -O2 -flto -fuse-linker-plugin -fno-fat-lto-objects  output pattern test, is ==23410==ASan runtime does not come first in initial library list; you should either link runtime to your application or manually preload it with LD_PRELOAD.
FAIL: g++.dg/asan/deep-stack-uaf-1.C  -O0  output pattern test, is ==24022==ASan runtime does not come first in initial library list; you should either link runtime to your application or manually preload it with LD_PRELOAD.
FAIL: g++.dg/asan/deep-stack-uaf-1.C  -O1  output pattern test, is ==24938==ASan runtime does not come first in initial library list; you should either link runtime to your application or manually preload it with LD_PRELOAD.
FAIL: g++.dg/asan/deep-stack-uaf-1.C  -O2  output pattern test, is ==26121==ASan runtime does not come first in initial library list; you should either link runtime to your application or manually preload it with LD_PRELOAD.
FAIL: g++.dg/asan/deep-stack-uaf-1.C  -O3 -fomit-frame-pointer  output pattern test, is ==27272==ASan runtime does not come first in initial library list; you should either link runtime to your application or manually preload it with LD_PRELOAD.
FAIL: g++.dg/asan/deep-stack-uaf-1.C  -O3 -g  output pattern test, is ==28363==ASan runtime does not come first in initial library list; you should either link runtime to your application or manually preload it with LD_PRELOAD.
FAIL: g++.dg/asan/deep-stack-uaf-1.C  -Os  output pattern test, is ==29466==ASan runtime does not come first in initial library list; you should either link runtime to your application or manually preload it with LD_PRELOAD.
FAIL: g++.dg/asan/deep-tail-call-1.C  -O0  output pattern test, is ==29734==ASan runtime does not come first in initial library list; you should either link runtime to your application or manually preload it with LD_PRELOAD.
FAIL: g++.dg/asan/deep-tail-call-1.C  -O1  output pattern test, is ==29972==ASan runtime does not come first in initial library list; you should either link runtime to your application or manually preload it with LD_PRELOAD.
FAIL: g++.dg/asan/deep-tail-call-1.C  -O2  output pattern test, is ==30348==ASan runtime does not come first in initial library list; you should either link runtime to your application or manually preload it with LD_PRELOAD.
FAIL: g++.dg/asan/deep-tail-call-1.C  -O3 -fomit-frame-pointer  output pattern test, is ==30583==ASan runtime does not come first in initial library list; you should either link runtime to your application or manually preload it with LD_PRELOAD.
FAIL: g++.dg/asan/deep-tail-call-1.C  -O3 -g  output pattern test, is ==30876==ASan runtime does not come first in initial library list; you should either link runtime to your application or manually preload it with LD_PRELOAD.
FAIL: g++.dg/asan/deep-tail-call-1.C  -Os  output pattern test, is ==31158==ASan runtime does not come first in initial library list; you should either link runtime to your application or manually preload it with LD_PRELOAD.
FAIL: g++.dg/asan/deep-tail-call-1.C  -O2 -flto -fno-use-linker-plugin -flto-partition=none  output pattern test, is ==31829==ASan runtime does not come first in initial library list; you should either link runtime to your application or manually preload it with LD_PRELOAD.
FAIL: g++.dg/asan/deep-tail-call-1.C  -O2 -flto -fuse-linker-plugin -fno-fat-lto-objects  output pattern test, is ==32226==ASan runtime does not come first in initial library list; you should either link runtime to your application or manually preload it with LD_PRELOAD.
FAIL: g++.dg/asan/default-options-1.C  -O0  execution test
FAIL: g++.dg/asan/default-options-1.C  -O1  execution test
FAIL: g++.dg/asan/default-options-1.C  -O2  execution test
FAIL: g++.dg/asan/default-options-1.C  -O3 -fomit-frame-pointer  execution test
FAIL: g++.dg/asan/default-options-1.C  -O3 -g  execution test
FAIL: g++.dg/asan/default-options-1.C  -Os  execution test
FAIL: g++.dg/asan/default-options-1.C  -O2 -flto -fno-use-linker-plugin -flto-partition=none  execution test
FAIL: g++.dg/asan/default-options-1.C  -O2 -flto -fuse-linker-plugin -fno-fat-lto-objects  execution test
FAIL: g++.dg/asan/interception-failure-test-1.C  -O0  execution test
FAIL: g++.dg/asan/interception-failure-test-1.C  -O1  execution test
FAIL: g++.dg/asan/interception-failure-test-1.C  -O2  execution test
FAIL: g++.dg/asan/interception-failure-test-1.C  -O3 -fomit-frame-pointer  execution test
FAIL: g++.dg/asan/interception-failure-test-1.C  -O3 -g  execution test
FAIL: g++.dg/asan/interception-failure-test-1.C  -Os  execution test
FAIL: g++.dg/asan/interception-failure-test-1.C  -O2 -flto -fno-use-linker-plugin -flto-partition=none  execution test
FAIL: g++.dg/asan/interception-failure-test-1.C  -O2 -flto -fuse-linker-plugin -fno-fat-lto-objects  execution test
FAIL: g++.dg/asan/interception-malloc-test-1.C  -O0  output pattern test, is ==12622==ASan runtime does not come first in initial library list; you should either link runtime to your application or manually preload it with LD_PRELOAD.
FAIL: g++.dg/asan/interception-malloc-test-1.C  -O1  output pattern test, is ==12920==ASan runtime does not come first in initial library list; you should either link runtime to your application or manually preload it with LD_PRELOAD.
FAIL: g++.dg/asan/interception-malloc-test-1.C  -O2  output pattern test, is ==13220==ASan runtime does not come first in initial library list; you should either link runtime to your application or manually preload it with LD_PRELOAD.
FAIL: g++.dg/asan/interception-malloc-test-1.C  -O3 -fomit-frame-pointer  output pattern test, is ==13572==ASan runtime does not come first in initial library list; you should either link runtime to your application or manually preload it with LD_PRELOAD.
FAIL: g++.dg/asan/interception-malloc-test-1.C  -O3 -g  output pattern test, is ==13878==ASan runtime does not come first in initial library list; you should either link runtime to your application or manually preload it with LD_PRELOAD.
FAIL: g++.dg/asan/interception-malloc-test-1.C  -Os  output pattern test, is ==14161==ASan runtime does not come first in initial library list; you should either link runtime to your application or manually preload it with LD_PRELOAD.
FAIL: g++.dg/asan/interception-malloc-test-1.C  -O2 -flto -fno-use-linker-plugin -flto-partition=none  output pattern test, is ==14710==ASan runtime does not come first in initial library list; you should either link runtime to your application or manually preload it with LD_PRELOAD.
FAIL: g++.dg/asan/interception-malloc-test-1.C  -O2 -flto -fuse-linker-plugin -fno-fat-lto-objects  output pattern test, is ==15147==ASan runtime does not come first in initial library list; you should either link runtime to your application or manually preload it with LD_PRELOAD.
FAIL: g++.dg/asan/interception-test-1.C  -O0  output pattern test, is ==15435==ASan runtime does not come first in initial library list; you should either link runtime to your application or manually preload it with LD_PRELOAD.
FAIL: g++.dg/asan/interception-test-1.C  -O1  output pattern test, is ==15716==ASan runtime does not come first in initial library list; you should either link runtime to your application or manually preload it with LD_PRELOAD.
FAIL: g++.dg/asan/interception-test-1.C  -O2  output pattern test, is ==15957==ASan runtime does not come first in initial library list; you should either link runtime to your application or manually preload it with LD_PRELOAD.
FAIL: g++.dg/asan/interception-test-1.C  -O3 -fomit-frame-pointer  output pattern test, is ==16241==ASan runtime does not come first in initial library list; you should either link runtime to your application or manually preload it with LD_PRELOAD.
FAIL: g++.dg/asan/interception-test-1.C  -O3 -g  output pattern test, is ==16583==ASan runtime does not come first in initial library list; you should either link runtime to your application or manually preload it with LD_PRELOAD.
FAIL: g++.dg/asan/interception-test-1.C  -Os  output pattern test, is ==16874==ASan runtime does not come first in initial library list; you should either link runtime to your application or manually preload it with LD_PRELOAD.
FAIL: g++.dg/asan/interception-test-1.C  -O2 -flto -fno-use-linker-plugin -flto-partition=none  output pattern test, is ==17515==ASan runtime does not come first in initial library list; you should either link runtime to your application or manually preload it with LD_PRELOAD.
FAIL: g++.dg/asan/interception-test-1.C  -O2 -flto -fuse-linker-plugin -fno-fat-lto-objects  output pattern test, is ==17990==ASan runtime does not come first in initial library list; you should either link runtime to your application or manually preload it with LD_PRELOAD.
FAIL: g++.dg/asan/large-func-test-1.C  -O0  output pattern test, is ==18311==ASan runtime does not come first in initial library list; you should either link runtime to your application or manually preload it with LD_PRELOAD.
FAIL: g++.dg/asan/large-func-test-1.C  -O1  output pattern test, is ==18732==ASan runtime does not come first in initial library list; you should either link runtime to your application or manually preload it with LD_PRELOAD.
FAIL: g++.dg/asan/large-func-test-1.C  -O2  output pattern test, is ==19282==ASan runtime does not come first in initial library list; you should either link runtime to your application or manually preload it with LD_PRELOAD.
FAIL: g++.dg/asan/large-func-test-1.C  -O3 -fomit-frame-pointer  output pattern test, is ==19754==ASan runtime does not come first in initial library list; you should either link runtime to your application or manually preload it with LD_PRELOAD.
FAIL: g++.dg/asan/large-func-test-1.C  -O3 -g  output pattern test, is ==20178==ASan runtime does not come first in initial library list; you should either link runtime to your application or manually preload it with LD_PRELOAD.
FAIL: g++.dg/asan/large-func-test-1.C  -Os  output pattern test, is ==20590==ASan runtime does not come first in initial library list; you should either link runtime to your application or manually preload it with LD_PRELOAD.
FAIL: g++.dg/asan/large-func-test-1.C  -O2 -flto -fno-use-linker-plugin -flto-partition=none  output pattern test, is ==21390==ASan runtime does not come first in initial library list; you should either link runtime to your application or manually preload it with LD_PRELOAD.
FAIL: g++.dg/asan/large-func-test-1.C  -O2 -flto -fuse-linker-plugin -fno-fat-lto-objects  output pattern test, is ==21854==ASan runtime does not come first in initial library list; you should either link runtime to your application or manually preload it with LD_PRELOAD.
FAIL: g++.dg/asan/pr55617.C  -O0  execution test
FAIL: g++.dg/asan/pr55617.C  -O1  execution test
FAIL: g++.dg/asan/pr55617.C  -O2  execution test
FAIL: g++.dg/asan/pr55617.C  -O3 -fomit-frame-pointer  execution test
FAIL: g++.dg/asan/pr55617.C  -O3 -g  execution test
FAIL: g++.dg/asan/pr55617.C  -Os  execution test
FAIL: g++.dg/asan/pr55617.C  -O2 -flto -fno-use-linker-plugin -flto-partition=none  execution test
FAIL: g++.dg/asan/pr55617.C  -O2 -flto -fuse-linker-plugin -fno-fat-lto-objects  execution test
FAIL: g++.dg/abi/scoped1.C -std=gnu++11 execution test
FAIL: g++.dg/abi/scoped1.C -std=gnu++1y execution test
FAIL: g++.old-deja/g++.law/profile1.C -std=gnu++98 execution test
FAIL: g++.old-deja/g++.law/profile1.C -std=gnu++11 execution test
FAIL: g++.old-deja/g++.law/profile1.C -std=gnu++1y execution test

		=== g++ Summary ===

# of expected passes		80328
# of unexpected failures	211
# of expected failures		440
# of unsupported tests		3246
/home/local/nightly/build/opt/freescale/NLAe600/obj_gcc/gcc/testsuite/g++/../../xg++  version 4.10.0 20140624 (Tue Jun 24 20:25:39 PDT 2014         build.sh rev=990 s=FCtrunk -FSF t=DGNOBOARD NLAe600 -V nightly_NLAe600) (GCC) 

		=== objc tests ===


Running target unix

		=== objc Summary ===

# of expected passes		3010
# of unsupported tests		74
/home/local/nightly/build/opt/freescale/NLAe600/obj_gcc/gcc/xgcc  version 4.10.0 20140624 (Tue Jun 24 20:25:39 PDT 2014         build.sh rev=990 s=FCtrunk -FSF t=DGNOBOARD NLAe600 -V nightly_NLAe600) (GCC) 

		=== boehm-gc tests ===


Running target unix

		=== boehm-gc Summary ===

# of expected passes		12
# of unsupported tests		1
		=== libatomic tests ===


Running target unix

		=== libatomic Summary ===

# of expected passes		44
# of unsupported tests		5
		=== libffi tests ===


Running target unix

		=== libffi Summary ===

# of expected passes		1819
# of unsupported tests		55
		=== libgomp tests ===


Running target unix

		=== libgomp Summary ===

# of expected passes		3181
# of unsupported tests		36
		=== libitm tests ===


Running target unix

		=== libitm Summary ===

# of expected passes		26
# of expected failures		3
# of unsupported tests		1
		=== libjava tests ===


Running target unix
XPASS: sourcelocation -O3 -findirect-dispatch output - source compiled test

		=== libjava Summary ===

# of expected passes		2582
# of unexpected successes	1
# of expected failures		3
		=== libstdc++ tests ===


Running target unix

		=== libstdc++ Summary ===

# of expected passes		9752
# of expected failures		69
# of unsupported tests		266

Compiler version: 4.10.0 20140624 (Tue Jun 24 20:25:39 PDT 2014 build.sh rev=990 s=FCtrunk -FSF t=DGNOBOARD NLAe600 -V nightly_NLAe600) (GCC) 
Platform: powerpc-unknown-linux-gnualtivec
configure flags: --prefix=/local/nightly/build//opt/freescale/gcc-4.10.x-Ne600-linuxaltivec/ppc64-linux --target=powerpc-unknown-linux-gnualtivec --build=powerpc-unknown-linux-gnualtivec --enable-checking --disable-decimal-float --enable-interfaces=c,c++ --with-cpu=7450 --enable-altivec --enable-tls --enable-build-with-cxx --with-mpfr=/local/nightly/build//opt/freescale/NLAe600/linux_host_libs/usr --with-mpc=/local/nightly/build//opt/freescale/NLAe600/linux_host_libs/usr --with-ppl=/local/nightly/build//opt/freescale/NLAe600/linux_host_libs/usr --with-isl=/local/nightly/build//opt/freescale/NLAe600/linux_host_libs/usr --with-cloog=/local/nightly/build//opt/freescale/NLAe600/linux_host_libs/usr --enable-cloog-backend=isl


Index Nav: [Date Index] [Subject Index] [Author Index] [Thread Index]
Message Nav: [Date Prev] [Date Next] [Thread Prev] [Thread Next]