This is the mail archive of the gcc-testresults@gcc.gnu.org mailing list for the GCC project.


Index Nav: [Date Index] [Subject Index] [Author Index] [Thread Index]
Message Nav: [Date Prev] [Date Next] [Thread Prev] [Thread Next]
Other format: [Raw text]

Results for 4.9.1 20140624 (prerelease) (GCC) testsuite on arm-none-eabi


LAST_UPDATED: Tue Jun 24 09:01:52 UTC 2014 (/branches/gcc-4_9-branch revision 211928)

Target is arm-none-eabi
Host   is i686-pc-linux-gnu

		=== g++ tests ===


Running target arm-sim-fsf

		=== g++ Summary ===

# of expected passes		74837
# of expected failures		434
# of unsupported tests		3289
/scratch/gcc/nightly-2014-06-24-4.9/arm-none-eabi/obj/test-4.9-0-arm-none-eabi/host-i686-pc-linux-gnu/fsf-4.9/bin/arm-none-eabi-g++  version 4.9.1 20140624 (prerelease) (GCC) 


		=== Summary adjusted for local xfails ===

# of expected passes            74837
# of expected failures          434
# of unsupported tests          3289
Host   is i686-pc-linux-gnu

		=== gcc tests ===


Running target arm-sim-fsf
FAIL: gcc.dg/uninit-13.c unconditional (test for warnings, line 8)
FAIL: gcc.dg/uninit-13.c (test for excess errors)
FAIL: gcc.dg/tree-ssa/sra-12.c scan-tree-dump-times release_ssa "l;" 0
FAIL: gcc.dg/vect/pr56787.c scan-tree-dump vect "vectorized 1 loops"
FAIL: gcc.dg/vect/pr57705.c execution test
FAIL: gcc.dg/vect/pr57741-2.c execution test
FAIL: gcc.dg/vect/pr57741-3.c execution test
FAIL: gcc.dg/vect/pr59591-1.c execution test
FAIL: gcc.dg/vect/pr59591-2.c execution test
FAIL: gcc.dg/vect/vect-109.c scan-tree-dump-times vect "vectorized 1 loops" 2
FAIL: gcc.dg/vect/vect-109.c scan-tree-dump-times vect "Vectorizing an unaligned access" 3
FAIL: gcc.dg/vect/vect-27.c scan-tree-dump-times vect "vectorized 2 loops" 1
FAIL: gcc.dg/vect/vect-27.c scan-tree-dump-times vect "Vectorizing an unaligned access" 1
FAIL: gcc.dg/vect/vect-29.c scan-tree-dump-times vect "Vectorizing an unaligned access" 1
FAIL: gcc.dg/vect/vect-42.c scan-tree-dump-times vect "Vectorizing an unaligned access" 3
FAIL: gcc.dg/vect/vect-44.c scan-tree-dump-times vect "Vectorizing an unaligned access" 2
FAIL: gcc.dg/vect/vect-44.c scan-tree-dump-times vect "Alignment of access forced using peeling" 1
FAIL: gcc.dg/vect/vect-48.c scan-tree-dump-times vect "Vectorizing an unaligned access" 2
FAIL: gcc.dg/vect/vect-50.c scan-tree-dump-times vect "Vectorizing an unaligned access" 2
FAIL: gcc.dg/vect/vect-50.c scan-tree-dump-times vect "Alignment of access forced using peeling" 1
FAIL: gcc.dg/vect/vect-52.c scan-tree-dump-times vect "Vectorizing an unaligned access" 2
FAIL: gcc.dg/vect/vect-56.c scan-tree-dump-times vect "vectorized 1 loops" 1
FAIL: gcc.dg/vect/vect-56.c scan-tree-dump-times vect "Vectorizing an unaligned access" 1
XPASS: gcc.dg/vect/vect-56.c scan-tree-dump-times vect "Alignment of access forced using peeling" 0
FAIL: gcc.dg/vect/vect-56.c scan-tree-dump-times vect "Alignment of access forced using peeling" 1
FAIL: gcc.dg/vect/vect-60.c scan-tree-dump-times vect "vectorized 1 loops" 1
FAIL: gcc.dg/vect/vect-60.c scan-tree-dump-times vect "Vectorizing an unaligned access" 1
XPASS: gcc.dg/vect/vect-60.c scan-tree-dump-times vect "Alignment of access forced using peeling" 0
FAIL: gcc.dg/vect/vect-60.c scan-tree-dump-times vect "Alignment of access forced using peeling" 1
FAIL: gcc.dg/vect/vect-72.c scan-tree-dump-times vect "vectorized 1 loops" 1
FAIL: gcc.dg/vect/vect-72.c scan-tree-dump-times vect "Vectorizing an unaligned access" 1
FAIL: gcc.dg/vect/vect-75-big-array.c scan-tree-dump-times vect "Vectorizing an unaligned access" 1
FAIL: gcc.dg/vect/vect-75.c scan-tree-dump-times vect "Vectorizing an unaligned access" 1
FAIL: gcc.dg/vect/vect-77-alignchecks.c scan-tree-dump-times vect "Vectorizing an unaligned access" 1
FAIL: gcc.dg/vect/vect-77-global.c scan-tree-dump-times vect "Vectorizing an unaligned access" 1
FAIL: gcc.dg/vect/vect-78-alignchecks.c scan-tree-dump-times vect "Vectorizing an unaligned access" 1
FAIL: gcc.dg/vect/vect-78-global.c scan-tree-dump-times vect "Vectorizing an unaligned access" 1
FAIL: gcc.dg/vect/vect-93.c scan-tree-dump-times vect "Vectorizing an unaligned access" 1
XPASS: gcc.dg/vect/vect-95.c scan-tree-dump-times vect "Alignment of access forced using peeling" 0
FAIL: gcc.dg/vect/vect-96.c scan-tree-dump-times vect "Vectorizing an unaligned access" 1
FAIL: gcc.dg/vect/vect-cond-1.c scan-tree-dump-times vect "OUTER LOOP VECTORIZED" 1
FAIL: gcc.dg/vect/vect-cond-3.c scan-tree-dump-times vect "OUTER LOOP VECTORIZED" 1
FAIL: gcc.dg/vect/vect-cond-4.c scan-tree-dump-times vect "OUTER LOOP VECTORIZED" 1
FAIL: gcc.dg/vect/vect-mask-load-1.c execution test
FAIL: gcc.dg/vect/vect-mask-loadstore-1.c execution test
FAIL: gcc.dg/vect/vect-multitypes-1.c scan-tree-dump-times vect "vectorized 1 loops" 2
FAIL: gcc.dg/vect/vect-multitypes-1.c scan-tree-dump-times vect "Alignment of access forced using peeling" 2
FAIL: gcc.dg/vect/vect-multitypes-1.c scan-tree-dump-times vect "Vectorizing an unaligned access" 4
FAIL: gcc.dg/vect/vect-multitypes-3.c scan-tree-dump-times vect "Vectorizing an unaligned access" 3
FAIL: gcc.dg/vect/vect-multitypes-4.c scan-tree-dump-times vect "vectorized 1 loops" 2
FAIL: gcc.dg/vect/vect-multitypes-4.c scan-tree-dump-times vect "Vectorizing an unaligned access" 4
FAIL: gcc.dg/vect/vect-multitypes-6.c scan-tree-dump-times vect "Vectorizing an unaligned access" 6
FAIL: gcc.dg/vect/vect-nest-cycle-1.c scan-tree-dump-times vect "OUTER LOOP VECTORIZED" 1
FAIL: gcc.dg/vect/vect-nest-cycle-2.c scan-tree-dump-times vect "OUTER LOOP VECTORIZED" 1
FAIL: gcc.dg/vect/vect-nop-move.c execution test
FAIL: gcc.dg/vect/vect-outer-3a-big-array.c scan-tree-dump-times vect "OUTER LOOP VECTORIZED" 1
FAIL: gcc.dg/vect/vect-outer-3a-big-array.c scan-tree-dump-times vect "step doesn't divide the vector-size" 1
FAIL: gcc.dg/vect/vect-outer-3a.c scan-tree-dump-times vect "OUTER LOOP VECTORIZED" 1
FAIL: gcc.dg/vect/vect-outer-3a.c scan-tree-dump-times vect "step doesn't divide the vector-size" 1
FAIL: gcc.dg/vect/vect-outer-fir-big-array.c scan-tree-dump-times vect "OUTER LOOP VECTORIZED" 2
FAIL: gcc.dg/vect/vect-outer-fir-lb-big-array.c scan-tree-dump-times vect "OUTER LOOP VECTORIZED" 2
FAIL: gcc.dg/vect/vect-outer-fir-lb.c scan-tree-dump-times vect "OUTER LOOP VECTORIZED" 2
FAIL: gcc.dg/vect/vect-outer-fir.c scan-tree-dump-times vect "OUTER LOOP VECTORIZED" 2
FAIL: gcc.dg/vect/vect-peel-3.c scan-tree-dump-times vect "vectorized 1 loops" 1
FAIL: gcc.dg/vect/vect-peel-3.c scan-tree-dump-times vect "Vectorizing an unaligned access" 1
FAIL: gcc.dg/vect/vect-peel-3.c scan-tree-dump-times vect "Alignment of access forced using peeling" 1
FAIL: gcc.dg/vect/vect-peel-4.c scan-tree-dump-times vect "vectorized 1 loops" 1
FAIL: gcc.dg/vect/vect-peel-4.c scan-tree-dump-times vect "Vectorizing an unaligned access" 1
FAIL: gcc.dg/vect/vect-pre-interact.c scan-tree-dump-times vect "vectorized 1 loops" 1
FAIL: gcc.dg/vect/bb-slp-10.c scan-tree-dump-times slp "basic block vectorized" 1
FAIL: gcc.dg/vect/bb-slp-24.c scan-tree-dump-times slp "basic block vectorized" 1
FAIL: gcc.dg/vect/bb-slp-25.c scan-tree-dump-times slp "basic block vectorized" 1
FAIL: gcc.dg/vect/bb-slp-26.c scan-tree-dump-times slp "basic block vectorized" 1
FAIL: gcc.dg/vect/bb-slp-29.c scan-tree-dump-times slp "basic block vectorized" 1
FAIL: gcc.dg/vect/bb-slp-32.c scan-tree-dump slp "vectorization is not profitable"
FAIL: gcc.dg/vect/bb-slp-9.c scan-tree-dump-times slp "basic block vectorized" 1
FAIL: gcc.dg/vect/bb-slp-cond-1.c scan-tree-dump-times slp "basic block vectorized" 1
FAIL: gcc.dg/vect/bb-slp-pattern-2.c scan-tree-dump-times slp "basic block vectorized" 1
FAIL: gcc.dg/vect/pr56787.c -flto -ffat-lto-objects  scan-tree-dump vect "vectorized 1 loops"
FAIL: gcc.dg/vect/pr57705.c -flto -ffat-lto-objects execution test
FAIL: gcc.dg/vect/pr57741-2.c -flto -ffat-lto-objects execution test
FAIL: gcc.dg/vect/pr57741-3.c -flto -ffat-lto-objects execution test
FAIL: gcc.dg/vect/pr59591-1.c -flto -ffat-lto-objects execution test
FAIL: gcc.dg/vect/pr59591-2.c -flto -ffat-lto-objects execution test
FAIL: gcc.dg/vect/vect-109.c -flto -ffat-lto-objects  scan-tree-dump-times vect "vectorized 1 loops" 2
FAIL: gcc.dg/vect/vect-109.c -flto -ffat-lto-objects  scan-tree-dump-times vect "Vectorizing an unaligned access" 3
FAIL: gcc.dg/vect/vect-27.c -flto -ffat-lto-objects  scan-tree-dump-times vect "vectorized 2 loops" 1
FAIL: gcc.dg/vect/vect-27.c -flto -ffat-lto-objects  scan-tree-dump-times vect "Vectorizing an unaligned access" 1
FAIL: gcc.dg/vect/vect-29.c -flto -ffat-lto-objects  scan-tree-dump-times vect "Vectorizing an unaligned access" 1
FAIL: gcc.dg/vect/vect-42.c -flto -ffat-lto-objects  scan-tree-dump-times vect "Vectorizing an unaligned access" 3
FAIL: gcc.dg/vect/vect-44.c -flto -ffat-lto-objects  scan-tree-dump-times vect "Vectorizing an unaligned access" 2
FAIL: gcc.dg/vect/vect-44.c -flto -ffat-lto-objects  scan-tree-dump-times vect "Alignment of access forced using peeling" 1
FAIL: gcc.dg/vect/vect-48.c -flto -ffat-lto-objects  scan-tree-dump-times vect "Vectorizing an unaligned access" 2
FAIL: gcc.dg/vect/vect-50.c -flto -ffat-lto-objects  scan-tree-dump-times vect "Vectorizing an unaligned access" 2
FAIL: gcc.dg/vect/vect-50.c -flto -ffat-lto-objects  scan-tree-dump-times vect "Alignment of access forced using peeling" 1
FAIL: gcc.dg/vect/vect-52.c -flto -ffat-lto-objects  scan-tree-dump-times vect "Vectorizing an unaligned access" 2
FAIL: gcc.dg/vect/vect-56.c -flto -ffat-lto-objects  scan-tree-dump-times vect "vectorized 1 loops" 1
FAIL: gcc.dg/vect/vect-56.c -flto -ffat-lto-objects  scan-tree-dump-times vect "Vectorizing an unaligned access" 1
XPASS: gcc.dg/vect/vect-56.c -flto -ffat-lto-objects  scan-tree-dump-times vect "Alignment of access forced using peeling" 0
FAIL: gcc.dg/vect/vect-56.c -flto -ffat-lto-objects  scan-tree-dump-times vect "Alignment of access forced using peeling" 1
FAIL: gcc.dg/vect/vect-60.c -flto -ffat-lto-objects  scan-tree-dump-times vect "vectorized 1 loops" 1
FAIL: gcc.dg/vect/vect-60.c -flto -ffat-lto-objects  scan-tree-dump-times vect "Vectorizing an unaligned access" 1
XPASS: gcc.dg/vect/vect-60.c -flto -ffat-lto-objects  scan-tree-dump-times vect "Alignment of access forced using peeling" 0
FAIL: gcc.dg/vect/vect-60.c -flto -ffat-lto-objects  scan-tree-dump-times vect "Alignment of access forced using peeling" 1
FAIL: gcc.dg/vect/vect-72.c -flto -ffat-lto-objects  scan-tree-dump-times vect "vectorized 1 loops" 1
FAIL: gcc.dg/vect/vect-72.c -flto -ffat-lto-objects  scan-tree-dump-times vect "Vectorizing an unaligned access" 1
FAIL: gcc.dg/vect/vect-75-big-array.c -flto -ffat-lto-objects  scan-tree-dump-times vect "Vectorizing an unaligned access" 1
FAIL: gcc.dg/vect/vect-75.c -flto -ffat-lto-objects  scan-tree-dump-times vect "Vectorizing an unaligned access" 1
FAIL: gcc.dg/vect/vect-77-alignchecks.c -flto -ffat-lto-objects  scan-tree-dump-times vect "Vectorizing an unaligned access" 1
FAIL: gcc.dg/vect/vect-77-global.c -flto -ffat-lto-objects  scan-tree-dump-times vect "Vectorizing an unaligned access" 1
FAIL: gcc.dg/vect/vect-78-alignchecks.c -flto -ffat-lto-objects  scan-tree-dump-times vect "Vectorizing an unaligned access" 1
FAIL: gcc.dg/vect/vect-78-global.c -flto -ffat-lto-objects  scan-tree-dump-times vect "Vectorizing an unaligned access" 1
FAIL: gcc.dg/vect/vect-93.c -flto -ffat-lto-objects  scan-tree-dump-times vect "Vectorizing an unaligned access" 1
XPASS: gcc.dg/vect/vect-95.c -flto -ffat-lto-objects  scan-tree-dump-times vect "Alignment of access forced using peeling" 0
FAIL: gcc.dg/vect/vect-96.c -flto -ffat-lto-objects  scan-tree-dump-times vect "Vectorizing an unaligned access" 1
FAIL: gcc.dg/vect/vect-cond-1.c -flto -ffat-lto-objects  scan-tree-dump-times vect "OUTER LOOP VECTORIZED" 1
FAIL: gcc.dg/vect/vect-cond-3.c -flto -ffat-lto-objects  scan-tree-dump-times vect "OUTER LOOP VECTORIZED" 1
FAIL: gcc.dg/vect/vect-cond-4.c -flto -ffat-lto-objects  scan-tree-dump-times vect "OUTER LOOP VECTORIZED" 1
FAIL: gcc.dg/vect/vect-mask-load-1.c -flto -ffat-lto-objects execution test
FAIL: gcc.dg/vect/vect-mask-loadstore-1.c -flto -ffat-lto-objects execution test
FAIL: gcc.dg/vect/vect-multitypes-1.c -flto -ffat-lto-objects  scan-tree-dump-times vect "vectorized 1 loops" 2
FAIL: gcc.dg/vect/vect-multitypes-1.c -flto -ffat-lto-objects  scan-tree-dump-times vect "Alignment of access forced using peeling" 2
FAIL: gcc.dg/vect/vect-multitypes-1.c -flto -ffat-lto-objects  scan-tree-dump-times vect "Vectorizing an unaligned access" 4
FAIL: gcc.dg/vect/vect-multitypes-3.c -flto -ffat-lto-objects  scan-tree-dump-times vect "Vectorizing an unaligned access" 3
FAIL: gcc.dg/vect/vect-multitypes-4.c -flto -ffat-lto-objects  scan-tree-dump-times vect "vectorized 1 loops" 2
FAIL: gcc.dg/vect/vect-multitypes-4.c -flto -ffat-lto-objects  scan-tree-dump-times vect "Vectorizing an unaligned access" 4
FAIL: gcc.dg/vect/vect-multitypes-6.c -flto -ffat-lto-objects  scan-tree-dump-times vect "Vectorizing an unaligned access" 6
FAIL: gcc.dg/vect/vect-nest-cycle-1.c -flto -ffat-lto-objects  scan-tree-dump-times vect "OUTER LOOP VECTORIZED" 1
FAIL: gcc.dg/vect/vect-nest-cycle-2.c -flto -ffat-lto-objects  scan-tree-dump-times vect "OUTER LOOP VECTORIZED" 1
FAIL: gcc.dg/vect/vect-nop-move.c -flto -ffat-lto-objects execution test
FAIL: gcc.dg/vect/vect-outer-3a-big-array.c -flto -ffat-lto-objects  scan-tree-dump-times vect "OUTER LOOP VECTORIZED" 1
FAIL: gcc.dg/vect/vect-outer-3a-big-array.c -flto -ffat-lto-objects  scan-tree-dump-times vect "step doesn't divide the vector-size" 1
FAIL: gcc.dg/vect/vect-outer-3a.c -flto -ffat-lto-objects  scan-tree-dump-times vect "OUTER LOOP VECTORIZED" 1
FAIL: gcc.dg/vect/vect-outer-3a.c -flto -ffat-lto-objects  scan-tree-dump-times vect "step doesn't divide the vector-size" 1
FAIL: gcc.dg/vect/vect-outer-fir-big-array.c -flto -ffat-lto-objects  scan-tree-dump-times vect "OUTER LOOP VECTORIZED" 2
FAIL: gcc.dg/vect/vect-outer-fir-lb-big-array.c -flto -ffat-lto-objects  scan-tree-dump-times vect "OUTER LOOP VECTORIZED" 2
FAIL: gcc.dg/vect/vect-outer-fir-lb.c -flto -ffat-lto-objects  scan-tree-dump-times vect "OUTER LOOP VECTORIZED" 2
FAIL: gcc.dg/vect/vect-outer-fir.c -flto -ffat-lto-objects  scan-tree-dump-times vect "OUTER LOOP VECTORIZED" 2
FAIL: gcc.dg/vect/vect-peel-3.c -flto -ffat-lto-objects  scan-tree-dump-times vect "vectorized 1 loops" 1
FAIL: gcc.dg/vect/vect-peel-3.c -flto -ffat-lto-objects  scan-tree-dump-times vect "Vectorizing an unaligned access" 1
FAIL: gcc.dg/vect/vect-peel-3.c -flto -ffat-lto-objects  scan-tree-dump-times vect "Alignment of access forced using peeling" 1
FAIL: gcc.dg/vect/vect-peel-4.c -flto -ffat-lto-objects  scan-tree-dump-times vect "vectorized 1 loops" 1
FAIL: gcc.dg/vect/vect-peel-4.c -flto -ffat-lto-objects  scan-tree-dump-times vect "Vectorizing an unaligned access" 1
FAIL: gcc.dg/vect/vect-pre-interact.c -flto -ffat-lto-objects  scan-tree-dump-times vect "vectorized 1 loops" 1
FAIL: gcc.dg/vect/bb-slp-10.c -flto -ffat-lto-objects  scan-tree-dump-times slp "basic block vectorized" 1
FAIL: gcc.dg/vect/bb-slp-24.c -flto -ffat-lto-objects  scan-tree-dump-times slp "basic block vectorized" 1
FAIL: gcc.dg/vect/bb-slp-25.c -flto -ffat-lto-objects  scan-tree-dump-times slp "basic block vectorized" 1
FAIL: gcc.dg/vect/bb-slp-26.c -flto -ffat-lto-objects  scan-tree-dump-times slp "basic block vectorized" 1
FAIL: gcc.dg/vect/bb-slp-29.c -flto -ffat-lto-objects  scan-tree-dump-times slp "basic block vectorized" 1
FAIL: gcc.dg/vect/bb-slp-32.c -flto -ffat-lto-objects  scan-tree-dump slp "vectorization is not profitable"
FAIL: gcc.dg/vect/bb-slp-9.c -flto -ffat-lto-objects  scan-tree-dump-times slp "basic block vectorized" 1
FAIL: gcc.dg/vect/bb-slp-cond-1.c -flto -ffat-lto-objects  scan-tree-dump-times slp "basic block vectorized" 1
FAIL: gcc.dg/vect/bb-slp-pattern-2.c -flto -ffat-lto-objects  scan-tree-dump-times slp "basic block vectorized" 1
FAIL: gcc.dg/vect/no-vfa-vect-57.c scan-tree-dump-times vect "vectorized 1 loops" 1
FAIL: gcc.dg/vect/no-vfa-vect-61.c scan-tree-dump-times vect "vectorized 1 loops" 1
FAIL: gcc.dg/vect/no-vfa-vect-depend-1.c scan-tree-dump-times vect "vectorized 1 loops" 1
FAIL: gcc.dg/vect/no-vfa-vect-depend-1.c scan-tree-dump-times vect "dependence distance negative" 1
FAIL: gcc.dg/vect/no-vfa-vect-depend-2.c scan-tree-dump-times vect "vectorized 1 loops" 1
FAIL: gcc.dg/vect/no-vfa-vect-depend-2.c scan-tree-dump-times vect "dependence distance negative" 1
FAIL: gcc.dg/vect/no-vfa-vect-depend-3.c scan-tree-dump-times vect "vectorized 1 loops" 4
FAIL: gcc.dg/vect/no-vfa-vect-depend-3.c scan-tree-dump-times vect "dependence distance negative" 4
FAIL: gcc.dg/vect/no-scevccp-outer-6-global.c scan-tree-dump-times vect "OUTER LOOP VECTORIZED." 1
FAIL: gcc.dg/vect/no-scevccp-outer-6.c scan-tree-dump-times vect "OUTER LOOP VECTORIZED." 1
FAIL: gcc.dg/vect/no-scevccp-outer-8.c scan-tree-dump-times vect "OUTER LOOP VECTORIZED." 1
FAIL: gcc.target/arm/neon-vext-execute.c execution test
FAIL: gcc.target/arm/neon-vfma-1.c scan-assembler vfma\\\\.f32[\\t]+[dDqQ]
FAIL: gcc.target/arm/neon-vfms-1.c scan-assembler vfms\\\\.f32[\\t]+[dDqQ]
FAIL: gcc.target/arm/neon-vlshr-imm-1.c scan-assembler vshr.u32.*#3
FAIL: gcc.target/arm/neon-vorn-vbic.c scan-assembler vorn\\\\t
FAIL: gcc.target/arm/neon-vorn-vbic.c scan-assembler vbic\\\\t
FAIL: gcc.target/arm/neon-vshl-imm-1.c scan-assembler vshl.i32.*#3
FAIL: gcc.target/arm/neon-vshr-imm-1.c scan-assembler vshr.s32.*#3
FAIL: gcc.target/arm/pr42172-1.c scan-assembler-times ldr 1
FAIL: gcc.target/arm/pr42575.c scan-assembler-not mov
FAIL: gcc.target/arm/pr45701-1.c scan-assembler push\\t{r3
FAIL: gcc.target/arm/thumb-ltu.c scan-assembler-not uxtb
FAIL: gcc.target/arm/neon/vect-vcvt.c scan-tree-dump-times vect "vectorized 2 loops" 1
FAIL: gcc.target/arm/neon/vect-vcvtq.c scan-tree-dump-times vect "vectorized 2 loops" 1

		=== gcc Summary ===

# of expected passes		90895
# of unexpected failures	172
# of unexpected successes	6
# of expected failures		233
# of unsupported tests		1869
/scratch/gcc/nightly-2014-06-24-4.9/arm-none-eabi/obj/test-4.9-0-arm-none-eabi/host-i686-pc-linux-gnu/fsf-4.9/bin/arm-none-eabi-gcc  version 4.9.1 20140624 (prerelease) (GCC) 


		=== Summary adjusted for local xfails ===

# of unexpected failures        172
# of expected passes            90895
# of unexpected successes       6
# of expected failures          233
# of unsupported tests          1869
Host   is i686-pc-linux-gnu

		=== libstdc++ tests ===


Running target arm-sim-fsf
ERROR: tcl error sourcing /scratch/gcc/nightly-2014-06-24-4.9/src/gcc-4.9/libstdc++-v3/testsuite/libstdc++-abi/abi.exp.
ERROR: can't read "baseline_subdir_switch": no such variable
FAIL: 27_io/basic_filebuf/underflow/wchar_t/11603.cc execution test
FAIL: 29_atomics/atomic/cons/user_pod.cc (test for excess errors)
FAIL: 29_atomics/atomic/operators/integral_assignment.cc (test for excess errors)
UNRESOLVED: 29_atomics/atomic/operators/integral_assignment.cc compilation failed to produce executable
FAIL: 29_atomics/atomic/operators/integral_conversion.cc (test for excess errors)
UNRESOLVED: 29_atomics/atomic/operators/integral_conversion.cc compilation failed to produce executable
FAIL: 29_atomics/atomic_flag/clear/1.cc (test for excess errors)
UNRESOLVED: 29_atomics/atomic_flag/clear/1.cc compilation failed to produce executable
FAIL: 29_atomics/atomic_flag/test_and_set/explicit.cc (test for excess errors)
UNRESOLVED: 29_atomics/atomic_flag/test_and_set/explicit.cc compilation failed to produce executable
FAIL: 29_atomics/atomic_flag/test_and_set/implicit.cc (test for excess errors)
UNRESOLVED: 29_atomics/atomic_flag/test_and_set/implicit.cc compilation failed to produce executable
FAIL: 29_atomics/atomic_integral/operators/integral_assignment.cc (test for excess errors)
UNRESOLVED: 29_atomics/atomic_integral/operators/integral_assignment.cc compilation failed to produce executable
FAIL: 29_atomics/atomic_integral/operators/integral_conversion.cc (test for excess errors)
UNRESOLVED: 29_atomics/atomic_integral/operators/integral_conversion.cc compilation failed to produce executable
XPASS: ext/stdio_filebuf/char/10063-2.cc execution test
XPASS: ext/stdio_filebuf/char/10063-3.cc execution test

		=== libstdc++ Summary ===

# of expected passes		8201
# of unexpected failures	9
# of unexpected successes	2
# of expected failures		48
# of unresolved testcases	7
# of unsupported tests		681

		=== Summary adjusted for local xfails ===

# of errors                     2
# of unexpected failures        9
# of expected passes            8201
# of unexpected successes       2
# of expected failures          48
# of unresolved testcases       7
# of unsupported tests          681
Host   is i686-pc-linux-gnu

		=== g++ tests ===


Running target arm-sim-fsf/-mthumb
FAIL: g++.old-deja/g++.abi/vtable3f.C -std=c++98 (internal compiler error)
FAIL: g++.old-deja/g++.abi/vtable3f.C -std=c++98 (test for excess errors)
UNRESOLVED: g++.old-deja/g++.abi/vtable3f.C -std=c++98 compilation failed to produce executable
FAIL: g++.old-deja/g++.abi/vtable3g.C -std=c++98 (internal compiler error)
FAIL: g++.old-deja/g++.abi/vtable3g.C -std=c++98 (test for excess errors)
UNRESOLVED: g++.old-deja/g++.abi/vtable3g.C -std=c++98 compilation failed to produce executable
FAIL: g++.old-deja/g++.abi/vtable3h.C -std=c++98 (internal compiler error)
FAIL: g++.old-deja/g++.abi/vtable3h.C -std=c++98 (test for excess errors)
UNRESOLVED: g++.old-deja/g++.abi/vtable3h.C -std=c++98 compilation failed to produce executable

		=== g++ Summary ===

# of expected passes		74571
# of unexpected failures	6
# of expected failures		434
# of unresolved testcases	3
# of unsupported tests		3310
/scratch/gcc/nightly-2014-06-24-4.9/arm-none-eabi/obj/test-4.9-0-arm-none-eabi/host-i686-pc-linux-gnu/fsf-4.9/bin/arm-none-eabi-g++  version 4.9.1 20140624 (prerelease) (GCC) 


		=== Summary adjusted for local xfails ===

# of unexpected failures        6
# of expected passes            74571
# of expected failures          434
# of unresolved testcases       3
# of unsupported tests          3310
Host   is i686-pc-linux-gnu

		=== gcc tests ===


Running target arm-sim-fsf/-mthumb
FAIL: gcc.dg/uninit-13.c unconditional (test for warnings, line 8)
FAIL: gcc.dg/uninit-13.c (test for excess errors)
FAIL: gcc.dg/tree-ssa/sra-12.c scan-tree-dump-times release_ssa "l;" 0
FAIL: gcc.target/arm/iordi3-opt.c scan-assembler-not mov[\\\\t ]+.+,[\\\\t ]*.+
FAIL: gcc.target/arm/pr42172-1.c scan-assembler-times ldr 1
FAIL: gcc.target/arm/pr45701-1.c scan-assembler push\\t{r3
FAIL: gcc.target/arm/thumb-ltu.c scan-assembler-not uxtb
FAIL: gcc.target/arm/xordi3-opt.c scan-assembler-not mov[\\\\t ]+.+,[\\\\t ]*.+

		=== gcc Summary ===

# of expected passes		83650
# of unexpected failures	8
# of expected failures		100
# of unsupported tests		3939
/scratch/gcc/nightly-2014-06-24-4.9/arm-none-eabi/obj/test-4.9-0-arm-none-eabi/host-i686-pc-linux-gnu/fsf-4.9/bin/arm-none-eabi-gcc  version 4.9.1 20140624 (prerelease) (GCC) 


		=== Summary adjusted for local xfails ===

# of unexpected failures        8
# of expected passes            83650
# of expected failures          100
# of unsupported tests          3939
Host   is i686-pc-linux-gnu

		=== libstdc++ tests ===


Running target arm-sim-fsf/-mthumb
ERROR: tcl error sourcing /scratch/gcc/nightly-2014-06-24-4.9/src/gcc-4.9/libstdc++-v3/testsuite/libstdc++-abi/abi.exp.
ERROR: can't read "baseline_subdir_switch": no such variable
ERROR: tcl error sourcing /scratch/gcc/nightly-2014-06-24-4.9/src/gcc-4.9/libstdc++-v3/testsuite/libstdc++-dg/conformance.exp.
ERROR: could not compile testsuite_abi.cc
ERROR: tcl error sourcing /scratch/gcc/nightly-2014-06-24-4.9/src/gcc-4.9/libstdc++-v3/testsuite/libstdc++-prettyprinters/prettyprinters.exp.
ERROR: could not compile testsuite_abi.cc

		=== libstdc++ Summary ===


		=== Summary adjusted for local xfails ===

# of errors                     6

Compiler version: 4.9.1 20140624 (prerelease) (GCC) 
Platform: arm-none-eabi
configure flags: --build=i686-pc-linux-gnu --host=i686-pc-linux-gnu --target=arm-none-eabi --enable-threads --disable-libmudflap --disable-libssp --disable-libstdcxx-pch --with-gnu-as --with-gnu-ld --enable-languages=c,c++ --disable-shared --enable-lto --with-newlib --disable-nls --prefix=/scratch/gcc/nightly-2014-06-24-4.9/arm-none-eabi/install --with-headers=yes --with-sysroot=/scratch/gcc/nightly-2014-06-24-4.9/arm-none-eabi/install/arm-none-eabi --with-gmp=/scratch/gcc/nightly-2014-06-24-4.9/arm-none-eabi/obj/pkg-4.9-0-arm-none-eabi/fsf-4.9-0-arm-none-eabi.extras/host-libs-i686-pc-linux-gnu/usr --with-mpfr=/scratch/gcc/nightly-2014-06-24-4.9/arm-none-eabi/obj/pkg-4.9-0-arm-none-eabi/fsf-4.9-0-arm-none-eabi.extras/host-libs-i686-pc-linux-gnu/usr --with-mpc=/scratch/gcc/nightly-2014-06-24-4.9/arm-none-eabi/obj/pkg-4.9-0-arm-none-eabi/fsf-4.9-0-arm-none-eabi.extras/host-libs-i686-pc-linux-gnu/usr --with-host-libstdcxx='-static-libgcc -Wl,-Bstatic,-lstdc++,-Bdynamic -lm' --wi
 th-isl=/scratch/gcc/nightly-2014-06-24-4.9/arm-none-eabi/obj/pkg-4.9-0-arm-none-eabi/fsf-4.9-0-arm-none-eabi.extras/host-libs-i686-pc-linux-gnu/usr --with-cloog=/scratch/gcc/nightly-2014-06-24-4.9/arm-none-eabi/obj/pkg-4.9-0-arm-none-eabi/fsf-4.9-0-arm-none-eabi.extras/host-libs-i686-pc-linux-gnu/usr --disable-libgomp --disable-libitm --disable-libatomic --disable-libssp --enable-poison-system-directories --with-build-time-tools=/scratch/gcc/nightly-2014-06-24-4.9/arm-none-eabi/install/arm-none-eabi/bin --with-build-time-tools=/scratch/gcc/nightly-2014-06-24-4.9/arm-none-eabi/install/arm-none-eabi/bin SED=sed


Index Nav: [Date Index] [Subject Index] [Author Index] [Thread Index]
Message Nav: [Date Prev] [Date Next] [Thread Prev] [Thread Next]