This is the mail archive of the gcc-testresults@gcc.gnu.org mailing list for the GCC project.


Index Nav: [Date Index] [Subject Index] [Author Index] [Thread Index]
Message Nav: [Date Prev] [Date Next] [Thread Prev] [Thread Next]
Other format: [Raw text]

Results for 4.10.0 20140624 (experimental) (GCC) testsuite on arm-none-eabi


LAST_UPDATED: Tue Jun 24 07:09:46 UTC 2014 (/trunk revision 211928)

Target is arm-none-eabi
Host   is i686-pc-linux-gnu

		=== g++ tests ===


Running target arm-sim-fsf

		=== g++ Summary ===

# of expected passes		73151
# of expected failures		429
# of unsupported tests		3342
/scratch/gcc/nightly-2014-06-24-mainline/arm-none-eabi/obj/test-mainline-0-arm-none-eabi/host-i686-pc-linux-gnu/fsf-mainline/bin/arm-none-eabi-g++  version 4.10.0 20140624 (experimental) (GCC) 


		=== Summary adjusted for local xfails ===

# of expected passes            73151
# of expected failures          429
# of unsupported tests          3342
Host   is i686-pc-linux-gnu

		=== gcc tests ===


Running target arm-sim-fsf
FAIL: gcc.dg/noncompile/920507-1.c  -O1  (internal compiler error)
FAIL: gcc.dg/noncompile/920507-1.c  -O1  (test for excess errors)
FAIL: gcc.dg/noncompile/920507-1.c  -O2  (internal compiler error)
FAIL: gcc.dg/noncompile/920507-1.c  -O2  (test for excess errors)
FAIL: gcc.dg/noncompile/920507-1.c  -O3 -fomit-frame-pointer  (internal compiler error)
FAIL: gcc.dg/noncompile/920507-1.c  -O3 -fomit-frame-pointer  (test for excess errors)
FAIL: gcc.dg/noncompile/920507-1.c  -O3 -g  (internal compiler error)
FAIL: gcc.dg/noncompile/920507-1.c  -O3 -g  (test for excess errors)
FAIL: gcc.dg/noncompile/920507-1.c  -Os  (internal compiler error)
FAIL: gcc.dg/noncompile/920507-1.c  -Os  (test for excess errors)
FAIL: gcc.dg/noncompile/920507-1.c  -O2 -flto -fno-use-linker-plugin -flto-partition=none  (internal compiler error)
FAIL: gcc.dg/noncompile/920507-1.c  -O2 -flto -fno-use-linker-plugin -flto-partition=none  (test for excess errors)
FAIL: gcc.dg/noncompile/920507-1.c  -O2 -flto -fuse-linker-plugin -fno-fat-lto-objects  (internal compiler error)
FAIL: gcc.dg/noncompile/920507-1.c  -O2 -flto -fuse-linker-plugin -fno-fat-lto-objects  (test for excess errors)
FAIL: gcc.dg/tree-ssa/sra-12.c scan-tree-dump-times release_ssa "l;" 0
FAIL: gcc.dg/tree-ssa/ssa-fre-32.c scan-tree-dump-times fre1 "return x_\\\\d+\\\\(D\\\\);" 2
FAIL: gcc.dg/vect/pr56787.c scan-tree-dump vect "vectorized 1 loops"
FAIL: gcc.dg/vect/pr57705.c execution test
FAIL: gcc.dg/vect/pr57741-2.c execution test
FAIL: gcc.dg/vect/pr57741-3.c execution test
FAIL: gcc.dg/vect/pr59591-1.c execution test
FAIL: gcc.dg/vect/pr59591-2.c execution test
FAIL: gcc.dg/vect/vect-109.c scan-tree-dump-times vect "vectorized 1 loops" 2
FAIL: gcc.dg/vect/vect-109.c scan-tree-dump-times vect "Vectorizing an unaligned access" 3
FAIL: gcc.dg/vect/vect-27.c scan-tree-dump-times vect "vectorized 2 loops" 1
FAIL: gcc.dg/vect/vect-27.c scan-tree-dump-times vect "Vectorizing an unaligned access" 1
FAIL: gcc.dg/vect/vect-29.c scan-tree-dump-times vect "Vectorizing an unaligned access" 1
FAIL: gcc.dg/vect/vect-42.c scan-tree-dump-times vect "Vectorizing an unaligned access" 3
FAIL: gcc.dg/vect/vect-44.c scan-tree-dump-times vect "Vectorizing an unaligned access" 2
FAIL: gcc.dg/vect/vect-44.c scan-tree-dump-times vect "Alignment of access forced using peeling" 1
FAIL: gcc.dg/vect/vect-48.c scan-tree-dump-times vect "Vectorizing an unaligned access" 2
FAIL: gcc.dg/vect/vect-50.c scan-tree-dump-times vect "Vectorizing an unaligned access" 2
FAIL: gcc.dg/vect/vect-50.c scan-tree-dump-times vect "Alignment of access forced using peeling" 1
FAIL: gcc.dg/vect/vect-52.c scan-tree-dump-times vect "Vectorizing an unaligned access" 2
FAIL: gcc.dg/vect/vect-56.c scan-tree-dump-times vect "vectorized 1 loops" 1
FAIL: gcc.dg/vect/vect-56.c scan-tree-dump-times vect "Vectorizing an unaligned access" 1
XPASS: gcc.dg/vect/vect-56.c scan-tree-dump-times vect "Alignment of access forced using peeling" 0
FAIL: gcc.dg/vect/vect-56.c scan-tree-dump-times vect "Alignment of access forced using peeling" 1
FAIL: gcc.dg/vect/vect-60.c scan-tree-dump-times vect "vectorized 1 loops" 1
FAIL: gcc.dg/vect/vect-60.c scan-tree-dump-times vect "Vectorizing an unaligned access" 1
XPASS: gcc.dg/vect/vect-60.c scan-tree-dump-times vect "Alignment of access forced using peeling" 0
FAIL: gcc.dg/vect/vect-60.c scan-tree-dump-times vect "Alignment of access forced using peeling" 1
FAIL: gcc.dg/vect/vect-72.c scan-tree-dump-times vect "vectorized 1 loops" 1
FAIL: gcc.dg/vect/vect-72.c scan-tree-dump-times vect "Vectorizing an unaligned access" 1
FAIL: gcc.dg/vect/vect-75-big-array.c scan-tree-dump-times vect "Vectorizing an unaligned access" 1
FAIL: gcc.dg/vect/vect-75.c scan-tree-dump-times vect "Vectorizing an unaligned access" 1
FAIL: gcc.dg/vect/vect-77-alignchecks.c scan-tree-dump-times vect "Vectorizing an unaligned access" 1
FAIL: gcc.dg/vect/vect-77-global.c scan-tree-dump-times vect "Vectorizing an unaligned access" 1
FAIL: gcc.dg/vect/vect-78-alignchecks.c scan-tree-dump-times vect "Vectorizing an unaligned access" 1
FAIL: gcc.dg/vect/vect-78-global.c scan-tree-dump-times vect "Vectorizing an unaligned access" 1
FAIL: gcc.dg/vect/vect-93.c scan-tree-dump-times vect "Vectorizing an unaligned access" 1
XPASS: gcc.dg/vect/vect-95.c scan-tree-dump-times vect "Alignment of access forced using peeling" 0
FAIL: gcc.dg/vect/vect-96.c scan-tree-dump-times vect "Vectorizing an unaligned access" 1
FAIL: gcc.dg/vect/vect-cond-1.c scan-tree-dump-times vect "OUTER LOOP VECTORIZED" 1
FAIL: gcc.dg/vect/vect-cond-3.c scan-tree-dump-times vect "OUTER LOOP VECTORIZED" 1
FAIL: gcc.dg/vect/vect-cond-4.c scan-tree-dump-times vect "OUTER LOOP VECTORIZED" 1
FAIL: gcc.dg/vect/vect-mask-load-1.c execution test
FAIL: gcc.dg/vect/vect-mask-loadstore-1.c execution test
FAIL: gcc.dg/vect/vect-multitypes-1.c scan-tree-dump-times vect "vectorized 1 loops" 2
FAIL: gcc.dg/vect/vect-multitypes-1.c scan-tree-dump-times vect "Alignment of access forced using peeling" 2
FAIL: gcc.dg/vect/vect-multitypes-1.c scan-tree-dump-times vect "Vectorizing an unaligned access" 4
FAIL: gcc.dg/vect/vect-multitypes-3.c scan-tree-dump-times vect "Vectorizing an unaligned access" 3
FAIL: gcc.dg/vect/vect-multitypes-4.c scan-tree-dump-times vect "vectorized 1 loops" 2
FAIL: gcc.dg/vect/vect-multitypes-4.c scan-tree-dump-times vect "Vectorizing an unaligned access" 4
FAIL: gcc.dg/vect/vect-multitypes-6.c scan-tree-dump-times vect "Vectorizing an unaligned access" 6
FAIL: gcc.dg/vect/vect-nest-cycle-1.c scan-tree-dump-times vect "OUTER LOOP VECTORIZED" 1
FAIL: gcc.dg/vect/vect-nest-cycle-2.c scan-tree-dump-times vect "OUTER LOOP VECTORIZED" 1
FAIL: gcc.dg/vect/vect-nop-move.c execution test
FAIL: gcc.dg/vect/vect-outer-3a-big-array.c scan-tree-dump-times vect "OUTER LOOP VECTORIZED" 1
FAIL: gcc.dg/vect/vect-outer-3a-big-array.c scan-tree-dump-times vect "step doesn't divide the vector-size" 1
FAIL: gcc.dg/vect/vect-outer-3a.c scan-tree-dump-times vect "OUTER LOOP VECTORIZED" 1
FAIL: gcc.dg/vect/vect-outer-3a.c scan-tree-dump-times vect "step doesn't divide the vector-size" 1
FAIL: gcc.dg/vect/vect-outer-fir-big-array.c scan-tree-dump-times vect "OUTER LOOP VECTORIZED" 2
FAIL: gcc.dg/vect/vect-outer-fir-lb-big-array.c scan-tree-dump-times vect "OUTER LOOP VECTORIZED" 2
FAIL: gcc.dg/vect/vect-outer-fir-lb.c scan-tree-dump-times vect "OUTER LOOP VECTORIZED" 2
FAIL: gcc.dg/vect/vect-outer-fir.c scan-tree-dump-times vect "OUTER LOOP VECTORIZED" 2
FAIL: gcc.dg/vect/vect-peel-3.c scan-tree-dump-times vect "vectorized 1 loops" 1
FAIL: gcc.dg/vect/vect-peel-3.c scan-tree-dump-times vect "Vectorizing an unaligned access" 1
FAIL: gcc.dg/vect/vect-peel-3.c scan-tree-dump-times vect "Alignment of access forced using peeling" 1
FAIL: gcc.dg/vect/vect-peel-4.c scan-tree-dump-times vect "vectorized 1 loops" 1
FAIL: gcc.dg/vect/vect-peel-4.c scan-tree-dump-times vect "Vectorizing an unaligned access" 1
FAIL: gcc.dg/vect/vect-pre-interact.c scan-tree-dump-times vect "vectorized 1 loops" 1
FAIL: gcc.dg/vect/bb-slp-10.c scan-tree-dump-times slp2 "basic block vectorized" 1
FAIL: gcc.dg/vect/bb-slp-24.c scan-tree-dump-times slp1 "basic block vectorized" 1
FAIL: gcc.dg/vect/bb-slp-25.c scan-tree-dump-times slp1 "basic block vectorized" 1
FAIL: gcc.dg/vect/bb-slp-26.c scan-tree-dump-times slp1 "basic block vectorized" 1
FAIL: gcc.dg/vect/bb-slp-29.c scan-tree-dump-times slp1 "basic block vectorized" 1
FAIL: gcc.dg/vect/bb-slp-32.c scan-tree-dump slp2 "vectorization is not profitable"
FAIL: gcc.dg/vect/bb-slp-9.c scan-tree-dump-times slp2 "basic block vectorized" 1
FAIL: gcc.dg/vect/bb-slp-cond-1.c scan-tree-dump-times slp1 "basic block vectorized" 1
FAIL: gcc.dg/vect/bb-slp-pattern-2.c scan-tree-dump-times slp1 "basic block vectorized" 1
FAIL: gcc.dg/vect/pr56787.c -flto -ffat-lto-objects  scan-tree-dump vect "vectorized 1 loops"
FAIL: gcc.dg/vect/pr57705.c -flto -ffat-lto-objects execution test
FAIL: gcc.dg/vect/pr57741-2.c -flto -ffat-lto-objects execution test
FAIL: gcc.dg/vect/pr57741-3.c -flto -ffat-lto-objects execution test
FAIL: gcc.dg/vect/pr59591-1.c -flto -ffat-lto-objects execution test
FAIL: gcc.dg/vect/pr59591-2.c -flto -ffat-lto-objects execution test
FAIL: gcc.dg/vect/vect-109.c -flto -ffat-lto-objects  scan-tree-dump-times vect "vectorized 1 loops" 2
FAIL: gcc.dg/vect/vect-109.c -flto -ffat-lto-objects  scan-tree-dump-times vect "Vectorizing an unaligned access" 3
FAIL: gcc.dg/vect/vect-27.c -flto -ffat-lto-objects  scan-tree-dump-times vect "vectorized 2 loops" 1
FAIL: gcc.dg/vect/vect-27.c -flto -ffat-lto-objects  scan-tree-dump-times vect "Vectorizing an unaligned access" 1
FAIL: gcc.dg/vect/vect-29.c -flto -ffat-lto-objects  scan-tree-dump-times vect "Vectorizing an unaligned access" 1
FAIL: gcc.dg/vect/vect-42.c -flto -ffat-lto-objects  scan-tree-dump-times vect "Vectorizing an unaligned access" 3
FAIL: gcc.dg/vect/vect-44.c -flto -ffat-lto-objects  scan-tree-dump-times vect "Vectorizing an unaligned access" 2
FAIL: gcc.dg/vect/vect-44.c -flto -ffat-lto-objects  scan-tree-dump-times vect "Alignment of access forced using peeling" 1
FAIL: gcc.dg/vect/vect-48.c -flto -ffat-lto-objects  scan-tree-dump-times vect "Vectorizing an unaligned access" 2
FAIL: gcc.dg/vect/vect-50.c -flto -ffat-lto-objects  scan-tree-dump-times vect "Vectorizing an unaligned access" 2
FAIL: gcc.dg/vect/vect-50.c -flto -ffat-lto-objects  scan-tree-dump-times vect "Alignment of access forced using peeling" 1
FAIL: gcc.dg/vect/vect-52.c -flto -ffat-lto-objects  scan-tree-dump-times vect "Vectorizing an unaligned access" 2
FAIL: gcc.dg/vect/vect-56.c -flto -ffat-lto-objects  scan-tree-dump-times vect "vectorized 1 loops" 1
FAIL: gcc.dg/vect/vect-56.c -flto -ffat-lto-objects  scan-tree-dump-times vect "Vectorizing an unaligned access" 1
XPASS: gcc.dg/vect/vect-56.c -flto -ffat-lto-objects  scan-tree-dump-times vect "Alignment of access forced using peeling" 0
FAIL: gcc.dg/vect/vect-56.c -flto -ffat-lto-objects  scan-tree-dump-times vect "Alignment of access forced using peeling" 1
FAIL: gcc.dg/vect/vect-60.c -flto -ffat-lto-objects  scan-tree-dump-times vect "vectorized 1 loops" 1
FAIL: gcc.dg/vect/vect-60.c -flto -ffat-lto-objects  scan-tree-dump-times vect "Vectorizing an unaligned access" 1
XPASS: gcc.dg/vect/vect-60.c -flto -ffat-lto-objects  scan-tree-dump-times vect "Alignment of access forced using peeling" 0
FAIL: gcc.dg/vect/vect-60.c -flto -ffat-lto-objects  scan-tree-dump-times vect "Alignment of access forced using peeling" 1
FAIL: gcc.dg/vect/vect-72.c -flto -ffat-lto-objects  scan-tree-dump-times vect "vectorized 1 loops" 1
FAIL: gcc.dg/vect/vect-72.c -flto -ffat-lto-objects  scan-tree-dump-times vect "Vectorizing an unaligned access" 1
FAIL: gcc.dg/vect/vect-75-big-array.c -flto -ffat-lto-objects  scan-tree-dump-times vect "Vectorizing an unaligned access" 1
FAIL: gcc.dg/vect/vect-75.c -flto -ffat-lto-objects  scan-tree-dump-times vect "Vectorizing an unaligned access" 1
FAIL: gcc.dg/vect/vect-77-alignchecks.c -flto -ffat-lto-objects  scan-tree-dump-times vect "Vectorizing an unaligned access" 1
FAIL: gcc.dg/vect/vect-77-global.c -flto -ffat-lto-objects  scan-tree-dump-times vect "Vectorizing an unaligned access" 1
FAIL: gcc.dg/vect/vect-78-alignchecks.c -flto -ffat-lto-objects  scan-tree-dump-times vect "Vectorizing an unaligned access" 1
FAIL: gcc.dg/vect/vect-78-global.c -flto -ffat-lto-objects  scan-tree-dump-times vect "Vectorizing an unaligned access" 1
FAIL: gcc.dg/vect/vect-93.c -flto -ffat-lto-objects  scan-tree-dump-times vect "Vectorizing an unaligned access" 1
XPASS: gcc.dg/vect/vect-95.c -flto -ffat-lto-objects  scan-tree-dump-times vect "Alignment of access forced using peeling" 0
FAIL: gcc.dg/vect/vect-96.c -flto -ffat-lto-objects  scan-tree-dump-times vect "Vectorizing an unaligned access" 1
FAIL: gcc.dg/vect/vect-cond-1.c -flto -ffat-lto-objects  scan-tree-dump-times vect "OUTER LOOP VECTORIZED" 1
FAIL: gcc.dg/vect/vect-cond-3.c -flto -ffat-lto-objects  scan-tree-dump-times vect "OUTER LOOP VECTORIZED" 1
FAIL: gcc.dg/vect/vect-cond-4.c -flto -ffat-lto-objects  scan-tree-dump-times vect "OUTER LOOP VECTORIZED" 1
FAIL: gcc.dg/vect/vect-mask-load-1.c -flto -ffat-lto-objects execution test
FAIL: gcc.dg/vect/vect-mask-loadstore-1.c -flto -ffat-lto-objects execution test
FAIL: gcc.dg/vect/vect-multitypes-1.c -flto -ffat-lto-objects  scan-tree-dump-times vect "vectorized 1 loops" 2
FAIL: gcc.dg/vect/vect-multitypes-1.c -flto -ffat-lto-objects  scan-tree-dump-times vect "Alignment of access forced using peeling" 2
FAIL: gcc.dg/vect/vect-multitypes-1.c -flto -ffat-lto-objects  scan-tree-dump-times vect "Vectorizing an unaligned access" 4
FAIL: gcc.dg/vect/vect-multitypes-3.c -flto -ffat-lto-objects  scan-tree-dump-times vect "Vectorizing an unaligned access" 3
FAIL: gcc.dg/vect/vect-multitypes-4.c -flto -ffat-lto-objects  scan-tree-dump-times vect "vectorized 1 loops" 2
FAIL: gcc.dg/vect/vect-multitypes-4.c -flto -ffat-lto-objects  scan-tree-dump-times vect "Vectorizing an unaligned access" 4
FAIL: gcc.dg/vect/vect-multitypes-6.c -flto -ffat-lto-objects  scan-tree-dump-times vect "Vectorizing an unaligned access" 6
FAIL: gcc.dg/vect/vect-nest-cycle-1.c -flto -ffat-lto-objects  scan-tree-dump-times vect "OUTER LOOP VECTORIZED" 1
FAIL: gcc.dg/vect/vect-nest-cycle-2.c -flto -ffat-lto-objects  scan-tree-dump-times vect "OUTER LOOP VECTORIZED" 1
FAIL: gcc.dg/vect/vect-nop-move.c -flto -ffat-lto-objects execution test
FAIL: gcc.dg/vect/vect-outer-3a-big-array.c -flto -ffat-lto-objects  scan-tree-dump-times vect "OUTER LOOP VECTORIZED" 1
FAIL: gcc.dg/vect/vect-outer-3a-big-array.c -flto -ffat-lto-objects  scan-tree-dump-times vect "step doesn't divide the vector-size" 1
FAIL: gcc.dg/vect/vect-outer-3a.c -flto -ffat-lto-objects  scan-tree-dump-times vect "OUTER LOOP VECTORIZED" 1
FAIL: gcc.dg/vect/vect-outer-3a.c -flto -ffat-lto-objects  scan-tree-dump-times vect "step doesn't divide the vector-size" 1
FAIL: gcc.dg/vect/vect-outer-fir-big-array.c -flto -ffat-lto-objects  scan-tree-dump-times vect "OUTER LOOP VECTORIZED" 2
FAIL: gcc.dg/vect/vect-outer-fir-lb-big-array.c -flto -ffat-lto-objects  scan-tree-dump-times vect "OUTER LOOP VECTORIZED" 2
FAIL: gcc.dg/vect/vect-outer-fir-lb.c -flto -ffat-lto-objects  scan-tree-dump-times vect "OUTER LOOP VECTORIZED" 2
FAIL: gcc.dg/vect/vect-outer-fir.c -flto -ffat-lto-objects  scan-tree-dump-times vect "OUTER LOOP VECTORIZED" 2
FAIL: gcc.dg/vect/vect-peel-3.c -flto -ffat-lto-objects  scan-tree-dump-times vect "vectorized 1 loops" 1
FAIL: gcc.dg/vect/vect-peel-3.c -flto -ffat-lto-objects  scan-tree-dump-times vect "Vectorizing an unaligned access" 1
FAIL: gcc.dg/vect/vect-peel-3.c -flto -ffat-lto-objects  scan-tree-dump-times vect "Alignment of access forced using peeling" 1
FAIL: gcc.dg/vect/vect-peel-4.c -flto -ffat-lto-objects  scan-tree-dump-times vect "vectorized 1 loops" 1
FAIL: gcc.dg/vect/vect-peel-4.c -flto -ffat-lto-objects  scan-tree-dump-times vect "Vectorizing an unaligned access" 1
FAIL: gcc.dg/vect/vect-pre-interact.c -flto -ffat-lto-objects  scan-tree-dump-times vect "vectorized 1 loops" 1
FAIL: gcc.dg/vect/bb-slp-10.c -flto -ffat-lto-objects  scan-tree-dump-times slp2 "basic block vectorized" 1
FAIL: gcc.dg/vect/bb-slp-24.c -flto -ffat-lto-objects  scan-tree-dump-times slp1 "basic block vectorized" 1
FAIL: gcc.dg/vect/bb-slp-25.c -flto -ffat-lto-objects  scan-tree-dump-times slp1 "basic block vectorized" 1
FAIL: gcc.dg/vect/bb-slp-26.c -flto -ffat-lto-objects  scan-tree-dump-times slp1 "basic block vectorized" 1
FAIL: gcc.dg/vect/bb-slp-29.c -flto -ffat-lto-objects  scan-tree-dump-times slp1 "basic block vectorized" 1
FAIL: gcc.dg/vect/bb-slp-32.c -flto -ffat-lto-objects  scan-tree-dump slp2 "vectorization is not profitable"
FAIL: gcc.dg/vect/bb-slp-9.c -flto -ffat-lto-objects  scan-tree-dump-times slp2 "basic block vectorized" 1
FAIL: gcc.dg/vect/bb-slp-cond-1.c -flto -ffat-lto-objects  scan-tree-dump-times slp1 "basic block vectorized" 1
FAIL: gcc.dg/vect/bb-slp-pattern-2.c -flto -ffat-lto-objects  scan-tree-dump-times slp1 "basic block vectorized" 1
FAIL: gcc.dg/vect/no-vfa-vect-57.c scan-tree-dump-times vect "vectorized 1 loops" 1
FAIL: gcc.dg/vect/no-vfa-vect-61.c scan-tree-dump-times vect "vectorized 1 loops" 1
FAIL: gcc.dg/vect/no-vfa-vect-depend-1.c scan-tree-dump-times vect "vectorized 1 loops" 1
FAIL: gcc.dg/vect/no-vfa-vect-depend-1.c scan-tree-dump-times vect "dependence distance negative" 1
FAIL: gcc.dg/vect/no-vfa-vect-depend-2.c scan-tree-dump-times vect "vectorized 1 loops" 1
FAIL: gcc.dg/vect/no-vfa-vect-depend-2.c scan-tree-dump-times vect "dependence distance negative" 1
FAIL: gcc.dg/vect/no-vfa-vect-depend-3.c scan-tree-dump-times vect "vectorized 1 loops" 4
FAIL: gcc.dg/vect/no-vfa-vect-depend-3.c scan-tree-dump-times vect "dependence distance negative" 4
FAIL: gcc.dg/vect/no-scevccp-outer-6-global.c scan-tree-dump-times vect "OUTER LOOP VECTORIZED." 1
FAIL: gcc.dg/vect/no-scevccp-outer-6.c scan-tree-dump-times vect "OUTER LOOP VECTORIZED." 1
FAIL: gcc.dg/vect/no-scevccp-outer-8.c scan-tree-dump-times vect "OUTER LOOP VECTORIZED." 1
FAIL: gcc.target/arm/neon-vext-execute.c execution test
FAIL: gcc.target/arm/neon-vfma-1.c scan-assembler vfma\\\\.f32[\\t]+[dDqQ]
FAIL: gcc.target/arm/neon-vfms-1.c scan-assembler vfms\\\\.f32[\\t]+[dDqQ]
FAIL: gcc.target/arm/neon-vlshr-imm-1.c scan-assembler vshr.u32.*#3
FAIL: gcc.target/arm/neon-vorn-vbic.c scan-assembler vorn\\\\t
FAIL: gcc.target/arm/neon-vorn-vbic.c scan-assembler vbic\\\\t
FAIL: gcc.target/arm/neon-vshl-imm-1.c scan-assembler vshl.i32.*#3
FAIL: gcc.target/arm/neon-vshr-imm-1.c scan-assembler vshr.s32.*#3
FAIL: gcc.target/arm/pr42172-1.c scan-assembler-times ldr 1
FAIL: gcc.target/arm/pr42575.c scan-assembler-not mov
FAIL: gcc.target/arm/pr45701-1.c scan-assembler push\\t{r3
FAIL: gcc.target/arm/thumb-ltu.c scan-assembler-not uxtb
FAIL: gcc.target/arm/neon/vbicQs16.c scan-assembler vbic[ \\t]+[qQ][0-9]+, [qQ][0-9]+, [qQ][0-9]+!?([ \\t]+@[a-zA-Z0-9 ]+)?\\n
FAIL: gcc.target/arm/neon/vbicQs32.c scan-assembler vbic[ \\t]+[qQ][0-9]+, [qQ][0-9]+, [qQ][0-9]+!?([ \\t]+@[a-zA-Z0-9 ]+)?\\n
FAIL: gcc.target/arm/neon/vbicQs64.c scan-assembler vbic[ \\t]+[qQ][0-9]+, [qQ][0-9]+, [qQ][0-9]+!?([ \\t]+@[a-zA-Z0-9 ]+)?\\n
FAIL: gcc.target/arm/neon/vbicQs8.c scan-assembler vbic[ \\t]+[qQ][0-9]+, [qQ][0-9]+, [qQ][0-9]+!?([ \\t]+@[a-zA-Z0-9 ]+)?\\n
FAIL: gcc.target/arm/neon/vbicQu16.c scan-assembler vbic[ \\t]+[qQ][0-9]+, [qQ][0-9]+, [qQ][0-9]+!?([ \\t]+@[a-zA-Z0-9 ]+)?\\n
FAIL: gcc.target/arm/neon/vbicQu32.c scan-assembler vbic[ \\t]+[qQ][0-9]+, [qQ][0-9]+, [qQ][0-9]+!?([ \\t]+@[a-zA-Z0-9 ]+)?\\n
FAIL: gcc.target/arm/neon/vbicQu64.c scan-assembler vbic[ \\t]+[qQ][0-9]+, [qQ][0-9]+, [qQ][0-9]+!?([ \\t]+@[a-zA-Z0-9 ]+)?\\n
FAIL: gcc.target/arm/neon/vbicQu8.c scan-assembler vbic[ \\t]+[qQ][0-9]+, [qQ][0-9]+, [qQ][0-9]+!?([ \\t]+@[a-zA-Z0-9 ]+)?\\n
FAIL: gcc.target/arm/neon/vbics16.c scan-assembler vbic[ \\t]+[dD][0-9]+, [dD][0-9]+, [dD][0-9]+!?([ \\t]+@[a-zA-Z0-9 ]+)?\\n
FAIL: gcc.target/arm/neon/vbics32.c scan-assembler vbic[ \\t]+[dD][0-9]+, [dD][0-9]+, [dD][0-9]+!?([ \\t]+@[a-zA-Z0-9 ]+)?\\n
FAIL: gcc.target/arm/neon/vbics8.c scan-assembler vbic[ \\t]+[dD][0-9]+, [dD][0-9]+, [dD][0-9]+!?([ \\t]+@[a-zA-Z0-9 ]+)?\\n
FAIL: gcc.target/arm/neon/vbicu16.c scan-assembler vbic[ \\t]+[dD][0-9]+, [dD][0-9]+, [dD][0-9]+!?([ \\t]+@[a-zA-Z0-9 ]+)?\\n
FAIL: gcc.target/arm/neon/vbicu32.c scan-assembler vbic[ \\t]+[dD][0-9]+, [dD][0-9]+, [dD][0-9]+!?([ \\t]+@[a-zA-Z0-9 ]+)?\\n
FAIL: gcc.target/arm/neon/vbicu8.c scan-assembler vbic[ \\t]+[dD][0-9]+, [dD][0-9]+, [dD][0-9]+!?([ \\t]+@[a-zA-Z0-9 ]+)?\\n
FAIL: gcc.target/arm/neon/vect-vcvt.c scan-tree-dump-times vect "vectorized 2 loops" 1
FAIL: gcc.target/arm/neon/vect-vcvtq.c scan-tree-dump-times vect "vectorized 2 loops" 1
FAIL: gcc.target/arm/neon/vornQs16.c scan-assembler vorn[ \\t]+[qQ][0-9]+, [qQ][0-9]+, [qQ][0-9]+!?([ \\t]+@[a-zA-Z0-9 ]+)?\\n
FAIL: gcc.target/arm/neon/vornQs32.c scan-assembler vorn[ \\t]+[qQ][0-9]+, [qQ][0-9]+, [qQ][0-9]+!?([ \\t]+@[a-zA-Z0-9 ]+)?\\n
FAIL: gcc.target/arm/neon/vornQs64.c scan-assembler vorn[ \\t]+[qQ][0-9]+, [qQ][0-9]+, [qQ][0-9]+!?([ \\t]+@[a-zA-Z0-9 ]+)?\\n
FAIL: gcc.target/arm/neon/vornQs8.c scan-assembler vorn[ \\t]+[qQ][0-9]+, [qQ][0-9]+, [qQ][0-9]+!?([ \\t]+@[a-zA-Z0-9 ]+)?\\n
FAIL: gcc.target/arm/neon/vornQu16.c scan-assembler vorn[ \\t]+[qQ][0-9]+, [qQ][0-9]+, [qQ][0-9]+!?([ \\t]+@[a-zA-Z0-9 ]+)?\\n
FAIL: gcc.target/arm/neon/vornQu32.c scan-assembler vorn[ \\t]+[qQ][0-9]+, [qQ][0-9]+, [qQ][0-9]+!?([ \\t]+@[a-zA-Z0-9 ]+)?\\n
FAIL: gcc.target/arm/neon/vornQu64.c scan-assembler vorn[ \\t]+[qQ][0-9]+, [qQ][0-9]+, [qQ][0-9]+!?([ \\t]+@[a-zA-Z0-9 ]+)?\\n
FAIL: gcc.target/arm/neon/vornQu8.c scan-assembler vorn[ \\t]+[qQ][0-9]+, [qQ][0-9]+, [qQ][0-9]+!?([ \\t]+@[a-zA-Z0-9 ]+)?\\n
FAIL: gcc.target/arm/neon/vorns16.c scan-assembler vorn[ \\t]+[dD][0-9]+, [dD][0-9]+, [dD][0-9]+!?([ \\t]+@[a-zA-Z0-9 ]+)?\\n
FAIL: gcc.target/arm/neon/vorns32.c scan-assembler vorn[ \\t]+[dD][0-9]+, [dD][0-9]+, [dD][0-9]+!?([ \\t]+@[a-zA-Z0-9 ]+)?\\n
FAIL: gcc.target/arm/neon/vorns8.c scan-assembler vorn[ \\t]+[dD][0-9]+, [dD][0-9]+, [dD][0-9]+!?([ \\t]+@[a-zA-Z0-9 ]+)?\\n
FAIL: gcc.target/arm/neon/vornu16.c scan-assembler vorn[ \\t]+[dD][0-9]+, [dD][0-9]+, [dD][0-9]+!?([ \\t]+@[a-zA-Z0-9 ]+)?\\n
FAIL: gcc.target/arm/neon/vornu32.c scan-assembler vorn[ \\t]+[dD][0-9]+, [dD][0-9]+, [dD][0-9]+!?([ \\t]+@[a-zA-Z0-9 ]+)?\\n
FAIL: gcc.target/arm/neon/vornu8.c scan-assembler vorn[ \\t]+[dD][0-9]+, [dD][0-9]+, [dD][0-9]+!?([ \\t]+@[a-zA-Z0-9 ]+)?\\n
FAIL: gcc.target/arm/simd/vextQf32_1.c execution test
FAIL: gcc.target/arm/simd/vextQp16_1.c execution test
FAIL: gcc.target/arm/simd/vextQp64_1.c execution test
FAIL: gcc.target/arm/simd/vextQp8_1.c execution test
FAIL: gcc.target/arm/simd/vextQs16_1.c execution test
FAIL: gcc.target/arm/simd/vextQs32_1.c execution test
FAIL: gcc.target/arm/simd/vextQs64_1.c execution test
FAIL: gcc.target/arm/simd/vextQs8_1.c execution test
FAIL: gcc.target/arm/simd/vextQu16_1.c execution test
FAIL: gcc.target/arm/simd/vextQu32_1.c execution test
FAIL: gcc.target/arm/simd/vextQu64_1.c execution test
FAIL: gcc.target/arm/simd/vextQu8_1.c execution test
FAIL: gcc.target/arm/simd/vextf32_1.c execution test
FAIL: gcc.target/arm/simd/vextp16_1.c execution test
FAIL: gcc.target/arm/simd/vextp64_1.c execution test
FAIL: gcc.target/arm/simd/vextp8_1.c execution test
FAIL: gcc.target/arm/simd/vexts16_1.c execution test
FAIL: gcc.target/arm/simd/vexts32_1.c execution test
FAIL: gcc.target/arm/simd/vexts64_1.c (test for excess errors)
UNRESOLVED: gcc.target/arm/simd/vexts64_1.c compilation failed to produce executable
FAIL: gcc.target/arm/simd/vexts8_1.c execution test
FAIL: gcc.target/arm/simd/vextu16_1.c execution test
FAIL: gcc.target/arm/simd/vextu32_1.c execution test
FAIL: gcc.target/arm/simd/vextu64_1.c (test for excess errors)
UNRESOLVED: gcc.target/arm/simd/vextu64_1.c compilation failed to produce executable
FAIL: gcc.target/arm/simd/vextu8_1.c execution test
FAIL: gcc.target/arm/simd/vrev16p8_1.c execution test
FAIL: gcc.target/arm/simd/vrev16qp8_1.c execution test
FAIL: gcc.target/arm/simd/vrev16qs8_1.c execution test
FAIL: gcc.target/arm/simd/vrev16qu8_1.c execution test
FAIL: gcc.target/arm/simd/vrev16s8_1.c execution test
FAIL: gcc.target/arm/simd/vrev16u8_1.c execution test
FAIL: gcc.target/arm/simd/vrev32p16_1.c execution test
FAIL: gcc.target/arm/simd/vrev32p8_1.c execution test
FAIL: gcc.target/arm/simd/vrev32qp16_1.c execution test
FAIL: gcc.target/arm/simd/vrev32qp8_1.c execution test
FAIL: gcc.target/arm/simd/vrev32qs16_1.c execution test
FAIL: gcc.target/arm/simd/vrev32qs8_1.c execution test
FAIL: gcc.target/arm/simd/vrev32qu16_1.c execution test
FAIL: gcc.target/arm/simd/vrev32qu8_1.c execution test
FAIL: gcc.target/arm/simd/vrev32s16_1.c execution test
FAIL: gcc.target/arm/simd/vrev32s8_1.c execution test
FAIL: gcc.target/arm/simd/vrev32u16_1.c execution test
FAIL: gcc.target/arm/simd/vrev32u8_1.c execution test
FAIL: gcc.target/arm/simd/vrev64f32_1.c execution test
FAIL: gcc.target/arm/simd/vrev64p16_1.c execution test
FAIL: gcc.target/arm/simd/vrev64p8_1.c execution test
FAIL: gcc.target/arm/simd/vrev64qf32_1.c execution test
FAIL: gcc.target/arm/simd/vrev64qp16_1.c execution test
FAIL: gcc.target/arm/simd/vrev64qp8_1.c execution test
FAIL: gcc.target/arm/simd/vrev64qs16_1.c execution test
FAIL: gcc.target/arm/simd/vrev64qs32_1.c execution test
FAIL: gcc.target/arm/simd/vrev64qs8_1.c execution test
FAIL: gcc.target/arm/simd/vrev64qu16_1.c execution test
FAIL: gcc.target/arm/simd/vrev64qu32_1.c execution test
FAIL: gcc.target/arm/simd/vrev64qu8_1.c execution test
FAIL: gcc.target/arm/simd/vrev64s16_1.c execution test
FAIL: gcc.target/arm/simd/vrev64s32_1.c execution test
FAIL: gcc.target/arm/simd/vrev64s8_1.c execution test
FAIL: gcc.target/arm/simd/vrev64u16_1.c execution test
FAIL: gcc.target/arm/simd/vrev64u32_1.c execution test
FAIL: gcc.target/arm/simd/vrev64u8_1.c execution test
FAIL: gcc.target/arm/simd/vtrnf32_1.c execution test
FAIL: gcc.target/arm/simd/vtrnp16_1.c execution test
FAIL: gcc.target/arm/simd/vtrnp8_1.c execution test
FAIL: gcc.target/arm/simd/vtrnqf32_1.c execution test
FAIL: gcc.target/arm/simd/vtrnqp16_1.c execution test
FAIL: gcc.target/arm/simd/vtrnqp8_1.c execution test
FAIL: gcc.target/arm/simd/vtrnqs16_1.c execution test
FAIL: gcc.target/arm/simd/vtrnqs32_1.c execution test
FAIL: gcc.target/arm/simd/vtrnqs8_1.c execution test
FAIL: gcc.target/arm/simd/vtrnqu16_1.c execution test
FAIL: gcc.target/arm/simd/vtrnqu32_1.c execution test
FAIL: gcc.target/arm/simd/vtrnqu8_1.c execution test
FAIL: gcc.target/arm/simd/vtrns16_1.c execution test
FAIL: gcc.target/arm/simd/vtrns32_1.c execution test
FAIL: gcc.target/arm/simd/vtrns8_1.c execution test
FAIL: gcc.target/arm/simd/vtrnu16_1.c execution test
FAIL: gcc.target/arm/simd/vtrnu32_1.c execution test
FAIL: gcc.target/arm/simd/vtrnu8_1.c execution test
FAIL: gcc.target/arm/simd/vuzpf32_1.c execution test
FAIL: gcc.target/arm/simd/vuzpp16_1.c execution test
FAIL: gcc.target/arm/simd/vuzpp8_1.c execution test
FAIL: gcc.target/arm/simd/vuzpqf32_1.c execution test
FAIL: gcc.target/arm/simd/vuzpqp16_1.c execution test
FAIL: gcc.target/arm/simd/vuzpqp8_1.c execution test
FAIL: gcc.target/arm/simd/vuzpqs16_1.c execution test
FAIL: gcc.target/arm/simd/vuzpqs32_1.c execution test
FAIL: gcc.target/arm/simd/vuzpqs8_1.c execution test
FAIL: gcc.target/arm/simd/vuzpqu16_1.c execution test
FAIL: gcc.target/arm/simd/vuzpqu32_1.c execution test
FAIL: gcc.target/arm/simd/vuzpqu8_1.c execution test
FAIL: gcc.target/arm/simd/vuzps16_1.c execution test
FAIL: gcc.target/arm/simd/vuzps32_1.c execution test
FAIL: gcc.target/arm/simd/vuzps8_1.c execution test
FAIL: gcc.target/arm/simd/vuzpu16_1.c execution test
FAIL: gcc.target/arm/simd/vuzpu32_1.c execution test
FAIL: gcc.target/arm/simd/vuzpu8_1.c execution test
FAIL: gcc.target/arm/simd/vzipf32_1.c execution test
FAIL: gcc.target/arm/simd/vzipp16_1.c execution test
FAIL: gcc.target/arm/simd/vzipp8_1.c execution test
FAIL: gcc.target/arm/simd/vzipqf32_1.c execution test
FAIL: gcc.target/arm/simd/vzipqp16_1.c execution test
FAIL: gcc.target/arm/simd/vzipqp8_1.c execution test
FAIL: gcc.target/arm/simd/vzipqs16_1.c execution test
FAIL: gcc.target/arm/simd/vzipqs32_1.c execution test
FAIL: gcc.target/arm/simd/vzipqs8_1.c execution test
FAIL: gcc.target/arm/simd/vzipqu16_1.c execution test
FAIL: gcc.target/arm/simd/vzipqu32_1.c execution test
FAIL: gcc.target/arm/simd/vzipqu8_1.c execution test
FAIL: gcc.target/arm/simd/vzips16_1.c execution test
FAIL: gcc.target/arm/simd/vzips32_1.c execution test
FAIL: gcc.target/arm/simd/vzips8_1.c execution test
FAIL: gcc.target/arm/simd/vzipu16_1.c execution test
FAIL: gcc.target/arm/simd/vzipu32_1.c execution test
FAIL: gcc.target/arm/simd/vzipu8_1.c execution test

		=== gcc Summary ===

# of expected passes		91802
# of unexpected failures	327
# of unexpected successes	6
# of expected failures		231
# of unresolved testcases	2
# of unsupported tests		1890
/scratch/gcc/nightly-2014-06-24-mainline/arm-none-eabi/obj/test-mainline-0-arm-none-eabi/host-i686-pc-linux-gnu/fsf-mainline/bin/arm-none-eabi-gcc  version 4.10.0 20140624 (experimental) (GCC) 


		=== Summary adjusted for local xfails ===

# of unexpected failures        327
# of expected passes            91802
# of unexpected successes       6
# of expected failures          231
# of unresolved testcases       2
# of unsupported tests          1890
Host   is i686-pc-linux-gnu

		=== libstdc++ tests ===


Running target arm-sim-fsf
FAIL: 20_util/scoped_allocator/requirements/explicit_instantiation.cc (test for excess errors)
FAIL: 27_io/basic_filebuf/underflow/wchar_t/11603.cc execution test
FAIL: 29_atomics/atomic_flag/clear/1.cc (test for excess errors)
UNRESOLVED: 29_atomics/atomic_flag/clear/1.cc compilation failed to produce executable
FAIL: 29_atomics/atomic_flag/test_and_set/explicit.cc (test for excess errors)
UNRESOLVED: 29_atomics/atomic_flag/test_and_set/explicit.cc compilation failed to produce executable
FAIL: 29_atomics/atomic_flag/test_and_set/implicit.cc (test for excess errors)
UNRESOLVED: 29_atomics/atomic_flag/test_and_set/implicit.cc compilation failed to produce executable
XPASS: ext/stdio_filebuf/char/10063-2.cc execution test
XPASS: ext/stdio_filebuf/char/10063-3.cc execution test
FAIL: tr1/6_containers/tuple/requirements/explicit_instantiation.cc (test for excess errors)

		=== libstdc++ Summary ===

# of expected passes		8272
# of unexpected failures	6
# of unexpected successes	2
# of expected failures		76
# of unresolved testcases	3
# of unsupported tests		685

		=== Summary adjusted for local xfails ===

# of unexpected failures        6
# of expected passes            8272
# of unexpected successes       2
# of expected failures          76
# of unresolved testcases       3
# of unsupported tests          685
Host   is i686-pc-linux-gnu

		=== g++ tests ===


Running target arm-sim-fsf/-mthumb

		=== g++ Summary ===

# of expected passes		72888
# of expected failures		429
# of unsupported tests		3363
/scratch/gcc/nightly-2014-06-24-mainline/arm-none-eabi/obj/test-mainline-0-arm-none-eabi/host-i686-pc-linux-gnu/fsf-mainline/bin/arm-none-eabi-g++  version 4.10.0 20140624 (experimental) (GCC) 


		=== Summary adjusted for local xfails ===

# of expected passes            72888
# of expected failures          429
# of unsupported tests          3363
Host   is i686-pc-linux-gnu

		=== gcc tests ===


Running target arm-sim-fsf/-mthumb
FAIL: gcc.dg/noncompile/920507-1.c  -O1  (internal compiler error)
FAIL: gcc.dg/noncompile/920507-1.c  -O1  (test for excess errors)
FAIL: gcc.dg/noncompile/920507-1.c  -O2  (internal compiler error)
FAIL: gcc.dg/noncompile/920507-1.c  -O2  (test for excess errors)
FAIL: gcc.dg/noncompile/920507-1.c  -O3 -fomit-frame-pointer  (internal compiler error)
FAIL: gcc.dg/noncompile/920507-1.c  -O3 -fomit-frame-pointer  (test for excess errors)
FAIL: gcc.dg/noncompile/920507-1.c  -O3 -g  (internal compiler error)
FAIL: gcc.dg/noncompile/920507-1.c  -O3 -g  (test for excess errors)
FAIL: gcc.dg/noncompile/920507-1.c  -Os  (internal compiler error)
FAIL: gcc.dg/noncompile/920507-1.c  -Os  (test for excess errors)
FAIL: gcc.dg/noncompile/920507-1.c  -O2 -flto -fno-use-linker-plugin -flto-partition=none  (internal compiler error)
FAIL: gcc.dg/noncompile/920507-1.c  -O2 -flto -fno-use-linker-plugin -flto-partition=none  (test for excess errors)
FAIL: gcc.dg/noncompile/920507-1.c  -O2 -flto -fuse-linker-plugin -fno-fat-lto-objects  (internal compiler error)
FAIL: gcc.dg/noncompile/920507-1.c  -O2 -flto -fuse-linker-plugin -fno-fat-lto-objects  (test for excess errors)
FAIL: gcc.dg/tree-ssa/sra-12.c scan-tree-dump-times release_ssa "l;" 0
FAIL: gcc.dg/tree-ssa/ssa-fre-32.c scan-tree-dump-times fre1 "return x_\\\\d+\\\\(D\\\\);" 2
FAIL: gcc.target/arm/iordi3-opt.c scan-assembler-not mov[\\\\t ]+.+,[\\\\t ]*.+
FAIL: gcc.target/arm/pr42172-1.c scan-assembler-times ldr 1
FAIL: gcc.target/arm/pr45701-1.c scan-assembler push\\t{r3
FAIL: gcc.target/arm/thumb-ltu.c scan-assembler-not uxtb
FAIL: gcc.target/arm/thumb1-load-64bit-constant-1.c scan-assembler-not ldr
FAIL: gcc.target/arm/thumb1-load-64bit-constant-2.c scan-assembler-not ldr
FAIL: gcc.target/arm/xordi3-opt.c scan-assembler-not mov[\\\\t ]+.+,[\\\\t ]*.+

		=== gcc Summary ===

# of expected passes		84329
# of unexpected failures	23
# of expected failures		98
# of unsupported tests		4064
/scratch/gcc/nightly-2014-06-24-mainline/arm-none-eabi/obj/test-mainline-0-arm-none-eabi/host-i686-pc-linux-gnu/fsf-mainline/bin/arm-none-eabi-gcc  version 4.10.0 20140624 (experimental) (GCC) 


		=== Summary adjusted for local xfails ===

# of unexpected failures        23
# of expected passes            84329
# of expected failures          98
# of unsupported tests          4064
Host   is i686-pc-linux-gnu

		=== libstdc++ tests ===


Running target arm-sim-fsf/-mthumb
FAIL: 20_util/scoped_allocator/requirements/explicit_instantiation.cc (test for excess errors)
FAIL: 27_io/basic_filebuf/underflow/wchar_t/11603.cc execution test
FAIL: 29_atomics/atomic_flag/clear/1.cc (test for excess errors)
UNRESOLVED: 29_atomics/atomic_flag/clear/1.cc compilation failed to produce executable
FAIL: 29_atomics/atomic_flag/test_and_set/explicit.cc (test for excess errors)
UNRESOLVED: 29_atomics/atomic_flag/test_and_set/explicit.cc compilation failed to produce executable
FAIL: 29_atomics/atomic_flag/test_and_set/implicit.cc (test for excess errors)
UNRESOLVED: 29_atomics/atomic_flag/test_and_set/implicit.cc compilation failed to produce executable
XPASS: ext/stdio_filebuf/char/10063-2.cc execution test
XPASS: ext/stdio_filebuf/char/10063-3.cc execution test
FAIL: tr1/6_containers/tuple/requirements/explicit_instantiation.cc (test for excess errors)

		=== libstdc++ Summary ===

# of expected passes		8272
# of unexpected failures	6
# of unexpected successes	2
# of expected failures		76
# of unresolved testcases	3
# of unsupported tests		685

		=== Summary adjusted for local xfails ===

# of unexpected failures        6
# of expected passes            8272
# of unexpected successes       2
# of expected failures          76
# of unresolved testcases       3
# of unsupported tests          685

Compiler version: 4.10.0 20140624 (experimental) (GCC) 
Platform: arm-none-eabi
configure flags: --build=i686-pc-linux-gnu --host=i686-pc-linux-gnu --target=arm-none-eabi --enable-threads --disable-libmudflap --disable-libssp --disable-libstdcxx-pch --with-gnu-as --with-gnu-ld --enable-languages=c,c++ --disable-shared --enable-lto --with-newlib --disable-nls --prefix=/scratch/gcc/nightly-2014-06-24-mainline/arm-none-eabi/install --with-headers=yes --with-sysroot=/scratch/gcc/nightly-2014-06-24-mainline/arm-none-eabi/install/arm-none-eabi --with-gmp=/scratch/gcc/nightly-2014-06-24-mainline/arm-none-eabi/obj/pkg-mainline-0-arm-none-eabi/fsf-mainline-0-arm-none-eabi.extras/host-libs-i686-pc-linux-gnu/usr --with-mpfr=/scratch/gcc/nightly-2014-06-24-mainline/arm-none-eabi/obj/pkg-mainline-0-arm-none-eabi/fsf-mainline-0-arm-none-eabi.extras/host-libs-i686-pc-linux-gnu/usr --with-mpc=/scratch/gcc/nightly-2014-06-24-mainline/arm-none-eabi/obj/pkg-mainline-0-arm-none-eabi/fsf-mainline-0-arm-none-eabi.extras/host-libs-i686-pc-linux-gnu/usr --with-host-libstdcxx='-
 static-libgcc -Wl,-Bstatic,-lstdc++,-Bdynamic -lm' --with-isl=/scratch/gcc/nightly-2014-06-24-mainline/arm-none-eabi/obj/pkg-mainline-0-arm-none-eabi/fsf-mainline-0-arm-none-eabi.extras/host-libs-i686-pc-linux-gnu/usr --with-cloog=/scratch/gcc/nightly-2014-06-24-mainline/arm-none-eabi/obj/pkg-mainline-0-arm-none-eabi/fsf-mainline-0-arm-none-eabi.extras/host-libs-i686-pc-linux-gnu/usr --disable-libgomp --disable-libitm --disable-libatomic --disable-libssp --enable-poison-system-directories --with-build-time-tools=/scratch/gcc/nightly-2014-06-24-mainline/arm-none-eabi/install/arm-none-eabi/bin --with-build-time-tools=/scratch/gcc/nightly-2014-06-24-mainline/arm-none-eabi/install/arm-none-eabi/bin SED=sed


Index Nav: [Date Index] [Subject Index] [Author Index] [Thread Index]
Message Nav: [Date Prev] [Date Next] [Thread Prev] [Thread Next]