This is the mail archive of the gcc-testresults@gcc.gnu.org mailing list for the GCC project.


Index Nav: [Date Index] [Subject Index] [Author Index] [Thread Index]
Message Nav: [Date Prev] [Date Next] [Thread Prev] [Thread Next]
Other format: [Raw text]

Results for 4.10.0 20140623 (experimental) (GCC) testsuite on x86_64-unknown-freebsd8.4


Native configuration is x86_64-unknown-freebsd8.4

		=== g++ tests ===


Running target unix
FAIL: g++.dg/plugin/attribute_plugin.c compilation
FAIL: g++.dg/plugin/pragma_plugin.c compilation
FAIL: g++.dg/plugin/selfassign.c compilation
FAIL: g++.dg/plugin/dumb_plugin.c compilation
FAIL: g++.dg/plugin/header_plugin.c compilation
FAIL: g++.dg/plugin/decl_plugin.c compilation
FAIL: g++.old-deja/g++.law/profile1.C -std=gnu++98 (test for excess errors)
UNRESOLVED: g++.old-deja/g++.law/profile1.C -std=gnu++98 compilation failed to produce executable
FAIL: g++.old-deja/g++.law/profile1.C -std=gnu++11 (test for excess errors)
UNRESOLVED: g++.old-deja/g++.law/profile1.C -std=gnu++11 compilation failed to produce executable
FAIL: g++.old-deja/g++.law/profile1.C -std=gnu++1y (test for excess errors)
UNRESOLVED: g++.old-deja/g++.law/profile1.C -std=gnu++1y compilation failed to produce executable
FAIL: g++.old-deja/g++.other/init18.C -std=c++98 execution test
FAIL: g++.old-deja/g++.other/init18.C -std=c++11 execution test
FAIL: g++.old-deja/g++.other/init18.C -std=c++1y execution test
FAIL: g++.old-deja/g++.other/init19.C -std=c++98 execution test
FAIL: g++.old-deja/g++.other/init19.C -std=c++11 execution test
FAIL: g++.old-deja/g++.other/init19.C -std=c++1y execution test

		=== g++ Summary ===

# of expected passes		81504
# of unexpected failures	15
# of expected failures		440
# of unresolved testcases	3
# of unsupported tests		3110
/scratch/tmp/gerald/OBJ-0623-1848/gcc/testsuite/g++/../../xg++  version 4.10.0 20140623 (experimental) (GCC) 

		=== gcc tests ===


Running target unix
FAIL: gcc.dg/c99-stdint-1.c (test for excess errors)
FAIL: gcc.dg/c99-stdint-2.c (test for excess errors)
FAIL: gcc.dg/c99-stdint-5.c (test for excess errors)
FAIL: gcc.dg/c99-stdint-6.c (test for excess errors)
FAIL: gcc.dg/mallign.c execution test
FAIL: gcc.dg/nest.c (test for excess errors)
UNRESOLVED: gcc.dg/nest.c compilation failed to produce executable
FAIL: gcc.dg/nested-func-4.c (test for excess errors)
UNRESOLVED: gcc.dg/nested-func-4.c compilation failed to produce executable
FAIL: gcc.dg/pr32450.c (test for excess errors)
UNRESOLVED: gcc.dg/pr32450.c compilation failed to produce executable
FAIL: gcc.dg/pr43643.c (test for excess errors)
UNRESOLVED: gcc.dg/pr43643.c compilation failed to produce executable
FAIL: gcc.dg/utf-array-short-wchar.c  (test for errors, line 39)
FAIL: gcc.dg/utf-array-short-wchar.c  (test for errors, line 41)
FAIL: gcc.dg/utf-array-short-wchar.c (test for excess errors)
FAIL: gcc.dg/plugin/selfassign.c compilation
FAIL: gcc.dg/plugin/ggcplug.c compilation
FAIL: gcc.dg/plugin/one_time_plugin.c compilation
FAIL: gcc.dg/plugin/start_unit_plugin.c compilation
FAIL: gcc.dg/plugin/finish_unit_plugin.c compilation
FAIL: gcc.target/i386/avx512f-ceil-sfix-vec-2.c scan-assembler vrndscalepd[^\\n]*zmm[0-9]
FAIL: gcc.target/i386/avx512f-ceil-sfix-vec-2.c scan-assembler vcvttpd2dq[^\\n]*zmm[0-9]
FAIL: gcc.target/i386/avx512f-floor-sfix-vec-2.c scan-assembler vrndscalepd[^\\n]*zmm[0-9]
FAIL: gcc.target/i386/avx512f-floor-sfix-vec-2.c scan-assembler vcvttpd2dq[^\\n]*zmm[0-9]
FAIL: gcc.target/i386/avx512f-gather-5.c scan-assembler gather[^\\n]*zmm

		=== gcc Summary ===

# of expected passes		101817
# of unexpected failures	22
# of expected failures		247
# of unresolved testcases	4
# of unsupported tests		1911
/scratch/tmp/gerald/OBJ-0623-1848/gcc/xgcc  version 4.10.0 20140623 (experimental) (GCC) 

		=== gfortran tests ===


Running target unix
UNRESOLVED: gfortran.dg/large_real_kind_2.F90  -O0  compilation failed to produce executable
UNRESOLVED: gfortran.dg/large_real_kind_2.F90  -O1  compilation failed to produce executable
UNRESOLVED: gfortran.dg/large_real_kind_2.F90  -O2  compilation failed to produce executable
UNRESOLVED: gfortran.dg/large_real_kind_2.F90  -O3 -fomit-frame-pointer  compilation failed to produce executable
UNRESOLVED: gfortran.dg/large_real_kind_2.F90  -O3 -fomit-frame-pointer -funroll-loops  compilation failed to produce executable
UNRESOLVED: gfortran.dg/large_real_kind_2.F90  -O3 -fomit-frame-pointer -funroll-all-loops -finline-functions  compilation failed to produce executable
UNRESOLVED: gfortran.dg/large_real_kind_2.F90  -O3 -g  compilation failed to produce executable
UNRESOLVED: gfortran.dg/large_real_kind_2.F90  -Os  compilation failed to produce executable
UNRESOLVED: gfortran.dg/large_real_kind_3.F90  -O0  compilation failed to produce executable
XPASS: gfortran.dg/large_real_kind_3.F90  -O1  (test for excess errors)
XPASS: gfortran.dg/large_real_kind_3.F90  -O2  (test for excess errors)
XPASS: gfortran.dg/large_real_kind_3.F90  -O3 -fomit-frame-pointer  (test for excess errors)
XPASS: gfortran.dg/large_real_kind_3.F90  -O3 -fomit-frame-pointer -funroll-loops  (test for excess errors)
XPASS: gfortran.dg/large_real_kind_3.F90  -O3 -fomit-frame-pointer -funroll-all-loops -finline-functions  (test for excess errors)
XPASS: gfortran.dg/large_real_kind_3.F90  -O3 -g  (test for excess errors)
XPASS: gfortran.dg/large_real_kind_3.F90  -Os  (test for excess errors)

		=== gfortran Summary ===

# of expected passes		45999
# of unexpected successes	7
# of expected failures		47
# of unresolved testcases	9
# of unsupported tests		79
/scratch/tmp/gerald/OBJ-0623-1848/gcc/testsuite/gfortran/../../gfortran  version 4.10.0 20140623 (experimental) (GCC) 

		=== objc tests ===


Running target unix

		=== objc Summary ===

# of expected passes		3004
# of expected failures		6
# of unsupported tests		74
/scratch/tmp/gerald/OBJ-0623-1848/gcc/xgcc  version 4.10.0 20140623 (experimental) (GCC) 

		=== boehm-gc tests ===


Running target unix

		=== boehm-gc Summary ===

# of expected passes		12
# of unsupported tests		1
		=== libatomic tests ===


Running target unix

		=== libatomic Summary ===

# of expected passes		54
		=== libffi tests ===


Running target unix

		=== libffi Summary ===

# of expected passes		1819
# of unsupported tests		55
		=== libgomp tests ===


Running target unix
FAIL: libgomp.fortran/pr25162.f  -O3 -fomit-frame-pointer  execution test
FAIL: libgomp.fortran/pr25162.f  -O3 -fomit-frame-pointer -funroll-loops  execution test
FAIL: libgomp.fortran/pr25162.f  -O3 -fomit-frame-pointer -funroll-all-loops -finline-functions  execution test
FAIL: libgomp.fortran/pr25162.f  -O3 -g  execution test

		=== libgomp Summary ===

# of expected passes		3002
# of unexpected failures	4
# of unsupported tests		35
		=== libitm tests ===


Running target unix

		=== libitm Summary ===

# of expected passes		26
# of expected failures		3
# of unsupported tests		1
		=== libjava tests ===


Running target unix
FAIL: PR16923.c compilation
FAIL: Throw_2 execution - source compiled test
FAIL: Throw_2 -findirect-dispatch execution - source compiled test
FAIL: Throw_2 -O3 execution - source compiled test
FAIL: Throw_2 -O3 -findirect-dispatch execution - source compiled test

		=== libjava Summary ===

# of expected passes		2572
# of unexpected failures	5
# of expected failures		4
# of untested testcases		4
		=== libstdc++ tests ===


Running target unix
FAIL: 22_locale/locale/cons/12438.cc execution test
FAIL: 26_numerics/complex/56111.cc (test for excess errors)
FAIL: 26_numerics/complex/c99.cc (test for excess errors)
FAIL: 26_numerics/headers/cmath/c99_classification_macros_c.cc (test for excess errors)
FAIL: 27_io/basic_istream/extractors_arithmetic/char/12.cc execution test
FAIL: 27_io/basic_istream/extractors_arithmetic/wchar_t/12.cc execution test

		=== libstdc++ Summary ===

# of expected passes		8880
# of unexpected failures	6
# of expected failures		68
# of unsupported tests		651

Compiler version: 4.10.0 20140623 (experimental) (GCC) 
Platform: x86_64-unknown-freebsd8.4
configure flags: --prefix=/scratch/tmp/gerald/gcc-ref8-amd64 --with-gmp=/home/gerald/8-amd64 --with-as=/home/gerald/8-amd64/bin/as --with-ld=/home/gerald/8-amd64/bin/ld


Index Nav: [Date Index] [Subject Index] [Author Index] [Thread Index]
Message Nav: [Date Prev] [Date Next] [Thread Prev] [Thread Next]