This is the mail archive of the gcc-testresults@gcc.gnu.org mailing list for the GCC project.


Index Nav: [Date Index] [Subject Index] [Author Index] [Thread Index]
Message Nav: [Date Prev] [Date Next] [Thread Prev] [Thread Next]
Other format: [Raw text]

Results for 4.10.0 20140620 (experimental) [trunk revision 211831] (GCC) testsuite on hppa2.0w-hp-hpux11.11


		=== acats tests ===

		=== acats Summary ===
# of expected passes		2320
# of unexpected failures	0
Native configuration is hppa2.0w-hp-hpux11.11

		=== g++ tests ===


Running target unix
FAIL: g++.dg/cpp1y/auto-fn24.C -std=gnu++1y (internal compiler error)
FAIL: g++.dg/cpp1y/auto-fn24.C -std=gnu++1y (test for excess errors)
WARNING: program timed out.

		=== g++ Summary ===

# of expected passes		71682
# of unexpected failures	2
# of expected failures		441
# of unsupported tests		3537
/test/gnu/gcc/objdir/gcc/testsuite/g++/../../xg++  version 4.10.0 20140620 (experimental) [trunk revision 211831] (GCC) 

		=== gcc tests ===


Running target unix
FAIL: gcc.dg/atomic/c11-atomic-exec-5.c  -O0  execution test
FAIL: gcc.dg/atomic/c11-atomic-exec-5.c  -O1  execution test
FAIL: gcc.dg/atomic/c11-atomic-exec-5.c  -O2  execution test
FAIL: gcc.dg/atomic/c11-atomic-exec-5.c  -O3 -fomit-frame-pointer  execution test
FAIL: gcc.dg/atomic/c11-atomic-exec-5.c  -O3 -fomit-frame-pointer -funroll-loops  execution test
FAIL: gcc.dg/atomic/c11-atomic-exec-5.c  -O3 -fomit-frame-pointer -funroll-all-loops -finline-functions  execution test
FAIL: gcc.dg/atomic/c11-atomic-exec-5.c  -O3 -g  execution test
FAIL: gcc.dg/atomic/c11-atomic-exec-5.c  -Os  execution test
FAIL: gcc.dg/memcpy-5.c (test for excess errors)
FAIL: c-c++-common/pr50459.c  -Wc++-compat  (test for excess errors)
WARNING: program timed out.
FAIL: gcc.dg/tree-prof/crossmodule-indircall-1a.c compilation,  -fprofile-generate -D_PROFILE_GENERATE
UNRESOLVED: gcc.dg/tree-prof/crossmodule-indircall-1a.c execution,    -fprofile-generate -D_PROFILE_GENERATE
UNRESOLVED: gcc.dg/tree-prof/crossmodule-indircall-1a.c compilation,  -fprofile-use -D_PROFILE_USE
UNRESOLVED: gcc.dg/tree-prof/crossmodule-indircall-1a.c execution,    -fprofile-use -D_PROFILE_USE

		=== gcc Summary ===

# of expected passes		69747
# of unexpected failures	11
# of expected failures		114
# of unresolved testcases	3
# of unsupported tests		1659
/test/gnu/gcc/objdir/gcc/xgcc  version 4.10.0 20140620 (experimental) [trunk revision 211831] (GCC) 

		=== gfortran tests ===


Running target unix
FAIL: gfortran.dg/bind_c_array_params_2.f90  -O   scan-assembler-times call[^\\n\\r]*myBindC,%r2 1
FAIL: gfortran.dg/coarray_collectives_5.f90  -O   scan-tree-dump-times original "_gfortran_caf_co_max \\\\(&desc.., 0B, 0, &stat1, 0B, 0, 0\\\\);" 1
FAIL: gfortran.dg/coarray_collectives_5.f90  -O   scan-tree-dump-times original "_gfortran_caf_co_min \\\\(&desc.., 0B, 0, &stat2, 0B, 0, 0\\\\);" 1
FAIL: gfortran.dg/coarray_collectives_5.f90  -O   scan-tree-dump-times original "_gfortran_caf_co_sum \\\\(&desc.., 0B, 0, &stat3, 0B, 0\\\\);" 1
FAIL: gfortran.dg/coarray_collectives_6.f90  -O   scan-tree-dump-times original "_gfortran_caf_co_max \\\\(&desc.., 0B, 0, &stat1, errmesg1, 0, 6\\\\);" 1
FAIL: gfortran.dg/coarray_collectives_6.f90  -O   scan-tree-dump-times original "_gfortran_caf_co_sum \\\\(&val2, 0B, 4, &stat2, errmesg2, 7\\\\);" 1
FAIL: gfortran.dg/coarray_collectives_6.f90  -O   scan-tree-dump-times original "_gfortran_caf_co_min \\\\(&desc.., 0B, res, &stat3, errmesg3, 99, 8\\\\);" 1
FAIL: gfortran.dg/pr45636.f90  -O   scan-tree-dump-times forwprop2 "memset" 0

		=== gfortran Summary ===

# of expected passes		44344
# of unexpected failures	8
# of expected failures		46
# of unsupported tests		437
/test/gnu/gcc/objdir/gcc/testsuite/gfortran/../../gfortran  version 4.10.0 20140620 (experimental) [trunk revision 211831] (GCC) 

		=== gnat tests ===


Running target unix

		=== gnat Summary ===

# of expected passes		1219
# of expected failures		18
# of unsupported tests		19
/test/gnu/gcc/objdir/gcc/gnatmake version 4.10.0 20140620 (experimental) [trunk revision 211831]

		=== obj-c++ tests ===


Running target unix

		=== obj-c++ Summary ===

# of expected passes		1405
# of expected failures		2
# of unsupported tests		69
/test/gnu/gcc/objdir/gcc/testsuite/obj-c++/../../xg++  version 4.10.0 20140620 (experimental) [trunk revision 211831] (GCC) 

		=== objc tests ===


Running target unix

		=== objc Summary ===

# of expected passes		2928
# of unsupported tests		67
/test/gnu/gcc/objdir/gcc/xgcc  version 4.10.0 20140620 (experimental) [trunk revision 211831] (GCC) 

		=== libatomic tests ===


Running target unix

		=== libatomic Summary ===

# of expected passes		44
# of unsupported tests		5
		=== libgomp tests ===


Running target unix
WARNING: program timed out.
FAIL: libgomp.c/depend-3.c execution test

		=== libgomp Summary ===

# of expected passes		2985
# of unexpected failures	1
# of unsupported tests		45
		=== libstdc++ tests ===


Running target unix
FAIL: 20_util/make_signed/requirements/typedefs-1.cc (test for excess errors)
FAIL: 20_util/make_signed/requirements/typedefs-2.cc (test for excess errors)

		=== libstdc++ Summary ===

# of expected passes		8310
# of unexpected failures	2
# of expected failures		69
# of unsupported tests		946

Compiler version: 4.10.0 20140620 (experimental) [trunk revision 211831] (GCC) 
Platform: hppa2.0w-hp-hpux11.11
configure flags:Test Run By dave on Fri Jun 20 06:04:23 EDT 2014


Index Nav: [Date Index] [Subject Index] [Author Index] [Thread Index]
Message Nav: [Date Prev] [Date Next] [Thread Prev] [Thread Next]