This is the mail archive of the gcc-testresults@gcc.gnu.org mailing list for the GCC project.


Index Nav: [Date Index] [Subject Index] [Author Index] [Thread Index]
Message Nav: [Date Prev] [Date Next] [Thread Prev] [Thread Next]
Other format: [Raw text]

FW: Results for 4.10.0 20140621 (experimental) (GCC) testsuite on x86_64-unknown-linux-gnu




________________________________________
From: Jenkins
Sent: Saturday, June 21, 2014 5:06:54 AM (UTC-08:00) Pacific Time (US & Canada)
To: apinski@cavium.com
Subject: Results for 4.10.0 20140621 (experimental) (GCC) testsuite on x86_64-unknown-linux-gnu

Native configuration is x86_64-unknown-linux-gnu

                === gcc tests ===


Running target unix//-m32
FAIL: c-c++-common/asan/strlen-overflow-1.c  -O0  output pattern test, is =================================================================
FAIL: c-c++-common/asan/strlen-overflow-1.c  -O1  output pattern test, is =================================================================
FAIL: c-c++-common/asan/strlen-overflow-1.c  -O2  output pattern test, is =================================================================
FAIL: c-c++-common/asan/strlen-overflow-1.c  -O3 -fomit-frame-pointer  output pattern test, is =================================================================
FAIL: c-c++-common/asan/strlen-overflow-1.c  -O3 -fomit-frame-pointer -funroll-loops  output pattern test, is =================================================================
FAIL: c-c++-common/asan/strlen-overflow-1.c  -O3 -fomit-frame-pointer -funroll-all-loops -finline-functions  output pattern test, is =================================================================
FAIL: c-c++-common/asan/strlen-overflow-1.c  -O3 -g  output pattern test, is =================================================================
FAIL: c-c++-common/asan/strlen-overflow-1.c  -Os  output pattern test, is =================================================================
FAIL: gcc.dg/cproj-fails-with-broken-glibc.c execution test
FAIL: gcc.dg/globalalias.c (test for excess errors)
FAIL: gcc.dg/globalalias.c execution test
FAIL: gcc.dg/initpri3.c execution test
FAIL: gcc.dg/localalias.c (test for excess errors)
UNRESOLVED: gcc.dg/localalias.c compilation failed to produce executable
FAIL: gcc.dg/torture/tls/run-ld.c  -O1  -pie -fpie  execution test
FAIL: gcc.dg/torture/tls/run-ld.c  -O2  -pie -fpie  execution test
FAIL: gcc.dg/torture/tls/run-ld.c  -O3 -fomit-frame-pointer  -pie -fpie  execution test
FAIL: gcc.dg/torture/tls/run-ld.c  -O3 -g  -pie -fpie  execution test
FAIL: gcc.dg/torture/tls/run-ld.c  -Os  -pie -fpie  execution test
FAIL: gcc.dg/torture/tls/run-ld.c  -O1  -pie -fPIE  execution test
FAIL: gcc.dg/torture/tls/run-ld.c  -O2  -pie -fPIE  execution test
FAIL: gcc.dg/torture/tls/run-ld.c  -O3 -fomit-frame-pointer  -pie -fPIE  execution test
FAIL: gcc.dg/torture/tls/run-ld.c  -O3 -g  -pie -fPIE  execution test
FAIL: gcc.dg/torture/tls/run-ld.c  -Os  -pie -fPIE  execution test
FAIL: gcc.target/i386/pr49095.c scan-assembler-not test[lq]

                === gcc Summary for unix//-m32 ===

# of expected passes            104705
# of unexpected failures        24
# of expected failures          245
# of unresolved testcases       1
# of unsupported tests          1923

Running target unix//-m64
FAIL: c-c++-common/asan/strlen-overflow-1.c  -O0  output pattern test, is =================================================================
FAIL: c-c++-common/asan/strlen-overflow-1.c  -O1  output pattern test, is =================================================================
FAIL: c-c++-common/asan/strlen-overflow-1.c  -O2  output pattern test, is =================================================================
FAIL: c-c++-common/asan/strlen-overflow-1.c  -O3 -fomit-frame-pointer  output pattern test, is =================================================================
FAIL: c-c++-common/asan/strlen-overflow-1.c  -O3 -fomit-frame-pointer -funroll-loops  output pattern test, is =================================================================
FAIL: c-c++-common/asan/strlen-overflow-1.c  -O3 -fomit-frame-pointer -funroll-all-loops -finline-functions  output pattern test, is =================================================================
FAIL: c-c++-common/asan/strlen-overflow-1.c  -O3 -g  output pattern test, is =================================================================
FAIL: c-c++-common/asan/strlen-overflow-1.c  -Os  output pattern test, is =================================================================
FAIL: gcc.dg/cproj-fails-with-broken-glibc.c execution test
FAIL: gcc.dg/globalalias.c (test for excess errors)
FAIL: gcc.dg/globalalias.c execution test
FAIL: gcc.dg/initpri3.c execution test
FAIL: gcc.dg/localalias.c (test for excess errors)
UNRESOLVED: gcc.dg/localalias.c compilation failed to produce executable
FAIL: gcc.target/i386/pr56114.c (test for excess errors)

                === gcc Summary for unix//-m64 ===

# of expected passes            105464
# of unexpected failures        14
# of expected failures          247
# of unresolved testcases       1
# of unsupported tests          2148

                === gcc Summary ===

# of expected passes            210169
# of unexpected failures        38
# of expected failures          492
# of unresolved testcases       2
# of unsupported tests          4071
/home/jenkins/workspace/GCCupstream/objdir/gcc/xgcc  version 4.10.0 20140621 (experimental) (GCC)

                === gfortran tests ===


Running target unix//-m32

                === gfortran Summary for unix//-m32 ===

# of expected passes            45732
# of expected failures          38
# of unsupported tests          219

Running target unix//-m64

                === gfortran Summary for unix//-m64 ===

# of expected passes            46021
# of expected failures          38
# of unsupported tests          79

                === gfortran Summary ===

# of expected passes            91753
# of expected failures          76
# of unsupported tests          298
/home/jenkins/workspace/GCCupstream/objdir/gcc/testsuite/gfortran/../../gfortran  version 4.10.0 20140621 (experimental) (GCC)

                === g++ tests ===


Running target unix//-m32
FAIL: c-c++-common/asan/strlen-overflow-1.c  -O0  output pattern test, is =================================================================
FAIL: c-c++-common/asan/strlen-overflow-1.c  -O1  output pattern test, is =================================================================
FAIL: c-c++-common/asan/strlen-overflow-1.c  -O2  output pattern test, is =================================================================
FAIL: c-c++-common/asan/strlen-overflow-1.c  -O3 -fomit-frame-pointer  output pattern test, is =================================================================
FAIL: c-c++-common/asan/strlen-overflow-1.c  -O3 -fomit-frame-pointer -funroll-loops  output pattern test, is =================================================================
FAIL: c-c++-common/asan/strlen-overflow-1.c  -O3 -fomit-frame-pointer -funroll-all-loops -finline-functions  output pattern test, is =================================================================
FAIL: c-c++-common/asan/strlen-overflow-1.c  -O3 -g  output pattern test, is =================================================================
FAIL: c-c++-common/asan/strlen-overflow-1.c  -Os  output pattern test, is =================================================================
FAIL: g++.dg/other/anon5.C -std=gnu++98 (test for excess errors)
FAIL: g++.dg/other/anon5.C -std=gnu++11 (test for excess errors)
FAIL: g++.dg/other/anon5.C -std=gnu++1y (test for excess errors)
FAIL: g++.dg/other/pr59492.C -std=gnu++98 (test for excess errors)
FAIL: g++.dg/other/pr59492.C -std=gnu++11 (test for excess errors)
FAIL: g++.dg/other/pr59492.C -std=gnu++1y (test for excess errors)

                === g++ Summary for unix//-m32 ===

# of expected passes            85089
# of unexpected failures        14
# of expected failures          440
# of unsupported tests          2857

Running target unix//-m64
FAIL: c-c++-common/asan/strlen-overflow-1.c  -O0  output pattern test, is =================================================================
FAIL: c-c++-common/asan/strlen-overflow-1.c  -O1  output pattern test, is =================================================================
FAIL: c-c++-common/asan/strlen-overflow-1.c  -O2  output pattern test, is =================================================================
FAIL: c-c++-common/asan/strlen-overflow-1.c  -O3 -fomit-frame-pointer  output pattern test, is =================================================================
FAIL: c-c++-common/asan/strlen-overflow-1.c  -O3 -fomit-frame-pointer -funroll-loops  output pattern test, is =================================================================
FAIL: c-c++-common/asan/strlen-overflow-1.c  -O3 -fomit-frame-pointer -funroll-all-loops -finline-functions  output pattern test, is =================================================================
FAIL: c-c++-common/asan/strlen-overflow-1.c  -O3 -g  output pattern test, is =================================================================
FAIL: c-c++-common/asan/strlen-overflow-1.c  -Os  output pattern test, is =================================================================
FAIL: g++.dg/other/anon5.C -std=gnu++98 (test for excess errors)
FAIL: g++.dg/other/anon5.C -std=gnu++11 (test for excess errors)
FAIL: g++.dg/other/anon5.C -std=gnu++1y (test for excess errors)

                === g++ Summary for unix//-m64 ===

# of expected passes            86635
# of unexpected failures        11
# of expected failures          440
# of unsupported tests          3104

                === g++ Summary ===

# of expected passes            171724
# of unexpected failures        25
# of expected failures          880
# of unsupported tests          5961
/home/jenkins/workspace/GCCupstream/objdir/gcc/testsuite/g++/../../xg++  version 4.10.0 20140621 (experimental) (GCC)

                === objc tests ===


Running target unix//-m32

                === objc Summary for unix//-m32 ===

# of expected passes            3004
# of expected failures          6
# of unsupported tests          74

Running target unix//-m64

                === objc Summary for unix//-m64 ===

# of expected passes            3004
# of expected failures          6
# of unsupported tests          74

                === objc Summary ===

# of expected passes            6008
# of expected failures          12
# of unsupported tests          148
/home/jenkins/workspace/GCCupstream/objdir/gcc/xgcc  version 4.10.0 20140621 (experimental) (GCC)

                === boehm-gc tests ===


Running target unix//-m32

                === boehm-gc Summary for unix//-m32 ===

# of expected passes            12
# of unsupported tests          1

Running target unix//-m64

                === boehm-gc Summary for unix//-m64 ===

# of expected passes            12
# of unsupported tests          1

                === boehm-gc Summary ===

# of expected passes            24
# of unsupported tests          2
                === libatomic tests ===


Running target unix//-m32

                === libatomic Summary for unix//-m32 ===

# of expected passes            44
# of unsupported tests          5

Running target unix//-m64

                === libatomic Summary for unix//-m64 ===

# of expected passes            54

                === libatomic Summary ===

# of expected passes            98
# of unsupported tests          5
                === libffi tests ===


Running target unix//-m32

                === libffi Summary for unix//-m32 ===

# of expected passes            1819
# of unsupported tests          55

Running target unix//-m64

                === libffi Summary for unix//-m64 ===

# of expected passes            1819
# of unsupported tests          55

                === libffi Summary ===

# of expected passes            3638
# of unsupported tests          110
                === libgomp tests ===


Running target unix//-m32

                === libgomp Summary for unix//-m32 ===

# of expected passes            3006
# of unsupported tests          35

Running target unix//-m64

                === libgomp Summary for unix//-m64 ===

# of expected passes            3006
# of unsupported tests          35

                === libgomp Summary ===

# of expected passes            6012
# of unsupported tests          70
                === libitm tests ===


Running target unix//-m32

                === libitm Summary for unix//-m32 ===

# of expected passes            26
# of expected failures          3
# of unsupported tests          1

Running target unix//-m64

                === libitm Summary for unix//-m64 ===

# of expected passes            26
# of expected failures          3
# of unsupported tests          1

                === libitm Summary ===

# of expected passes            52
# of expected failures          6
# of unsupported tests          2
                === libjava tests ===


Running target unix//-m32

                === libjava Summary for unix//-m32 ===

# of expected passes            2582
# of expected failures          4

Running target unix//-m64

                === libjava Summary for unix//-m64 ===

# of expected passes            2582
# of expected failures          4

                === libjava Summary ===

# of expected passes            5164
# of expected failures          8
                === libstdc++ tests ===


Running target unix//-m32

                === libstdc++ Summary for unix//-m32 ===

# of expected passes            9386
# of expected failures          69
# of unsupported tests          533

Running target unix//-m64

                === libstdc++ Summary for unix//-m64 ===

# of expected passes            9378
# of expected failures          69
# of unsupported tests          537

                === libstdc++ Summary ===

# of expected passes            18764
# of expected failures          138
# of unsupported tests          1070

Compiler version: 4.10.0 20140621 (experimental) (GCC)
Platform: x86_64-unknown-linux-gnu
configure flags: --prefix=/home/jenkins/workspace/GCCupstream/objdir/install


Index Nav: [Date Index] [Subject Index] [Author Index] [Thread Index]
Message Nav: [Date Prev] [Date Next] [Thread Prev] [Thread Next]