This is the mail archive of the gcc-testresults@gcc.gnu.org mailing list for the GCC project.


Index Nav: [Date Index] [Subject Index] [Author Index] [Thread Index]
Message Nav: [Date Prev] [Date Next] [Thread Prev] [Thread Next]
Other format: [Raw text]

Results for 4.10.0 20140619 (experimental) [trunk revision 211815] (GCC) testsuite on alphaev68-unknown-linux-gnu


LAST_UPDATED: Thu Jun 19 04:37:36 UTC 2014 (revision 211815)

Native configuration is alphaev68-unknown-linux-gnu

		=== boehm-gc tests ===


Running target unix

		=== boehm-gc Summary ===

# of expected passes		12
# of unsupported tests		1
		=== libatomic tests ===


Running target unix

		=== libatomic Summary ===

# of expected passes		54
		=== libffi tests ===


Running target unix

		=== libffi Summary ===

# of expected passes		1819
# of unsupported tests		55
		=== libgo tests ===


Running target unix
FAIL: reflect

		=== libgo Summary ===

# of expected passes		122
# of unexpected failures	1
/home/uros/gcc-build/./gcc/gccgo version 4.10.0 20140619 (experimental) [trunk revision 211815] (GCC)

		=== libgomp tests ===


Running target unix

		=== libgomp Summary ===

# of expected passes		3004
# of unsupported tests		36
		=== libitm tests ===


Running target unix

		=== libitm Summary ===

# of expected passes		26
# of expected failures		3
# of unsupported tests		1
		=== libjava tests ===


Running target unix

		=== libjava Summary ===

# of expected passes		2582
# of expected failures		4
		=== libstdc++ tests ===


Running target unix
FAIL: 30_threads/async/forced_unwind.cc execution test
FAIL: 30_threads/packaged_task/forced_unwind.cc execution test
WARNING: program timed out.
WARNING: program timed out.

		=== libstdc++ Summary ===

# of expected passes		9305
# of unexpected failures	2
# of expected failures		69
# of unsupported tests		537
		=== gcc tests ===


Running target unix
XPASS: gcc.dg/guality/example.c  -O0  execution test
XPASS: gcc.dg/guality/guality.c  -O0  execution test
XPASS: gcc.dg/guality/guality.c  -O1  execution test
XPASS: gcc.dg/guality/guality.c  -O2 -flto -fuse-linker-plugin -fno-fat-lto-objects  execution test
XPASS: gcc.dg/guality/inline-params.c  -O2  execution test
XPASS: gcc.dg/guality/inline-params.c  -O3 -fomit-frame-pointer  execution test
XPASS: gcc.dg/guality/inline-params.c  -O3 -g  execution test
XPASS: gcc.dg/guality/inline-params.c  -Os  execution test
XPASS: gcc.dg/guality/inline-params.c  -O2 -flto -fno-use-linker-plugin -flto-partition=none  execution test
FAIL: gcc.dg/guality/pr36728-1.c  -O1  line 16 arg7 == 30
FAIL: gcc.dg/guality/pr36728-1.c  -O1  line 18 arg7 == 30
FAIL: gcc.dg/guality/pr36728-1.c  -O2  line 16 arg7 == 30
FAIL: gcc.dg/guality/pr36728-1.c  -O2  line 16 y == 2
FAIL: gcc.dg/guality/pr36728-1.c  -O2  line 18 arg7 == 30
FAIL: gcc.dg/guality/pr36728-1.c  -O3 -fomit-frame-pointer  line 16 arg7 == 30
FAIL: gcc.dg/guality/pr36728-1.c  -O3 -fomit-frame-pointer  line 16 y == 2
FAIL: gcc.dg/guality/pr36728-1.c  -O3 -fomit-frame-pointer  line 18 arg7 == 30
FAIL: gcc.dg/guality/pr36728-1.c  -O3 -g  line 16 arg7 == 30
FAIL: gcc.dg/guality/pr36728-1.c  -O3 -g  line 16 y == 2
FAIL: gcc.dg/guality/pr36728-1.c  -O3 -g  line 18 arg7 == 30
FAIL: gcc.dg/guality/pr36728-1.c  -Os  line 16 arg7 == 30
FAIL: gcc.dg/guality/pr36728-1.c  -Os  line 18 arg7 == 30
FAIL: gcc.dg/guality/pr36728-1.c  -O2 -flto -fno-use-linker-plugin -flto-partition=none  line 16 arg7 == 30
FAIL: gcc.dg/guality/pr36728-1.c  -O2 -flto -fno-use-linker-plugin -flto-partition=none  line 16 y == 2
FAIL: gcc.dg/guality/pr36728-1.c  -O2 -flto -fno-use-linker-plugin -flto-partition=none  line 18 arg7 == 30
FAIL: gcc.dg/guality/pr36728-1.c  -O2 -flto -fuse-linker-plugin -fno-fat-lto-objects  line 16 arg7 == 30
FAIL: gcc.dg/guality/pr36728-1.c  -O2 -flto -fuse-linker-plugin -fno-fat-lto-objects  line 16 y == 2
FAIL: gcc.dg/guality/pr36728-1.c  -O2 -flto -fuse-linker-plugin -fno-fat-lto-objects  line 18 arg7 == 30
FAIL: gcc.dg/guality/pr36728-2.c  -Os  line 18 y == 2
FAIL: gcc.dg/guality/pr36728-3.c  -O1  line 14 arg7 == 30
FAIL: gcc.dg/guality/pr36728-3.c  -O1  line 16 arg7 == 30
FAIL: gcc.dg/guality/pr36728-3.c  -O2  line 14 arg7 == 30
FAIL: gcc.dg/guality/pr36728-3.c  -O2  line 16 arg7 == 30
FAIL: gcc.dg/guality/pr36728-3.c  -O3 -fomit-frame-pointer  line 14 arg7 == 30
FAIL: gcc.dg/guality/pr36728-3.c  -O3 -fomit-frame-pointer  line 16 arg7 == 30
FAIL: gcc.dg/guality/pr36728-3.c  -O3 -g  line 14 arg7 == 30
FAIL: gcc.dg/guality/pr36728-3.c  -O3 -g  line 16 arg7 == 30
FAIL: gcc.dg/guality/pr36728-3.c  -Os  line 14 arg7 == 30
FAIL: gcc.dg/guality/pr36728-3.c  -Os  line 16 arg7 == 30
FAIL: gcc.dg/guality/pr36728-3.c  -O2 -flto -fno-use-linker-plugin -flto-partition=none  line 14 arg7 == 30
FAIL: gcc.dg/guality/pr36728-3.c  -O2 -flto -fno-use-linker-plugin -flto-partition=none  line 16 arg7 == 30
FAIL: gcc.dg/guality/pr36728-3.c  -O2 -flto -fuse-linker-plugin -fno-fat-lto-objects  line 14 arg7 == 30
FAIL: gcc.dg/guality/pr36728-3.c  -O2 -flto -fuse-linker-plugin -fno-fat-lto-objects  line 16 arg7 == 30
XPASS: gcc.dg/guality/pr41353-1.c  -O0  line 28 j == 28 + 37
XPASS: gcc.dg/guality/pr41353-1.c  -O2 -flto -fno-use-linker-plugin -flto-partition=none  line 28 j == 28 + 37
XPASS: gcc.dg/guality/pr41353-1.c  -O2 -flto -fuse-linker-plugin -fno-fat-lto-objects  line 28 j == 28 + 37
FAIL: gcc.dg/guality/pr41404-1.c  -O2 -flto -fno-use-linker-plugin -flto-partition=none  line 10 *foo == 'f'
XPASS: gcc.dg/guality/pr41447-1.c  -O0  execution test
XPASS: gcc.dg/guality/pr41447-1.c  -O1  execution test
XPASS: gcc.dg/guality/pr41447-1.c  -O2  execution test
XPASS: gcc.dg/guality/pr41447-1.c  -O3 -fomit-frame-pointer  execution test
XPASS: gcc.dg/guality/pr41447-1.c  -O3 -g  execution test
XPASS: gcc.dg/guality/pr41447-1.c  -Os  execution test
XPASS: gcc.dg/guality/pr41447-1.c  -O2 -flto -fno-use-linker-plugin -flto-partition=none  execution test
XPASS: gcc.dg/guality/pr41447-1.c  -O2 -flto -fuse-linker-plugin -fno-fat-lto-objects  execution test
XPASS: gcc.dg/guality/pr41616-1.c  -O0  execution test
XPASS: gcc.dg/guality/pr41616-1.c  -O1  execution test
XPASS: gcc.dg/guality/pr41616-1.c  -O2  execution test
XPASS: gcc.dg/guality/pr41616-1.c  -O3 -fomit-frame-pointer  execution test
XPASS: gcc.dg/guality/pr41616-1.c  -O3 -g  execution test
XPASS: gcc.dg/guality/pr41616-1.c  -O2 -flto -fno-use-linker-plugin -flto-partition=none  execution test
FAIL: gcc.dg/guality/pr43051-1.c  -O1  line 40 v == 1
FAIL: gcc.dg/guality/pr43051-1.c  -O2  line 40 v == 1
FAIL: gcc.dg/guality/pr43051-1.c  -O3 -fomit-frame-pointer  line 35 v == 1
FAIL: gcc.dg/guality/pr43051-1.c  -O3 -fomit-frame-pointer  line 40 v == 1
FAIL: gcc.dg/guality/pr43051-1.c  -O3 -fomit-frame-pointer -funroll-loops  line 35 v == 1
FAIL: gcc.dg/guality/pr43051-1.c  -O3 -fomit-frame-pointer -funroll-loops  line 40 v == 1
FAIL: gcc.dg/guality/pr43051-1.c  -O3 -fomit-frame-pointer -funroll-all-loops -finline-functions  line 35 v == 1
FAIL: gcc.dg/guality/pr43051-1.c  -O3 -fomit-frame-pointer -funroll-all-loops -finline-functions  line 40 v == 1
FAIL: gcc.dg/guality/pr43051-1.c  -O3 -g  line 35 v == 1
FAIL: gcc.dg/guality/pr43051-1.c  -O3 -g  line 40 v == 1
FAIL: gcc.dg/guality/pr43051-1.c  -Os  line 40 v == 1
FAIL: gcc.dg/guality/pr43051-1.c  -O2 -flto -fno-use-linker-plugin -flto-partition=none  line 40 v == 1
FAIL: gcc.dg/guality/pr43051-1.c  -O2 -flto -fuse-linker-plugin -fno-fat-lto-objects  line 40 v == 1
FAIL: gcc.dg/guality/pr43177.c  -O1  line 24 x == 7
FAIL: gcc.dg/guality/pr43177.c  -O2  line 24 x == 7
FAIL: gcc.dg/guality/pr43177.c  -O3 -fomit-frame-pointer  line 24 x == 7
FAIL: gcc.dg/guality/pr43177.c  -O3 -g  line 24 x == 7
FAIL: gcc.dg/guality/pr43177.c  -Os  line 24 x == 7
FAIL: gcc.dg/guality/pr43177.c  -O2 -flto -fno-use-linker-plugin -flto-partition=none  line 24 x == 7
FAIL: gcc.dg/guality/pr43177.c  -O2 -flto -fuse-linker-plugin -fno-fat-lto-objects  line 24 x == 7
FAIL: gcc.dg/guality/pr45882.c  -O1  line 16 b == 7
FAIL: gcc.dg/guality/pr45882.c  -O1  line 16 c == 11
FAIL: gcc.dg/guality/pr45882.c  -O1  line 16 d == 112
FAIL: gcc.dg/guality/pr45882.c  -O1  line 16 e == 142
FAIL: gcc.dg/guality/pr45882.c  -O2  line 16 b == 7
FAIL: gcc.dg/guality/pr45882.c  -O2  line 16 c == 11
FAIL: gcc.dg/guality/pr45882.c  -O2  line 16 d == 112
FAIL: gcc.dg/guality/pr45882.c  -O2  line 16 e == 142
FAIL: gcc.dg/guality/pr45882.c  -O3 -fomit-frame-pointer  line 16 b == 7
FAIL: gcc.dg/guality/pr45882.c  -O3 -fomit-frame-pointer  line 16 c == 11
FAIL: gcc.dg/guality/pr45882.c  -O3 -fomit-frame-pointer  line 16 d == 112
FAIL: gcc.dg/guality/pr45882.c  -O3 -fomit-frame-pointer  line 16 e == 142
FAIL: gcc.dg/guality/pr45882.c  -O3 -g  line 16 b == 7
FAIL: gcc.dg/guality/pr45882.c  -O3 -g  line 16 c == 11
FAIL: gcc.dg/guality/pr45882.c  -O3 -g  line 16 d == 112
FAIL: gcc.dg/guality/pr45882.c  -O3 -g  line 16 e == 142
FAIL: gcc.dg/guality/pr45882.c  -Os  line 16 b == 7
FAIL: gcc.dg/guality/pr45882.c  -Os  line 16 c == 11
FAIL: gcc.dg/guality/pr45882.c  -Os  line 16 d == 112
FAIL: gcc.dg/guality/pr45882.c  -Os  line 16 e == 142
FAIL: gcc.dg/guality/pr45882.c  -O2 -flto -fno-use-linker-plugin -flto-partition=none  line 16 b == 7
FAIL: gcc.dg/guality/pr45882.c  -O2 -flto -fno-use-linker-plugin -flto-partition=none  line 16 c == 11
FAIL: gcc.dg/guality/pr45882.c  -O2 -flto -fno-use-linker-plugin -flto-partition=none  line 16 d == 112
FAIL: gcc.dg/guality/pr45882.c  -O2 -flto -fno-use-linker-plugin -flto-partition=none  line 16 e == 142
FAIL: gcc.dg/guality/pr45882.c  -O2 -flto -fuse-linker-plugin -fno-fat-lto-objects  line 16 b == 7
FAIL: gcc.dg/guality/pr45882.c  -O2 -flto -fuse-linker-plugin -fno-fat-lto-objects  line 16 c == 11
FAIL: gcc.dg/guality/pr45882.c  -O2 -flto -fuse-linker-plugin -fno-fat-lto-objects  line 16 d == 112
FAIL: gcc.dg/guality/pr45882.c  -O2 -flto -fuse-linker-plugin -fno-fat-lto-objects  line 16 e == 142
FAIL: gcc.dg/guality/pr48437.c  -O2 -flto -fno-use-linker-plugin -flto-partition=none  line 14 i == 0
FAIL: gcc.dg/guality/pr48437.c  -O2 -flto -fuse-linker-plugin -fno-fat-lto-objects  line 14 i == 0
FAIL: gcc.dg/guality/pr54519-1.c  -O1  line 20 x == 36
FAIL: gcc.dg/guality/pr54519-1.c  -O1  line 20 y == 25
FAIL: gcc.dg/guality/pr54519-1.c  -O1  line 20 z == 6
FAIL: gcc.dg/guality/pr54519-1.c  -O1  line 23 x == 98
FAIL: gcc.dg/guality/pr54519-1.c  -O1  line 23 y == 117
FAIL: gcc.dg/guality/pr54519-1.c  -O1  line 23 z == 8
FAIL: gcc.dg/guality/pr54519-1.c  -O2  line 20 x == 36
FAIL: gcc.dg/guality/pr54519-1.c  -O2  line 20 y == 25
FAIL: gcc.dg/guality/pr54519-1.c  -O2  line 20 z == 6
FAIL: gcc.dg/guality/pr54519-1.c  -O2  line 23 x == 98
FAIL: gcc.dg/guality/pr54519-1.c  -O2  line 23 y == 117
FAIL: gcc.dg/guality/pr54519-1.c  -O2  line 23 z == 8
FAIL: gcc.dg/guality/pr54519-1.c  -O3 -fomit-frame-pointer  line 23 x == 98
FAIL: gcc.dg/guality/pr54519-1.c  -O3 -fomit-frame-pointer  line 23 y == 117
FAIL: gcc.dg/guality/pr54519-1.c  -O3 -g  line 23 x == 98
FAIL: gcc.dg/guality/pr54519-1.c  -O3 -g  line 23 y == 117
FAIL: gcc.dg/guality/pr54519-1.c  -Os  line 20 x == 36
FAIL: gcc.dg/guality/pr54519-1.c  -Os  line 20 y == 25
FAIL: gcc.dg/guality/pr54519-1.c  -Os  line 20 z == 6
FAIL: gcc.dg/guality/pr54519-1.c  -Os  line 23 x == 98
FAIL: gcc.dg/guality/pr54519-1.c  -Os  line 23 y == 117
FAIL: gcc.dg/guality/pr54519-1.c  -Os  line 23 z == 8
FAIL: gcc.dg/guality/pr54519-1.c  -O2 -flto -fno-use-linker-plugin -flto-partition=none  line 20 x == 36
FAIL: gcc.dg/guality/pr54519-1.c  -O2 -flto -fno-use-linker-plugin -flto-partition=none  line 20 y == 25
FAIL: gcc.dg/guality/pr54519-1.c  -O2 -flto -fno-use-linker-plugin -flto-partition=none  line 20 z == 6
FAIL: gcc.dg/guality/pr54519-1.c  -O2 -flto -fno-use-linker-plugin -flto-partition=none  line 23 x == 98
FAIL: gcc.dg/guality/pr54519-1.c  -O2 -flto -fno-use-linker-plugin -flto-partition=none  line 23 y == 117
FAIL: gcc.dg/guality/pr54519-1.c  -O2 -flto -fno-use-linker-plugin -flto-partition=none  line 23 z == 8
FAIL: gcc.dg/guality/pr54519-1.c  -O2 -flto -fuse-linker-plugin -fno-fat-lto-objects  line 20 x == 36
FAIL: gcc.dg/guality/pr54519-1.c  -O2 -flto -fuse-linker-plugin -fno-fat-lto-objects  line 20 y == 25
FAIL: gcc.dg/guality/pr54519-1.c  -O2 -flto -fuse-linker-plugin -fno-fat-lto-objects  line 23 x == 98
FAIL: gcc.dg/guality/pr54519-1.c  -O2 -flto -fuse-linker-plugin -fno-fat-lto-objects  line 23 y == 117
FAIL: gcc.dg/guality/pr54519-2.c  -O1  line 17 x == 6
FAIL: gcc.dg/guality/pr54519-2.c  -O1  line 17 y == 25
FAIL: gcc.dg/guality/pr54519-2.c  -O2  line 17 x == 6
FAIL: gcc.dg/guality/pr54519-2.c  -O2  line 17 y == 25
FAIL: gcc.dg/guality/pr54519-2.c  -Os  line 17 x == 6
FAIL: gcc.dg/guality/pr54519-2.c  -Os  line 17 y == 25
FAIL: gcc.dg/guality/pr54519-2.c  -O2 -flto -fno-use-linker-plugin -flto-partition=none  line 17 x == 6
FAIL: gcc.dg/guality/pr54519-2.c  -O2 -flto -fno-use-linker-plugin -flto-partition=none  line 17 y == 25
FAIL: gcc.dg/guality/pr54519-2.c  -O2 -flto -fuse-linker-plugin -fno-fat-lto-objects  line 17 y == 25
FAIL: gcc.dg/guality/pr54519-3.c  -O1  line 20 x == 36
FAIL: gcc.dg/guality/pr54519-3.c  -O1  line 20 y == 25
FAIL: gcc.dg/guality/pr54519-3.c  -O1  line 20 z == 6
FAIL: gcc.dg/guality/pr54519-3.c  -O1  line 23 x == 98
FAIL: gcc.dg/guality/pr54519-3.c  -O1  line 23 y == 117
FAIL: gcc.dg/guality/pr54519-3.c  -O1  line 23 z == 8
FAIL: gcc.dg/guality/pr54519-3.c  -O2  line 20 z == 6
FAIL: gcc.dg/guality/pr54519-3.c  -O2  line 23 z == 8
FAIL: gcc.dg/guality/pr54519-3.c  -O3 -fomit-frame-pointer  line 20 z == 6
FAIL: gcc.dg/guality/pr54519-3.c  -O3 -fomit-frame-pointer  line 23 z == 8
FAIL: gcc.dg/guality/pr54519-3.c  -O3 -g  line 20 z == 6
FAIL: gcc.dg/guality/pr54519-3.c  -O3 -g  line 23 z == 8
FAIL: gcc.dg/guality/pr54519-3.c  -Os  line 20 z == 6
FAIL: gcc.dg/guality/pr54519-3.c  -Os  line 23 z == 8
FAIL: gcc.dg/guality/pr54519-3.c  -O2 -flto -fno-use-linker-plugin -flto-partition=none  line 20 y == 25
FAIL: gcc.dg/guality/pr54519-3.c  -O2 -flto -fno-use-linker-plugin -flto-partition=none  line 20 z == 6
FAIL: gcc.dg/guality/pr54519-3.c  -O2 -flto -fno-use-linker-plugin -flto-partition=none  line 23 y == 117
FAIL: gcc.dg/guality/pr54519-3.c  -O2 -flto -fno-use-linker-plugin -flto-partition=none  line 23 z == 8
FAIL: gcc.dg/guality/pr54519-3.c  -O2 -flto -fuse-linker-plugin -fno-fat-lto-objects  line 20 y == 25
FAIL: gcc.dg/guality/pr54519-3.c  -O2 -flto -fuse-linker-plugin -fno-fat-lto-objects  line 20 z == 6
FAIL: gcc.dg/guality/pr54519-3.c  -O2 -flto -fuse-linker-plugin -fno-fat-lto-objects  line 23 y == 117
FAIL: gcc.dg/guality/pr54519-3.c  -O2 -flto -fuse-linker-plugin -fno-fat-lto-objects  line 23 z == 8
FAIL: gcc.dg/guality/pr54519-4.c  -O1  line 17 x == 6
FAIL: gcc.dg/guality/pr54519-4.c  -O1  line 17 y == 25
FAIL: gcc.dg/guality/pr54519-4.c  -O2  line 17 y == 25
FAIL: gcc.dg/guality/pr54519-4.c  -O3 -fomit-frame-pointer  line 17 y == 25
FAIL: gcc.dg/guality/pr54519-4.c  -O3 -g  line 17 y == 25
FAIL: gcc.dg/guality/pr54519-4.c  -Os  line 17 y == 25
FAIL: gcc.dg/guality/pr54519-4.c  -O2 -flto -fno-use-linker-plugin -flto-partition=none  line 17 y == 25
FAIL: gcc.dg/guality/pr54519-4.c  -O2 -flto -fuse-linker-plugin -fno-fat-lto-objects  line 17 y == 25
FAIL: gcc.dg/guality/pr54519-5.c  -O1  line 17 x == 6
FAIL: gcc.dg/guality/pr54519-5.c  -O1  line 17 y == 25
FAIL: gcc.dg/guality/pr54519-5.c  -O2  line 17 x == 6
FAIL: gcc.dg/guality/pr54519-5.c  -O2  line 17 y == 25
FAIL: gcc.dg/guality/pr54519-5.c  -O3 -fomit-frame-pointer  line 17 y == 25
FAIL: gcc.dg/guality/pr54519-5.c  -O3 -g  line 17 y == 25
FAIL: gcc.dg/guality/pr54519-5.c  -Os  line 17 x == 6
FAIL: gcc.dg/guality/pr54519-5.c  -Os  line 17 y == 25
FAIL: gcc.dg/guality/pr54519-5.c  -O2 -flto -fno-use-linker-plugin -flto-partition=none  line 17 x == 6
FAIL: gcc.dg/guality/pr54519-5.c  -O2 -flto -fno-use-linker-plugin -flto-partition=none  line 17 y == 25
FAIL: gcc.dg/guality/pr54519-5.c  -O2 -flto -fuse-linker-plugin -fno-fat-lto-objects  line 17 y == 25
FAIL: gcc.dg/guality/pr54551.c  -O1  line 18 a == 4
FAIL: gcc.dg/guality/pr54551.c  -O1  line 18 z == 3
FAIL: gcc.dg/guality/pr54551.c  -O2  line 18 a == 4
FAIL: gcc.dg/guality/pr54551.c  -O2  line 18 z == 3
FAIL: gcc.dg/guality/pr54551.c  -O3 -fomit-frame-pointer  line 18 a == 4
FAIL: gcc.dg/guality/pr54551.c  -O3 -fomit-frame-pointer  line 18 z == 3
FAIL: gcc.dg/guality/pr54551.c  -O3 -g  line 18 a == 4
FAIL: gcc.dg/guality/pr54551.c  -O3 -g  line 18 z == 3
FAIL: gcc.dg/guality/pr54551.c  -Os  line 18 a == 4
FAIL: gcc.dg/guality/pr54551.c  -Os  line 18 z == 3
FAIL: gcc.dg/guality/pr54551.c  -O2 -flto -fno-use-linker-plugin -flto-partition=none  line 18 a == 4
FAIL: gcc.dg/guality/pr54551.c  -O2 -flto -fno-use-linker-plugin -flto-partition=none  line 18 z == 3
FAIL: gcc.dg/guality/pr54693-2.c  -O3 -fomit-frame-pointer -funroll-all-loops -finline-functions  line 21 i == v + 1
FAIL: gcc.dg/guality/pr54796.c  -O1  line 17 a == 5
FAIL: gcc.dg/guality/pr54796.c  -O1  line 17 b == 6
FAIL: gcc.dg/guality/pr54796.c  -O1  line 17 c == 5
FAIL: gcc.dg/guality/pr54796.c  -O2  line 17 a == 5
FAIL: gcc.dg/guality/pr54796.c  -O2  line 17 b == 6
FAIL: gcc.dg/guality/pr54796.c  -O2  line 17 c == 5
FAIL: gcc.dg/guality/pr54796.c  -O3 -fomit-frame-pointer  line 17 a == 5
FAIL: gcc.dg/guality/pr54796.c  -O3 -fomit-frame-pointer  line 17 b == 6
FAIL: gcc.dg/guality/pr54796.c  -O3 -fomit-frame-pointer  line 17 c == 5
FAIL: gcc.dg/guality/pr54796.c  -O3 -g  line 17 a == 5
FAIL: gcc.dg/guality/pr54796.c  -O3 -g  line 17 b == 6
FAIL: gcc.dg/guality/pr54796.c  -O3 -g  line 17 c == 5
FAIL: gcc.dg/guality/pr54796.c  -Os  line 17 a == 5
FAIL: gcc.dg/guality/pr54796.c  -Os  line 17 b == 6
FAIL: gcc.dg/guality/pr54796.c  -Os  line 17 c == 5
FAIL: gcc.dg/guality/pr54796.c  -O2 -flto -fno-use-linker-plugin -flto-partition=none  line 17 a == 5
FAIL: gcc.dg/guality/pr54796.c  -O2 -flto -fno-use-linker-plugin -flto-partition=none  line 17 b == 6
FAIL: gcc.dg/guality/pr54796.c  -O2 -flto -fno-use-linker-plugin -flto-partition=none  line 17 c == 5
FAIL: gcc.dg/guality/pr54796.c  -O2 -flto -fuse-linker-plugin -fno-fat-lto-objects  line 17 a == 5
FAIL: gcc.dg/guality/pr54796.c  -O2 -flto -fuse-linker-plugin -fno-fat-lto-objects  line 17 b == 6
FAIL: gcc.dg/guality/pr54796.c  -O2 -flto -fuse-linker-plugin -fno-fat-lto-objects  line 17 c == 5
FAIL: gcc.dg/guality/pr54970.c  -O2 -flto -fno-use-linker-plugin -flto-partition=none  line 15 a[2] == 3
FAIL: gcc.dg/guality/pr54970.c  -O2 -flto -fno-use-linker-plugin -flto-partition=none  line 15 *p == 3
FAIL: gcc.dg/guality/pr54970.c  -O2 -flto -fuse-linker-plugin -fno-fat-lto-objects  line 15 a[2] == 3
FAIL: gcc.dg/guality/pr54970.c  -O2 -flto -fuse-linker-plugin -fno-fat-lto-objects  line 15 *p == 3
FAIL: gcc.dg/guality/pr58791-5.c  -O1  line pr58791-5.c:20 b4 == 4681
FAIL: gcc.dg/guality/pr58791-5.c  -O1  line pr58791-5.c:20 b3 == 585
FAIL: gcc.dg/guality/pr58791-5.c  -O1  line pr58791-5.c:20 b2 == 73
FAIL: gcc.dg/guality/pr58791-5.c  -O1  line pr58791-5.c:20 b1 == 9
FAIL: gcc.dg/guality/pr58791-5.c  -O2  line pr58791-5.c:20 b4 == 4681
FAIL: gcc.dg/guality/pr58791-5.c  -O2  line pr58791-5.c:20 b3 == 585
FAIL: gcc.dg/guality/pr58791-5.c  -O2  line pr58791-5.c:20 b2 == 73
FAIL: gcc.dg/guality/pr58791-5.c  -O2  line pr58791-5.c:20 b1 == 9
FAIL: gcc.dg/guality/pr58791-5.c  -O3 -fomit-frame-pointer  line pr58791-5.c:20 b4 == 4681
FAIL: gcc.dg/guality/pr58791-5.c  -O3 -fomit-frame-pointer  line pr58791-5.c:20 b3 == 585
FAIL: gcc.dg/guality/pr58791-5.c  -O3 -fomit-frame-pointer  line pr58791-5.c:20 b2 == 73
FAIL: gcc.dg/guality/pr58791-5.c  -O3 -fomit-frame-pointer  line pr58791-5.c:20 b1 == 9
FAIL: gcc.dg/guality/pr58791-5.c  -O3 -g  line pr58791-5.c:20 b4 == 4681
FAIL: gcc.dg/guality/pr58791-5.c  -O3 -g  line pr58791-5.c:20 b3 == 585
FAIL: gcc.dg/guality/pr58791-5.c  -O3 -g  line pr58791-5.c:20 b2 == 73
FAIL: gcc.dg/guality/pr58791-5.c  -O3 -g  line pr58791-5.c:20 b1 == 9
FAIL: gcc.dg/guality/pr58791-5.c  -Os  line pr58791-5.c:20 b4 == 4681
FAIL: gcc.dg/guality/pr58791-5.c  -Os  line pr58791-5.c:20 b3 == 585
FAIL: gcc.dg/guality/pr58791-5.c  -Os  line pr58791-5.c:20 b2 == 73
FAIL: gcc.dg/guality/pr58791-5.c  -Os  line pr58791-5.c:20 b1 == 9
FAIL: gcc.dg/guality/pr58791-5.c  -O2 -flto -fno-use-linker-plugin -flto-partition=none  line pr58791-5.c:20 b4 == 4681
FAIL: gcc.dg/guality/pr58791-5.c  -O2 -flto -fno-use-linker-plugin -flto-partition=none  line pr58791-5.c:20 b3 == 585
FAIL: gcc.dg/guality/pr58791-5.c  -O2 -flto -fno-use-linker-plugin -flto-partition=none  line pr58791-5.c:20 b2 == 73
FAIL: gcc.dg/guality/pr58791-5.c  -O2 -flto -fno-use-linker-plugin -flto-partition=none  line pr58791-5.c:20 b1 == 9
FAIL: gcc.dg/guality/pr58791-5.c  -O2 -flto -fuse-linker-plugin -fno-fat-lto-objects  line pr58791-5.c:20 b4 == 4681
FAIL: gcc.dg/guality/pr58791-5.c  -O2 -flto -fuse-linker-plugin -fno-fat-lto-objects  line pr58791-5.c:20 b3 == 585
FAIL: gcc.dg/guality/pr58791-5.c  -O2 -flto -fuse-linker-plugin -fno-fat-lto-objects  line pr58791-5.c:20 b2 == 73
FAIL: gcc.dg/guality/pr58791-5.c  -O2 -flto -fuse-linker-plugin -fno-fat-lto-objects  line pr58791-5.c:20 b1 == 9
FAIL: gcc.dg/guality/vla-1.c  -O0  line 17 sizeof (a) == 6
FAIL: gcc.dg/guality/vla-1.c  -O0  line 24 sizeof (a) == 17 * sizeof (short)
FAIL: gcc.dg/guality/vla-1.c  -O1  line 17 sizeof (a) == 6
FAIL: gcc.dg/guality/vla-1.c  -O1  line 24 sizeof (a) == 17 * sizeof (short)
FAIL: gcc.dg/guality/vla-1.c  -O2  line 17 sizeof (a) == 6
FAIL: gcc.dg/guality/vla-1.c  -O2  line 24 sizeof (a) == 17 * sizeof (short)
FAIL: gcc.dg/guality/vla-1.c  -O3 -fomit-frame-pointer  line 17 sizeof (a) == 6
FAIL: gcc.dg/guality/vla-1.c  -O3 -fomit-frame-pointer  line 24 sizeof (a) == 17 * sizeof (short)
FAIL: gcc.dg/guality/vla-1.c  -O3 -g  line 17 sizeof (a) == 6
FAIL: gcc.dg/guality/vla-1.c  -O3 -g  line 24 sizeof (a) == 17 * sizeof (short)
FAIL: gcc.dg/guality/vla-1.c  -Os  line 17 sizeof (a) == 6
FAIL: gcc.dg/guality/vla-1.c  -Os  line 24 sizeof (a) == 17 * sizeof (short)
FAIL: gcc.dg/guality/vla-1.c  -O2 -flto -fno-use-linker-plugin -flto-partition=none  line 17 sizeof (a) == 6
FAIL: gcc.dg/guality/vla-1.c  -O2 -flto -fno-use-linker-plugin -flto-partition=none  line 24 sizeof (a) == 17 * sizeof (short)
FAIL: gcc.dg/guality/vla-1.c  -O2 -flto -fuse-linker-plugin -fno-fat-lto-objects  line 17 sizeof (a) == 6
FAIL: gcc.dg/guality/vla-1.c  -O2 -flto -fuse-linker-plugin -fno-fat-lto-objects  line 24 sizeof (a) == 17 * sizeof (short)
FAIL: gcc.dg/guality/vla-2.c  -O0  line 16 sizeof (a) == 5 * sizeof (int)
FAIL: gcc.dg/guality/vla-2.c  -O0  line 25 sizeof (a) == 6 * sizeof (int)
FAIL: gcc.dg/guality/vla-2.c  -O1  line 16 sizeof (a) == 5 * sizeof (int)
FAIL: gcc.dg/guality/vla-2.c  -O1  line 25 sizeof (a) == 6 * sizeof (int)
FAIL: gcc.dg/guality/vla-2.c  -O2  line 16 sizeof (a) == 5 * sizeof (int)
FAIL: gcc.dg/guality/vla-2.c  -O2  line 25 sizeof (a) == 6 * sizeof (int)
FAIL: gcc.dg/guality/vla-2.c  -O3 -fomit-frame-pointer  line 16 sizeof (a) == 5 * sizeof (int)
FAIL: gcc.dg/guality/vla-2.c  -O3 -fomit-frame-pointer  line 25 sizeof (a) == 6 * sizeof (int)
FAIL: gcc.dg/guality/vla-2.c  -O3 -g  line 16 sizeof (a) == 5 * sizeof (int)
FAIL: gcc.dg/guality/vla-2.c  -O3 -g  line 25 sizeof (a) == 6 * sizeof (int)
FAIL: gcc.dg/guality/vla-2.c  -Os  line 16 sizeof (a) == 5 * sizeof (int)
FAIL: gcc.dg/guality/vla-2.c  -Os  line 25 sizeof (a) == 6 * sizeof (int)
FAIL: gcc.dg/guality/vla-2.c  -O2 -flto -fno-use-linker-plugin -flto-partition=none  line 16 sizeof (a) == 5 * sizeof (int)
FAIL: gcc.dg/guality/vla-2.c  -O2 -flto -fno-use-linker-plugin -flto-partition=none  line 25 sizeof (a) == 6 * sizeof (int)
FAIL: gcc.dg/guality/vla-2.c  -O2 -flto -fuse-linker-plugin -fno-fat-lto-objects  line 16 sizeof (a) == 5 * sizeof (int)
FAIL: gcc.dg/guality/vla-2.c  -O2 -flto -fuse-linker-plugin -fno-fat-lto-objects  line 25 sizeof (a) == 6 * sizeof (int)
FAIL: gcc.dg/noncompile/920507-1.c  -O0  (internal compiler error)
FAIL: gcc.dg/noncompile/920507-1.c  -O0  (test for excess errors)
FAIL: gcc.dg/noncompile/920507-1.c  -O1  (internal compiler error)
FAIL: gcc.dg/noncompile/920507-1.c  -O1  (test for excess errors)
FAIL: gcc.dg/noncompile/920507-1.c  -O2  (internal compiler error)
FAIL: gcc.dg/noncompile/920507-1.c  -O2  (test for excess errors)
FAIL: gcc.dg/noncompile/920507-1.c  -O3 -fomit-frame-pointer  (internal compiler error)
FAIL: gcc.dg/noncompile/920507-1.c  -O3 -fomit-frame-pointer  (test for excess errors)
FAIL: gcc.dg/noncompile/920507-1.c  -O3 -g  (internal compiler error)
FAIL: gcc.dg/noncompile/920507-1.c  -O3 -g  (test for excess errors)
FAIL: gcc.dg/noncompile/920507-1.c  -Os  (internal compiler error)
FAIL: gcc.dg/noncompile/920507-1.c  -Os  (test for excess errors)
FAIL: gcc.dg/noncompile/920507-1.c  -O2 -flto -fno-use-linker-plugin -flto-partition=none  (internal compiler error)
FAIL: gcc.dg/noncompile/920507-1.c  -O2 -flto -fno-use-linker-plugin -flto-partition=none  (test for excess errors)
FAIL: gcc.dg/noncompile/920507-1.c  -O2 -flto -fuse-linker-plugin -fno-fat-lto-objects  (internal compiler error)
FAIL: gcc.dg/noncompile/920507-1.c  -O2 -flto -fuse-linker-plugin -fno-fat-lto-objects  (test for excess errors)

		=== gcc Summary ===

# of expected passes		87737
# of unexpected failures	281
# of unexpected successes	26
# of expected failures		127
# of unsupported tests		1469
/space/uros/gcc-build/gcc/xgcc  version 4.10.0 20140619 (experimental) [trunk revision 211815] (GCC) 

		=== gfortran tests ===


Running target unix

		=== gfortran Summary ===

# of expected passes		45874
# of expected failures		38
# of unsupported tests		61
/space/uros/gcc-build/gcc/testsuite/gfortran/../../gfortran  version 4.10.0 20140619 (experimental) [trunk revision 211815] (GCC) 

		=== g++ tests ===


Running target unix
FAIL: g++.dg/guality/pr55665.C  -O2  line 23 p == 40
FAIL: g++.dg/guality/pr55665.C  -O3 -fomit-frame-pointer  line 23 p == 40
FAIL: g++.dg/guality/pr55665.C  -O3 -g  line 23 p == 40

		=== g++ Summary ===

# of expected passes		78210
# of unexpected failures	3
# of expected failures		440
# of unsupported tests		3152
/space/uros/gcc-build/gcc/testsuite/g++/../../xg++  version 4.10.0 20140619 (experimental) [trunk revision 211815] (GCC) 

		=== go tests ===


Running target unix
FAIL: go.test/test/recover.go execution,  -O2 -g 

		=== go Summary ===

# of expected passes		7247
# of unexpected failures	1
# of expected failures		1
# of untested testcases		10
# of unsupported tests		3
/space/uros/gcc-build/gcc/testsuite/go/../../gccgo  version 4.10.0 20140619 (experimental) [trunk revision 211815] (GCC) 

		=== obj-c++ tests ===


Running target unix

		=== obj-c++ Summary ===

# of expected passes		1439
# of expected failures		10
# of unsupported tests		86
/space/uros/gcc-build/gcc/testsuite/obj-c++/../../xg++  version 4.10.0 20140619 (experimental) [trunk revision 211815] (GCC) 

		=== objc tests ===


Running target unix

		=== objc Summary ===

# of expected passes		3008
# of unsupported tests		75
/space/uros/gcc-build/gcc/xgcc  version 4.10.0 20140619 (experimental) [trunk revision 211815] (GCC) 


Compiler version: 4.10.0 20140619 (experimental) [trunk revision 211815] (GCC) 
Platform: alphaev68-unknown-linux-gnu
configure flags: --enable-languages=all,obj-c++,go
BOOT_CFLAGS=-g -O2


Index Nav: [Date Index] [Subject Index] [Author Index] [Thread Index]
Message Nav: [Date Prev] [Date Next] [Thread Prev] [Thread Next]