This is the mail archive of the gcc-testresults@gcc.gnu.org mailing list for the GCC project.


Index Nav: [Date Index] [Subject Index] [Author Index] [Thread Index]
Message Nav: [Date Prev] [Date Next] [Thread Prev] [Thread Next]
Other format: [Raw text]

Results for 4.10.0 20140618 (experimental) (GCC) testsuite on armv7l-unknown-linux-gnueabihf


Native configuration is armv7l-unknown-linux-gnueabihf

		=== libatomic tests ===


Running target unix

		=== libatomic Summary ===

# of expected passes		44
# of unsupported tests		5
		=== libgomp tests ===


Running target unix

		=== libgomp Summary ===

# of expected passes		706
# of unsupported tests		1
		=== libitm tests ===


Running target unix

		=== libitm Summary ===

# of expected passes		26
# of expected failures		3
# of unsupported tests		1
		=== libstdc++ tests ===


Running target unix
FAIL: 18_support/exception/38732.cc (test for excess errors)
UNRESOLVED: 18_support/exception/38732.cc compilation failed to produce executable
FAIL: 18_support/exception_ptr/rethrow_exception.cc (test for excess errors)
UNRESOLVED: 18_support/exception_ptr/rethrow_exception.cc compilation failed to produce executable
FAIL: 18_support/type_info/hash_code.cc (test for excess errors)
UNRESOLVED: 18_support/type_info/hash_code.cc compilation failed to produce executable
FAIL: 20_util/enable_shared_from_this/members/assign.cc (test for excess errors)
UNRESOLVED: 20_util/enable_shared_from_this/members/assign.cc compilation failed to produce executable
FAIL: 20_util/enable_shared_from_this/members/unique_ptr.cc (test for excess errors)
UNRESOLVED: 20_util/enable_shared_from_this/members/unique_ptr.cc compilation failed to produce executable
FAIL: 20_util/function/1.cc (test for excess errors)
UNRESOLVED: 20_util/function/1.cc compilation failed to produce executable
FAIL: 20_util/function/2.cc (test for excess errors)
UNRESOLVED: 20_util/function/2.cc compilation failed to produce executable
FAIL: 20_util/function/3.cc (test for excess errors)
UNRESOLVED: 20_util/function/3.cc compilation failed to produce executable
FAIL: 20_util/function/4.cc (test for excess errors)
UNRESOLVED: 20_util/function/4.cc compilation failed to produce executable
FAIL: 20_util/function/5.cc (test for excess errors)
UNRESOLVED: 20_util/function/5.cc compilation failed to produce executable
FAIL: 20_util/function/6.cc (test for excess errors)
UNRESOLVED: 20_util/function/6.cc compilation failed to produce executable
FAIL: 20_util/function/7.cc (test for excess errors)
UNRESOLVED: 20_util/function/7.cc compilation failed to produce executable
FAIL: 20_util/function/8.cc (test for excess errors)
UNRESOLVED: 20_util/function/8.cc compilation failed to produce executable
FAIL: 20_util/make_signed/requirements/typedefs-1.cc (test for excess errors)
FAIL: 20_util/make_signed/requirements/typedefs-2.cc (test for excess errors)
FAIL: 20_util/shared_ptr/cons/58659.cc (test for excess errors)
UNRESOLVED: 20_util/shared_ptr/cons/58659.cc compilation failed to produce executable
FAIL: 20_util/shared_ptr/cons/alloc.cc (test for excess errors)
UNRESOLVED: 20_util/shared_ptr/cons/alloc.cc compilation failed to produce executable
FAIL: 20_util/shared_ptr/cons/copy.cc (test for excess errors)
UNRESOLVED: 20_util/shared_ptr/cons/copy.cc compilation failed to produce executable
FAIL: 20_util/shared_ptr/cons/move.cc (test for excess errors)
UNRESOLVED: 20_util/shared_ptr/cons/move.cc compilation failed to produce executable
FAIL: 20_util/shared_ptr/cons/nullptr.cc (test for excess errors)
UNRESOLVED: 20_util/shared_ptr/cons/nullptr.cc compilation failed to produce executable
FAIL: 20_util/shared_ptr/cons/unique_ptr.cc (test for excess errors)
UNRESOLVED: 20_util/shared_ptr/cons/unique_ptr.cc compilation failed to produce executable
FAIL: 20_util/shared_ptr/cons/unique_ptr_array.cc (test for excess errors)
UNRESOLVED: 20_util/shared_ptr/cons/unique_ptr_array.cc compilation failed to produce executable
FAIL: 20_util/shared_ptr/cons/unique_ptr_deleter.cc (test for excess errors)
UNRESOLVED: 20_util/shared_ptr/cons/unique_ptr_deleter.cc compilation failed to produce executable
FAIL: 20_util/shared_ptr/cons/unique_ptr_deleter_ref_1.cc (test for excess errors)
UNRESOLVED: 20_util/shared_ptr/cons/unique_ptr_deleter_ref_1.cc compilation failed to produce executable
FAIL: 20_util/shared_ptr/cons/unique_ptr_deleter_ref_2.cc (test for excess errors)
UNRESOLVED: 20_util/shared_ptr/cons/unique_ptr_deleter_ref_2.cc compilation failed to produce executable
FAIL: 20_util/shared_ptr/creation/36949.cc (test for excess errors)
UNRESOLVED: 20_util/shared_ptr/creation/36949.cc compilation failed to produce executable
FAIL: 20_util/shared_ptr/creation/alloc.cc (test for excess errors)
UNRESOLVED: 20_util/shared_ptr/creation/alloc.cc compilation failed to produce executable
FAIL: 20_util/shared_ptr/creation/dr925.cc (test for excess errors)
UNRESOLVED: 20_util/shared_ptr/creation/dr925.cc compilation failed to produce executable
FAIL: 20_util/shared_ptr/creation/make.cc (test for excess errors)
UNRESOLVED: 20_util/shared_ptr/creation/make.cc compilation failed to produce executable
FAIL: 20_util/shared_ptr/creation/private.cc (test for excess errors)
UNRESOLVED: 20_util/shared_ptr/creation/private.cc compilation failed to produce executable
FAIL: 20_util/shared_ptr/dest/dest.cc (test for excess errors)
UNRESOLVED: 20_util/shared_ptr/dest/dest.cc compilation failed to produce executable
FAIL: 20_util/shared_ptr/modifiers/reset.cc (test for excess errors)
UNRESOLVED: 20_util/shared_ptr/modifiers/reset.cc compilation failed to produce executable
FAIL: 20_util/shared_ptr/modifiers/reset_alloc.cc (test for excess errors)
UNRESOLVED: 20_util/shared_ptr/modifiers/reset_alloc.cc compilation failed to produce executable
FAIL: 20_util/typeindex/comparison_operators.cc (test for excess errors)
UNRESOLVED: 20_util/typeindex/comparison_operators.cc compilation failed to produce executable
FAIL: 22_locale/locale/13630.cc (test for excess errors)
UNRESOLVED: 22_locale/locale/13630.cc compilation failed to produce executable
FAIL: 27_io/fpos/14320-1.cc (test for excess errors)
UNRESOLVED: 27_io/fpos/14320-1.cc compilation failed to produce executable
FAIL: 27_io/fpos/mbstate_t/12065.cc (test for excess errors)
UNRESOLVED: 27_io/fpos/mbstate_t/12065.cc compilation failed to produce executable
FAIL: 28_regex/algorithms/regex_match/awk/cstring_01.cc (test for excess errors)
UNRESOLVED: 28_regex/algorithms/regex_match/awk/cstring_01.cc compilation failed to produce executable
FAIL: 28_regex/algorithms/regex_match/basic/empty_range.cc (test for excess errors)
UNRESOLVED: 28_regex/algorithms/regex_match/basic/empty_range.cc compilation failed to produce executable
FAIL: 28_regex/algorithms/regex_match/basic/string_01.cc (test for excess errors)
UNRESOLVED: 28_regex/algorithms/regex_match/basic/string_01.cc compilation failed to produce executable
FAIL: 28_regex/algorithms/regex_match/basic/string_range_00_03.cc (test for excess errors)
UNRESOLVED: 28_regex/algorithms/regex_match/basic/string_range_00_03.cc compilation failed to produce executable
FAIL: 28_regex/algorithms/regex_match/basic/string_range_01_03.cc (test for excess errors)
UNRESOLVED: 28_regex/algorithms/regex_match/basic/string_range_01_03.cc compilation failed to produce executable
FAIL: 28_regex/algorithms/regex_match/basic/string_range_02_03.cc (test for excess errors)
UNRESOLVED: 28_regex/algorithms/regex_match/basic/string_range_02_03.cc compilation failed to produce executable
FAIL: 28_regex/algorithms/regex_match/ecma/char/53622.cc (test for excess errors)
UNRESOLVED: 28_regex/algorithms/regex_match/ecma/char/53622.cc compilation failed to produce executable
FAIL: 28_regex/algorithms/regex_match/ecma/char/57173.cc (test for excess errors)
UNRESOLVED: 28_regex/algorithms/regex_match/ecma/char/57173.cc compilation failed to produce executable
FAIL: 28_regex/algorithms/regex_match/ecma/char/58576.cc (test for excess errors)
UNRESOLVED: 28_regex/algorithms/regex_match/ecma/char/58576.cc compilation failed to produce executable
FAIL: 28_regex/algorithms/regex_match/ecma/char/anymatcher.cc (test for excess errors)
UNRESOLVED: 28_regex/algorithms/regex_match/ecma/char/anymatcher.cc compilation failed to produce executable
FAIL: 28_regex/algorithms/regex_match/ecma/char/backref.cc (test for excess errors)
UNRESOLVED: 28_regex/algorithms/regex_match/ecma/char/backref.cc compilation failed to produce executable
FAIL: 28_regex/algorithms/regex_match/ecma/char/empty_range.cc (test for excess errors)
UNRESOLVED: 28_regex/algorithms/regex_match/ecma/char/empty_range.cc compilation failed to produce executable
FAIL: 28_regex/algorithms/regex_match/ecma/char/emptygroup.cc (test for excess errors)
UNRESOLVED: 28_regex/algorithms/regex_match/ecma/char/emptygroup.cc compilation failed to produce executable
FAIL: 28_regex/algorithms/regex_match/ecma/char/hex.cc (test for excess errors)
UNRESOLVED: 28_regex/algorithms/regex_match/ecma/char/hex.cc compilation failed to produce executable
FAIL: 28_regex/algorithms/regex_match/ecma/char/quoted_char.cc (test for excess errors)
UNRESOLVED: 28_regex/algorithms/regex_match/ecma/char/quoted_char.cc compilation failed to produce executable
FAIL: 28_regex/algorithms/regex_match/ecma/char/ungreedy.cc (test for excess errors)
UNRESOLVED: 28_regex/algorithms/regex_match/ecma/char/ungreedy.cc compilation failed to produce executable
FAIL: 28_regex/algorithms/regex_match/ecma/wchar_t/anymatcher.cc (test for excess errors)
UNRESOLVED: 28_regex/algorithms/regex_match/ecma/wchar_t/anymatcher.cc compilation failed to produce executable
FAIL: 28_regex/algorithms/regex_match/ecma/wchar_t/cjk_match.cc (test for excess errors)
UNRESOLVED: 28_regex/algorithms/regex_match/ecma/wchar_t/cjk_match.cc compilation failed to produce executable
FAIL: 28_regex/algorithms/regex_match/ecma/wchar_t/hex.cc (test for excess errors)
UNRESOLVED: 28_regex/algorithms/regex_match/ecma/wchar_t/hex.cc compilation failed to produce executable
FAIL: 28_regex/algorithms/regex_match/extended/cstring_bracket_01.cc (test for excess errors)
UNRESOLVED: 28_regex/algorithms/regex_match/extended/cstring_bracket_01.cc compilation failed to produce executable
FAIL: 28_regex/algorithms/regex_match/extended/cstring_plus.cc (test for excess errors)
UNRESOLVED: 28_regex/algorithms/regex_match/extended/cstring_plus.cc compilation failed to produce executable
FAIL: 28_regex/algorithms/regex_match/extended/cstring_questionmark.cc (test for excess errors)
UNRESOLVED: 28_regex/algorithms/regex_match/extended/cstring_questionmark.cc compilation failed to produce executable
FAIL: 28_regex/algorithms/regex_match/extended/cstring_range.cc (test for excess errors)
UNRESOLVED: 28_regex/algorithms/regex_match/extended/cstring_range.cc compilation failed to produce executable
FAIL: 28_regex/algorithms/regex_match/extended/string_any.cc (test for excess errors)
UNRESOLVED: 28_regex/algorithms/regex_match/extended/string_any.cc compilation failed to produce executable
FAIL: 28_regex/algorithms/regex_match/extended/string_range_00_03.cc (test for excess errors)
UNRESOLVED: 28_regex/algorithms/regex_match/extended/string_range_00_03.cc compilation failed to produce executable
FAIL: 28_regex/algorithms/regex_match/extended/string_range_01_03.cc (test for excess errors)
UNRESOLVED: 28_regex/algorithms/regex_match/extended/string_range_01_03.cc compilation failed to produce executable
FAIL: 28_regex/algorithms/regex_match/extended/string_range_02_03.cc (test for excess errors)
UNRESOLVED: 28_regex/algorithms/regex_match/extended/string_range_02_03.cc compilation failed to produce executable
FAIL: 28_regex/algorithms/regex_replace/char/basic_replace.cc (test for excess errors)
UNRESOLVED: 28_regex/algorithms/regex_replace/char/basic_replace.cc compilation failed to produce executable
FAIL: 28_regex/algorithms/regex_replace/char/dr2213.cc (test for excess errors)
UNRESOLVED: 28_regex/algorithms/regex_replace/char/dr2213.cc compilation failed to produce executable
FAIL: 28_regex/algorithms/regex_search/basic/string_01.cc (test for excess errors)
UNRESOLVED: 28_regex/algorithms/regex_search/basic/string_01.cc compilation failed to produce executable
FAIL: 28_regex/algorithms/regex_search/ecma/assertion.cc (test for excess errors)
UNRESOLVED: 28_regex/algorithms/regex_search/ecma/assertion.cc compilation failed to produce executable
FAIL: 28_regex/algorithms/regex_search/ecma/flags.cc (test for excess errors)
UNRESOLVED: 28_regex/algorithms/regex_search/ecma/flags.cc compilation failed to produce executable
FAIL: 28_regex/algorithms/regex_search/ecma/greedy.cc (test for excess errors)
UNRESOLVED: 28_regex/algorithms/regex_search/ecma/greedy.cc compilation failed to produce executable
FAIL: 28_regex/algorithms/regex_search/ecma/string_01.cc (test for excess errors)
UNRESOLVED: 28_regex/algorithms/regex_search/ecma/string_01.cc compilation failed to produce executable
FAIL: 28_regex/basic_regex/assign/char/moveable.cc (test for excess errors)
UNRESOLVED: 28_regex/basic_regex/assign/char/moveable.cc compilation failed to produce executable
FAIL: 28_regex/basic_regex/ctors/47724.cc (test for excess errors)
UNRESOLVED: 28_regex/basic_regex/ctors/47724.cc compilation failed to produce executable
FAIL: 28_regex/basic_regex/ctors/basic/pstring_char.cc (test for excess errors)
UNRESOLVED: 28_regex/basic_regex/ctors/basic/pstring_char.cc compilation failed to produce executable
FAIL: 28_regex/basic_regex/ctors/basic/pstring_wchar_t.cc (test for excess errors)
UNRESOLVED: 28_regex/basic_regex/ctors/basic/pstring_wchar_t.cc compilation failed to produce executable
FAIL: 28_regex/basic_regex/ctors/basic/raw_string.cc (test for excess errors)
UNRESOLVED: 28_regex/basic_regex/ctors/basic/raw_string.cc compilation failed to produce executable
FAIL: 28_regex/basic_regex/ctors/basic/string_range_01_02_03.cc (test for excess errors)
UNRESOLVED: 28_regex/basic_regex/ctors/basic/string_range_01_02_03.cc compilation failed to produce executable
FAIL: 28_regex/basic_regex/ctors/copy_char.cc (test for excess errors)
UNRESOLVED: 28_regex/basic_regex/ctors/copy_char.cc compilation failed to produce executable
FAIL: 28_regex/basic_regex/ctors/extended/cstring.cc (test for excess errors)
UNRESOLVED: 28_regex/basic_regex/ctors/extended/cstring.cc compilation failed to produce executable
FAIL: 28_regex/basic_regex/ctors/extended/string_range_01_02_03.cc (test for excess errors)
UNRESOLVED: 28_regex/basic_regex/ctors/extended/string_range_01_02_03.cc compilation failed to produce executable
FAIL: 28_regex/basic_regex/ctors/move_char.cc (test for excess errors)
UNRESOLVED: 28_regex/basic_regex/ctors/move_char.cc compilation failed to produce executable
FAIL: 28_regex/basic_regex/multiple_quantifiers.cc (test for excess errors)
UNRESOLVED: 28_regex/basic_regex/multiple_quantifiers.cc compilation failed to produce executable
FAIL: 28_regex/constants/syntax_option_type.cc (test for excess errors)
UNRESOLVED: 28_regex/constants/syntax_option_type.cc compilation failed to produce executable
FAIL: 28_regex/init-list.cc (test for excess errors)
UNRESOLVED: 28_regex/init-list.cc compilation failed to produce executable
FAIL: 28_regex/iterators/regex_iterator/char/string_01.cc (test for excess errors)
UNRESOLVED: 28_regex/iterators/regex_iterator/char/string_01.cc compilation failed to produce executable
FAIL: 28_regex/iterators/regex_iterator/char/string_position_01.cc (test for excess errors)
UNRESOLVED: 28_regex/iterators/regex_iterator/char/string_position_01.cc compilation failed to produce executable
FAIL: 28_regex/iterators/regex_iterator/wchar_t/string_01.cc (test for excess errors)
UNRESOLVED: 28_regex/iterators/regex_iterator/wchar_t/string_01.cc compilation failed to produce executable
FAIL: 28_regex/iterators/regex_iterator/wchar_t/string_02.cc (test for excess errors)
UNRESOLVED: 28_regex/iterators/regex_iterator/wchar_t/string_02.cc compilation failed to produce executable
FAIL: 28_regex/iterators/regex_token_iterator/char/string_01.cc (test for excess errors)
UNRESOLVED: 28_regex/iterators/regex_token_iterator/char/string_01.cc compilation failed to produce executable
FAIL: 28_regex/iterators/regex_token_iterator/wchar_t/string_01.cc (test for excess errors)
UNRESOLVED: 28_regex/iterators/regex_token_iterator/wchar_t/string_01.cc compilation failed to produce executable
FAIL: 28_regex/iterators/regex_token_iterator/wchar_t/wstring_02.cc (test for excess errors)
UNRESOLVED: 28_regex/iterators/regex_token_iterator/wchar_t/wstring_02.cc compilation failed to produce executable
FAIL: 28_regex/match_results/format.cc (test for excess errors)
UNRESOLVED: 28_regex/match_results/format.cc compilation failed to produce executable
FAIL: 28_regex/traits/char/user_defined.cc (test for excess errors)
UNRESOLVED: 28_regex/traits/char/user_defined.cc compilation failed to produce executable
FAIL: 28_regex/traits/wchar_t/user_defined.cc (test for excess errors)
UNRESOLVED: 28_regex/traits/wchar_t/user_defined.cc compilation failed to produce executable
FAIL: 30_threads/async/42819.cc (test for excess errors)
UNRESOLVED: 30_threads/async/42819.cc compilation failed to produce executable
FAIL: 30_threads/async/49668.cc (test for excess errors)
UNRESOLVED: 30_threads/async/49668.cc compilation failed to produce executable
FAIL: 30_threads/async/54297.cc (test for excess errors)
UNRESOLVED: 30_threads/async/54297.cc compilation failed to produce executable
FAIL: 30_threads/async/any.cc (test for excess errors)
UNRESOLVED: 30_threads/async/any.cc compilation failed to produce executable
FAIL: 30_threads/async/async.cc (test for excess errors)
UNRESOLVED: 30_threads/async/async.cc compilation failed to produce executable
FAIL: 30_threads/async/forced_unwind.cc (test for excess errors)
UNRESOLVED: 30_threads/async/forced_unwind.cc compilation failed to produce executable
FAIL: 30_threads/async/sync.cc (test for excess errors)
UNRESOLVED: 30_threads/async/sync.cc compilation failed to produce executable
FAIL: 30_threads/call_once/39909.cc (test for excess errors)
UNRESOLVED: 30_threads/call_once/39909.cc compilation failed to produce executable
FAIL: 30_threads/condition_variable/54185.cc (test for excess errors)
UNRESOLVED: 30_threads/condition_variable/54185.cc compilation failed to produce executable
FAIL: 30_threads/condition_variable_any/50862.cc (test for excess errors)
UNRESOLVED: 30_threads/condition_variable_any/50862.cc compilation failed to produce executable
FAIL: 30_threads/condition_variable_any/53830.cc (test for excess errors)
UNRESOLVED: 30_threads/condition_variable_any/53830.cc compilation failed to produce executable
FAIL: 30_threads/condition_variable_any/cons/1.cc (test for excess errors)
UNRESOLVED: 30_threads/condition_variable_any/cons/1.cc compilation failed to produce executable
FAIL: 30_threads/condition_variable_any/members/1.cc (test for excess errors)
UNRESOLVED: 30_threads/condition_variable_any/members/1.cc compilation failed to produce executable
FAIL: 30_threads/condition_variable_any/members/2.cc (test for excess errors)
UNRESOLVED: 30_threads/condition_variable_any/members/2.cc compilation failed to produce executable
FAIL: 30_threads/future/cons/move.cc (test for excess errors)
UNRESOLVED: 30_threads/future/cons/move.cc compilation failed to produce executable
FAIL: 30_threads/future/cons/move_assign.cc (test for excess errors)
UNRESOLVED: 30_threads/future/cons/move_assign.cc compilation failed to produce executable
FAIL: 30_threads/future/members/45133.cc (test for excess errors)
UNRESOLVED: 30_threads/future/members/45133.cc compilation failed to produce executable
FAIL: 30_threads/future/members/get.cc (test for excess errors)
UNRESOLVED: 30_threads/future/members/get.cc compilation failed to produce executable
FAIL: 30_threads/future/members/get2.cc (test for excess errors)
UNRESOLVED: 30_threads/future/members/get2.cc compilation failed to produce executable
FAIL: 30_threads/future/members/share.cc (test for excess errors)
UNRESOLVED: 30_threads/future/members/share.cc compilation failed to produce executable
FAIL: 30_threads/future/members/valid.cc (test for excess errors)
UNRESOLVED: 30_threads/future/members/valid.cc compilation failed to produce executable
FAIL: 30_threads/future/members/wait.cc (test for excess errors)
UNRESOLVED: 30_threads/future/members/wait.cc compilation failed to produce executable
FAIL: 30_threads/future/members/wait_for.cc (test for excess errors)
UNRESOLVED: 30_threads/future/members/wait_for.cc compilation failed to produce executable
FAIL: 30_threads/future/members/wait_until.cc (test for excess errors)
UNRESOLVED: 30_threads/future/members/wait_until.cc compilation failed to produce executable
FAIL: 30_threads/lock/2.cc (test for excess errors)
UNRESOLVED: 30_threads/lock/2.cc compilation failed to produce executable
FAIL: 30_threads/mutex/try_lock/2.cc (test for excess errors)
UNRESOLVED: 30_threads/mutex/try_lock/2.cc compilation failed to produce executable
FAIL: 30_threads/packaged_task/49668.cc (test for excess errors)
UNRESOLVED: 30_threads/packaged_task/49668.cc compilation failed to produce executable
FAIL: 30_threads/packaged_task/60564.cc (test for excess errors)
UNRESOLVED: 30_threads/packaged_task/60564.cc compilation failed to produce executable
FAIL: 30_threads/packaged_task/cons/2.cc (test for excess errors)
UNRESOLVED: 30_threads/packaged_task/cons/2.cc compilation failed to produce executable
FAIL: 30_threads/packaged_task/cons/3.cc (test for excess errors)
UNRESOLVED: 30_threads/packaged_task/cons/3.cc compilation failed to produce executable
FAIL: 30_threads/packaged_task/cons/alloc.cc (test for excess errors)
UNRESOLVED: 30_threads/packaged_task/cons/alloc.cc compilation failed to produce executable
FAIL: 30_threads/packaged_task/cons/move.cc (test for excess errors)
UNRESOLVED: 30_threads/packaged_task/cons/move.cc compilation failed to produce executable
FAIL: 30_threads/packaged_task/cons/move_assign.cc (test for excess errors)
UNRESOLVED: 30_threads/packaged_task/cons/move_assign.cc compilation failed to produce executable
FAIL: 30_threads/packaged_task/forced_unwind.cc (test for excess errors)
UNRESOLVED: 30_threads/packaged_task/forced_unwind.cc compilation failed to produce executable
FAIL: 30_threads/packaged_task/members/get_future.cc (test for excess errors)
UNRESOLVED: 30_threads/packaged_task/members/get_future.cc compilation failed to produce executable
FAIL: 30_threads/packaged_task/members/get_future2.cc (test for excess errors)
UNRESOLVED: 30_threads/packaged_task/members/get_future2.cc compilation failed to produce executable
FAIL: 30_threads/packaged_task/members/invoke.cc (test for excess errors)
UNRESOLVED: 30_threads/packaged_task/members/invoke.cc compilation failed to produce executable
FAIL: 30_threads/packaged_task/members/invoke2.cc (test for excess errors)
UNRESOLVED: 30_threads/packaged_task/members/invoke2.cc compilation failed to produce executable
FAIL: 30_threads/packaged_task/members/invoke3.cc (test for excess errors)
UNRESOLVED: 30_threads/packaged_task/members/invoke3.cc compilation failed to produce executable
FAIL: 30_threads/packaged_task/members/invoke4.cc (test for excess errors)
UNRESOLVED: 30_threads/packaged_task/members/invoke4.cc compilation failed to produce executable
FAIL: 30_threads/packaged_task/members/invoke5.cc (test for excess errors)
UNRESOLVED: 30_threads/packaged_task/members/invoke5.cc compilation failed to produce executable
FAIL: 30_threads/packaged_task/members/reset.cc (test for excess errors)
UNRESOLVED: 30_threads/packaged_task/members/reset.cc compilation failed to produce executable
FAIL: 30_threads/packaged_task/members/reset2.cc (test for excess errors)
UNRESOLVED: 30_threads/packaged_task/members/reset2.cc compilation failed to produce executable
FAIL: 30_threads/packaged_task/members/swap.cc (test for excess errors)
UNRESOLVED: 30_threads/packaged_task/members/swap.cc compilation failed to produce executable
FAIL: 30_threads/packaged_task/members/valid.cc (test for excess errors)
UNRESOLVED: 30_threads/packaged_task/members/valid.cc compilation failed to produce executable
FAIL: 30_threads/promise/60966.cc (test for excess errors)
UNRESOLVED: 30_threads/promise/60966.cc compilation failed to produce executable
FAIL: 30_threads/promise/cons/1.cc (test for excess errors)
UNRESOLVED: 30_threads/promise/cons/1.cc compilation failed to produce executable
FAIL: 30_threads/promise/cons/alloc.cc (test for excess errors)
UNRESOLVED: 30_threads/promise/cons/alloc.cc compilation failed to produce executable
FAIL: 30_threads/promise/cons/move.cc (test for excess errors)
UNRESOLVED: 30_threads/promise/cons/move.cc compilation failed to produce executable
FAIL: 30_threads/promise/cons/move_assign.cc (test for excess errors)
UNRESOLVED: 30_threads/promise/cons/move_assign.cc compilation failed to produce executable
FAIL: 30_threads/promise/members/get_future.cc (test for excess errors)
UNRESOLVED: 30_threads/promise/members/get_future.cc compilation failed to produce executable
FAIL: 30_threads/promise/members/get_future2.cc (test for excess errors)
UNRESOLVED: 30_threads/promise/members/get_future2.cc compilation failed to produce executable
FAIL: 30_threads/promise/members/set_exception.cc (test for excess errors)
UNRESOLVED: 30_threads/promise/members/set_exception.cc compilation failed to produce executable
FAIL: 30_threads/promise/members/set_exception2.cc (test for excess errors)
UNRESOLVED: 30_threads/promise/members/set_exception2.cc compilation failed to produce executable
FAIL: 30_threads/promise/members/set_value.cc (test for excess errors)
UNRESOLVED: 30_threads/promise/members/set_value.cc compilation failed to produce executable
FAIL: 30_threads/promise/members/set_value2.cc (test for excess errors)
UNRESOLVED: 30_threads/promise/members/set_value2.cc compilation failed to produce executable
FAIL: 30_threads/promise/members/set_value3.cc (test for excess errors)
UNRESOLVED: 30_threads/promise/members/set_value3.cc compilation failed to produce executable
FAIL: 30_threads/promise/members/swap.cc (test for excess errors)
UNRESOLVED: 30_threads/promise/members/swap.cc compilation failed to produce executable
FAIL: 30_threads/shared_future/cons/assign.cc (test for excess errors)
UNRESOLVED: 30_threads/shared_future/cons/assign.cc compilation failed to produce executable
FAIL: 30_threads/shared_future/cons/move.cc (test for excess errors)
UNRESOLVED: 30_threads/shared_future/cons/move.cc compilation failed to produce executable
FAIL: 30_threads/shared_future/cons/move_assign.cc (test for excess errors)
UNRESOLVED: 30_threads/shared_future/cons/move_assign.cc compilation failed to produce executable
FAIL: 30_threads/shared_future/members/get.cc (test for excess errors)
UNRESOLVED: 30_threads/shared_future/members/get.cc compilation failed to produce executable
FAIL: 30_threads/shared_future/members/get2.cc (test for excess errors)
UNRESOLVED: 30_threads/shared_future/members/get2.cc compilation failed to produce executable
FAIL: 30_threads/shared_future/members/valid.cc (test for excess errors)
UNRESOLVED: 30_threads/shared_future/members/valid.cc compilation failed to produce executable
FAIL: 30_threads/shared_future/members/wait.cc (test for excess errors)
UNRESOLVED: 30_threads/shared_future/members/wait.cc compilation failed to produce executable
FAIL: 30_threads/shared_future/members/wait_for.cc (test for excess errors)
UNRESOLVED: 30_threads/shared_future/members/wait_for.cc compilation failed to produce executable
FAIL: 30_threads/shared_future/members/wait_until.cc (test for excess errors)
UNRESOLVED: 30_threads/shared_future/members/wait_until.cc compilation failed to produce executable
FAIL: 30_threads/shared_timed_mutex/try_lock/2.cc (test for excess errors)
UNRESOLVED: 30_threads/shared_timed_mutex/try_lock/2.cc compilation failed to produce executable
FAIL: 30_threads/this_thread/3.cc (test for excess errors)
UNRESOLVED: 30_threads/this_thread/3.cc compilation failed to produce executable
FAIL: 30_threads/this_thread/4.cc (test for excess errors)
UNRESOLVED: 30_threads/this_thread/4.cc compilation failed to produce executable
FAIL: 30_threads/thread/cons/2.cc (test for excess errors)
UNRESOLVED: 30_threads/thread/cons/2.cc compilation failed to produce executable
FAIL: 30_threads/thread/cons/3.cc (test for excess errors)
UNRESOLVED: 30_threads/thread/cons/3.cc compilation failed to produce executable
FAIL: 30_threads/thread/cons/4.cc (test for excess errors)
UNRESOLVED: 30_threads/thread/cons/4.cc compilation failed to produce executable
FAIL: 30_threads/thread/cons/49668.cc (test for excess errors)
UNRESOLVED: 30_threads/thread/cons/49668.cc compilation failed to produce executable
FAIL: 30_threads/thread/cons/5.cc (test for excess errors)
UNRESOLVED: 30_threads/thread/cons/5.cc compilation failed to produce executable
FAIL: 30_threads/thread/cons/6.cc (test for excess errors)
UNRESOLVED: 30_threads/thread/cons/6.cc compilation failed to produce executable
FAIL: 30_threads/thread/cons/7.cc (test for excess errors)
UNRESOLVED: 30_threads/thread/cons/7.cc compilation failed to produce executable
FAIL: 30_threads/thread/cons/8.cc (test for excess errors)
UNRESOLVED: 30_threads/thread/cons/8.cc compilation failed to produce executable
FAIL: 30_threads/thread/cons/9.cc (test for excess errors)
UNRESOLVED: 30_threads/thread/cons/9.cc compilation failed to produce executable
FAIL: 30_threads/thread/cons/moveable.cc (test for excess errors)
UNRESOLVED: 30_threads/thread/cons/moveable.cc compilation failed to produce executable
FAIL: 30_threads/thread/members/1.cc (test for excess errors)
UNRESOLVED: 30_threads/thread/members/1.cc compilation failed to produce executable
FAIL: 30_threads/thread/members/2.cc (test for excess errors)
UNRESOLVED: 30_threads/thread/members/2.cc compilation failed to produce executable
FAIL: 30_threads/thread/members/3.cc (test for excess errors)
UNRESOLVED: 30_threads/thread/members/3.cc compilation failed to produce executable
FAIL: 30_threads/thread/native_handle/cancel.cc (test for excess errors)
UNRESOLVED: 30_threads/thread/native_handle/cancel.cc compilation failed to produce executable
FAIL: 30_threads/thread/swap/1.cc (test for excess errors)
UNRESOLVED: 30_threads/thread/swap/1.cc compilation failed to produce executable
FAIL: 30_threads/timed_mutex/try_lock_until/57641.cc (test for excess errors)
UNRESOLVED: 30_threads/timed_mutex/try_lock_until/57641.cc compilation failed to produce executable
FAIL: experimental/any/assign/2.cc (test for excess errors)
UNRESOLVED: experimental/any/assign/2.cc compilation failed to produce executable
FAIL: experimental/any/cons/2.cc (test for excess errors)
UNRESOLVED: experimental/any/cons/2.cc compilation failed to produce executable
FAIL: experimental/any/misc/any_cast.cc (test for excess errors)
UNRESOLVED: experimental/any/misc/any_cast.cc compilation failed to produce executable
FAIL: experimental/any/observers/type.cc (test for excess errors)
UNRESOLVED: experimental/any/observers/type.cc compilation failed to produce executable
FAIL: tr1/2_general_utilities/enable_shared_from_this/not_shared2.cc (test for excess errors)
UNRESOLVED: tr1/2_general_utilities/enable_shared_from_this/not_shared2.cc compilation failed to produce executable
FAIL: tr1/2_general_utilities/enable_shared_from_this/not_shared3.cc (test for excess errors)
UNRESOLVED: tr1/2_general_utilities/enable_shared_from_this/not_shared3.cc compilation failed to produce executable
FAIL: tr1/2_general_utilities/enable_shared_from_this/shared.cc (test for excess errors)
UNRESOLVED: tr1/2_general_utilities/enable_shared_from_this/shared.cc compilation failed to produce executable
FAIL: tr1/2_general_utilities/enable_shared_from_this/still_shared.cc (test for excess errors)
UNRESOLVED: tr1/2_general_utilities/enable_shared_from_this/still_shared.cc compilation failed to produce executable
FAIL: tr1/2_general_utilities/shared_ptr/assign/assign.cc (test for excess errors)
UNRESOLVED: tr1/2_general_utilities/shared_ptr/assign/assign.cc compilation failed to produce executable
FAIL: tr1/2_general_utilities/shared_ptr/assign/auto_ptr.cc (test for excess errors)
UNRESOLVED: tr1/2_general_utilities/shared_ptr/assign/auto_ptr.cc compilation failed to produce executable
FAIL: tr1/2_general_utilities/shared_ptr/assign/shared_ptr.cc (test for excess errors)
UNRESOLVED: tr1/2_general_utilities/shared_ptr/assign/shared_ptr.cc compilation failed to produce executable
FAIL: tr1/2_general_utilities/shared_ptr/comparison/cmp.cc (test for excess errors)
UNRESOLVED: tr1/2_general_utilities/shared_ptr/comparison/cmp.cc compilation failed to produce executable
FAIL: tr1/2_general_utilities/shared_ptr/cons/auto_ptr.cc (test for excess errors)
UNRESOLVED: tr1/2_general_utilities/shared_ptr/cons/auto_ptr.cc compilation failed to produce executable
FAIL: tr1/2_general_utilities/shared_ptr/cons/copy.cc (test for excess errors)
UNRESOLVED: tr1/2_general_utilities/shared_ptr/cons/copy.cc compilation failed to produce executable
FAIL: tr1/2_general_utilities/shared_ptr/cons/pointer.cc (test for excess errors)
UNRESOLVED: tr1/2_general_utilities/shared_ptr/cons/pointer.cc compilation failed to produce executable
FAIL: tr1/2_general_utilities/shared_ptr/cons/weak_ptr.cc (test for excess errors)
UNRESOLVED: tr1/2_general_utilities/shared_ptr/cons/weak_ptr.cc compilation failed to produce executable
FAIL: tr1/2_general_utilities/shared_ptr/cons/weak_ptr_expired.cc (test for excess errors)
UNRESOLVED: tr1/2_general_utilities/shared_ptr/cons/weak_ptr_expired.cc compilation failed to produce executable
FAIL: tr1/2_general_utilities/shared_ptr/dest/dest.cc (test for excess errors)
UNRESOLVED: tr1/2_general_utilities/shared_ptr/dest/dest.cc compilation failed to produce executable
FAIL: tr1/2_general_utilities/shared_ptr/misc/io.cc (test for excess errors)
UNRESOLVED: tr1/2_general_utilities/shared_ptr/misc/io.cc compilation failed to produce executable
FAIL: tr1/2_general_utilities/shared_ptr/misc/swap.cc (test for excess errors)
UNRESOLVED: tr1/2_general_utilities/shared_ptr/misc/swap.cc compilation failed to produce executable
FAIL: tr1/2_general_utilities/shared_ptr/modifiers/reset.cc (test for excess errors)
UNRESOLVED: tr1/2_general_utilities/shared_ptr/modifiers/reset.cc compilation failed to produce executable
FAIL: tr1/2_general_utilities/shared_ptr/modifiers/swap.cc (test for excess errors)
UNRESOLVED: tr1/2_general_utilities/shared_ptr/modifiers/swap.cc compilation failed to produce executable
FAIL: tr1/2_general_utilities/shared_ptr/observers/bool_conv.cc (test for excess errors)
UNRESOLVED: tr1/2_general_utilities/shared_ptr/observers/bool_conv.cc compilation failed to produce executable
FAIL: tr1/2_general_utilities/shared_ptr/observers/get.cc (test for excess errors)
UNRESOLVED: tr1/2_general_utilities/shared_ptr/observers/get.cc compilation failed to produce executable
FAIL: tr1/2_general_utilities/shared_ptr/observers/unique.cc (test for excess errors)
UNRESOLVED: tr1/2_general_utilities/shared_ptr/observers/unique.cc compilation failed to produce executable
FAIL: tr1/2_general_utilities/shared_ptr/observers/use_count.cc (test for excess errors)
UNRESOLVED: tr1/2_general_utilities/shared_ptr/observers/use_count.cc compilation failed to produce executable
FAIL: tr1/2_general_utilities/shared_ptr/thread/default_weaktoshared.cc (test for excess errors)
UNRESOLVED: tr1/2_general_utilities/shared_ptr/thread/default_weaktoshared.cc compilation failed to produce executable
FAIL: tr1/2_general_utilities/shared_ptr/thread/mutex_weaktoshared.cc (test for excess errors)
UNRESOLVED: tr1/2_general_utilities/shared_ptr/thread/mutex_weaktoshared.cc compilation failed to produce executable
FAIL: tr1/3_function_objects/function/1.cc (test for excess errors)
UNRESOLVED: tr1/3_function_objects/function/1.cc compilation failed to produce executable
FAIL: tr1/3_function_objects/function/2.cc (test for excess errors)
UNRESOLVED: tr1/3_function_objects/function/2.cc compilation failed to produce executable
FAIL: tr1/3_function_objects/function/3.cc (test for excess errors)
UNRESOLVED: tr1/3_function_objects/function/3.cc compilation failed to produce executable
FAIL: tr1/3_function_objects/function/4.cc (test for excess errors)
UNRESOLVED: tr1/3_function_objects/function/4.cc compilation failed to produce executable
FAIL: tr1/3_function_objects/function/5.cc (test for excess errors)
UNRESOLVED: tr1/3_function_objects/function/5.cc compilation failed to produce executable
FAIL: tr1/3_function_objects/function/6.cc (test for excess errors)
UNRESOLVED: tr1/3_function_objects/function/6.cc compilation failed to produce executable
FAIL: tr1/3_function_objects/function/7.cc (test for excess errors)
UNRESOLVED: tr1/3_function_objects/function/7.cc compilation failed to produce executable
FAIL: tr1/3_function_objects/function/8.cc (test for excess errors)
UNRESOLVED: tr1/3_function_objects/function/8.cc compilation failed to produce executable
FAIL: tr2/bases/value.cc (test for excess errors)
UNRESOLVED: tr2/bases/value.cc compilation failed to produce executable
FAIL: tr2/direct_bases/value.cc (test for excess errors)
UNRESOLVED: tr2/direct_bases/value.cc compilation failed to produce executable

		=== libstdc++ Summary ===

# of expected passes		8685
# of unexpected failures	218
# of expected failures		69
# of unresolved testcases	216
# of unsupported tests		560
		=== gcc tests ===


Running target unix
FAIL: c-c++-common/asan/global-overflow-1.c  -O2  output pattern test, is =================================================================
FAIL: c-c++-common/asan/global-overflow-1.c  -O3 -fomit-frame-pointer  output pattern test, is =================================================================
FAIL: c-c++-common/asan/global-overflow-1.c  -O3 -g  output pattern test, is =================================================================
FAIL: c-c++-common/asan/global-overflow-1.c  -O2 -flto -fno-use-linker-plugin -flto-partition=none  output pattern test, is =================================================================
FAIL: c-c++-common/asan/global-overflow-1.c  -O2 -flto -fuse-linker-plugin -fno-fat-lto-objects  output pattern test, is =================================================================
FAIL: c-c++-common/asan/heap-overflow-1.c  -O0  output pattern test, is =================================================================
FAIL: c-c++-common/asan/heap-overflow-1.c  -O1  output pattern test, is =================================================================
FAIL: c-c++-common/asan/heap-overflow-1.c  -O2  output pattern test, is =================================================================
FAIL: c-c++-common/asan/heap-overflow-1.c  -O3 -fomit-frame-pointer  output pattern test, is =================================================================
FAIL: c-c++-common/asan/heap-overflow-1.c  -O3 -g  output pattern test, is =================================================================
FAIL: c-c++-common/asan/heap-overflow-1.c  -Os  output pattern test, is =================================================================
FAIL: c-c++-common/asan/heap-overflow-1.c  -O2 -flto -fno-use-linker-plugin -flto-partition=none  output pattern test, is =================================================================
FAIL: c-c++-common/asan/heap-overflow-1.c  -O2 -flto -fuse-linker-plugin -fno-fat-lto-objects  output pattern test, is =================================================================
FAIL: c-c++-common/asan/misalign-1.c  -O0  output pattern test, is =================================================================
FAIL: c-c++-common/asan/misalign-1.c  -O1  output pattern test, is =================================================================
FAIL: c-c++-common/asan/misalign-1.c  -O2  output pattern test, is =================================================================
FAIL: c-c++-common/asan/misalign-1.c  -O3 -fomit-frame-pointer  output pattern test, is =================================================================
FAIL: c-c++-common/asan/misalign-1.c  -O3 -g  output pattern test, is =================================================================
FAIL: c-c++-common/asan/misalign-1.c  -Os  output pattern test, is =================================================================
FAIL: c-c++-common/asan/misalign-1.c  -O2 -flto -fno-use-linker-plugin -flto-partition=none  output pattern test, is =================================================================
FAIL: c-c++-common/asan/misalign-1.c  -O2 -flto -fuse-linker-plugin -fno-fat-lto-objects  output pattern test, is =================================================================
FAIL: c-c++-common/asan/misalign-2.c  -O0  output pattern test, is =================================================================
FAIL: c-c++-common/asan/misalign-2.c  -O1  output pattern test, is =================================================================
FAIL: c-c++-common/asan/misalign-2.c  -O2  output pattern test, is =================================================================
FAIL: c-c++-common/asan/misalign-2.c  -O3 -fomit-frame-pointer  output pattern test, is =================================================================
FAIL: c-c++-common/asan/misalign-2.c  -O3 -g  output pattern test, is =================================================================
FAIL: c-c++-common/asan/misalign-2.c  -Os  output pattern test, is =================================================================
FAIL: c-c++-common/asan/misalign-2.c  -O2 -flto -fno-use-linker-plugin -flto-partition=none  output pattern test, is =================================================================
FAIL: c-c++-common/asan/misalign-2.c  -O2 -flto -fuse-linker-plugin -fno-fat-lto-objects  output pattern test, is =================================================================
FAIL: c-c++-common/asan/null-deref-1.c  -O0  output pattern test, is ASAN:SIGSEGV
FAIL: c-c++-common/asan/null-deref-1.c  -O1  output pattern test, is ASAN:SIGSEGV
FAIL: c-c++-common/asan/null-deref-1.c  -O2  output pattern test, is ASAN:SIGSEGV
FAIL: c-c++-common/asan/null-deref-1.c  -O3 -fomit-frame-pointer  output pattern test, is ASAN:SIGSEGV
FAIL: c-c++-common/asan/null-deref-1.c  -O3 -g  output pattern test, is ASAN:SIGSEGV
FAIL: c-c++-common/asan/null-deref-1.c  -Os  output pattern test, is ASAN:SIGSEGV
FAIL: c-c++-common/asan/null-deref-1.c  -O2 -flto -fno-use-linker-plugin -flto-partition=none  output pattern test, is ASAN:SIGSEGV
FAIL: c-c++-common/asan/null-deref-1.c  -O2 -flto -fuse-linker-plugin -fno-fat-lto-objects  output pattern test, is ASAN:SIGSEGV
FAIL: c-c++-common/asan/sanity-check-pure-c-1.c  -O0  output pattern test, is =================================================================
FAIL: c-c++-common/asan/sanity-check-pure-c-1.c  -O1  output pattern test, is =================================================================
FAIL: c-c++-common/asan/sanity-check-pure-c-1.c  -O2  output pattern test, is =================================================================
FAIL: c-c++-common/asan/sanity-check-pure-c-1.c  -O3 -fomit-frame-pointer  output pattern test, is =================================================================
FAIL: c-c++-common/asan/sanity-check-pure-c-1.c  -O3 -g  output pattern test, is =================================================================
FAIL: c-c++-common/asan/sanity-check-pure-c-1.c  -Os  output pattern test, is =================================================================
FAIL: c-c++-common/asan/sanity-check-pure-c-1.c  -O2 -flto -fno-use-linker-plugin -flto-partition=none  output pattern test, is =================================================================
FAIL: c-c++-common/asan/sanity-check-pure-c-1.c  -O2 -flto -fuse-linker-plugin -fno-fat-lto-objects  output pattern test, is =================================================================
FAIL: c-c++-common/asan/stack-overflow-1.c  -O2  output pattern test, is =================================================================
FAIL: c-c++-common/asan/stack-overflow-1.c  -O3 -fomit-frame-pointer  output pattern test, is =================================================================
FAIL: c-c++-common/asan/stack-overflow-1.c  -O3 -g  output pattern test, is =================================================================
FAIL: c-c++-common/asan/stack-overflow-1.c  -Os  output pattern test, is =================================================================
FAIL: c-c++-common/asan/stack-overflow-1.c  -O2 -flto -fno-use-linker-plugin -flto-partition=none  output pattern test, is =================================================================
FAIL: c-c++-common/asan/stack-overflow-1.c  -O2 -flto -fuse-linker-plugin -fno-fat-lto-objects  output pattern test, is =================================================================
FAIL: c-c++-common/asan/strncpy-overflow-1.c  -O0  output pattern test, is =================================================================
FAIL: c-c++-common/asan/strncpy-overflow-1.c  -O1  output pattern test, is =================================================================
FAIL: c-c++-common/asan/strncpy-overflow-1.c  -O2  output pattern test, is =================================================================
FAIL: c-c++-common/asan/strncpy-overflow-1.c  -O3 -fomit-frame-pointer  output pattern test, is =================================================================
FAIL: c-c++-common/asan/strncpy-overflow-1.c  -O3 -g  output pattern test, is =================================================================
FAIL: c-c++-common/asan/strncpy-overflow-1.c  -Os  output pattern test, is =================================================================
FAIL: c-c++-common/asan/strncpy-overflow-1.c  -O2 -flto -fno-use-linker-plugin -flto-partition=none  output pattern test, is =================================================================
FAIL: c-c++-common/asan/strncpy-overflow-1.c  -O2 -flto -fuse-linker-plugin -fno-fat-lto-objects  output pattern test, is =================================================================
FAIL: c-c++-common/asan/use-after-free-1.c  -O0  output pattern test, is =================================================================
FAIL: c-c++-common/asan/use-after-free-1.c  -O1  output pattern test, is =================================================================
FAIL: c-c++-common/asan/use-after-free-1.c  -O2  output pattern test, is =================================================================
FAIL: c-c++-common/asan/use-after-free-1.c  -O3 -fomit-frame-pointer  output pattern test, is =================================================================
FAIL: c-c++-common/asan/use-after-free-1.c  -O3 -g  output pattern test, is =================================================================
FAIL: c-c++-common/asan/use-after-free-1.c  -Os  output pattern test, is =================================================================
FAIL: c-c++-common/asan/use-after-free-1.c  -O2 -flto -fno-use-linker-plugin -flto-partition=none  output pattern test, is =================================================================
FAIL: c-c++-common/asan/use-after-free-1.c  -O2 -flto -fuse-linker-plugin -fno-fat-lto-objects  output pattern test, is =================================================================
WARNING: program timed out.
FAIL: gcc.dg/atomic/c11-atomic-exec-5.c  -O3 -fomit-frame-pointer  execution test
WARNING: program timed out.
FAIL: gcc.dg/atomic/c11-atomic-exec-5.c  -Os  execution test
FAIL: gcc.dg/noncompile/920507-1.c  -O1  (internal compiler error)
FAIL: gcc.dg/noncompile/920507-1.c  -O1  (test for excess errors)
FAIL: gcc.dg/noncompile/920507-1.c  -O2  (internal compiler error)
FAIL: gcc.dg/noncompile/920507-1.c  -O2  (test for excess errors)
FAIL: gcc.dg/noncompile/920507-1.c  -O3 -fomit-frame-pointer  (internal compiler error)
FAIL: gcc.dg/noncompile/920507-1.c  -O3 -fomit-frame-pointer  (test for excess errors)
FAIL: gcc.dg/noncompile/920507-1.c  -O3 -g  (internal compiler error)
FAIL: gcc.dg/noncompile/920507-1.c  -O3 -g  (test for excess errors)
FAIL: gcc.dg/noncompile/920507-1.c  -Os  (internal compiler error)
FAIL: gcc.dg/noncompile/920507-1.c  -Os  (test for excess errors)
FAIL: gcc.dg/noncompile/920507-1.c  -O2 -flto -fno-use-linker-plugin -flto-partition=none  (internal compiler error)
FAIL: gcc.dg/noncompile/920507-1.c  -O2 -flto -fno-use-linker-plugin -flto-partition=none  (test for excess errors)
FAIL: gcc.dg/noncompile/920507-1.c  -O2 -flto -fuse-linker-plugin -fno-fat-lto-objects  (internal compiler error)
FAIL: gcc.dg/noncompile/920507-1.c  -O2 -flto -fuse-linker-plugin -fno-fat-lto-objects  (test for excess errors)
FAIL: gcc.dg/tree-ssa/sra-12.c scan-tree-dump-times release_ssa "l;" 0
FAIL: gcc.target/arm/pr42575.c scan-assembler-not mov
FAIL: gcc.target/arm/neon/vbicQs16.c scan-assembler vbic[ \\t]+[qQ][0-9]+, [qQ][0-9]+, [qQ][0-9]+!?([ \\t]+@[a-zA-Z0-9 ]+)?\\n
FAIL: gcc.target/arm/neon/vbicQs32.c scan-assembler vbic[ \\t]+[qQ][0-9]+, [qQ][0-9]+, [qQ][0-9]+!?([ \\t]+@[a-zA-Z0-9 ]+)?\\n
FAIL: gcc.target/arm/neon/vbicQs64.c scan-assembler vbic[ \\t]+[qQ][0-9]+, [qQ][0-9]+, [qQ][0-9]+!?([ \\t]+@[a-zA-Z0-9 ]+)?\\n
FAIL: gcc.target/arm/neon/vbicQs8.c scan-assembler vbic[ \\t]+[qQ][0-9]+, [qQ][0-9]+, [qQ][0-9]+!?([ \\t]+@[a-zA-Z0-9 ]+)?\\n
FAIL: gcc.target/arm/neon/vbicQu16.c scan-assembler vbic[ \\t]+[qQ][0-9]+, [qQ][0-9]+, [qQ][0-9]+!?([ \\t]+@[a-zA-Z0-9 ]+)?\\n
FAIL: gcc.target/arm/neon/vbicQu32.c scan-assembler vbic[ \\t]+[qQ][0-9]+, [qQ][0-9]+, [qQ][0-9]+!?([ \\t]+@[a-zA-Z0-9 ]+)?\\n
FAIL: gcc.target/arm/neon/vbicQu64.c scan-assembler vbic[ \\t]+[qQ][0-9]+, [qQ][0-9]+, [qQ][0-9]+!?([ \\t]+@[a-zA-Z0-9 ]+)?\\n
FAIL: gcc.target/arm/neon/vbicQu8.c scan-assembler vbic[ \\t]+[qQ][0-9]+, [qQ][0-9]+, [qQ][0-9]+!?([ \\t]+@[a-zA-Z0-9 ]+)?\\n
FAIL: gcc.target/arm/neon/vbics16.c scan-assembler vbic[ \\t]+[dD][0-9]+, [dD][0-9]+, [dD][0-9]+!?([ \\t]+@[a-zA-Z0-9 ]+)?\\n
FAIL: gcc.target/arm/neon/vbics32.c scan-assembler vbic[ \\t]+[dD][0-9]+, [dD][0-9]+, [dD][0-9]+!?([ \\t]+@[a-zA-Z0-9 ]+)?\\n
FAIL: gcc.target/arm/neon/vbics8.c scan-assembler vbic[ \\t]+[dD][0-9]+, [dD][0-9]+, [dD][0-9]+!?([ \\t]+@[a-zA-Z0-9 ]+)?\\n
FAIL: gcc.target/arm/neon/vbicu16.c scan-assembler vbic[ \\t]+[dD][0-9]+, [dD][0-9]+, [dD][0-9]+!?([ \\t]+@[a-zA-Z0-9 ]+)?\\n
FAIL: gcc.target/arm/neon/vbicu32.c scan-assembler vbic[ \\t]+[dD][0-9]+, [dD][0-9]+, [dD][0-9]+!?([ \\t]+@[a-zA-Z0-9 ]+)?\\n
FAIL: gcc.target/arm/neon/vbicu8.c scan-assembler vbic[ \\t]+[dD][0-9]+, [dD][0-9]+, [dD][0-9]+!?([ \\t]+@[a-zA-Z0-9 ]+)?\\n
FAIL: gcc.target/arm/neon/vornQs16.c scan-assembler vorn[ \\t]+[qQ][0-9]+, [qQ][0-9]+, [qQ][0-9]+!?([ \\t]+@[a-zA-Z0-9 ]+)?\\n
FAIL: gcc.target/arm/neon/vornQs32.c scan-assembler vorn[ \\t]+[qQ][0-9]+, [qQ][0-9]+, [qQ][0-9]+!?([ \\t]+@[a-zA-Z0-9 ]+)?\\n
FAIL: gcc.target/arm/neon/vornQs64.c scan-assembler vorn[ \\t]+[qQ][0-9]+, [qQ][0-9]+, [qQ][0-9]+!?([ \\t]+@[a-zA-Z0-9 ]+)?\\n
FAIL: gcc.target/arm/neon/vornQs8.c scan-assembler vorn[ \\t]+[qQ][0-9]+, [qQ][0-9]+, [qQ][0-9]+!?([ \\t]+@[a-zA-Z0-9 ]+)?\\n
FAIL: gcc.target/arm/neon/vornQu16.c scan-assembler vorn[ \\t]+[qQ][0-9]+, [qQ][0-9]+, [qQ][0-9]+!?([ \\t]+@[a-zA-Z0-9 ]+)?\\n
FAIL: gcc.target/arm/neon/vornQu32.c scan-assembler vorn[ \\t]+[qQ][0-9]+, [qQ][0-9]+, [qQ][0-9]+!?([ \\t]+@[a-zA-Z0-9 ]+)?\\n
FAIL: gcc.target/arm/neon/vornQu64.c scan-assembler vorn[ \\t]+[qQ][0-9]+, [qQ][0-9]+, [qQ][0-9]+!?([ \\t]+@[a-zA-Z0-9 ]+)?\\n
FAIL: gcc.target/arm/neon/vornQu8.c scan-assembler vorn[ \\t]+[qQ][0-9]+, [qQ][0-9]+, [qQ][0-9]+!?([ \\t]+@[a-zA-Z0-9 ]+)?\\n
FAIL: gcc.target/arm/neon/vorns16.c scan-assembler vorn[ \\t]+[dD][0-9]+, [dD][0-9]+, [dD][0-9]+!?([ \\t]+@[a-zA-Z0-9 ]+)?\\n
FAIL: gcc.target/arm/neon/vorns32.c scan-assembler vorn[ \\t]+[dD][0-9]+, [dD][0-9]+, [dD][0-9]+!?([ \\t]+@[a-zA-Z0-9 ]+)?\\n
FAIL: gcc.target/arm/neon/vorns8.c scan-assembler vorn[ \\t]+[dD][0-9]+, [dD][0-9]+, [dD][0-9]+!?([ \\t]+@[a-zA-Z0-9 ]+)?\\n
FAIL: gcc.target/arm/neon/vornu16.c scan-assembler vorn[ \\t]+[dD][0-9]+, [dD][0-9]+, [dD][0-9]+!?([ \\t]+@[a-zA-Z0-9 ]+)?\\n
FAIL: gcc.target/arm/neon/vornu32.c scan-assembler vorn[ \\t]+[dD][0-9]+, [dD][0-9]+, [dD][0-9]+!?([ \\t]+@[a-zA-Z0-9 ]+)?\\n
FAIL: gcc.target/arm/neon/vornu8.c scan-assembler vorn[ \\t]+[dD][0-9]+, [dD][0-9]+, [dD][0-9]+!?([ \\t]+@[a-zA-Z0-9 ]+)?\\n

		=== gcc Summary ===

# of expected passes		98640
# of unexpected failures	113
# of expected failures		249
# of unsupported tests		1589
/opt/gcc-build/gcc/xgcc  version 4.10.0 20140618 (experimental) (GCC) 

		=== g++ tests ===


Running target unix
FAIL: c-c++-common/asan/global-overflow-1.c  -O2  output pattern test, is =================================================================
FAIL: c-c++-common/asan/global-overflow-1.c  -O3 -fomit-frame-pointer  output pattern test, is =================================================================
FAIL: c-c++-common/asan/global-overflow-1.c  -O3 -g  output pattern test, is =================================================================
FAIL: c-c++-common/asan/global-overflow-1.c  -O2 -flto -fno-use-linker-plugin -flto-partition=none  output pattern test, is =================================================================
FAIL: c-c++-common/asan/global-overflow-1.c  -O2 -flto -fuse-linker-plugin -fno-fat-lto-objects  output pattern test, is =================================================================
FAIL: c-c++-common/asan/heap-overflow-1.c  -O0  output pattern test, is =================================================================
FAIL: c-c++-common/asan/heap-overflow-1.c  -O1  output pattern test, is =================================================================
FAIL: c-c++-common/asan/heap-overflow-1.c  -O2  output pattern test, is =================================================================
FAIL: c-c++-common/asan/heap-overflow-1.c  -O3 -fomit-frame-pointer  output pattern test, is =================================================================
FAIL: c-c++-common/asan/heap-overflow-1.c  -O3 -g  output pattern test, is =================================================================
FAIL: c-c++-common/asan/heap-overflow-1.c  -Os  output pattern test, is =================================================================
FAIL: c-c++-common/asan/heap-overflow-1.c  -O2 -flto -fno-use-linker-plugin -flto-partition=none  output pattern test, is =================================================================
FAIL: c-c++-common/asan/heap-overflow-1.c  -O2 -flto -fuse-linker-plugin -fno-fat-lto-objects  output pattern test, is =================================================================
FAIL: c-c++-common/asan/misalign-1.c  -O0  output pattern test, is =================================================================
FAIL: c-c++-common/asan/misalign-1.c  -O1  output pattern test, is =================================================================
FAIL: c-c++-common/asan/misalign-1.c  -O2  output pattern test, is =================================================================
FAIL: c-c++-common/asan/misalign-1.c  -O3 -fomit-frame-pointer  output pattern test, is =================================================================
FAIL: c-c++-common/asan/misalign-1.c  -O3 -g  output pattern test, is =================================================================
FAIL: c-c++-common/asan/misalign-1.c  -Os  output pattern test, is =================================================================
FAIL: c-c++-common/asan/misalign-1.c  -O2 -flto -fno-use-linker-plugin -flto-partition=none  output pattern test, is =================================================================
FAIL: c-c++-common/asan/misalign-1.c  -O2 -flto -fuse-linker-plugin -fno-fat-lto-objects  output pattern test, is =================================================================
FAIL: c-c++-common/asan/misalign-2.c  -O0  output pattern test, is =================================================================
FAIL: c-c++-common/asan/misalign-2.c  -O1  output pattern test, is =================================================================
FAIL: c-c++-common/asan/misalign-2.c  -O2  output pattern test, is =================================================================
FAIL: c-c++-common/asan/misalign-2.c  -O3 -fomit-frame-pointer  output pattern test, is =================================================================
FAIL: c-c++-common/asan/misalign-2.c  -O3 -g  output pattern test, is =================================================================
FAIL: c-c++-common/asan/misalign-2.c  -Os  output pattern test, is =================================================================
FAIL: c-c++-common/asan/misalign-2.c  -O2 -flto -fno-use-linker-plugin -flto-partition=none  output pattern test, is =================================================================
FAIL: c-c++-common/asan/misalign-2.c  -O2 -flto -fuse-linker-plugin -fno-fat-lto-objects  output pattern test, is =================================================================
FAIL: c-c++-common/asan/null-deref-1.c  -O0  output pattern test, is ASAN:SIGSEGV
FAIL: c-c++-common/asan/null-deref-1.c  -O1  output pattern test, is ASAN:SIGSEGV
FAIL: c-c++-common/asan/null-deref-1.c  -O2  output pattern test, is ASAN:SIGSEGV
FAIL: c-c++-common/asan/null-deref-1.c  -O3 -fomit-frame-pointer  output pattern test, is ASAN:SIGSEGV
FAIL: c-c++-common/asan/null-deref-1.c  -O3 -g  output pattern test, is ASAN:SIGSEGV
FAIL: c-c++-common/asan/null-deref-1.c  -Os  output pattern test, is ASAN:SIGSEGV
FAIL: c-c++-common/asan/null-deref-1.c  -O2 -flto -fno-use-linker-plugin -flto-partition=none  output pattern test, is ASAN:SIGSEGV
FAIL: c-c++-common/asan/null-deref-1.c  -O2 -flto -fuse-linker-plugin -fno-fat-lto-objects  output pattern test, is ASAN:SIGSEGV
FAIL: c-c++-common/asan/sanity-check-pure-c-1.c  -O0  output pattern test, is =================================================================
FAIL: c-c++-common/asan/sanity-check-pure-c-1.c  -O1  output pattern test, is =================================================================
FAIL: c-c++-common/asan/sanity-check-pure-c-1.c  -O2  output pattern test, is =================================================================
FAIL: c-c++-common/asan/sanity-check-pure-c-1.c  -O3 -fomit-frame-pointer  output pattern test, is =================================================================
FAIL: c-c++-common/asan/sanity-check-pure-c-1.c  -O3 -g  output pattern test, is =================================================================
FAIL: c-c++-common/asan/sanity-check-pure-c-1.c  -Os  output pattern test, is =================================================================
FAIL: c-c++-common/asan/sanity-check-pure-c-1.c  -O2 -flto -fno-use-linker-plugin -flto-partition=none  output pattern test, is =================================================================
FAIL: c-c++-common/asan/sanity-check-pure-c-1.c  -O2 -flto -fuse-linker-plugin -fno-fat-lto-objects  output pattern test, is =================================================================
FAIL: c-c++-common/asan/stack-overflow-1.c  -O2  output pattern test, is =================================================================
FAIL: c-c++-common/asan/stack-overflow-1.c  -O3 -fomit-frame-pointer  output pattern test, is =================================================================
FAIL: c-c++-common/asan/stack-overflow-1.c  -O3 -g  output pattern test, is =================================================================
FAIL: c-c++-common/asan/stack-overflow-1.c  -Os  output pattern test, is =================================================================
FAIL: c-c++-common/asan/stack-overflow-1.c  -O2 -flto -fno-use-linker-plugin -flto-partition=none  output pattern test, is =================================================================
FAIL: c-c++-common/asan/stack-overflow-1.c  -O2 -flto -fuse-linker-plugin -fno-fat-lto-objects  output pattern test, is =================================================================
FAIL: c-c++-common/asan/strncpy-overflow-1.c  -O0  output pattern test, is =================================================================
FAIL: c-c++-common/asan/strncpy-overflow-1.c  -O1  output pattern test, is =================================================================
FAIL: c-c++-common/asan/strncpy-overflow-1.c  -O2  output pattern test, is =================================================================
FAIL: c-c++-common/asan/strncpy-overflow-1.c  -O3 -fomit-frame-pointer  output pattern test, is =================================================================
FAIL: c-c++-common/asan/strncpy-overflow-1.c  -O3 -g  output pattern test, is =================================================================
FAIL: c-c++-common/asan/strncpy-overflow-1.c  -Os  output pattern test, is =================================================================
FAIL: c-c++-common/asan/strncpy-overflow-1.c  -O2 -flto -fno-use-linker-plugin -flto-partition=none  output pattern test, is =================================================================
FAIL: c-c++-common/asan/strncpy-overflow-1.c  -O2 -flto -fuse-linker-plugin -fno-fat-lto-objects  output pattern test, is =================================================================
FAIL: c-c++-common/asan/use-after-free-1.c  -O0  output pattern test, is =================================================================
FAIL: c-c++-common/asan/use-after-free-1.c  -O1  output pattern test, is =================================================================
FAIL: c-c++-common/asan/use-after-free-1.c  -O2  output pattern test, is =================================================================
FAIL: c-c++-common/asan/use-after-free-1.c  -O3 -fomit-frame-pointer  output pattern test, is =================================================================
FAIL: c-c++-common/asan/use-after-free-1.c  -O3 -g  output pattern test, is =================================================================
FAIL: c-c++-common/asan/use-after-free-1.c  -Os  output pattern test, is =================================================================
FAIL: c-c++-common/asan/use-after-free-1.c  -O2 -flto -fno-use-linker-plugin -flto-partition=none  output pattern test, is =================================================================
FAIL: c-c++-common/asan/use-after-free-1.c  -O2 -flto -fuse-linker-plugin -fno-fat-lto-objects  output pattern test, is =================================================================
FAIL: g++.dg/asan/deep-stack-uaf-1.C  -O0  output pattern test, is =================================================================
FAIL: g++.dg/asan/deep-stack-uaf-1.C  -O1  output pattern test, is =================================================================
FAIL: g++.dg/asan/deep-stack-uaf-1.C  -O2  output pattern test, is =================================================================
FAIL: g++.dg/asan/deep-stack-uaf-1.C  -O3 -fomit-frame-pointer  output pattern test, is =================================================================
FAIL: g++.dg/asan/deep-stack-uaf-1.C  -O3 -g  output pattern test, is =================================================================
FAIL: g++.dg/asan/deep-stack-uaf-1.C  -Os  output pattern test, is =================================================================
FAIL: g++.dg/asan/deep-tail-call-1.C  -O2  output pattern test, is =================================================================
FAIL: g++.dg/asan/deep-tail-call-1.C  -O3 -fomit-frame-pointer  output pattern test, is =================================================================
FAIL: g++.dg/asan/deep-tail-call-1.C  -O3 -g  output pattern test, is =================================================================
FAIL: g++.dg/asan/deep-tail-call-1.C  -O2 -flto -fno-use-linker-plugin -flto-partition=none  output pattern test, is =================================================================
FAIL: g++.dg/asan/deep-tail-call-1.C  -O2 -flto -fuse-linker-plugin -fno-fat-lto-objects  output pattern test, is =================================================================
FAIL: g++.dg/asan/large-func-test-1.C  -O0  output pattern test, is =================================================================
FAIL: g++.dg/asan/large-func-test-1.C  -O1  output pattern test, is =================================================================
FAIL: g++.dg/asan/large-func-test-1.C  -O2  output pattern test, is =================================================================
FAIL: g++.dg/asan/large-func-test-1.C  -O3 -fomit-frame-pointer  output pattern test, is =================================================================
FAIL: g++.dg/asan/large-func-test-1.C  -O3 -g  output pattern test, is =================================================================
FAIL: g++.dg/asan/large-func-test-1.C  -Os  output pattern test, is =================================================================
FAIL: g++.dg/asan/large-func-test-1.C  -O2 -flto -fno-use-linker-plugin -flto-partition=none  output pattern test, is =================================================================
FAIL: g++.dg/asan/large-func-test-1.C  -O2 -flto -fuse-linker-plugin -fno-fat-lto-objects  output pattern test, is =================================================================
FAIL: g++.dg/abi/local1.C -std=c++98 (test for excess errors)
UNRESOLVED: g++.dg/abi/local1.C -std=c++98 compilation failed to produce executable
FAIL: g++.dg/abi/local1.C -std=c++11 (test for excess errors)
UNRESOLVED: g++.dg/abi/local1.C -std=c++11 compilation failed to produce executable
FAIL: g++.dg/abi/local1.C -std=c++1y (test for excess errors)
UNRESOLVED: g++.dg/abi/local1.C -std=c++1y compilation failed to produce executable
FAIL: g++.dg/cpp0x/auto10.C -std=c++11 (test for excess errors)
UNRESOLVED: g++.dg/cpp0x/auto10.C -std=c++11 compilation failed to produce executable
FAIL: g++.dg/cpp0x/auto10.C -std=c++1y (test for excess errors)
UNRESOLVED: g++.dg/cpp0x/auto10.C -std=c++1y compilation failed to produce executable
FAIL: g++.dg/cpp0x/auto2.C -std=c++11 (test for excess errors)
UNRESOLVED: g++.dg/cpp0x/auto2.C -std=c++11 compilation failed to produce executable
FAIL: g++.dg/cpp0x/auto2.C -std=c++1y (test for excess errors)
UNRESOLVED: g++.dg/cpp0x/auto2.C -std=c++1y compilation failed to produce executable
FAIL: g++.dg/cpp0x/auto4.C -std=c++11 (test for excess errors)
UNRESOLVED: g++.dg/cpp0x/auto4.C -std=c++11 compilation failed to produce executable
FAIL: g++.dg/cpp0x/auto4.C -std=c++1y (test for excess errors)
UNRESOLVED: g++.dg/cpp0x/auto4.C -std=c++1y compilation failed to produce executable
FAIL: g++.dg/cpp0x/nullptr13.C -std=c++11 (test for excess errors)
UNRESOLVED: g++.dg/cpp0x/nullptr13.C -std=c++11 compilation failed to produce executable
FAIL: g++.dg/cpp0x/nullptr13.C -std=c++1y (test for excess errors)
UNRESOLVED: g++.dg/cpp0x/nullptr13.C -std=c++1y compilation failed to produce executable
FAIL: g++.dg/ext/attr-alias-1.C -std=c++98 (test for excess errors)
UNRESOLVED: g++.dg/ext/attr-alias-1.C -std=c++98 compilation failed to produce executable
FAIL: g++.dg/ext/attr-alias-1.C -std=c++11 (test for excess errors)
UNRESOLVED: g++.dg/ext/attr-alias-1.C -std=c++11 compilation failed to produce executable
FAIL: g++.dg/ext/attr-alias-1.C -std=c++1y (test for excess errors)
UNRESOLVED: g++.dg/ext/attr-alias-1.C -std=c++1y compilation failed to produce executable
FAIL: g++.dg/ext/attr-alias-2.C -std=c++98 (test for excess errors)
UNRESOLVED: g++.dg/ext/attr-alias-2.C -std=c++98 compilation failed to produce executable
FAIL: g++.dg/ext/attr-alias-2.C -std=c++11 (test for excess errors)
UNRESOLVED: g++.dg/ext/attr-alias-2.C -std=c++11 compilation failed to produce executable
FAIL: g++.dg/ext/attr-alias-2.C -std=c++1y (test for excess errors)
UNRESOLVED: g++.dg/ext/attr-alias-2.C -std=c++1y compilation failed to produce executable
FAIL: g++.dg/ipa/devirt-5.C -std=gnu++98  scan-ipa-dump cp "Discovered a virtual call to a known target.*B::foo"
FAIL: g++.dg/ipa/devirt-5.C -std=gnu++98  scan-tree-dump-times optimized "OBJ_TYPE_REF" 0
FAIL: g++.dg/ipa/devirt-5.C -std=gnu++11  scan-ipa-dump cp "Discovered a virtual call to a known target.*B::foo"
FAIL: g++.dg/ipa/devirt-5.C -std=gnu++11  scan-tree-dump-times optimized "OBJ_TYPE_REF" 0
FAIL: g++.dg/ipa/devirt-5.C -std=gnu++1y  scan-ipa-dump cp "Discovered a virtual call to a known target.*B::foo"
FAIL: g++.dg/ipa/devirt-5.C -std=gnu++1y  scan-tree-dump-times optimized "OBJ_TYPE_REF" 0
FAIL: g++.dg/ipa/ivinline-7.C -std=gnu++98  scan-ipa-dump inline "Discovered a virtual call to a known target.*B::.*foo"
FAIL: g++.dg/ipa/ivinline-7.C -std=gnu++11  scan-ipa-dump inline "Discovered a virtual call to a known target.*B::.*foo"
FAIL: g++.dg/ipa/ivinline-7.C -std=gnu++1y  scan-ipa-dump inline "Discovered a virtual call to a known target.*B::.*foo"
FAIL: g++.dg/ipa/ivinline-9.C -std=gnu++98  scan-ipa-dump inline "Discovered a virtual call to a known target.*B::.*foo"
FAIL: g++.dg/ipa/ivinline-9.C -std=gnu++11  scan-ipa-dump inline "Discovered a virtual call to a known target.*B::.*foo"
FAIL: g++.dg/ipa/ivinline-9.C -std=gnu++1y  scan-ipa-dump inline "Discovered a virtual call to a known target.*B::.*foo"
FAIL: g++.dg/opt/rtti1.C -std=gnu++98 (test for excess errors)
UNRESOLVED: g++.dg/opt/rtti1.C -std=gnu++98 compilation failed to produce executable
FAIL: g++.dg/opt/rtti1.C -std=gnu++11 (test for excess errors)
UNRESOLVED: g++.dg/opt/rtti1.C -std=gnu++11 compilation failed to produce executable
FAIL: g++.dg/opt/rtti1.C -std=gnu++1y (test for excess errors)
UNRESOLVED: g++.dg/opt/rtti1.C -std=gnu++1y compilation failed to produce executable
FAIL: g++.dg/opt/typeinfo1.C -std=gnu++98 (test for excess errors)
UNRESOLVED: g++.dg/opt/typeinfo1.C -std=gnu++98 compilation failed to produce executable
FAIL: g++.dg/opt/typeinfo1.C -std=gnu++11 (test for excess errors)
UNRESOLVED: g++.dg/opt/typeinfo1.C -std=gnu++11 compilation failed to produce executable
FAIL: g++.dg/opt/typeinfo1.C -std=gnu++1y (test for excess errors)
UNRESOLVED: g++.dg/opt/typeinfo1.C -std=gnu++1y compilation failed to produce executable
FAIL: g++.dg/lto/pr42987 cp_lto_pr42987_0.o-cp_lto_pr42987_1.o link,  -flto -g 
UNRESOLVED: g++.dg/lto/pr42987 cp_lto_pr42987_0.o-cp_lto_pr42987_1.o execute  -flto -g 
FAIL: g++.dg/lto/pr42987 cp_lto_pr42987_0.o-cp_lto_pr42987_1.o link,  -flto -flto-partition=none -g 
UNRESOLVED: g++.dg/lto/pr42987 cp_lto_pr42987_0.o-cp_lto_pr42987_1.o execute  -flto -flto-partition=none -g 
FAIL: g++.old-deja/g++.benjamin/typeid01.C -std=c++98 (test for excess errors)
UNRESOLVED: g++.old-deja/g++.benjamin/typeid01.C -std=c++98 compilation failed to produce executable
FAIL: g++.old-deja/g++.benjamin/typeid01.C -std=c++11 (test for excess errors)
UNRESOLVED: g++.old-deja/g++.benjamin/typeid01.C -std=c++11 compilation failed to produce executable
FAIL: g++.old-deja/g++.benjamin/typeid01.C -std=c++1y (test for excess errors)
UNRESOLVED: g++.old-deja/g++.benjamin/typeid01.C -std=c++1y compilation failed to produce executable
FAIL: g++.old-deja/g++.mike/thunk2.C -std=c++98 (test for excess errors)
UNRESOLVED: g++.old-deja/g++.mike/thunk2.C -std=c++98 compilation failed to produce executable
FAIL: g++.old-deja/g++.mike/thunk2.C -std=c++11 (test for excess errors)
UNRESOLVED: g++.old-deja/g++.mike/thunk2.C -std=c++11 compilation failed to produce executable
FAIL: g++.old-deja/g++.mike/thunk2.C -std=c++1y (test for excess errors)
UNRESOLVED: g++.old-deja/g++.mike/thunk2.C -std=c++1y compilation failed to produce executable
FAIL: g++.old-deja/g++.other/rtti1.C -std=gnu++98 (test for excess errors)
UNRESOLVED: g++.old-deja/g++.other/rtti1.C -std=gnu++98 compilation failed to produce executable
FAIL: g++.old-deja/g++.other/rtti1.C -std=gnu++11 (test for excess errors)
UNRESOLVED: g++.old-deja/g++.other/rtti1.C -std=gnu++11 compilation failed to produce executable
FAIL: g++.old-deja/g++.other/rtti1.C -std=gnu++1y (test for excess errors)
UNRESOLVED: g++.old-deja/g++.other/rtti1.C -std=gnu++1y compilation failed to produce executable
FAIL: g++.old-deja/g++.other/rtti2.C -std=gnu++98 (test for excess errors)
UNRESOLVED: g++.old-deja/g++.other/rtti2.C -std=gnu++98 compilation failed to produce executable
FAIL: g++.old-deja/g++.other/rtti2.C -std=gnu++11 (test for excess errors)
UNRESOLVED: g++.old-deja/g++.other/rtti2.C -std=gnu++11 compilation failed to produce executable
FAIL: g++.old-deja/g++.other/rtti2.C -std=gnu++1y (test for excess errors)
UNRESOLVED: g++.old-deja/g++.other/rtti2.C -std=gnu++1y compilation failed to produce executable
FAIL: g++.old-deja/g++.other/rtti3.C -std=gnu++98 (test for excess errors)
UNRESOLVED: g++.old-deja/g++.other/rtti3.C -std=gnu++98 compilation failed to produce executable
FAIL: g++.old-deja/g++.other/rtti3.C -std=gnu++11 (test for excess errors)
UNRESOLVED: g++.old-deja/g++.other/rtti3.C -std=gnu++11 compilation failed to produce executable
FAIL: g++.old-deja/g++.other/rtti3.C -std=gnu++1y (test for excess errors)
UNRESOLVED: g++.old-deja/g++.other/rtti3.C -std=gnu++1y compilation failed to produce executable
FAIL: g++.old-deja/g++.other/rtti4.C -std=gnu++98 (test for excess errors)
UNRESOLVED: g++.old-deja/g++.other/rtti4.C -std=gnu++98 compilation failed to produce executable
FAIL: g++.old-deja/g++.other/rtti4.C -std=gnu++11 (test for excess errors)
UNRESOLVED: g++.old-deja/g++.other/rtti4.C -std=gnu++11 compilation failed to produce executable
FAIL: g++.old-deja/g++.other/rtti4.C -std=gnu++1y (test for excess errors)
UNRESOLVED: g++.old-deja/g++.other/rtti4.C -std=gnu++1y compilation failed to produce executable
FAIL: g++.old-deja/g++.pt/memclass4.C -std=c++98 (test for excess errors)
UNRESOLVED: g++.old-deja/g++.pt/memclass4.C -std=c++98 compilation failed to produce executable
FAIL: g++.old-deja/g++.pt/memclass4.C -std=c++11 (test for excess errors)
UNRESOLVED: g++.old-deja/g++.pt/memclass4.C -std=c++11 compilation failed to produce executable
FAIL: g++.old-deja/g++.pt/memclass4.C -std=c++1y (test for excess errors)
UNRESOLVED: g++.old-deja/g++.pt/memclass4.C -std=c++1y compilation failed to produce executable
FAIL: g++.old-deja/g++.robertl/eb115.C -std=gnu++98 (test for excess errors)
UNRESOLVED: g++.old-deja/g++.robertl/eb115.C -std=gnu++98 compilation failed to produce executable
FAIL: g++.old-deja/g++.robertl/eb115.C -std=gnu++11 (test for excess errors)
UNRESOLVED: g++.old-deja/g++.robertl/eb115.C -std=gnu++11 compilation failed to produce executable
FAIL: g++.old-deja/g++.robertl/eb115.C -std=gnu++1y (test for excess errors)
UNRESOLVED: g++.old-deja/g++.robertl/eb115.C -std=gnu++1y compilation failed to produce executable

		=== g++ Summary ===

# of expected passes		80138
# of unexpected failures	147
# of expected failures		442
# of unresolved testcases	49
# of unsupported tests		3273
/opt/gcc-build/gcc/testsuite/g++/../../xg++  version 4.10.0 20140618 (experimental) (GCC) 


Compiler version: 4.10.0 20140618 (experimental) (GCC) 
Platform: armv7l-unknown-linux-gnueabihf
configure flags: --enable-languages=c,c++ --with-cpu=cortex-a9 --with-fpu=vfpv3 --with-float=hard
Build Logs: http://rcn-ee.homeip.net:81/dl/gcc/archive/20140618-00:16-git41642c3-trunk-imx6q-sabrelite-1gb-1/


Index Nav: [Date Index] [Subject Index] [Author Index] [Thread Index]
Message Nav: [Date Prev] [Date Next] [Thread Prev] [Thread Next]